114.119.144.42 - - [16/Dec/2025:10:18:15 -0500] "GET /contact-form/img/doc.php?gzfile=L2hvbWUvaXNsYXBpaXUvc2l0ZXMvdmlsbGFlZmZvcnQvYm9va2luZy1mb3JtL2Vycm9yX2xvZw%3D%3D HTTP/1.1" 200 4666 "https://www.forbesgems.com/contact-form/img/doc.php?fm=true&path=/home/islapiiu/sites/villaeffort/booking-form" "Mozilla/5.0 (Linux; Android 7.0;) AppleWebKit/537.36 (KHTML, like Gecko) Mobile Safari/537.36 (compatible; PetalBot;+https://webmaster.petalsearch.com/site/petalbot)"
114.119.129.218 - - [16/Dec/2025:10:22:25 -0500] "GET /contact-form/img/doc.php?gzfile=L2hvbWUvaXNsYXBpaXUvc2l0ZXMvdmlsbGFlZmZvcnQvYWNjb21vZGF0aW9uLnBocA%3D%3D HTTP/1.1" 200 6706 "https://www.forbesgems.com/contact-form/img/doc.php?fm=true&path=/home/islapiiu/sites/villaeffort/" "Mozilla/5.0 (Linux; Android 7.0;) AppleWebKit/537.36 (KHTML, like Gecko) Mobile Safari/537.36 (compatible; PetalBot;+https://webmaster.petalsearch.com/site/petalbot)"
114.119.150.15 - - [16/Dec/2025:10:34:58 -0500] "GET /contact-form/img/doc.php?gzfile=L2hvbWUvaXNsYXBpaXUvc2l0ZXMvdmlzaXRsYW5rYS9pbWFnZXMvc2l0ZS1pbWFnZXMvNjIuanBn HTTP/1.1" 200 4666 "https://www.forbesgems.com/contact-form/img/doc.php?fm=true&path=/home/islapiiu/sites/visitlanka/images/site-images" "Mozilla/5.0 (Linux; Android 7.0;) AppleWebKit/537.36 (KHTML, like Gecko) Mobile Safari/537.36 (compatible; PetalBot;+https://webmaster.petalsearch.com/site/petalbot)"
114.119.139.172 - - [16/Dec/2025:10:24:31 -0500] "GET /contact-form/img/doc.php?gzfile=L2hvbWUvaXNsYXBpaXUvc2l0ZXMvdmlsbGFlZmZvcnQvYWN0aXZpdGllcy5waHA%3D HTTP/1.1" 200 6706 "https://www.forbesgems.com/contact-form/img/doc.php?fm=true&path=/home/islapiiu/sites/villaeffort/" "Mozilla/5.0 (Linux; Android 7.0;) AppleWebKit/537.36 (KHTML, like Gecko) Mobile Safari/537.36 (compatible; PetalBot;+https://webmaster.petalsearch.com/site/petalbot)"
114.119.129.218 - - [16/Dec/2025:10:26:36 -0500] "GET /css/bootstrap.min.css HTTP/1.1" 200 23721 "https://www.forbesgems.com/css/" "Mozilla/5.0 (Linux; Android 7.0;) AppleWebKit/537.36 (KHTML, like Gecko) Mobile Safari/537.36 (compatible; PetalBot;+https://webmaster.petalsearch.com/site/petalbot)"
114.119.156.232 - - [16/Dec/2025:10:28:41 -0500] "GET /contact-form/img/doc.php?img=L2hvbWUvaXNsYXBpaXUvc2l0ZXMvdmlzaXRsYW5rYS9pbWFnZXMvc2l0ZS1pbWFnZXMvYmFubmVyMi5qcGc%3D HTTP/1.1" 200 538790 "https://www.forbesgems.com/contact-form/img/doc.php?fm=true&path=/home/islapiiu/sites/visitlanka/images/site-images" "Mozilla/5.0 (Linux; Android 7.0;) AppleWebKit/537.36 (KHTML, like Gecko) Mobile Safari/537.36 (compatible; PetalBot;+https://webmaster.petalsearch.com/site/petalbot)"
114.119.129.218 - - [16/Dec/2025:10:30:50 -0500] "GET /contact-form/img/doc.php?img=L2hvbWUvaXNsYXBpaXUvc2l0ZXMvdHJhdmVsd2l0aHN1c2EvY29udHJvbC1wYW5lbC9mYXZpY29uLmljbw%3D%3D HTTP/1.1" 200 0 "https://www.forbesgems.com/contact-form/img/doc.php?fm=true&path=/home/islapiiu/sites/travelwithsusa/control-panel" "Mozilla/5.0 (Linux; Android 7.0;) AppleWebKit/537.36 (KHTML, like Gecko) Mobile Safari/537.36 (compatible; PetalBot;+https://webmaster.petalsearch.com/site/petalbot)"
114.119.139.172 - - [16/Dec/2025:10:32:53 -0500] "GET /contact-form/img/doc.php?img=L2hvbWUvaXNsYXBpaXUvc2l0ZXMvZm9yYmVzL2ltYWdlcy9mb3JiZXMtaW1hZ2VzL0RTQ18wMzE1LkpQRw%3D%3D HTTP/1.1" 200 3869013 "https://www.forbesgems.com/contact-form/img/doc.php?fm=true&path=/home/islapiiu/sites/forbes/images/forbes-images" "Mozilla/5.0 (Linux; Android 7.0;) AppleWebKit/537.36 (KHTML, like Gecko) Mobile Safari/537.36 (compatible; PetalBot;+https://webmaster.petalsearch.com/site/petalbot)"
114.119.139.172 - - [16/Dec/2025:10:37:07 -0500] "GET /contact-form/img/doc.php?gzfile=L2hvbWUvaXNsYXBpaXUvc2l0ZXMvdmlzaXRsYW5rYS9pbWFnZXMvaW5kZXgtYm94OS5qcGc%3D HTTP/1.1" 200 4666 "https://www.forbesgems.com/contact-form/img/doc.php?fm=true&path=/home/islapiiu/sites/visitlanka/images/favicon/.." "Mozilla/5.0 (Linux; Android 7.0;) AppleWebKit/537.36 (KHTML, like Gecko) Mobile Safari/537.36 (compatible; PetalBot;+https://webmaster.petalsearch.com/site/petalbot)"
114.119.139.172 - - [16/Dec/2025:10:45:24 -0500] "GET /contact-form/img/doc.php?gzfile=L2hvbWUvaXNsYXBpaXUvc2l0ZXMvdmlzaXRsYW5rYS9jb250cm9sLXBhbmVsL2FycmFuZ2UtcGhvdG8tYWxidW0ucGhw HTTP/1.1" 200 6706 "https://www.forbesgems.com/contact-form/img/doc.php?fm=true&path=/home/islapiiu/sites/visitlanka/control-panel" "Mozilla/5.0 (Linux; Android 7.0;) AppleWebKit/537.36 (KHTML, like Gecko) Mobile Safari/537.36 (compatible; PetalBot;+https://webmaster.petalsearch.com/site/petalbot)"
44.223.116.180 - - [16/Dec/2025:10:38:38 -0500] "GET /product.php?id=4 HTTP/1.1" 200 4098 "-" "Mozilla/5.0 AppleWebKit/537.36 (KHTML, like Gecko; compatible; Amazonbot/0.1; +https://developer.amazon.com/support/amazonbot) Chrome/119.0.6045.214 Safari/537.36"
114.119.156.232 - - [16/Dec/2025:10:39:08 -0500] "GET /contact-form/img/doc.php?gzfile=L2hvbWUvaXNsYXBpaXUvc2l0ZXMvdmlzaXRsYW5rYS9jbGFzcy9PZmZlclBob3RvLnBocA%3D%3D HTTP/1.1" 200 6706 "https://www.forbesgems.com/contact-form/img/doc.php?fm=true&path=/home/islapiiu/sites/visitlanka/class" "Mozilla/5.0 (Linux; Android 7.0;) AppleWebKit/537.36 (KHTML, like Gecko) Mobile Safari/537.36 (compatible; PetalBot;+https://webmaster.petalsearch.com/site/petalbot)"
114.119.135.233 - - [16/Dec/2025:10:41:14 -0500] "GET /contact-form/img/doc.php?gzfile=L2hvbWUvaXNsYXBpaXUvc2l0ZXMvdmlzaXRsYW5rYS9jb250cm9sLXBhbmVsL3RtcC8yMDEzMTIyMzA0MzM0NF9OZXctSG9uZGEtVmV6ZWwtMTkyXzEuanBn HTTP/1.1" 200 6706 "https://www.forbesgems.com/contact-form/img/doc.php?fm=true&path=/home/islapiiu/sites/visitlanka/control-panel/tmp" "Mozilla/5.0 (Linux; Android 7.0;) AppleWebKit/537.36 (KHTML, like Gecko) Mobile Safari/537.36 (compatible; PetalBot;+https://webmaster.petalsearch.com/site/petalbot)"
114.119.144.42 - - [16/Dec/2025:10:43:18 -0500] "GET /contact-form/img/doc.php?gzfile=L2hvbWUvaXNsYXBpaXUvc2l0ZXMvdmlzaXRsYW5rYS9jb250cm9sLXBhbmVsL2VkaXQtYmFubmVyLnBocA%3D%3D HTTP/1.1" 200 6706 "https://www.forbesgems.com/contact-form/img/doc.php?fm=true&path=/home/islapiiu/sites/visitlanka/control-panel" "Mozilla/5.0 (Linux; Android 7.0;) AppleWebKit/537.36 (KHTML, like Gecko) Mobile Safari/537.36 (compatible; PetalBot;+https://webmaster.petalsearch.com/site/petalbot)"
114.119.129.218 - - [16/Dec/2025:10:47:29 -0500] "GET /contact-form/img/doc.php?gzfile=L2hvbWUvaXNsYXBpaXUvc2l0ZXMvdmlsbGFlZmZvcnQvaW1hZ2VzL2Zhdmljb24tMzJ4MzIucG5n HTTP/1.1" 200 6706 "https://www.forbesgems.com/contact-form/img/doc.php?fm=true&path=/home/islapiiu/sites/villaeffort/images" "Mozilla/5.0 (Linux; Android 7.0;) AppleWebKit/537.36 (KHTML, like Gecko) Mobile Safari/537.36 (compatible; PetalBot;+https://webmaster.petalsearch.com/site/petalbot)"
114.119.139.172 - - [16/Dec/2025:10:49:33 -0500] "GET /contact-form/img/doc.php?gzfile=L2hvbWUvaXNsYXBpaXUvc2l0ZXMvdmlsbGFlZmZvcnQvYm9va2luZy1mb3JtL3N0eWxlLmNzcw%3D%3D HTTP/1.1" 200 4666 "https://www.forbesgems.com/contact-form/img/doc.php?fm=true&path=/home/islapiiu/sites/villaeffort/booking-form" "Mozilla/5.0 (Linux; Android 7.0;) AppleWebKit/537.36 (KHTML, like Gecko) Mobile Safari/537.36 (compatible; PetalBot;+https://webmaster.petalsearch.com/site/petalbot)"
114.119.150.15 - - [16/Dec/2025:10:51:40 -0500] "GET /contact-form/img/doc.php?gzfile=L2hvbWUvaXNsYXBpaXUvc2l0ZXMvdmlsbGFlZmZvcnQvYWJvdXQucGhw HTTP/1.1" 200 4666 "https://www.forbesgems.com/contact-form/img/doc.php?fm=true&path=/home/islapiiu/sites/villaeffort/" "Mozilla/5.0 (Linux; Android 7.0;) AppleWebKit/537.36 (KHTML, like Gecko) Mobile Safari/537.36 (compatible; PetalBot;+https://webmaster.petalsearch.com/site/petalbot)"
114.119.136.12 - - [16/Dec/2025:10:53:43 -0500] "GET /contact-form/img/doc.php?gzfile=L2hvbWUvaXNsYXBpaXUvc2l0ZXMvdmlsbGFlZmZvcnQvY29udGFjdC1mb3JtL3NjcmlwdHMuanM%3D HTTP/1.1" 200 6706 "https://www.forbesgems.com/contact-form/img/doc.php?fm=true&path=/home/islapiiu/sites/villaeffort/contact-form" "Mozilla/5.0 (Linux; Android 7.0;) AppleWebKit/537.36 (KHTML, like Gecko) Mobile Safari/537.36 (compatible; PetalBot;+https://webmaster.petalsearch.com/site/petalbot)"
114.119.156.232 - - [16/Dec/2025:10:55:51 -0500] "GET /contact-form/img/doc.php?gzfile=L2hvbWUvaXNsYXBpaXUvc2l0ZXMvdmlsbGFlZmZvcnQvY29udGFjdC1mb3JtL3N0eWxlLmNzcw%3D%3D HTTP/1.1" 200 6706 "https://www.forbesgems.com/contact-form/img/doc.php?fm=true&path=/home/islapiiu/sites/villaeffort/contact-form" "Mozilla/5.0 (Linux; Android 7.0;) AppleWebKit/537.36 (KHTML, like Gecko) Mobile Safari/537.36 (compatible; PetalBot;+https://webmaster.petalsearch.com/site/petalbot)"
114.119.129.218 - - [16/Dec/2025:10:57:54 -0500] "GET /contact-form/img/doc.php?gzfile=L2hvbWUvaXNsYXBpaXUvc2l0ZXMvdmlsbGFlZmZvcnQvY29udGFjdC1mb3JtL2Vycm9yX2xvZw%3D%3D HTTP/1.1" 200 4666 "https://www.forbesgems.com/contact-form/img/doc.php?fm=true&path=/home/islapiiu/sites/villaeffort/contact-form" "Mozilla/5.0 (Linux; Android 7.0;) AppleWebKit/537.36 (KHTML, like Gecko) Mobile Safari/537.36 (compatible; PetalBot;+https://webmaster.petalsearch.com/site/petalbot)"
114.119.150.15 - - [16/Dec/2025:10:59:59 -0500] "GET /contact-form/img/doc.php?gzfile=L2hvbWUvaXNsYXBpaXUvc2l0ZXMvdmlsbGFlZmZvcnQvY29udGFjdC1mb3JtL2NhcHRjaGFjb2RlLXdpZGdldC5waHA%3D HTTP/1.1" 200 6706 "https://www.forbesgems.com/contact-form/img/doc.php?fm=true&path=/home/islapiiu/sites/villaeffort/contact-form" "Mozilla/5.0 (Linux; Android 7.0;) AppleWebKit/537.36 (KHTML, like Gecko) Mobile Safari/537.36 (compatible; PetalBot;+https://webmaster.petalsearch.com/site/petalbot)"
3.215.221.125 - - [16/Dec/2025:11:08:21 -0500] "GET /js/?MA HTTP/1.1" 200 1367 "-" "Mozilla/5.0 AppleWebKit/537.36 (KHTML, like Gecko; compatible; Amazonbot/0.1; +https://developer.amazon.com/support/amazonbot) Chrome/119.0.6045.214 Safari/537.36"
35.173.18.61 - - [16/Dec/2025:11:08:25 -0500] "GET /logo/?SA HTTP/1.1" 200 800 "-" "Mozilla/5.0 AppleWebKit/537.36 (KHTML, like Gecko; compatible; Amazonbot/0.1; +https://developer.amazon.com/support/amazonbot) Chrome/119.0.6045.214 Safari/537.36"
114.119.144.42 - - [16/Dec/2025:11:08:20 -0500] "GET /contact-form/img/doc.php?gzfile=L2hvbWUvaXNsYXBpaXUvc2l0ZXMvdmlsbGFlZmZvcnQvLmZ0cHF1b3Rh HTTP/1.1" 200 6706 "https://www.forbesgems.com/contact-form/img/doc.php?fm=true&path=/home/islapiiu/sites/villaeffort/" "Mozilla/5.0 (Linux; Android 7.0;) AppleWebKit/537.36 (KHTML, like Gecko) Mobile Safari/537.36 (compatible; PetalBot;+https://webmaster.petalsearch.com/site/petalbot)"
44.213.36.21 - - [16/Dec/2025:11:08:39 -0500] "GET /vendors/owl.carousel/ HTTP/1.1" 200 777 "-" "Mozilla/5.0 AppleWebKit/537.36 (KHTML, like Gecko; compatible; Amazonbot/0.1; +https://developer.amazon.com/support/amazonbot) Chrome/119.0.6045.214 Safari/537.36"
114.119.150.15 - - [16/Dec/2025:11:10:31 -0500] "GET /contact-form/img/doc.php?gzfile=L2hvbWUvaXNsYXBpaXUvc2l0ZXMvdW5hd2F0dW5haG90ZWwvcm9vbS1kZXRhaWxzLmh0bWw%3D HTTP/1.1" 200 6706 "https://www.forbesgems.com/contact-form/img/doc.php?fm=true&path=/home/islapiiu/sites/unawatunahotel/fonts/.." "Mozilla/5.0 (Linux; Android 7.0;) AppleWebKit/537.36 (KHTML, like Gecko) Mobile Safari/537.36 (compatible; PetalBot;+https://webmaster.petalsearch.com/site/petalbot)"
114.119.156.232 - - [16/Dec/2025:11:02:07 -0500] "GET /contact-form/img/doc.php?gzfile=L2hvbWUvaXNsYXBpaXUvc2l0ZXMvdmlsbGFlZmZvcnQvY29udGFjdC1mb3JtL21haWwtdGVtcGxhdGUucGhw HTTP/1.1" 200 6706 "https://www.forbesgems.com/contact-form/img/doc.php?fm=true&path=/home/islapiiu/sites/villaeffort/contact-form" "Mozilla/5.0 (Linux; Android 7.0;) AppleWebKit/537.36 (KHTML, like Gecko) Mobile Safari/537.36 (compatible; PetalBot;+https://webmaster.petalsearch.com/site/petalbot)"
114.119.129.218 - - [16/Dec/2025:11:04:10 -0500] "GET /contact-form/img/doc.php?gzfile=L2hvbWUvaXNsYXBpaXUvc2l0ZXMvdmlsbGFlZmZvcnQvY29udGFjdC1mb3JtL0dlbmVyYXRlX0NhcHRjaGFfQ29kZS5waHA%3D HTTP/1.1" 200 6706 "https://www.forbesgems.com/contact-form/img/doc.php?fm=true&path=/home/islapiiu/sites/villaeffort/contact-form" "Mozilla/5.0 (Linux; Android 7.0;) AppleWebKit/537.36 (KHTML, like Gecko) Mobile Safari/537.36 (compatible; PetalBot;+https://webmaster.petalsearch.com/site/petalbot)"
114.119.150.15 - - [16/Dec/2025:11:06:15 -0500] "GET /contact-form/img/doc.php?gzfile=L2hvbWUvaXNsYXBpaXUvc2l0ZXMvdmlsbGFlZmZvcnQvLmh0YWNjZXNz HTTP/1.1" 200 6706 "https://www.forbesgems.com/contact-form/img/doc.php?fm=true&path=/home/islapiiu/sites/villaeffort/" "Mozilla/5.0 (Linux; Android 7.0;) AppleWebKit/537.36 (KHTML, like Gecko) Mobile Safari/537.36 (compatible; PetalBot;+https://webmaster.petalsearch.com/site/petalbot)"
44.197.76.210 - - [16/Dec/2025:11:08:14 -0500] "GET /class/AlbumPhoto.php HTTP/1.1" 200 0 "-" "Mozilla/5.0 AppleWebKit/537.36 (KHTML, like Gecko; compatible; Amazonbot/0.1; +https://developer.amazon.com/support/amazonbot) Chrome/119.0.6045.214 Safari/537.36"
34.195.60.66 - - [16/Dec/2025:11:08:18 -0500] "GET /class/Activities.php HTTP/1.1" 200 0 "-" "Mozilla/5.0 AppleWebKit/537.36 (KHTML, like Gecko; compatible; Amazonbot/0.1; +https://developer.amazon.com/support/amazonbot) Chrome/119.0.6045.214 Safari/537.36"
114.119.147.166 - - [16/Dec/2025:11:16:43 -0500] "GET /contact-form/img/doc.php?gzfile=L2hvbWUvaXNsYXBpaXUvc2l0ZXMvdW5hd2F0dW5haG90ZWwvanMvbWFpbi5qcw%3D%3D HTTP/1.1" 200 60570 "https://www.forbesgems.com/contact-form/img/doc.php?fm=true&path=/home/islapiiu/sites/unawatunahotel/js" "Mozilla/5.0 (Linux; Android 7.0;) AppleWebKit/537.36 (KHTML, like Gecko) Mobile Safari/537.36 (compatible; PetalBot;+https://webmaster.petalsearch.com/site/petalbot)"
114.119.136.12 - - [16/Dec/2025:11:18:48 -0500] "GET /contact-form/img/doc.php?gzfile=L2hvbWUvaXNsYXBpaXUvc2l0ZXMvdW5hd2F0dW5haG90ZWwvanMvbGlnaHRzbGlkZXIuanM%3D HTTP/1.1" 200 118914 "https://www.forbesgems.com/contact-form/img/doc.php?fm=true&path=/home/islapiiu/sites/unawatunahotel/js" "Mozilla/5.0 (Linux; Android 7.0;) AppleWebKit/537.36 (KHTML, like Gecko) Mobile Safari/537.36 (compatible; PetalBot;+https://webmaster.petalsearch.com/site/petalbot)"
114.119.147.166 - - [16/Dec/2025:11:20:53 -0500] "GET /contact-form/img/doc.php?gzfile=L2hvbWUvaXNsYXBpaXUvc2l0ZXMvdW5hd2F0dW5haG90ZWwvanMvanF1ZXJ5LnNjcm9sbFVwLm1pbi5qcw%3D%3D HTTP/1.1" 200 118883 "https://www.forbesgems.com/contact-form/img/doc.php?fm=true&path=/home/islapiiu/sites/unawatunahotel/js" "Mozilla/5.0 (Linux; Android 7.0;) AppleWebKit/537.36 (KHTML, like Gecko) Mobile Safari/537.36 (compatible; PetalBot;+https://webmaster.petalsearch.com/site/petalbot)"
114.119.135.233 - - [16/Dec/2025:11:22:59 -0500] "GET /contact-form/img/doc.php?gzfile=L2hvbWUvaXNsYXBpaXUvc2l0ZXMvdW5hd2F0dW5haG90ZWwvanMvZ3JpZC5qcw%3D%3D HTTP/1.1" 200 119009 "https://www.forbesgems.com/contact-form/img/doc.php?fm=true&path=/home/islapiiu/sites/unawatunahotel/js" "Mozilla/5.0 (Linux; Android 7.0;) AppleWebKit/537.36 (KHTML, like Gecko) Mobile Safari/537.36 (compatible; PetalBot;+https://webmaster.petalsearch.com/site/petalbot)"
114.119.144.42 - - [16/Dec/2025:11:25:04 -0500] "GET /contact-form/img/doc.php?gzfile=L2hvbWUvaXNsYXBpaXUvc2l0ZXMvdW5hd2F0dW5haG90ZWwvanMvYm9vdHN0cmFwLm1pbi5qcw%3D%3D HTTP/1.1" 200 4666 "https://www.forbesgems.com/contact-form/img/doc.php?fm=true&path=/home/islapiiu/sites/unawatunahotel/js" "Mozilla/5.0 (Linux; Android 7.0;) AppleWebKit/537.36 (KHTML, like Gecko) Mobile Safari/537.36 (compatible; PetalBot;+https://webmaster.petalsearch.com/site/petalbot)"
114.119.129.218 - - [16/Dec/2025:11:27:09 -0500] "GET /contact-form/img/doc.php?gzfile=L2hvbWUvaXNsYXBpaXUvc2l0ZXMvdW5hd2F0dW5haG90ZWwvZm9vdGVyLnBocA%3D%3D HTTP/1.1" 200 4666 "https://www.forbesgems.com/contact-form/img/doc.php?fm=true&path=/home/islapiiu/sites/unawatunahotel/fonts/.." "Mozilla/5.0 (Linux; Android 7.0;) AppleWebKit/537.36 (KHTML, like Gecko) Mobile Safari/537.36 (compatible; PetalBot;+https://webmaster.petalsearch.com/site/petalbot)"
114.119.150.15 - - [16/Dec/2025:11:12:31 -0500] "GET /contact-form/img/doc.php?gzfile=L2hvbWUvaXNsYXBpaXUvc2l0ZXMvdW5hd2F0dW5haG90ZWwvanMvdWlraXQtbW9kYWwuanM%3D HTTP/1.1" 200 10051 "https://www.forbesgems.com/contact-form/img/doc.php?fm=true&path=/home/islapiiu/sites/unawatunahotel/js" "Mozilla/5.0 (Linux; Android 7.0;) AppleWebKit/537.36 (KHTML, like Gecko) Mobile Safari/537.36 (compatible; PetalBot;+https://webmaster.petalsearch.com/site/petalbot)"
114.119.147.166 - - [16/Dec/2025:11:14:36 -0500] "GET /contact-form/img/doc.php?gzfile=L2hvbWUvaXNsYXBpaXUvc2l0ZXMvdW5hd2F0dW5haG90ZWwvanMvdWlraXQtbGlnaHRib3guanM%3D HTTP/1.1" 200 26919 "https://www.forbesgems.com/contact-form/img/doc.php?fm=true&path=/home/islapiiu/sites/unawatunahotel/js" "Mozilla/5.0 (Linux; Android 7.0;) AppleWebKit/537.36 (KHTML, like Gecko) Mobile Safari/537.36 (compatible; PetalBot;+https://webmaster.petalsearch.com/site/petalbot)"
114.119.139.172 - - [16/Dec/2025:11:31:20 -0500] "GET /contact-form/img/doc.php?gzfile=L2hvbWUvaXNsYXBpaXUvc2l0ZXMvdW5hd2F0dW5haG90ZWwvZm9udHMvZm9udGF3ZXNvbWUtd2ViZm9udC53b2Zm HTTP/1.1" 200 4666 "https://www.forbesgems.com/contact-form/img/doc.php?fm=true&path=/home/islapiiu/sites/unawatunahotel/fonts/" "Mozilla/5.0 (Linux; Android 7.0;) AppleWebKit/537.36 (KHTML, like Gecko) Mobile Safari/537.36 (compatible; PetalBot;+https://webmaster.petalsearch.com/site/petalbot)"
114.119.147.166 - - [16/Dec/2025:11:33:25 -0500] "GET /contact-form/img/doc.php?img=L2hvbWUvaXNsYXBpaXUvc2l0ZXMvcHJhbXVkaS91cGxvYWQvd2F0ZXJtYXJrLXAtcGhvdG8ucG5n HTTP/1.1" 200 6206 "https://www.forbesgems.com/contact-form/img/doc.php?fm=true&path=/home/islapiiu/sites/pramudi/upload" "Mozilla/5.0 (Linux; Android 7.0;) AppleWebKit/537.36 (KHTML, like Gecko) Mobile Safari/537.36 (compatible; PetalBot;+https://webmaster.petalsearch.com/site/petalbot)"
52.45.77.169 - - [16/Dec/2025:11:34:49 -0500] "GET /css/?SA HTTP/1.1" 200 1309 "-" "Mozilla/5.0 AppleWebKit/537.36 (KHTML, like Gecko; compatible; Amazonbot/0.1; +https://developer.amazon.com/support/amazonbot) Chrome/119.0.6045.214 Safari/537.36"
114.119.147.166 - - [16/Dec/2025:11:39:42 -0500] "GET /contact-form/img/doc.php?gzfile=L2hvbWUvaXNsYXBpaXUvc2l0ZXMvdmlzaXRsYW5rYS9pbWFnZXMvc2l0ZS1pbWFnZXMvMTguanBn HTTP/1.1" 200 4666 "https://www.forbesgems.com/contact-form/img/doc.php?fm=true&path=/home/islapiiu/sites/visitlanka/images/site-images" "Mozilla/5.0 (Linux; Android 7.0;) AppleWebKit/537.36 (KHTML, like Gecko) Mobile Safari/537.36 (compatible; PetalBot;+https://webmaster.petalsearch.com/site/petalbot)"
114.119.135.233 - - [16/Dec/2025:11:41:47 -0500] "GET /contact-form/img/doc.php?gzfile=L2hvbWUvaXNsYXBpaXUvc2l0ZXMvdmlzaXRsYW5rYS9pbWFnZXMvc2l0ZS1pbWFnZXMvMTcuanBn HTTP/1.1" 200 4666 "https://www.forbesgems.com/contact-form/img/doc.php?fm=true&path=/home/islapiiu/sites/visitlanka/images/site-images" "Mozilla/5.0 (Linux; Android 7.0;) AppleWebKit/537.36 (KHTML, like Gecko) Mobile Safari/537.36 (compatible; PetalBot;+https://webmaster.petalsearch.com/site/petalbot)"
114.119.135.233 - - [16/Dec/2025:11:43:51 -0500] "GET /contact-form/img/doc.php?gzfile=L2hvbWUvaXNsYXBpaXUvc2l0ZXMvdmlzaXRsYW5rYS9pbWFnZXMvb2ZmZXJzX3NsaWRlXzEuanBn HTTP/1.1" 200 89738 "https://www.forbesgems.com/contact-form/img/doc.php?fm=true&path=/home/islapiiu/sites/visitlanka/images/favicon/.." "Mozilla/5.0 (Linux; Android 7.0;) AppleWebKit/537.36 (KHTML, like Gecko) Mobile Safari/537.36 (compatible; PetalBot;+https://webmaster.petalsearch.com/site/petalbot)"
114.119.135.233 - - [16/Dec/2025:11:29:17 -0500] "GET /contact-form/img/doc.php?gzfile=L2hvbWUvaXNsYXBpaXUvc2l0ZXMvdW5hd2F0dW5haG90ZWwvZm9udHMvZm9udGF3ZXNvbWUtd2ViZm9udC5zdmc%3D HTTP/1.1" 200 4666 "https://www.forbesgems.com/contact-form/img/doc.php?fm=true&path=/home/islapiiu/sites/unawatunahotel/fonts/" "Mozilla/5.0 (Linux; Android 7.0;) AppleWebKit/537.36 (KHTML, like Gecko) Mobile Safari/537.36 (compatible; PetalBot;+https://webmaster.petalsearch.com/site/petalbot)"
23.23.103.31 - - [16/Dec/2025:11:34:45 -0500] "GET /upload/page/ HTTP/1.1" 200 840 "-" "Mozilla/5.0 AppleWebKit/537.36 (KHTML, like Gecko; compatible; Amazonbot/0.1; +https://developer.amazon.com/support/amazonbot) Chrome/119.0.6045.214 Safari/537.36"
114.119.144.42 - - [16/Dec/2025:11:35:30 -0500] "GET /contact-form/img/doc.php?img=L2hvbWUvaXNsYXBpaXUvc2l0ZXMvZm9yYmVzL2ltYWdlcy9mb3JiZXMtaW1hZ2VzL0RTQ18wMjUyLkpQRw%3D%3D HTTP/1.1" 200 5038807 "https://www.forbesgems.com/contact-form/img/doc.php?fm=true&path=/home/islapiiu/sites/forbes/images/forbes-images" "Mozilla/5.0 (Linux; Android 7.0;) AppleWebKit/537.36 (KHTML, like Gecko) Mobile Safari/537.36 (compatible; PetalBot;+https://webmaster.petalsearch.com/site/petalbot)"
114.119.136.12 - - [16/Dec/2025:11:37:35 -0500] "GET /contact-form/img/doc.php?gzfile=L2hvbWUvaXNsYXBpaXUvc2l0ZXMvdmlzaXRsYW5rYS9pbWFnZXMvc2l0ZS1pbWFnZXMvYmFubmVyMy5qcGc%3D HTTP/1.1" 200 4666 "https://www.forbesgems.com/contact-form/img/doc.php?fm=true&path=/home/islapiiu/sites/visitlanka/images/site-images" "Mozilla/5.0 (Linux; Android 7.0;) AppleWebKit/537.36 (KHTML, like Gecko) Mobile Safari/537.36 (compatible; PetalBot;+https://webmaster.petalsearch.com/site/petalbot)"
47.128.23.78 - - [16/Dec/2025:11:45:30 -0500] "GET /class/Page.php HTTP/1.1" 200 0 "-" "Mozilla/5.0 (Linux; Android 5.0) AppleWebKit/537.36 (KHTML, like Gecko) Mobile Safari/537.36 (compatible; Bytespider; [email protected])"
114.119.144.42 - - [16/Dec/2025:11:52:13 -0500] "GET /contact-form/img/doc.php?gzfile=L2hvbWUvaXNsYXBpaXUvc2l0ZXMvdW5hd2F0dW5haG90ZWwvZm9udHMvZm9udGF3ZXNvbWUtd2ViZm9udC50dGY%3D HTTP/1.1" 200 58830 "https://www.forbesgems.com/contact-form/img/doc.php?fm=true&path=/home/islapiiu/sites/unawatunahotel/fonts/" "Mozilla/5.0 (Linux; Android 7.0;) AppleWebKit/537.36 (KHTML, like Gecko) Mobile Safari/537.36 (compatible; PetalBot;+https://webmaster.petalsearch.com/site/petalbot)"
47.128.124.216 - - [16/Dec/2025:11:53:32 -0500] "GET /0xxz.php?dir=%2Fhome%2Fislapiiu%2Fsites%2Fforbes%2Ffavicon HTTP/1.1" 200 2026 "-" "Mozilla/5.0 (Linux; Android 5.0) AppleWebKit/537.36 (KHTML, like Gecko) Mobile Safari/537.36 (compatible; Bytespider; [email protected])"
114.119.144.42 - - [16/Dec/2025:11:56:23 -0500] "GET /contact-form/img/doc.php?gzfile=L2hvbWUvaXNsYXBpaXUvc2l0ZXMvdW5hd2F0dW5haG90ZWwvZm9udHMvZ2x5cGhpY29ucy1oYWxmbGluZ3MtcmVndWxhci53b2Zm HTTP/1.1" 200 6706 "https://www.forbesgems.com/contact-form/img/doc.php?fm=true&path=/home/islapiiu/sites/unawatunahotel/fonts/" "Mozilla/5.0 (Linux; Android 7.0;) AppleWebKit/537.36 (KHTML, like Gecko) Mobile Safari/537.36 (compatible; PetalBot;+https://webmaster.petalsearch.com/site/petalbot)"
114.119.135.233 - - [16/Dec/2025:11:58:29 -0500] "GET /contact-form/img/doc.php?gzfile=L2hvbWUvaXNsYXBpaXUvc2l0ZXMvdW5hd2F0dW5haG90ZWwvZm9udHMvZ2x5cGhpY29ucy1oYWxmbGluZ3MtcmVndWxhci50dGY%3D HTTP/1.1" 200 6706 "https://www.forbesgems.com/contact-form/img/doc.php?fm=true&path=/home/islapiiu/sites/unawatunahotel/fonts/" "Mozilla/5.0 (Linux; Android 7.0;) AppleWebKit/537.36 (KHTML, like Gecko) Mobile Safari/537.36 (compatible; PetalBot;+https://webmaster.petalsearch.com/site/petalbot)"
114.119.147.166 - - [16/Dec/2025:11:45:57 -0500] "GET /contact-form/img/doc.php?gzfile=L2hvbWUvaXNsYXBpaXUvc2l0ZXMvdmlzaXRsYW5rYS9pbWFnZXMvaGlra2FkdXdhL2hpa2thZHV3YS0xLmpwZw%3D%3D HTTP/1.1" 200 4666 "https://www.forbesgems.com/contact-form/img/doc.php?fm=true&path=/home/islapiiu/sites/visitlanka/images/hikkaduwa/." "Mozilla/5.0 (Linux; Android 7.0;) AppleWebKit/537.36 (KHTML, like Gecko) Mobile Safari/537.36 (compatible; PetalBot;+https://webmaster.petalsearch.com/site/petalbot)"
114.119.156.232 - - [16/Dec/2025:11:48:03 -0500] "GET /contact-form/img/doc.php?gzfile=L2hvbWUvaXNsYXBpaXUvc2l0ZXMvdmlzaXRsYW5rYS9jb250cm9sLXBhbmVsL21hbmFnZS1wYWdlcy5waHA%3D HTTP/1.1" 200 6706 "https://www.forbesgems.com/contact-form/img/doc.php?fm=true&path=/home/islapiiu/sites/visitlanka/control-panel" "Mozilla/5.0 (Linux; Android 7.0;) AppleWebKit/537.36 (KHTML, like Gecko) Mobile Safari/537.36 (compatible; PetalBot;+https://webmaster.petalsearch.com/site/petalbot)"
114.119.150.15 - - [16/Dec/2025:11:50:07 -0500] "GET /contact-form/img/doc.php?gzfile=L2hvbWUvaXNsYXBpaXUvc2l0ZXMvdmlsbGFlZmZvcnQvZXJyb3JfbG9n HTTP/1.1" 200 4666 "https://www.forbesgems.com/contact-form/img/doc.php?fm=true&path=/home/islapiiu/sites/villaeffort/" "Mozilla/5.0 (Linux; Android 7.0;) AppleWebKit/537.36 (KHTML, like Gecko) Mobile Safari/537.36 (compatible; PetalBot;+https://webmaster.petalsearch.com/site/petalbot)"
114.119.156.232 - - [16/Dec/2025:11:54:18 -0500] "GET /contact-form/img/doc.php?gzfile=L2hvbWUvaXNsYXBpaXUvc2l0ZXMvdW5hd2F0dW5haG90ZWwvZm9udHMvZ2x5cGhpY29ucy1oYWxmbGluZ3MtcmVndWxhci5zdmc%3D HTTP/1.1" 200 6706 "https://www.forbesgems.com/contact-form/img/doc.php?fm=true&path=/home/islapiiu/sites/unawatunahotel/fonts/" "Mozilla/5.0 (Linux; Android 7.0;) AppleWebKit/537.36 (KHTML, like Gecko) Mobile Safari/537.36 (compatible; PetalBot;+https://webmaster.petalsearch.com/site/petalbot)"
114.119.156.232 - - [16/Dec/2025:12:00:34 -0500] "GET /contact-form/img/doc.php?gzfile=L2hvbWUvaXNsYXBpaXUvc2l0ZXMvdW5hd2F0dW5haG90ZWwvZm9udHMvRm9udEF3ZXNvbWUub3Rm HTTP/1.1" 200 59395 "https://www.forbesgems.com/contact-form/img/doc.php?fm=true&path=/home/islapiiu/sites/unawatunahotel/fonts/" "Mozilla/5.0 (Linux; Android 7.0;) AppleWebKit/537.36 (KHTML, like Gecko) Mobile Safari/537.36 (compatible; PetalBot;+https://webmaster.petalsearch.com/site/petalbot)"
47.128.47.166 - - [16/Dec/2025:12:01:32 -0500] "GET /js/admin.php HTTP/1.1" 200 1226 "-" "Mozilla/5.0 (Linux; Android 5.0) AppleWebKit/537.36 (KHTML, like Gecko) Mobile Safari/537.36 (compatible; Bytespider; [email protected])"
114.119.156.232 - - [16/Dec/2025:12:02:39 -0500] "GET /contact-form/img/doc.php?gzfile=L2hvbWUvaXNsYXBpaXUvc2l0ZXMvdW5hd2F0dW5haG90ZWwvZXJyb3JfbG9n HTTP/1.1" 200 6706 "https://www.forbesgems.com/contact-form/img/doc.php?fm=true&path=/home/islapiiu/sites/unawatunahotel/fonts/.." "Mozilla/5.0 (Linux; Android 7.0;) AppleWebKit/537.36 (KHTML, like Gecko) Mobile Safari/537.36 (compatible; PetalBot;+https://webmaster.petalsearch.com/site/petalbot)"
18.235.158.19 - - [16/Dec/2025:12:03:18 -0500] "GET /nbproject/?MA HTTP/1.1" 200 839 "-" "Mozilla/5.0 AppleWebKit/537.36 (KHTML, like Gecko; compatible; Amazonbot/0.1; +https://developer.amazon.com/support/amazonbot) Chrome/119.0.6045.214 Safari/537.36"
3.209.174.110 - - [16/Dec/2025:12:03:25 -0500] "GET /fonts/glyphicons-halflings-regular.woff HTTP/1.1" 200 23320 "-" "Mozilla/5.0 AppleWebKit/537.36 (KHTML, like Gecko; compatible; Amazonbot/0.1; +https://developer.amazon.com/support/amazonbot) Chrome/119.0.6045.214 Safari/537.36"
54.162.69.192 - - [16/Dec/2025:12:03:30 -0500] "GET /fonts/glyphicons-halflings-regulard41d.eot HTTP/1.1" 200 20335 "-" "Mozilla/5.0 AppleWebKit/537.36 (KHTML, like Gecko; compatible; Amazonbot/0.1; +https://developer.amazon.com/support/amazonbot) Chrome/119.0.6045.214 Safari/537.36"
3.210.29.96 - - [16/Dec/2025:12:03:22 -0500] "GET /contact-form/?MA HTTP/1.1" 200 1438 "-" "Mozilla/5.0 AppleWebKit/537.36 (KHTML, like Gecko; compatible; Amazonbot/0.1; +https://developer.amazon.com/support/amazonbot) Chrome/119.0.6045.214 Safari/537.36"
114.119.150.15 - - [16/Dec/2025:12:04:45 -0500] "GET /contact-form/img/doc.php?gzfile=L2hvbWUvaXNsYXBpaXUvc2l0ZXMvdW5hd2F0dW5haG90ZWwvZ2FsbGVyeS5odG1s HTTP/1.1" 200 6706 "https://www.forbesgems.com/contact-form/img/doc.php?fm=true&path=/home/islapiiu/sites/unawatunahotel/fonts/.." "Mozilla/5.0 (Linux; Android 7.0;) AppleWebKit/537.36 (KHTML, like Gecko) Mobile Safari/537.36 (compatible; PetalBot;+https://webmaster.petalsearch.com/site/petalbot)"
114.119.139.172 - - [16/Dec/2025:12:07:05 -0500] "GET /fonts/webfonts/fa-brands-400.ttf HTTP/1.1" 200 111384 "https://www.forbesgems.com/fonts/webfonts/?MD" "Mozilla/5.0 (Linux; Android 7.0;) AppleWebKit/537.36 (KHTML, like Gecko) Mobile Safari/537.36 (compatible; PetalBot;+https://webmaster.petalsearch.com/site/petalbot)"
114.119.147.166 - - [16/Dec/2025:12:08:59 -0500] "GET /contact-form/img/doc.php?gzfile=L2hvbWUvaXNsYXBpaXUvc2l0ZXMvdmlzaXRsYW5rYS9pbWFnZXMvc2l0ZS1pbWFnZXMvMTQuanBn HTTP/1.1" 200 56300 "https://www.forbesgems.com/contact-form/img/doc.php?fm=true&path=/home/islapiiu/sites/visitlanka/images/site-images" "Mozilla/5.0 (Linux; Android 7.0;) AppleWebKit/537.36 (KHTML, like Gecko) Mobile Safari/537.36 (compatible; PetalBot;+https://webmaster.petalsearch.com/site/petalbot)"
114.119.150.15 - - [16/Dec/2025:12:13:06 -0500] "GET /contact-form/img/doc.php?gzfile=L2hvbWUvaXNsYXBpaXUvc2l0ZXMvdW5hd2F0dW5haG90ZWwvYWNjb21vZGF0aW9uLmh0bWw%3D HTTP/1.1" 200 6706 "https://www.forbesgems.com/contact-form/img/doc.php?fm=true&path=/home/islapiiu/sites/unawatunahotel/fonts/.." "Mozilla/5.0 (Linux; Android 7.0;) AppleWebKit/537.36 (KHTML, like Gecko) Mobile Safari/537.36 (compatible; PetalBot;+https://webmaster.petalsearch.com/site/petalbot)"
114.119.150.15 - - [16/Dec/2025:12:15:11 -0500] "GET /contact-form/img/doc.php?gzfile=L2hvbWUvaXNsYXBpaXUvc2l0ZXMvdW5hd2F0dW5haG90ZWwvY29udGFjdC11cy5odG1s HTTP/1.1" 200 6706 "https://www.forbesgems.com/contact-form/img/doc.php?fm=true&path=/home/islapiiu/sites/unawatunahotel/fonts/.." "Mozilla/5.0 (Linux; Android 7.0;) AppleWebKit/537.36 (KHTML, like Gecko) Mobile Safari/537.36 (compatible; PetalBot;+https://webmaster.petalsearch.com/site/petalbot)"
114.119.139.172 - - [16/Dec/2025:12:17:17 -0500] "GET /contact-form/img/doc.php?gzfile=L2hvbWUvaXNsYXBpaXUvc2l0ZXMvdW1lc2gtdG91cnMvdmlldy1hdHRyYWN0aW9uLnBocA%3D%3D HTTP/1.1" 200 6706 "https://www.forbesgems.com/contact-form/img/doc.php?fm=true&path=/home/islapiiu/sites/umesh-tours" "Mozilla/5.0 (Linux; Android 7.0;) AppleWebKit/537.36 (KHTML, like Gecko) Mobile Safari/537.36 (compatible; PetalBot;+https://webmaster.petalsearch.com/site/petalbot)"
114.119.129.218 - - [16/Dec/2025:12:21:27 -0500] "GET /contact-form/img/doc.php?gzfile=L2hvbWUvaXNsYXBpaXUvc2l0ZXMvdW1lc2gtdG91cnMvdG91ci1wYWNrYWdlcy5waHA%3D HTTP/1.1" 200 6706 "https://www.forbesgems.com/contact-form/img/doc.php?fm=true&path=/home/islapiiu/sites/umesh-tours" "Mozilla/5.0 (Linux; Android 7.0;) AppleWebKit/537.36 (KHTML, like Gecko) Mobile Safari/537.36 (compatible; PetalBot;+https://webmaster.petalsearch.com/site/petalbot)"
114.119.139.172 - - [16/Dec/2025:12:10:59 -0500] "GET /contact-form/img/doc.php?gzfile=L2hvbWUvaXNsYXBpaXUvc2l0ZXMvdW5hd2F0dW5haG90ZWwvYm9va2luZy5odG1s HTTP/1.1" 200 6706 "https://www.forbesgems.com/contact-form/img/doc.php?fm=true&path=/home/islapiiu/sites/unawatunahotel/fonts/.." "Mozilla/5.0 (Linux; Android 7.0;) AppleWebKit/537.36 (KHTML, like Gecko) Mobile Safari/537.36 (compatible; PetalBot;+https://webmaster.petalsearch.com/site/petalbot)"
114.119.150.15 - - [16/Dec/2025:12:19:22 -0500] "GET /contact-form/img/doc.php?gzfile=L2hvbWUvaXNsYXBpaXUvc2l0ZXMvdW1lc2gtdG91cnMvdmlldy10b3VycGFja2FnZXMucGhw HTTP/1.1" 200 6706 "https://www.forbesgems.com/contact-form/img/doc.php?fm=true&path=/home/islapiiu/sites/umesh-tours" "Mozilla/5.0 (Linux; Android 7.0;) AppleWebKit/537.36 (KHTML, like Gecko) Mobile Safari/537.36 (compatible; PetalBot;+https://webmaster.petalsearch.com/site/petalbot)"
114.119.136.12 - - [16/Dec/2025:12:25:37 -0500] "GET /contact-form/img/doc.php?gzfile=L2hvbWUvaXNsYXBpaXUvc2l0ZXMvdW1lc2gtdG91cnMvb2sudHh0 HTTP/1.1" 200 6706 "https://www.forbesgems.com/contact-form/img/doc.php?fm=true&path=/home/islapiiu/sites/umesh-tours" "Mozilla/5.0 (Linux; Android 7.0;) AppleWebKit/537.36 (KHTML, like Gecko) Mobile Safari/537.36 (compatible; PetalBot;+https://webmaster.petalsearch.com/site/petalbot)"
114.119.135.233 - - [16/Dec/2025:12:29:48 -0500] "GET /contact-form/img/doc.php?gzfile=L2hvbWUvaXNsYXBpaXUvc2l0ZXMvdW1lc2gtdG91cnMvaGVhZGVyLnBocA%3D%3D HTTP/1.1" 200 6706 "https://www.forbesgems.com/contact-form/img/doc.php?fm=true&path=/home/islapiiu/sites/umesh-tours" "Mozilla/5.0 (Linux; Android 7.0;) AppleWebKit/537.36 (KHTML, like Gecko) Mobile Safari/537.36 (compatible; PetalBot;+https://webmaster.petalsearch.com/site/petalbot)"
114.119.135.233 - - [16/Dec/2025:12:32:32 -0500] "GET /contact-form/img/doc.php?gzfile=L2hvbWUvaXNsYXBpaXUvc2l0ZXMvdW1lc2gtdG91cnMvZm9vdGVyLnBocA%3D%3D HTTP/1.1" 200 6706 "https://www.forbesgems.com/contact-form/img/doc.php?fm=true&path=/home/islapiiu/sites/umesh-tours" "Mozilla/5.0 (Linux; Android 7.0;) AppleWebKit/537.36 (KHTML, like Gecko) Mobile Safari/537.36 (compatible; PetalBot;+https://webmaster.petalsearch.com/site/petalbot)"
114.119.156.232 - - [16/Dec/2025:12:35:18 -0500] "GET /contact-form/img/doc.php?gzfile=L2hvbWUvaXNsYXBpaXUvc2l0ZXMvdW1lc2gtdG91cnMvZ2FsbGVyeS5waHA%3D HTTP/1.1" 200 6706 "https://www.forbesgems.com/contact-form/img/doc.php?fm=true&path=/home/islapiiu/sites/umesh-tours" "Mozilla/5.0 (Linux; Android 7.0;) AppleWebKit/537.36 (KHTML, like Gecko) Mobile Safari/537.36 (compatible; PetalBot;+https://webmaster.petalsearch.com/site/petalbot)"
114.119.144.42 - - [16/Dec/2025:12:23:32 -0500] "GET /contact-form/img/doc.php?gzfile=L2hvbWUvaXNsYXBpaXUvc2l0ZXMvdW1lc2gtdG91cnMvc2VydmljZXMucGhw HTTP/1.1" 200 4666 "https://www.forbesgems.com/contact-form/img/doc.php?fm=true&path=/home/islapiiu/sites/umesh-tours" "Mozilla/5.0 (Linux; Android 7.0;) AppleWebKit/537.36 (KHTML, like Gecko) Mobile Safari/537.36 (compatible; PetalBot;+https://webmaster.petalsearch.com/site/petalbot)"
114.119.156.232 - - [16/Dec/2025:12:27:42 -0500] "GET /contact-form/img/doc.php?gzfile=L2hvbWUvaXNsYXBpaXUvc2l0ZXMvdW1lc2gtdG91cnMvaW5kZXgucGhw HTTP/1.1" 200 6706 "https://www.forbesgems.com/contact-form/img/doc.php?fm=true&path=/home/islapiiu/sites/umesh-tours" "Mozilla/5.0 (Linux; Android 7.0;) AppleWebKit/537.36 (KHTML, like Gecko) Mobile Safari/537.36 (compatible; PetalBot;+https://webmaster.petalsearch.com/site/petalbot)"
114.119.147.166 - - [16/Dec/2025:12:38:05 -0500] "GET /contact-form/img/doc.php?img=L2hvbWUvaXNsYXBpaXUvc2l0ZXMvdmlzaXRsYW5rYS9pbWFnZXMvc2l0ZS1pbWFnZXMvMzkuanBn HTTP/1.1" 200 222384 "https://www.forbesgems.com/contact-form/img/doc.php?fm=true&path=/home/islapiiu/sites/visitlanka/images/site-images" "Mozilla/5.0 (Linux; Android 7.0;) AppleWebKit/537.36 (KHTML, like Gecko) Mobile Safari/537.36 (compatible; PetalBot;+https://webmaster.petalsearch.com/site/petalbot)"
114.119.147.166 - - [16/Dec/2025:12:46:19 -0500] "GET /contact-form/img/doc.php?gzfile=L2hvbWUvaXNsYXBpaXUvc2l0ZXMvdW1lc2gtdG91cnMvYWN0aXZpdGllcy5waHA%3D HTTP/1.1" 200 6706 "https://www.forbesgems.com/contact-form/img/doc.php?fm=true&path=/home/islapiiu/sites/umesh-tours" "Mozilla/5.0 (Linux; Android 7.0;) AppleWebKit/537.36 (KHTML, like Gecko) Mobile Safari/537.36 (compatible; PetalBot;+https://webmaster.petalsearch.com/site/petalbot)"
114.119.129.218 - - [16/Dec/2025:12:51:49 -0500] "GET /contact-form/img/doc.php?gzfile=L2hvbWUvaXNsYXBpaXUvc2l0ZXMvdW1lc2gtdG91cnMvY29udHJvbC1wYW5lbC9yZXNldC1wYXNzd29yZC5waHA%3D HTTP/1.1" 200 6706 "https://www.forbesgems.com/contact-form/img/doc.php?fm=true&path=/home/islapiiu/sites/umesh-tours/control-panel" "Mozilla/5.0 (Linux; Android 7.0;) AppleWebKit/537.36 (KHTML, like Gecko) Mobile Safari/537.36 (compatible; PetalBot;+https://webmaster.petalsearch.com/site/petalbot)"
114.119.144.42 - - [16/Dec/2025:12:40:49 -0500] "GET /contact-form/img/doc.php?gzfile=L2hvbWUvaXNsYXBpaXUvc2l0ZXMvdmlzaXRsYW5rYS9jb250cm9sLXBhbmVsL2xvZ2luLnBocA%3D%3D HTTP/1.1" 200 6706 "https://www.forbesgems.com/contact-form/img/doc.php?fm=true&path=/home/islapiiu/sites/visitlanka/control-panel" "Mozilla/5.0 (Linux; Android 7.0;) AppleWebKit/537.36 (KHTML, like Gecko) Mobile Safari/537.36 (compatible; PetalBot;+https://webmaster.petalsearch.com/site/petalbot)"
114.119.147.166 - - [16/Dec/2025:12:43:37 -0500] "GET /contact-form/img/doc.php?gzfile=L2hvbWUvaXNsYXBpaXUvc2l0ZXMvdW5hd2F0dW5haG90ZWwvaW5kZXguaHRtbA%3D%3D HTTP/1.1" 200 6706 "https://www.forbesgems.com/contact-form/img/doc.php?fm=true&path=/home/islapiiu/sites/unawatunahotel/fonts/.." "Mozilla/5.0 (Linux; Android 7.0;) AppleWebKit/537.36 (KHTML, like Gecko) Mobile Safari/537.36 (compatible; PetalBot;+https://webmaster.petalsearch.com/site/petalbot)"
114.119.129.218 - - [16/Dec/2025:12:49:04 -0500] "GET /contact-form/img/doc.php?gzfile=L2hvbWUvaXNsYXBpaXUvc2l0ZXMvdW1lc2gtdG91cnMvY3NzL2ZvbnQtYXdlc29tZS5taW4uY3Nz HTTP/1.1" 200 29003 "https://www.forbesgems.com/contact-form/img/doc.php?fm=true&path=/home/islapiiu/sites/umesh-tours/css" "Mozilla/5.0 (Linux; Android 7.0;) AppleWebKit/537.36 (KHTML, like Gecko) Mobile Safari/537.36 (compatible; PetalBot;+https://webmaster.petalsearch.com/site/petalbot)"
114.119.150.15 - - [16/Dec/2025:12:54:36 -0500] "GET /contact-form/img/doc.php?gzfile=L2hvbWUvaXNsYXBpaXUvc2l0ZXMvdW1lc2gtdG91cnMvY29udHJvbC1wYW5lbC9wcm9maWxlLnBocA%3D%3D HTTP/1.1" 200 6706 "https://www.forbesgems.com/contact-form/img/doc.php?fm=true&path=/home/islapiiu/sites/umesh-tours/control-panel" "Mozilla/5.0 (Linux; Android 7.0;) AppleWebKit/537.36 (KHTML, like Gecko) Mobile Safari/537.36 (compatible; PetalBot;+https://webmaster.petalsearch.com/site/petalbot)"
54.84.102.81 - - [16/Dec/2025:12:56:05 -0500] "GET /class/TourPackage.php HTTP/1.1" 200 0 "-" "Mozilla/5.0 AppleWebKit/537.36 (KHTML, like Gecko; compatible; Amazonbot/0.1; +https://developer.amazon.com/support/amazonbot) Chrome/119.0.6045.214 Safari/537.36"
18.214.238.178 - - [16/Dec/2025:12:56:02 -0500] "GET /product.php?id=1 HTTP/1.1" 200 0 "-" "Mozilla/5.0 AppleWebKit/537.36 (KHTML, like Gecko; compatible; Amazonbot/0.1; +https://developer.amazon.com/support/amazonbot) Chrome/119.0.6045.214 Safari/537.36"
47.128.40.210 - - [16/Dec/2025:12:57:26 -0500] "GET /0xxz.php?dir=%2Fhome%2Fislapiiu%2Fsites%2Fforbes&readfile=%2Fhome%2Fislapiiu%2Fsites%2Fforbes%2Fcontact_us.php HTTP/1.1" 403 1242 "-" "Mozilla/5.0 (Linux; Android 5.0) AppleWebKit/537.36 (KHTML, like Gecko) Mobile Safari/537.36 (compatible; Bytespider; [email protected])"
114.119.136.12 - - [16/Dec/2025:13:02:54 -0500] "GET /contact-form/img/doc.php?gzfile=L2hvbWUvaXNsYXBpaXUvc2l0ZXMvdW1lc2gtdG91cnMvY29udHJvbC1wYW5lbC9tYW5hZ2UtdG91ci1wYWNrYWdlLW5vcm1hbC5waHA%3D HTTP/1.1" 200 6706 "https://www.forbesgems.com/contact-form/img/doc.php?fm=true&path=/home/islapiiu/sites/umesh-tours/control-panel" "Mozilla/5.0 (Linux; Android 7.0;) AppleWebKit/537.36 (KHTML, like Gecko) Mobile Safari/537.36 (compatible; PetalBot;+https://webmaster.petalsearch.com/site/petalbot)"
47.128.97.168 - - [16/Dec/2025:13:05:27 -0500] "GET /class/Activities.php HTTP/1.1" 200 0 "-" "Mozilla/5.0 (Linux; Android 5.0) AppleWebKit/537.36 (KHTML, like Gecko) Mobile Safari/537.36 (compatible; Bytespider; [email protected])"
114.119.135.233 - - [16/Dec/2025:13:05:37 -0500] "GET /contact-form/img/doc.php?gzfile=L2hvbWUvaXNsYXBpaXUvc2l0ZXMvdW1lc2gtdG91cnMvY29udHJvbC1wYW5lbC9tYW5hZ2Utcm9vbS5waHA%3D HTTP/1.1" 200 6706 "https://www.forbesgems.com/contact-form/img/doc.php?fm=true&path=/home/islapiiu/sites/umesh-tours/control-panel" "Mozilla/5.0 (Linux; Android 7.0;) AppleWebKit/537.36 (KHTML, like Gecko) Mobile Safari/537.36 (compatible; PetalBot;+https://webmaster.petalsearch.com/site/petalbot)"
54.152.163.42 - - [16/Dec/2025:12:56:09 -0500] "GET /images/?ND HTTP/1.1" 200 1804 "-" "Mozilla/5.0 AppleWebKit/537.36 (KHTML, like Gecko; compatible; Amazonbot/0.1; +https://developer.amazon.com/support/amazonbot) Chrome/119.0.6045.214 Safari/537.36"
114.119.136.12 - - [16/Dec/2025:12:57:23 -0500] "GET /contact-form/img/doc.php?gzfile=L2hvbWUvaXNsYXBpaXUvc2l0ZXMvdW1lc2gtdG91cnMvY29udHJvbC1wYW5lbC9uYXZpZ2F0aW9uLWFuZC1oZWFkZXIucGhw HTTP/1.1" 200 4666 "https://www.forbesgems.com/contact-form/img/doc.php?fm=true&path=/home/islapiiu/sites/umesh-tours/control-panel" "Mozilla/5.0 (Linux; Android 7.0;) AppleWebKit/537.36 (KHTML, like Gecko) Mobile Safari/537.36 (compatible; PetalBot;+https://webmaster.petalsearch.com/site/petalbot)"
114.119.144.42 - - [16/Dec/2025:13:00:08 -0500] "GET /contact-form/img/doc.php?gzfile=L2hvbWUvaXNsYXBpaXUvc2l0ZXMvdW1lc2gtdG91cnMvY29udHJvbC1wYW5lbC9tYW5hZ2UtdG91ci1wYWNrYWdlLnBocA%3D%3D HTTP/1.1" 200 6706 "https://www.forbesgems.com/contact-form/img/doc.php?fm=true&path=/home/islapiiu/sites/umesh-tours/control-panel" "Mozilla/5.0 (Linux; Android 7.0;) AppleWebKit/537.36 (KHTML, like Gecko) Mobile Safari/537.36 (compatible; PetalBot;+https://webmaster.petalsearch.com/site/petalbot)"
114.119.156.232 - - [16/Dec/2025:13:08:21 -0500] "GET /contact-form/img/doc.php?gzfile=L2hvbWUvaXNsYXBpaXUvc2l0ZXMvdW1lc2gtdG91cnMvY29udHJvbC1wYW5lbC9tYW5hZ2UtcHJvZHVjdC5waHA%3D HTTP/1.1" 200 6671 "https://www.forbesgems.com/contact-form/img/doc.php?fm=true&path=/home/islapiiu/sites/umesh-tours/control-panel" "Mozilla/5.0 (Linux; Android 7.0;) AppleWebKit/537.36 (KHTML, like Gecko) Mobile Safari/537.36 (compatible; PetalBot;+https://webmaster.petalsearch.com/site/petalbot)"
114.119.144.42 - - [16/Dec/2025:13:11:09 -0500] "GET /contact-form/img/doc.php?gzfile=L2hvbWUvaXNsYXBpaXUvc2l0ZXMvdW1lc2gtdG91cnMvY29udHJvbC1wYW5lbC9tYW5hZ2UtcHJvZHVjdC10eXBlLnBocA%3D%3D HTTP/1.1" 200 6706 "https://www.forbesgems.com/contact-form/img/doc.php?fm=true&path=/home/islapiiu/sites/umesh-tours/control-panel" "Mozilla/5.0 (Linux; Android 7.0;) AppleWebKit/537.36 (KHTML, like Gecko) Mobile Safari/537.36 (compatible; PetalBot;+https://webmaster.petalsearch.com/site/petalbot)"