74.125.151.142 - - [16/Dec/2025:08:41:22 -0500] "GET /images/testimonial-icon.png HTTP/1.1" 200 4019 "https://www.taxigalle.com/css/style.css" "Mozilla/5.0 (X11; Linux x86_64) AppleWebKit/537.36 (KHTML, like Gecko) Chrome/141.0.7390.122 Safari/537.36"
57.141.2.2 - - [16/Dec/2025:08:44:04 -0500] "GET /contact-form/Generate_Captcha_Code.php?rand=187742021 HTTP/1.1" 200 2028 "-" "meta-externalagent/1.1 (+https://developers.facebook.com/docs/sharing/webmasters/crawler)"
66.249.70.142 - - [16/Dec/2025:08:47:28 -0500] "GET /?products/10692200/ HTTP/1.1" 200 17922 "-" "Mozilla/5.0 (Linux; Android 6.0.1; Nexus 5X Build/MMB29P) AppleWebKit/537.36 (KHTML, like Gecko) Chrome/141.0.7390.122 Mobile Safari/537.36 (compatible; Googlebot/2.1; +http://www.google.com/bot.html)"
57.141.2.3 - - [16/Dec/2025:08:48:01 -0500] "GET /?products/26969199/ HTTP/1.1" 200 42342 "-" "meta-externalagent/1.1 (+https://developers.facebook.com/docs/sharing/webmasters/crawler)"
57.141.2.92 - - [16/Dec/2025:08:48:05 -0500] "GET /?products/20942755/ HTTP/1.1" 200 42341 "-" "meta-externalagent/1.1 (+https://developers.facebook.com/docs/sharing/webmasters/crawler)"
57.141.2.2 - - [16/Dec/2025:08:48:33 -0500] "GET /contact-form/Generate_Captcha_Code.php?rand=1288920362 HTTP/1.1" 200 2406 "-" "meta-externalagent/1.1 (+https://developers.facebook.com/docs/sharing/webmasters/crawler)"
66.249.70.141 - - [16/Dec/2025:08:50:28 -0500] "GET /?products/29702911/ HTTP/1.1" 200 18087 "-" "Mozilla/5.0 (Linux; Android 6.0.1; Nexus 5X Build/MMB29P) AppleWebKit/537.36 (KHTML, like Gecko) Chrome/141.0.7390.122 Mobile Safari/537.36 (compatible; Googlebot/2.1; +http://www.google.com/bot.html)"
57.141.2.5 - - [16/Dec/2025:08:52:27 -0500] "GET /contact-form/Generate_Captcha_Code.php?rand=1288920362 HTTP/1.1" 200 2158 "-" "meta-externalagent/1.1 (+https://developers.facebook.com/docs/sharing/webmasters/crawler)"
66.249.70.142 - - [16/Dec/2025:08:52:30 -0500] "GET /?products/27253066/ HTTP/1.1" 200 18201 "-" "Mozilla/5.0 (Linux; Android 6.0.1; Nexus 5X Build/MMB29P) AppleWebKit/537.36 (KHTML, like Gecko) Chrome/141.0.7390.122 Mobile Safari/537.36 (compatible; Googlebot/2.1; +http://www.google.com/bot.html)"
57.141.2.86 - - [16/Dec/2025:08:49:08 -0500] "GET /?products/15143088/ HTTP/1.1" 200 42341 "-" "meta-externalagent/1.1 (+https://developers.facebook.com/docs/sharing/webmasters/crawler)"
66.249.70.141 - - [16/Dec/2025:08:49:33 -0500] "GET /?products/2535944/ HTTP/1.1" 200 17624 "-" "Mozilla/5.0 (Linux; Android 6.0.1; Nexus 5X Build/MMB29P) AppleWebKit/537.36 (KHTML, like Gecko) Chrome/141.0.7390.122 Mobile Safari/537.36 (compatible; Googlebot/2.1; +http://www.google.com/bot.html)"
66.249.70.141 - - [16/Dec/2025:08:54:09 -0500] "GET /?products/17928855/ HTTP/1.1" 200 17501 "-" "Mozilla/5.0 (Linux; Android 6.0.1; Nexus 5X Build/MMB29P) AppleWebKit/537.36 (KHTML, like Gecko) Chrome/141.0.7390.122 Mobile Safari/537.36 (compatible; Googlebot/2.1; +http://www.google.com/bot.html)"
57.141.2.57 - - [16/Dec/2025:08:52:44 -0500] "GET /?products/19328977/ HTTP/1.1" 200 42342 "-" "meta-externalagent/1.1 (+https://developers.facebook.com/docs/sharing/webmasters/crawler)"
57.141.2.86 - - [16/Dec/2025:08:52:48 -0500] "GET /?products/20151977/ HTTP/1.1" 200 42341 "-" "meta-externalagent/1.1 (+https://developers.facebook.com/docs/sharing/webmasters/crawler)"
57.141.2.32 - - [16/Dec/2025:08:52:54 -0500] "GET /?products/22768788/ HTTP/1.1" 200 42342 "-" "meta-externalagent/1.1 (+https://developers.facebook.com/docs/sharing/webmasters/crawler)"
66.249.70.142 - - [16/Dec/2025:08:56:34 -0500] "GET /?products/6758944/ HTTP/1.1" 200 17602 "-" "Mozilla/5.0 (Linux; Android 6.0.1; Nexus 5X Build/MMB29P) AppleWebKit/537.36 (KHTML, like Gecko) Chrome/141.0.7390.122 Mobile Safari/537.36 (compatible; Googlebot/2.1; +http://www.google.com/bot.html)"
57.141.2.3 - - [16/Dec/2025:08:57:25 -0500] "GET /?products/21505188/ HTTP/1.1" 200 42342 "-" "meta-externalagent/1.1 (+https://developers.facebook.com/docs/sharing/webmasters/crawler)"
66.249.70.142 - - [16/Dec/2025:08:58:45 -0500] "GET /?products/28256388/ HTTP/1.1" 200 17777 "-" "Mozilla/5.0 (compatible; Googlebot/2.1; +http://www.google.com/bot.html)"
57.141.2.72 - - [16/Dec/2025:09:00:07 -0500] "GET /contact-form/Generate_Captcha_Code.php?rand=1216988756 HTTP/1.1" 200 2323 "-" "meta-externalagent/1.1 (+https://developers.facebook.com/docs/sharing/webmasters/crawler)"
57.141.2.88 - - [16/Dec/2025:09:00:34 -0500] "GET /?products/1591733/ HTTP/1.1" 200 42342 "-" "meta-externalagent/1.1 (+https://developers.facebook.com/docs/sharing/webmasters/crawler)"
57.141.2.8 - - [16/Dec/2025:09:01:01 -0500] "GET /?products/27722599/ HTTP/1.1" 200 42342 "-" "meta-externalagent/1.1 (+https://developers.facebook.com/docs/sharing/webmasters/crawler)"
57.141.2.86 - - [16/Dec/2025:09:02:12 -0500] "GET /?products/29031522/ HTTP/1.1" 200 42342 "-" "meta-externalagent/1.1 (+https://developers.facebook.com/docs/sharing/webmasters/crawler)"
57.141.2.22 - - [16/Dec/2025:09:03:03 -0500] "GET /?products/15207955/ HTTP/1.1" 200 42342 "-" "meta-externalagent/1.1 (+https://developers.facebook.com/docs/sharing/webmasters/crawler)"
57.141.2.86 - - [16/Dec/2025:09:03:05 -0500] "GET /?products/26731188/ HTTP/1.1" 200 42340 "-" "meta-externalagent/1.1 (+https://developers.facebook.com/docs/sharing/webmasters/crawler)"
57.141.2.30 - - [16/Dec/2025:09:03:41 -0500] "GET /?products/13393033/ HTTP/1.1" 200 42342 "-" "meta-externalagent/1.1 (+https://developers.facebook.com/docs/sharing/webmasters/crawler)"
57.141.2.86 - - [16/Dec/2025:09:08:52 -0500] "GET /?products/16470844/ HTTP/1.1" 200 42342 "-" "meta-externalagent/1.1 (+https://developers.facebook.com/docs/sharing/webmasters/crawler)"
57.141.2.38 - - [16/Dec/2025:08:55:32 -0500] "GET /?products/12237200/ HTTP/1.1" 200 42341 "-" "meta-externalagent/1.1 (+https://developers.facebook.com/docs/sharing/webmasters/crawler)"
57.141.2.20 - - [16/Dec/2025:08:57:21 -0500] "GET /?products/14856833/ HTTP/1.1" 200 42342 "-" "meta-externalagent/1.1 (+https://developers.facebook.com/docs/sharing/webmasters/crawler)"
57.141.2.68 - - [16/Dec/2025:08:59:34 -0500] "GET /?products/23041522/ HTTP/1.1" 200 42341 "-" "meta-externalagent/1.1 (+https://developers.facebook.com/docs/sharing/webmasters/crawler)"
57.141.2.35 - - [16/Dec/2025:09:00:11 -0500] "GET /contact-form/Generate_Captcha_Code.php?rand=1216988756 HTTP/1.1" 200 2304 "-" "meta-externalagent/1.1 (+https://developers.facebook.com/docs/sharing/webmasters/crawler)"
57.141.2.26 - - [16/Dec/2025:09:00:51 -0500] "GET /?products/27196433/ HTTP/1.1" 200 42342 "-" "meta-externalagent/1.1 (+https://developers.facebook.com/docs/sharing/webmasters/crawler)"
57.141.2.12 - - [16/Dec/2025:09:02:58 -0500] "GET /?products/26404599/ HTTP/1.1" 200 42342 "-" "meta-externalagent/1.1 (+https://developers.facebook.com/docs/sharing/webmasters/crawler)"
57.141.2.86 - - [16/Dec/2025:09:03:13 -0500] "GET /?products/18837588/ HTTP/1.1" 200 42341 "-" "meta-externalagent/1.1 (+https://developers.facebook.com/docs/sharing/webmasters/crawler)"
57.141.2.29 - - [16/Dec/2025:09:04:07 -0500] "GET /?products/15935366/ HTTP/1.1" 200 42341 "-" "meta-externalagent/1.1 (+https://developers.facebook.com/docs/sharing/webmasters/crawler)"
57.141.2.12 - - [16/Dec/2025:09:06:41 -0500] "GET /?products/1607333/ HTTP/1.1" 200 42341 "-" "meta-externalagent/1.1 (+https://developers.facebook.com/docs/sharing/webmasters/crawler)"
57.141.2.81 - - [16/Dec/2025:09:07:54 -0500] "GET /?products/17281577/ HTTP/1.1" 200 42341 "-" "meta-externalagent/1.1 (+https://developers.facebook.com/docs/sharing/webmasters/crawler)"
57.141.2.86 - - [16/Dec/2025:09:08:10 -0500] "GET /?products/25893233/ HTTP/1.1" 200 42342 "-" "meta-externalagent/1.1 (+https://developers.facebook.com/docs/sharing/webmasters/crawler)"
57.141.2.86 - - [16/Dec/2025:09:09:37 -0500] "GET /?products/5068900/ HTTP/1.1" 200 42341 "-" "meta-externalagent/1.1 (+https://developers.facebook.com/docs/sharing/webmasters/crawler)"
66.249.70.142 - - [16/Dec/2025:09:11:28 -0500] "GET /?products/29936022/ HTTP/1.1" 200 18216 "-" "Mozilla/5.0 (Linux; Android 6.0.1; Nexus 5X Build/MMB29P) AppleWebKit/537.36 (KHTML, like Gecko) Chrome/141.0.7390.122 Mobile Safari/537.36 (compatible; Googlebot/2.1; +http://www.google.com/bot.html)"
66.249.70.142 - - [16/Dec/2025:09:13:21 -0500] "GET /?products/14305888/ HTTP/1.1" 200 17480 "-" "Mozilla/5.0 (Linux; Android 6.0.1; Nexus 5X Build/MMB29P) AppleWebKit/537.36 (KHTML, like Gecko) Chrome/141.0.7390.122 Mobile Safari/537.36 (compatible; Googlebot/2.1; +http://www.google.com/bot.html)"
66.249.70.142 - - [16/Dec/2025:09:13:34 -0500] "GET /?products/8414600/ HTTP/1.1" 200 18345 "-" "Mozilla/5.0 (Linux; Android 6.0.1; Nexus 5X Build/MMB29P) AppleWebKit/537.36 (KHTML, like Gecko) Chrome/141.0.7390.122 Mobile Safari/537.36 (compatible; Googlebot/2.1; +http://www.google.com/bot.html)"
57.141.2.70 - - [16/Dec/2025:09:14:37 -0500] "GET /?products/12373900/ HTTP/1.1" 200 42341 "-" "meta-externalagent/1.1 (+https://developers.facebook.com/docs/sharing/webmasters/crawler)"
57.141.2.83 - - [16/Dec/2025:09:14:40 -0500] "GET /contact-form/Generate_Captcha_Code.php?rand=395376786 HTTP/1.1" 200 2210 "-" "meta-externalagent/1.1 (+https://developers.facebook.com/docs/sharing/webmasters/crawler)"
57.141.2.76 - - [16/Dec/2025:09:14:43 -0500] "GET /contact-form/Generate_Captcha_Code.php?rand=395376786 HTTP/1.1" 200 2386 "-" "meta-externalagent/1.1 (+https://developers.facebook.com/docs/sharing/webmasters/crawler)"
57.141.2.19 - - [16/Dec/2025:09:14:59 -0500] "GET /?products/7688044/ HTTP/1.1" 200 42342 "-" "meta-externalagent/1.1 (+https://developers.facebook.com/docs/sharing/webmasters/crawler)"
57.141.2.71 - - [16/Dec/2025:09:16:15 -0500] "GET /?products/19551266/ HTTP/1.1" 200 42341 "-" "meta-externalagent/1.1 (+https://developers.facebook.com/docs/sharing/webmasters/crawler)"
57.141.2.83 - - [16/Dec/2025:09:17:54 -0500] "GET /?products/10277644/ HTTP/1.1" 200 42342 "-" "meta-externalagent/1.1 (+https://developers.facebook.com/docs/sharing/webmasters/crawler)"
66.249.70.128 - - [16/Dec/2025:09:18:35 -0500] "GET /?products/28345500/ HTTP/1.1" 200 17653 "-" "Mozilla/5.0 (Linux; Android 6.0.1; Nexus 5X Build/MMB29P) AppleWebKit/537.36 (KHTML, like Gecko) Chrome/141.0.7390.122 Mobile Safari/537.36 (compatible; Googlebot/2.1; +http://www.google.com/bot.html)"
57.141.2.86 - - [16/Dec/2025:09:18:40 -0500] "GET /?products/21622999/ HTTP/1.1" 200 42341 "-" "meta-externalagent/1.1 (+https://developers.facebook.com/docs/sharing/webmasters/crawler)"
57.141.2.30 - - [16/Dec/2025:09:20:12 -0500] "GET /?products/25223577/ HTTP/1.1" 200 42341 "-" "meta-externalagent/1.1 (+https://developers.facebook.com/docs/sharing/webmasters/crawler)"
57.141.2.86 - - [16/Dec/2025:09:20:29 -0500] "GET /contact-form/Generate_Captcha_Code.php?rand=1781082512 HTTP/1.1" 200 2348 "-" "meta-externalagent/1.1 (+https://developers.facebook.com/docs/sharing/webmasters/crawler)"
57.141.2.68 - - [16/Dec/2025:09:20:43 -0500] "GET /?products/29996844/ HTTP/1.1" 200 42341 "-" "meta-externalagent/1.1 (+https://developers.facebook.com/docs/sharing/webmasters/crawler)"
57.141.2.83 - - [16/Dec/2025:09:21:15 -0500] "GET /?products/30307188/ HTTP/1.1" 200 42341 "-" "meta-externalagent/1.1 (+https://developers.facebook.com/docs/sharing/webmasters/crawler)"
57.141.2.8 - - [16/Dec/2025:09:21:23 -0500] "GET /?sitemap649.xml HTTP/1.1" 200 138882 "-" "meta-externalagent/1.1 (+https://developers.facebook.com/docs/sharing/webmasters/crawler)"
66.249.70.128 - - [16/Dec/2025:09:25:49 -0500] "GET /?products/14751200/ HTTP/1.1" 200 18553 "-" "Mozilla/5.0 (Linux; Android 6.0.1; Nexus 5X Build/MMB29P) AppleWebKit/537.36 (KHTML, like Gecko) Chrome/141.0.7390.122 Mobile Safari/537.36 (compatible; Googlebot/2.1; +http://www.google.com/bot.html)"
57.141.2.57 - - [16/Dec/2025:09:13:17 -0500] "GET /?products/7668022/ HTTP/1.1" 200 42341 "-" "meta-externalagent/1.1 (+https://developers.facebook.com/docs/sharing/webmasters/crawler)"
57.141.2.9 - - [16/Dec/2025:09:14:12 -0500] "GET /?products/24146677/ HTTP/1.1" 200 42342 "-" "meta-externalagent/1.1 (+https://developers.facebook.com/docs/sharing/webmasters/crawler)"
66.249.70.142 - - [16/Dec/2025:09:14:30 -0500] "GET /?products/29720733/ HTTP/1.1" 200 18054 "-" "Mozilla/5.0 (Linux; Android 6.0.1; Nexus 5X Build/MMB29P) AppleWebKit/537.36 (KHTML, like Gecko) Chrome/141.0.7390.122 Mobile Safari/537.36 (compatible; Googlebot/2.1; +http://www.google.com/bot.html)"
66.249.70.128 - - [16/Dec/2025:09:16:33 -0500] "GET /?products/22733433/ HTTP/1.1" 200 18312 "-" "Mozilla/5.0 (Linux; Android 6.0.1; Nexus 5X Build/MMB29P) AppleWebKit/537.36 (KHTML, like Gecko) Chrome/141.0.7390.122 Mobile Safari/537.36 (compatible; Googlebot/2.1; +http://www.google.com/bot.html)"
57.141.2.4 - - [16/Dec/2025:09:17:08 -0500] "GET /?products/14016566/ HTTP/1.1" 200 42341 "-" "meta-externalagent/1.1 (+https://developers.facebook.com/docs/sharing/webmasters/crawler)"
57.141.2.49 - - [16/Dec/2025:09:17:58 -0500] "GET /?products/16276499/ HTTP/1.1" 200 42340 "-" "meta-externalagent/1.1 (+https://developers.facebook.com/docs/sharing/webmasters/crawler)"
57.141.2.14 - - [16/Dec/2025:09:19:43 -0500] "GET /?products/14380444/ HTTP/1.1" 200 42342 "-" "meta-externalagent/1.1 (+https://developers.facebook.com/docs/sharing/webmasters/crawler)"
57.141.2.78 - - [16/Dec/2025:09:22:55 -0500] "GET /?sitemap239.xml HTTP/1.1" 200 138971 "-" "meta-externalagent/1.1 (+https://developers.facebook.com/docs/sharing/webmasters/crawler)"
57.141.2.2 - - [16/Dec/2025:09:23:55 -0500] "GET /?products/11688188/ HTTP/1.1" 200 42342 "-" "meta-externalagent/1.1 (+https://developers.facebook.com/docs/sharing/webmasters/crawler)"
57.141.2.15 - - [16/Dec/2025:09:23:57 -0500] "GET /?products/15514788/ HTTP/1.1" 200 42342 "-" "meta-externalagent/1.1 (+https://developers.facebook.com/docs/sharing/webmasters/crawler)"
57.141.2.38 - - [16/Dec/2025:09:24:07 -0500] "GET /contact-form/Generate_Captcha_Code.php?rand=1781082512 HTTP/1.1" 200 2259 "-" "meta-externalagent/1.1 (+https://developers.facebook.com/docs/sharing/webmasters/crawler)"
66.249.70.128 - - [16/Dec/2025:09:26:54 -0500] "GET /?products/9380577/ HTTP/1.1" 200 17809 "-" "Mozilla/5.0 (Linux; Android 6.0.1; Nexus 5X Build/MMB29P) AppleWebKit/537.36 (KHTML, like Gecko) Chrome/141.0.7390.122 Mobile Safari/537.36 (compatible; Googlebot/2.1; +http://www.google.com/bot.html)"
57.141.2.25 - - [16/Dec/2025:09:27:42 -0500] "GET /?sitemap545.xml HTTP/1.1" 200 139263 "-" "meta-externalagent/1.1 (+https://developers.facebook.com/docs/sharing/webmasters/crawler)"
57.141.2.86 - - [16/Dec/2025:09:27:44 -0500] "GET /?products/22550844/ HTTP/1.1" 200 42341 "-" "meta-externalagent/1.1 (+https://developers.facebook.com/docs/sharing/webmasters/crawler)"
57.141.2.57 - - [16/Dec/2025:09:27:47 -0500] "GET /?products/27477233/ HTTP/1.1" 200 42341 "-" "meta-externalagent/1.1 (+https://developers.facebook.com/docs/sharing/webmasters/crawler)"
57.141.2.49 - - [16/Dec/2025:09:27:49 -0500] "GET /?products/13296899/ HTTP/1.1" 200 42342 "-" "meta-externalagent/1.1 (+https://developers.facebook.com/docs/sharing/webmasters/crawler)"
57.141.2.86 - - [16/Dec/2025:09:28:49 -0500] "GET /?sitemap792.xml HTTP/1.1" 200 138816 "-" "meta-externalagent/1.1 (+https://developers.facebook.com/docs/sharing/webmasters/crawler)"
57.141.2.83 - - [16/Dec/2025:09:31:47 -0500] "GET /?sitemap.xml HTTP/1.1" 200 142517 "-" "meta-externalagent/1.1 (+https://developers.facebook.com/docs/sharing/webmasters/crawler)"
66.249.70.128 - - [16/Dec/2025:09:33:02 -0500] "GET /?products/4602388/ HTTP/1.1" 200 17982 "-" "Mozilla/5.0 (Linux; Android 6.0.1; Nexus 5X Build/MMB29P) AppleWebKit/537.36 (KHTML, like Gecko) Chrome/141.0.7390.122 Mobile Safari/537.36 (compatible; Googlebot/2.1; +http://www.google.com/bot.html)"
57.141.2.70 - - [16/Dec/2025:09:34:30 -0500] "GET /sitemap-index.xml HTTP/1.1" 200 139051 "-" "meta-externalagent/1.1 (+https://developers.facebook.com/docs/sharing/webmasters/crawler)"
57.141.2.86 - - [16/Dec/2025:09:36:06 -0500] "GET /?products/25788533/ HTTP/1.1" 200 42341 "-" "meta-externalagent/1.1 (+https://developers.facebook.com/docs/sharing/webmasters/crawler)"
114.119.140.79 - - [16/Dec/2025:09:36:06 -0500] "GET /upload/tour-package/date/gallery/thumb/-115815332464_75387808442_1669264586_n.jpg HTTP/1.1" 200 100427 "https://taxigalle.com/view-tours.php?id=32" "Mozilla/5.0 (Linux; Android 7.0;) AppleWebKit/537.36 (KHTML, like Gecko) Mobile Safari/537.36 (compatible; PetalBot;+https://webmaster.petalsearch.com/site/petalbot)"
57.141.2.93 - - [16/Dec/2025:09:27:46 -0500] "GET /?products/11684977/ HTTP/1.1" 200 42342 "-" "meta-externalagent/1.1 (+https://developers.facebook.com/docs/sharing/webmasters/crawler)"
66.249.70.128 - - [16/Dec/2025:09:28:55 -0500] "GET /?products/14565500/ HTTP/1.1" 200 17771 "-" "Mozilla/5.0 (Linux; Android 6.0.1; Nexus 5X Build/MMB29P) AppleWebKit/537.36 (KHTML, like Gecko) Chrome/141.0.7390.122 Mobile Safari/537.36 (compatible; Googlebot/2.1; +http://www.google.com/bot.html)"
57.141.2.70 - - [16/Dec/2025:09:29:49 -0500] "GET /?sitemap748.xml HTTP/1.1" 200 138840 "-" "meta-externalagent/1.1 (+https://developers.facebook.com/docs/sharing/webmasters/crawler)"
66.249.70.142 - - [16/Dec/2025:09:30:58 -0500] "GET /?products/29397055/ HTTP/1.1" 200 18396 "-" "Mozilla/5.0 (Linux; Android 6.0.1; Nexus 5X Build/MMB29P) AppleWebKit/537.36 (KHTML, like Gecko) Chrome/141.0.7390.122 Mobile Safari/537.36 (compatible; Googlebot/2.1; +http://www.google.com/bot.html)"
57.141.2.20 - - [16/Dec/2025:09:31:27 -0500] "GET /news-sitemap.xml HTTP/1.1" 200 139435 "-" "meta-externalagent/1.1 (+https://developers.facebook.com/docs/sharing/webmasters/crawler)"
57.141.2.26 - - [16/Dec/2025:09:31:35 -0500] "GET /sitemap.txt HTTP/1.1" 200 42341 "-" "meta-externalagent/1.1 (+https://developers.facebook.com/docs/sharing/webmasters/crawler)"
57.141.2.70 - - [16/Dec/2025:09:32:25 -0500] "GET /?products/15593799/ HTTP/1.1" 200 42341 "-" "meta-externalagent/1.1 (+https://developers.facebook.com/docs/sharing/webmasters/crawler)"
57.141.2.19 - - [16/Dec/2025:09:33:18 -0500] "GET /?products/21855922/ HTTP/1.1" 200 42342 "-" "meta-externalagent/1.1 (+https://developers.facebook.com/docs/sharing/webmasters/crawler)"
57.141.2.14 - - [16/Dec/2025:09:33:20 -0500] "GET /sitemap.html HTTP/1.1" 200 42341 "-" "meta-externalagent/1.1 (+https://developers.facebook.com/docs/sharing/webmasters/crawler)"
57.141.2.14 - - [16/Dec/2025:09:33:24 -0500] "GET /contact-form/Generate_Captcha_Code.php?rand=2107500199 HTTP/1.1" 200 2448 "-" "meta-externalagent/1.1 (+https://developers.facebook.com/docs/sharing/webmasters/crawler)"
57.141.2.70 - - [16/Dec/2025:09:33:30 -0500] "GET /?products/26516144/ HTTP/1.1" 200 42341 "-" "meta-externalagent/1.1 (+https://developers.facebook.com/docs/sharing/webmasters/crawler)"
57.141.2.53 - - [16/Dec/2025:09:34:08 -0500] "GET /?products/16757422/ HTTP/1.1" 200 42342 "-" "meta-externalagent/1.1 (+https://developers.facebook.com/docs/sharing/webmasters/crawler)"
57.141.2.36 - - [16/Dec/2025:09:34:31 -0500] "GET /?sitemap767.xml HTTP/1.1" 200 139129 "-" "meta-externalagent/1.1 (+https://developers.facebook.com/docs/sharing/webmasters/crawler)"
57.141.2.4 - - [16/Dec/2025:09:34:33 -0500] "GET /sitemap_index.xml HTTP/1.1" 200 138849 "-" "meta-externalagent/1.1 (+https://developers.facebook.com/docs/sharing/webmasters/crawler)"
114.119.140.79 - - [16/Dec/2025:09:34:44 -0500] "GET /view-vehicles.php?id=12 HTTP/1.1" 200 4380 "https://taxigalle.com/vehicles.php" "Mozilla/5.0 (Linux; Android 7.0;) AppleWebKit/537.36 (KHTML, like Gecko) Mobile Safari/537.36 (compatible; PetalBot;+https://webmaster.petalsearch.com/site/petalbot)"
57.141.2.31 - - [16/Dec/2025:09:35:51 -0500] "GET /?products/7563955/ HTTP/1.1" 200 42342 "-" "meta-externalagent/1.1 (+https://developers.facebook.com/docs/sharing/webmasters/crawler)"
57.141.2.77 - - [16/Dec/2025:09:36:18 -0500] "GET /?products/14347488/ HTTP/1.1" 200 42342 "-" "meta-externalagent/1.1 (+https://developers.facebook.com/docs/sharing/webmasters/crawler)"
57.141.2.8 - - [16/Dec/2025:09:36:54 -0500] "GET /contact-form/Generate_Captcha_Code.php?rand=2107500199 HTTP/1.1" 200 2472 "-" "meta-externalagent/1.1 (+https://developers.facebook.com/docs/sharing/webmasters/crawler)"
114.119.145.88 - - [16/Dec/2025:09:37:30 -0500] "GET /upload/photo-album/gallery/-100178702538_91024438368_1669715354_n.jpg HTTP/1.1" 200 42554 "https://www.taxigalle.com/gallery.php" "Mozilla/5.0 (Linux; Android 7.0;) AppleWebKit/537.36 (KHTML, like Gecko) Mobile Safari/537.36 (compatible; PetalBot;+https://webmaster.petalsearch.com/site/petalbot)"
66.249.70.141 - - [16/Dec/2025:09:39:31 -0500] "GET /?products/24694833/ HTTP/1.1" 200 18102 "-" "Mozilla/5.0 (Linux; Android 6.0.1; Nexus 5X Build/MMB29P) AppleWebKit/537.36 (KHTML, like Gecko) Chrome/141.0.7390.122 Mobile Safari/537.36 (compatible; Googlebot/2.1; +http://www.google.com/bot.html)"
57.141.2.15 - - [16/Dec/2025:09:40:21 -0500] "GET /sitemap.xml HTTP/1.1" 200 7545 "-" "meta-externalagent/1.1 (+https://developers.facebook.com/docs/sharing/webmasters/crawler)"
57.141.2.76 - - [16/Dec/2025:09:40:24 -0500] "GET /?sitemap884.xml HTTP/1.1" 200 139435 "-" "meta-externalagent/1.1 (+https://developers.facebook.com/docs/sharing/webmasters/crawler)"
57.141.2.10 - - [16/Dec/2025:09:40:27 -0500] "GET /?products/15472444/ HTTP/1.1" 200 42341 "-" "meta-externalagent/1.1 (+https://developers.facebook.com/docs/sharing/webmasters/crawler)"
57.141.2.75 - - [16/Dec/2025:09:40:33 -0500] "GET /?products/29481233/ HTTP/1.1" 200 42341 "-" "meta-externalagent/1.1 (+https://developers.facebook.com/docs/sharing/webmasters/crawler)"
66.249.70.128 - - [16/Dec/2025:09:41:28 -0500] "GET /?products/9711233/ HTTP/1.1" 200 17781 "-" "Mozilla/5.0 (Linux; Android 6.0.1; Nexus 5X Build/MMB29P) AppleWebKit/537.36 (KHTML, like Gecko) Chrome/141.0.7390.122 Mobile Safari/537.36 (compatible; Googlebot/2.1; +http://www.google.com/bot.html)"
66.249.70.142 - - [16/Dec/2025:09:37:11 -0500] "GET /?products/16197199/ HTTP/1.1" 200 18316 "-" "Mozilla/5.0 (Linux; Android 6.0.1; Nexus 5X Build/MMB29P) AppleWebKit/537.36 (KHTML, like Gecko) Chrome/141.0.7390.122 Mobile Safari/537.36 (compatible; Googlebot/2.1; +http://www.google.com/bot.html)"
57.141.2.8 - - [16/Dec/2025:09:40:23 -0500] "GET /news_sitemap.xml HTTP/1.1" 200 139435 "-" "meta-externalagent/1.1 (+https://developers.facebook.com/docs/sharing/webmasters/crawler)"
57.141.2.78 - - [16/Dec/2025:09:40:28 -0500] "GET /?products/20358400/ HTTP/1.1" 200 42342 "-" "meta-externalagent/1.1 (+https://developers.facebook.com/docs/sharing/webmasters/crawler)"
57.141.2.3 - - [16/Dec/2025:09:40:30 -0500] "GET /?products/2149644/ HTTP/1.1" 200 42342 "-" "meta-externalagent/1.1 (+https://developers.facebook.com/docs/sharing/webmasters/crawler)"
57.141.2.7 - - [16/Dec/2025:09:40:31 -0500] "GET /?products/2987366/ HTTP/1.1" 200 42341 "-" "meta-externalagent/1.1 (+https://developers.facebook.com/docs/sharing/webmasters/crawler)"
57.141.2.86 - - [16/Dec/2025:09:40:35 -0500] "GET /?products/13828400/ HTTP/1.1" 200 42342 "-" "meta-externalagent/1.1 (+https://developers.facebook.com/docs/sharing/webmasters/crawler)"
57.141.2.86 - - [16/Dec/2025:09:40:37 -0500] "GET /?products/4726011/ HTTP/1.1" 200 42342 "-" "meta-externalagent/1.1 (+https://developers.facebook.com/docs/sharing/webmasters/crawler)"
57.141.2.86 - - [16/Dec/2025:09:40:40 -0500] "GET /?products/897055/ HTTP/1.1" 200 42341 "-" "meta-externalagent/1.1 (+https://developers.facebook.com/docs/sharing/webmasters/crawler)"
57.141.2.62 - - [16/Dec/2025:09:41:29 -0500] "GET /?products/9313977/ HTTP/1.1" 200 42342 "-" "meta-externalagent/1.1 (+https://developers.facebook.com/docs/sharing/webmasters/crawler)"
57.141.2.32 - - [16/Dec/2025:09:42:21 -0500] "GET /?products/6731455/ HTTP/1.1" 200 42341 "-" "meta-externalagent/1.1 (+https://developers.facebook.com/docs/sharing/webmasters/crawler)"
57.141.2.60 - - [16/Dec/2025:09:42:27 -0500] "GET /contact-form/Generate_Captcha_Code.php?rand=1385307898 HTTP/1.1" 200 2128 "-" "meta-externalagent/1.1 (+https://developers.facebook.com/docs/sharing/webmasters/crawler)"
57.141.2.38 - - [16/Dec/2025:09:43:36 -0500] "GET /?products/19029244/ HTTP/1.1" 200 42341 "-" "meta-externalagent/1.1 (+https://developers.facebook.com/docs/sharing/webmasters/crawler)"
57.141.2.4 - - [16/Dec/2025:09:44:47 -0500] "GET /?products/30140599/ HTTP/1.1" 200 42342 "-" "meta-externalagent/1.1 (+https://developers.facebook.com/docs/sharing/webmasters/crawler)"
57.141.2.36 - - [16/Dec/2025:09:44:51 -0500] "GET /?products/18517600/ HTTP/1.1" 200 42342 "-" "meta-externalagent/1.1 (+https://developers.facebook.com/docs/sharing/webmasters/crawler)"
57.141.2.13 - - [16/Dec/2025:09:45:28 -0500] "GET /?products/13346233/ HTTP/1.1" 200 42341 "-" "meta-externalagent/1.1 (+https://developers.facebook.com/docs/sharing/webmasters/crawler)"
66.249.70.141 - - [16/Dec/2025:09:45:33 -0500] "GET /?zhHant/product/surugaya/37275418?campaign_uid=f64d716db5e979ed2f947dbaf4296895b951ae7f HTTP/1.1" 200 18246 "-" "Mozilla/5.0 (Linux; Android 6.0.1; Nexus 5X Build/MMB29P) AppleWebKit/537.36 (KHTML, like Gecko) Chrome/141.0.7390.122 Mobile Safari/537.36 (compatible; Googlebot/2.1; +http://www.google.com/bot.html)"
57.141.2.88 - - [16/Dec/2025:09:45:50 -0500] "GET /contact-form/Generate_Captcha_Code.php?rand=1385307898 HTTP/1.1" 200 1977 "-" "meta-externalagent/1.1 (+https://developers.facebook.com/docs/sharing/webmasters/crawler)"
57.141.2.72 - - [16/Dec/2025:09:46:13 -0500] "GET /?products/1461588/ HTTP/1.1" 200 42341 "-" "meta-externalagent/1.1 (+https://developers.facebook.com/docs/sharing/webmasters/crawler)"
57.141.2.18 - - [16/Dec/2025:09:46:15 -0500] "GET /?products/4815888/ HTTP/1.1" 200 42341 "-" "meta-externalagent/1.1 (+https://developers.facebook.com/docs/sharing/webmasters/crawler)"
57.141.2.62 - - [16/Dec/2025:09:47:02 -0500] "GET /contact-form/Generate_Captcha_Code.php?rand=138431438 HTTP/1.1" 200 2244 "-" "meta-externalagent/1.1 (+https://developers.facebook.com/docs/sharing/webmasters/crawler)"
57.141.2.87 - - [16/Dec/2025:09:47:23 -0500] "GET /contact-form/Generate_Captcha_Code.php?rand=392542685 HTTP/1.1" 200 2294 "-" "meta-externalagent/1.1 (+https://developers.facebook.com/docs/sharing/webmasters/crawler)"
57.141.2.69 - - [16/Dec/2025:09:49:03 -0500] "GET /?products/4364044/ HTTP/1.1" 200 42342 "-" "meta-externalagent/1.1 (+https://developers.facebook.com/docs/sharing/webmasters/crawler)"
57.141.2.29 - - [16/Dec/2025:09:50:08 -0500] "GET /?products/18711200/ HTTP/1.1" 200 42340 "-" "meta-externalagent/1.1 (+https://developers.facebook.com/docs/sharing/webmasters/crawler)"
66.249.70.141 - - [16/Dec/2025:09:51:49 -0500] "GET /?zhHant/product/surugaya/77083494?campaign_uid=f64d716db5e979ed2f947dbaf4296895b951ae7f HTTP/1.1" 200 18921 "-" "Mozilla/5.0 (Linux; Android 6.0.1; Nexus 5X Build/MMB29P) AppleWebKit/537.36 (KHTML, like Gecko) Chrome/141.0.7390.122 Mobile Safari/537.36 (compatible; Googlebot/2.1; +http://www.google.com/bot.html)"
57.141.2.89 - - [16/Dec/2025:09:53:46 -0500] "GET /?products/28622144/ HTTP/1.1" 200 42341 "-" "meta-externalagent/1.1 (+https://developers.facebook.com/docs/sharing/webmasters/crawler)"
51.68.111.242 - - [16/Dec/2025:09:53:59 -0500] "GET /robots.txt HTTP/1.1" 200 72 "-" "Mozilla/5.0 (compatible; MJ12bot/v2.0.4; http://mj12bot.com/)"
51.68.111.242 - - [16/Dec/2025:09:53:59 -0500] "GET / HTTP/1.1" 403 0 "-" "Mozilla/5.0 (compatible; MJ12bot/v2.0.4; http://mj12bot.com/)"
57.141.2.38 - - [16/Dec/2025:09:54:41 -0500] "GET /contact-form/Generate_Captcha_Code.php?rand=1629951157 HTTP/1.1" 200 2256 "-" "meta-externalagent/1.1 (+https://developers.facebook.com/docs/sharing/webmasters/crawler)"
57.141.2.72 - - [16/Dec/2025:09:55:21 -0500] "GET /?products/23068822/ HTTP/1.1" 200 42341 "-" "meta-externalagent/1.1 (+https://developers.facebook.com/docs/sharing/webmasters/crawler)"
57.141.2.7 - - [16/Dec/2025:09:55:33 -0500] "GET /?products/11516588/ HTTP/1.1" 200 42342 "-" "meta-externalagent/1.1 (+https://developers.facebook.com/docs/sharing/webmasters/crawler)"
66.249.70.142 - - [16/Dec/2025:09:56:15 -0500] "GET /?products/4434800/ HTTP/1.1" 200 17822 "-" "Mozilla/5.0 (Linux; Android 6.0.1; Nexus 5X Build/MMB29P) AppleWebKit/537.36 (KHTML, like Gecko) Chrome/141.0.7390.122 Mobile Safari/537.36 (compatible; Googlebot/2.1; +http://www.google.com/bot.html)"
57.141.2.86 - - [16/Dec/2025:09:44:54 -0500] "GET /?products/20527466/ HTTP/1.1" 200 42341 "-" "meta-externalagent/1.1 (+https://developers.facebook.com/docs/sharing/webmasters/crawler)"
57.141.2.71 - - [16/Dec/2025:09:48:48 -0500] "GET /contact-form/Generate_Captcha_Code.php?rand=138431438 HTTP/1.1" 200 2412 "-" "meta-externalagent/1.1 (+https://developers.facebook.com/docs/sharing/webmasters/crawler)"
57.141.2.80 - - [16/Dec/2025:09:48:49 -0500] "GET /contact-form/Generate_Captcha_Code.php?rand=392542685 HTTP/1.1" 200 2061 "-" "meta-externalagent/1.1 (+https://developers.facebook.com/docs/sharing/webmasters/crawler)"
57.141.2.22 - - [16/Dec/2025:09:50:44 -0500] "GET /?products/16045222/ HTTP/1.1" 200 42342 "-" "meta-externalagent/1.1 (+https://developers.facebook.com/docs/sharing/webmasters/crawler)"
57.141.2.60 - - [16/Dec/2025:09:54:22 -0500] "GET /?products/7254577/ HTTP/1.1" 200 42341 "-" "meta-externalagent/1.1 (+https://developers.facebook.com/docs/sharing/webmasters/crawler)"
57.141.2.85 - - [16/Dec/2025:09:56:19 -0500] "GET /?products/822833/ HTTP/1.1" 200 42342 "-" "meta-externalagent/1.1 (+https://developers.facebook.com/docs/sharing/webmasters/crawler)"
57.141.2.13 - - [16/Dec/2025:09:57:15 -0500] "GET /?products/5753077/ HTTP/1.1" 200 42341 "-" "meta-externalagent/1.1 (+https://developers.facebook.com/docs/sharing/webmasters/crawler)"
57.141.2.63 - - [16/Dec/2025:09:57:27 -0500] "GET /?products/2727177/ HTTP/1.1" 200 42342 "-" "meta-externalagent/1.1 (+https://developers.facebook.com/docs/sharing/webmasters/crawler)"
57.141.2.18 - - [16/Dec/2025:09:57:58 -0500] "GET /contact-form/Generate_Captcha_Code.php?rand=1629951157 HTTP/1.1" 200 2505 "-" "meta-externalagent/1.1 (+https://developers.facebook.com/docs/sharing/webmasters/crawler)"
57.141.2.81 - - [16/Dec/2025:09:59:03 -0500] "GET /?products/9887177/ HTTP/1.1" 200 42342 "-" "meta-externalagent/1.1 (+https://developers.facebook.com/docs/sharing/webmasters/crawler)"
57.141.2.69 - - [16/Dec/2025:10:02:19 -0500] "GET /contact-form/Generate_Captcha_Code.php?rand=694854264 HTTP/1.1" 200 2323 "-" "meta-externalagent/1.1 (+https://developers.facebook.com/docs/sharing/webmasters/crawler)"
57.141.2.8 - - [16/Dec/2025:10:02:17 -0500] "GET /?products/9780100/ HTTP/1.1" 200 42342 "-" "meta-externalagent/1.1 (+https://developers.facebook.com/docs/sharing/webmasters/crawler)"
66.249.70.142 - - [16/Dec/2025:10:04:20 -0500] "GET /?feature/campaign/index.html HTTP/1.1" 200 18197 "-" "Mozilla/5.0 (Linux; Android 6.0.1; Nexus 5X Build/MMB29P) AppleWebKit/537.36 (KHTML, like Gecko) Chrome/141.0.7390.122 Mobile Safari/537.36 (compatible; Googlebot/2.1; +http://www.google.com/bot.html)"
57.141.2.4 - - [16/Dec/2025:10:05:12 -0500] "GET /?products/14053466/ HTTP/1.1" 200 42342 "-" "meta-externalagent/1.1 (+https://developers.facebook.com/docs/sharing/webmasters/crawler)"
66.249.70.141 - - [16/Dec/2025:10:05:14 -0500] "GET /?products/6526766/ HTTP/1.1" 200 17758 "-" "Mozilla/5.0 (Linux; Android 6.0.1; Nexus 5X Build/MMB29P) AppleWebKit/537.36 (KHTML, like Gecko) Chrome/141.0.7390.122 Mobile Safari/537.36 (compatible; Googlebot/2.1; +http://www.google.com/bot.html)"
57.141.2.86 - - [16/Dec/2025:10:05:34 -0500] "GET /contact-form/Generate_Captcha_Code.php?rand=694854264 HTTP/1.1" 200 2458 "-" "meta-externalagent/1.1 (+https://developers.facebook.com/docs/sharing/webmasters/crawler)"
57.141.2.30 - - [16/Dec/2025:10:05:42 -0500] "GET /?products/23797555/ HTTP/1.1" 200 42342 "-" "meta-externalagent/1.1 (+https://developers.facebook.com/docs/sharing/webmasters/crawler)"
57.141.2.4 - - [16/Dec/2025:10:06:34 -0500] "GET /?products/8423211/ HTTP/1.1" 200 42342 "-" "meta-externalagent/1.1 (+https://developers.facebook.com/docs/sharing/webmasters/crawler)"
57.141.2.19 - - [16/Dec/2025:10:08:27 -0500] "GET /?products/12810622/ HTTP/1.1" 200 42341 "-" "meta-externalagent/1.1 (+https://developers.facebook.com/docs/sharing/webmasters/crawler)"
57.141.2.89 - - [16/Dec/2025:10:09:30 -0500] "GET /?products/11418100/ HTTP/1.1" 200 42341 "-" "meta-externalagent/1.1 (+https://developers.facebook.com/docs/sharing/webmasters/crawler)"
57.141.2.58 - - [16/Dec/2025:10:02:21 -0500] "GET /?products/30217300/ HTTP/1.1" 200 42342 "-" "meta-externalagent/1.1 (+https://developers.facebook.com/docs/sharing/webmasters/crawler)"
57.141.2.23 - - [16/Dec/2025:10:04:02 -0500] "GET /?products/21822077/ HTTP/1.1" 200 42341 "-" "meta-externalagent/1.1 (+https://developers.facebook.com/docs/sharing/webmasters/crawler)"
57.141.2.57 - - [16/Dec/2025:10:09:34 -0500] "GET /?products/12925033/ HTTP/1.1" 200 42342 "-" "meta-externalagent/1.1 (+https://developers.facebook.com/docs/sharing/webmasters/crawler)"
57.141.2.80 - - [16/Dec/2025:10:13:28 -0500] "GET /contact-form/Generate_Captcha_Code.php?rand=2094302787 HTTP/1.1" 200 2093 "-" "meta-externalagent/1.1 (+https://developers.facebook.com/docs/sharing/webmasters/crawler)"
57.141.2.20 - - [16/Dec/2025:10:16:39 -0500] "GET /?products/25783299/ HTTP/1.1" 200 42342 "-" "meta-externalagent/1.1 (+https://developers.facebook.com/docs/sharing/webmasters/crawler)"
57.141.2.85 - - [16/Dec/2025:10:16:42 -0500] "GET /?products/24844599/ HTTP/1.1" 200 42342 "-" "meta-externalagent/1.1 (+https://developers.facebook.com/docs/sharing/webmasters/crawler)"
57.141.2.63 - - [16/Dec/2025:10:16:44 -0500] "GET /?products/21021433/ HTTP/1.1" 200 42341 "-" "meta-externalagent/1.1 (+https://developers.facebook.com/docs/sharing/webmasters/crawler)"
57.141.2.62 - - [16/Dec/2025:10:16:52 -0500] "GET /?products/16481988/ HTTP/1.1" 200 42341 "-" "meta-externalagent/1.1 (+https://developers.facebook.com/docs/sharing/webmasters/crawler)"
57.141.2.62 - - [16/Dec/2025:10:16:54 -0500] "GET /contact-form/Generate_Captcha_Code.php?rand=103785464 HTTP/1.1" 200 2171 "-" "meta-externalagent/1.1 (+https://developers.facebook.com/docs/sharing/webmasters/crawler)"
57.141.2.64 - - [16/Dec/2025:10:17:16 -0500] "GET /contact-form/Generate_Captcha_Code.php?rand=874644466 HTTP/1.1" 200 2199 "-" "meta-externalagent/1.1 (+https://developers.facebook.com/docs/sharing/webmasters/crawler)"
66.249.70.141 - - [16/Dec/2025:10:17:50 -0500] "GET /?products/1668811/ HTTP/1.1" 200 18092 "-" "Mozilla/5.0 (Linux; Android 6.0.1; Nexus 5X Build/MMB29P) AppleWebKit/537.36 (KHTML, like Gecko) Chrome/141.0.7390.122 Mobile Safari/537.36 (compatible; GoogleOther)"
57.141.2.75 - - [16/Dec/2025:10:18:00 -0500] "GET /?products/27752811/ HTTP/1.1" 200 42342 "-" "meta-externalagent/1.1 (+https://developers.facebook.com/docs/sharing/webmasters/crawler)"
57.141.2.64 - - [16/Dec/2025:10:19:20 -0500] "GET /?products/7346811/ HTTP/1.1" 200 42342 "-" "meta-externalagent/1.1 (+https://developers.facebook.com/docs/sharing/webmasters/crawler)"
57.141.2.18 - - [16/Dec/2025:10:19:46 -0500] "GET /?products/10967577/ HTTP/1.1" 200 42342 "-" "meta-externalagent/1.1 (+https://developers.facebook.com/docs/sharing/webmasters/crawler)"
57.141.2.86 - - [16/Dec/2025:10:19:55 -0500] "GET /?products/23261099/ HTTP/1.1" 200 42341 "-" "meta-externalagent/1.1 (+https://developers.facebook.com/docs/sharing/webmasters/crawler)"
57.141.2.20 - - [16/Dec/2025:10:20:01 -0500] "GET /?products/29310777/ HTTP/1.1" 200 42341 "-" "meta-externalagent/1.1 (+https://developers.facebook.com/docs/sharing/webmasters/crawler)"
57.141.2.60 - - [16/Dec/2025:10:10:17 -0500] "GET /contact-form/Generate_Captcha_Code.php?rand=2094302787 HTTP/1.1" 200 2549 "-" "meta-externalagent/1.1 (+https://developers.facebook.com/docs/sharing/webmasters/crawler)"
57.141.2.16 - - [16/Dec/2025:10:10:36 -0500] "GET /?products/27515633/ HTTP/1.1" 200 42342 "-" "meta-externalagent/1.1 (+https://developers.facebook.com/docs/sharing/webmasters/crawler)"
57.141.2.27 - - [16/Dec/2025:10:12:09 -0500] "GET /?products/13412777/ HTTP/1.1" 200 42341 "-" "meta-externalagent/1.1 (+https://developers.facebook.com/docs/sharing/webmasters/crawler)"
57.141.2.78 - - [16/Dec/2025:10:12:26 -0500] "GET /?products/22519644/ HTTP/1.1" 200 42341 "-" "meta-externalagent/1.1 (+https://developers.facebook.com/docs/sharing/webmasters/crawler)"
57.141.2.58 - - [16/Dec/2025:10:16:43 -0500] "GET /?products/12823977/ HTTP/1.1" 200 42342 "-" "meta-externalagent/1.1 (+https://developers.facebook.com/docs/sharing/webmasters/crawler)"
57.141.2.86 - - [16/Dec/2025:10:16:46 -0500] "GET /?products/9170666/ HTTP/1.1" 200 42342 "-" "meta-externalagent/1.1 (+https://developers.facebook.com/docs/sharing/webmasters/crawler)"
57.141.2.11 - - [16/Dec/2025:10:16:49 -0500] "GET /?products/20295922/ HTTP/1.1" 200 42340 "-" "meta-externalagent/1.1 (+https://developers.facebook.com/docs/sharing/webmasters/crawler)"
57.141.2.25 - - [16/Dec/2025:10:16:49 -0500] "GET /?products/4614377/ HTTP/1.1" 200 42342 "-" "meta-externalagent/1.1 (+https://developers.facebook.com/docs/sharing/webmasters/crawler)"
57.141.2.35 - - [16/Dec/2025:10:16:50 -0500] "GET /contact-form/Generate_Captcha_Code.php?rand=103785464 HTTP/1.1" 200 2319 "-" "meta-externalagent/1.1 (+https://developers.facebook.com/docs/sharing/webmasters/crawler)"
57.141.2.33 - - [16/Dec/2025:10:17:34 -0500] "GET /contact-form/Generate_Captcha_Code.php?rand=2012821387 HTTP/1.1" 200 2227 "-" "meta-externalagent/1.1 (+https://developers.facebook.com/docs/sharing/webmasters/crawler)"
57.141.2.14 - - [16/Dec/2025:10:18:09 -0500] "GET /?products/2943588/ HTTP/1.1" 200 42341 "-" "meta-externalagent/1.1 (+https://developers.facebook.com/docs/sharing/webmasters/crawler)"
57.141.2.18 - - [16/Dec/2025:10:20:01 -0500] "GET /contact-form/Generate_Captcha_Code.php?rand=874644466 HTTP/1.1" 200 2416 "-" "meta-externalagent/1.1 (+https://developers.facebook.com/docs/sharing/webmasters/crawler)"
57.141.2.24 - - [16/Dec/2025:10:23:07 -0500] "GET /contact-form/Generate_Captcha_Code.php?rand=2043047755 HTTP/1.1" 200 2002 "-" "meta-externalagent/1.1 (+https://developers.facebook.com/docs/sharing/webmasters/crawler)"
57.141.2.89 - - [16/Dec/2025:10:23:08 -0500] "GET /?products/5409877/ HTTP/1.1" 200 42341 "-" "meta-externalagent/1.1 (+https://developers.facebook.com/docs/sharing/webmasters/crawler)"
57.141.2.73 - - [16/Dec/2025:10:29:18 -0500] "GET /contact-form/Generate_Captcha_Code.php?rand=321977740 HTTP/1.1" 200 2200 "-" "meta-externalagent/1.1 (+https://developers.facebook.com/docs/sharing/webmasters/crawler)"
57.141.2.20 - - [16/Dec/2025:10:29:20 -0500] "GET /?products/26455977/ HTTP/1.1" 200 42341 "-" "meta-externalagent/1.1 (+https://developers.facebook.com/docs/sharing/webmasters/crawler)"
57.141.2.62 - - [16/Dec/2025:10:29:21 -0500] "GET /?products/12613222/ HTTP/1.1" 200 42342 "-" "meta-externalagent/1.1 (+https://developers.facebook.com/docs/sharing/webmasters/crawler)"
57.141.2.25 - - [16/Dec/2025:10:29:24 -0500] "GET /?products/14482533/ HTTP/1.1" 200 42342 "-" "meta-externalagent/1.1 (+https://developers.facebook.com/docs/sharing/webmasters/crawler)"
57.141.2.19 - - [16/Dec/2025:10:29:28 -0500] "GET /?products/10045611/ HTTP/1.1" 200 42341 "-" "meta-externalagent/1.1 (+https://developers.facebook.com/docs/sharing/webmasters/crawler)"
57.141.2.81 - - [16/Dec/2025:10:29:31 -0500] "GET /?products/29483722/ HTTP/1.1" 200 42342 "-" "meta-externalagent/1.1 (+https://developers.facebook.com/docs/sharing/webmasters/crawler)"
57.141.2.4 - - [16/Dec/2025:10:30:39 -0500] "GET /?products/3504944/ HTTP/1.1" 200 42342 "-" "meta-externalagent/1.1 (+https://developers.facebook.com/docs/sharing/webmasters/crawler)"
57.141.2.62 - - [16/Dec/2025:10:33:10 -0500] "GET /?products/14942044/ HTTP/1.1" 200 42341 "-" "meta-externalagent/1.1 (+https://developers.facebook.com/docs/sharing/webmasters/crawler)"
57.141.2.5 - - [16/Dec/2025:10:33:16 -0500] "GET /?products/12039244/ HTTP/1.1" 200 42341 "-" "meta-externalagent/1.1 (+https://developers.facebook.com/docs/sharing/webmasters/crawler)"
57.141.2.57 - - [16/Dec/2025:10:33:20 -0500] "GET /?products/27936377/ HTTP/1.1" 200 42340 "-" "meta-externalagent/1.1 (+https://developers.facebook.com/docs/sharing/webmasters/crawler)"
57.141.2.16 - - [16/Dec/2025:10:33:28 -0500] "GET /?products/22508666/ HTTP/1.1" 200 42342 "-" "meta-externalagent/1.1 (+https://developers.facebook.com/docs/sharing/webmasters/crawler)"
57.141.2.27 - - [16/Dec/2025:10:34:05 -0500] "GET /?products/24567677/ HTTP/1.1" 200 42339 "-" "meta-externalagent/1.1 (+https://developers.facebook.com/docs/sharing/webmasters/crawler)"
57.141.2.62 - - [16/Dec/2025:10:34:50 -0500] "GET /?products/17371222/ HTTP/1.1" 200 42342 "-" "meta-externalagent/1.1 (+https://developers.facebook.com/docs/sharing/webmasters/crawler)"
57.141.2.57 - - [16/Dec/2025:10:34:51 -0500] "GET /?products/22865988/ HTTP/1.1" 200 42342 "-" "meta-externalagent/1.1 (+https://developers.facebook.com/docs/sharing/webmasters/crawler)"
89.144.30.186 - - [16/Dec/2025:10:35:07 -0500] "GET /view-vehicles.php?id=12 HTTP/1.1" 200 4380 "-" "Mozilla/5.0 (Windows NT 6.3; Win64; x64) AppleWebKit/537.36 (KHTML, like Gecko) Chrome/83.0.4103.106 Safari/537.36"
89.144.30.186 - - [16/Dec/2025:10:35:08 -0500] "GET /view-vehicles.php?id=12%27 HTTP/1.1" 200 130 "-" "Mozilla/5.0 (Linux; U; Android 2.3.4; en-us; BNTV250 Build/GINGERBREAD) AppleWebKit/533.1 (KHTML, like Gecko) Version/4.0 Safari/533.1"
89.144.30.186 - - [16/Dec/2025:10:35:08 -0500] "GET /view-vehicles.php?id=12%27%29+AND+1%3D1+UNION+ALL+SELECT+1%2CNULL%2C%27%3Cscript%3Ealert%28%22XSS%22%29%3C%2Fscript%3E%27%2Ctable_name+FROM+information_schema.tables+WHERE+2%3E1--%2F%2A%2A%2F%3B+EXEC+xp_cmdshell%28%27cat+..%2F..%2F..%2Fetc%2Fpasswd%27%29%23 HTTP/1.1" 403 1242 "-" "Mozilla/5.0 (X11; U; Linux i686; en-US; rv:1.8.1) Gecko/20061024 Firefox/2.0 (Swiftfox)"
66.249.70.141 - - [16/Dec/2025:10:21:26 -0500] "GET /?products/23512011/ HTTP/1.1" 200 17592 "-" "Mozilla/5.0 (Linux; Android 6.0.1; Nexus 5X Build/MMB29P) AppleWebKit/537.36 (KHTML, like Gecko) Chrome/141.0.7390.122 Mobile Safari/537.36 (compatible; Googlebot/2.1; +http://www.google.com/bot.html)"
57.141.2.61 - - [16/Dec/2025:10:23:08 -0500] "GET /contact-form/Generate_Captcha_Code.php?rand=2012821387 HTTP/1.1" 200 2470 "-" "meta-externalagent/1.1 (+https://developers.facebook.com/docs/sharing/webmasters/crawler)"
57.141.2.13 - - [16/Dec/2025:10:26:13 -0500] "GET /?products/5346288/ HTTP/1.1" 200 42341 "-" "meta-externalagent/1.1 (+https://developers.facebook.com/docs/sharing/webmasters/crawler)"
57.141.2.75 - - [16/Dec/2025:10:26:13 -0500] "GET /contact-form/Generate_Captcha_Code.php?rand=2043047755 HTTP/1.1" 200 2110 "-" "meta-externalagent/1.1 (+https://developers.facebook.com/docs/sharing/webmasters/crawler)"
51.68.186.52 - - [16/Dec/2025:10:26:26 -0500] "GET /wp-admin/xadm-log.php HTTP/1.1" 200 42341 "-" "Mozilla/5.0 (Windows NT 10.0; Win64; x64) AppleWebKit/537.36 (KHTML, like Gecko) Chrome/127.0.0.0 Safari/537.36"
51.68.186.52 - - [16/Dec/2025:10:26:26 -0500] "GET /wp-content/plugins/waves/style.css HTTP/1.1" 200 42342 "-" "Mozilla/5.0 (Windows NT 10.0; Win64; x64) AppleWebKit/537.36 (KHTML, like Gecko) Chrome/127.0.0.0 Safari/537.36"
57.141.2.5 - - [16/Dec/2025:10:29:23 -0500] "GET /?products/19867644/ HTTP/1.1" 200 42341 "-" "meta-externalagent/1.1 (+https://developers.facebook.com/docs/sharing/webmasters/crawler)"
57.141.2.77 - - [16/Dec/2025:10:29:28 -0500] "GET /?products/13398355/ HTTP/1.1" 200 42341 "-" "meta-externalagent/1.1 (+https://developers.facebook.com/docs/sharing/webmasters/crawler)"
57.141.2.82 - - [16/Dec/2025:10:29:28 -0500] "GET /?products/15792833/ HTTP/1.1" 200 42342 "-" "meta-externalagent/1.1 (+https://developers.facebook.com/docs/sharing/webmasters/crawler)"
57.141.2.20 - - [16/Dec/2025:10:31:01 -0500] "GET /?products/7881100/ HTTP/1.1" 200 42341 "-" "meta-externalagent/1.1 (+https://developers.facebook.com/docs/sharing/webmasters/crawler)"
57.141.2.5 - - [16/Dec/2025:10:32:25 -0500] "GET /contact-form/Generate_Captcha_Code.php?rand=321977740 HTTP/1.1" 200 2216 "-" "meta-externalagent/1.1 (+https://developers.facebook.com/docs/sharing/webmasters/crawler)"
89.144.30.186 - - [16/Dec/2025:10:35:09 -0500] "GET /view-vehicles.php?id=12%2F%2A%2A%2F%2F%2A%2A%2FOR%2F%2A%2A%2FJSON_KEYS%28%28SELECT%2F%2A%2A%2FCONVERT%28%28SELECT%2F%2A%2A%2FCONCAT%280x75496a6c%2C%28SELECT%2F%2A%2A%2F%28ELT%282836%3D2836%2C1%29%29%29%2C0x41446b4c%29%29%2F%2A%2A%2FUSING%2F%2A%2A%2Futf8%29%29%29 HTTP/1.1" 200 4392 "-" "Mozilla/5.0 (X11; Linux x86_64) AppleWebKit/537.36 (KHTML, like Gecko) Chrome/72.0.3626.96 Safari/537.36"
89.144.30.186 - - [16/Dec/2025:10:35:09 -0500] "GET /view-vehicles.php?id=12%2F%2A%2A%2F%2F%2A%2A%2FOR%2F%2A%2A%2FEXP%28~%28SELECT%2F%2A%2A%2F%2A%2F%2A%2A%2FFROM%2F%2A%2A%2F%28SELECT%2F%2A%2A%2FCONCAT%280x71686678%2C%28SELECT%2F%2A%2A%2F%28ELT%282836%3D2836%2C1%29%29%29%2C0x74366a59%29%29x%29%29 HTTP/1.1" 200 71 "-" "Mozilla/5.0 (X11; Linux x86_64) AppleWebKit/537.36 (KHTML, like Gecko) Chrome/72.0.3626.96 Safari/537.36"
89.144.30.186 - - [16/Dec/2025:10:35:09 -0500] "GET /view-vehicles.php?id=12%2F%2A%2A%2F%2F%2A%2A%2FOR%2F%2A%2A%2F%28SELECT%2F%2A%2A%2F2%2A%28IF%28%28SELECT%2F%2A%2A%2F%2A%2F%2A%2A%2FFROM%2F%2A%2A%2F%28SELECT%2F%2A%2A%2FCONCAT%280x3131504e%2C%28SELECT%2F%2A%2A%2F%28ELT%282836%3D2836%2C1%29%29%29%2C0x53565856%29%29s%29%2C%2F%2A%2A%2F8446744073709551610%2C%2F%2A%2A%2F8446744073709551610%29%29%29 HTTP/1.1" 200 95 "-" "Mozilla/5.0 (X11; Linux x86_64) AppleWebKit/537.36 (KHTML, like Gecko) Chrome/72.0.3626.96 Safari/537.36"
89.144.30.186 - - [16/Dec/2025:10:35:09 -0500] "GET /view-vehicles.php?id=12%25%21%28EXTRA%2F%2A%2A%2Fstring%3D%2C%2F%2A%2A%2Fstring%3D%28SELECT%2F%2A%2A%2FCONCAT%280x55687150%2C%28NULL%29%2C0x56666e5a%29%29%2C%2F%2A%2A%2Fstring%3D%2C%2F%2A%2A%2Fstring%3D%29 HTTP/1.1" 200 195 "-" "Mozilla/5.0 (X11; Linux x86_64) AppleWebKit/537.36 (KHTML, like Gecko) Chrome/72.0.3626.96 Safari/537.36"
89.144.30.186 - - [16/Dec/2025:10:35:09 -0500] "GET /view-vehicles.php?id=12%2F%2A%2A%2F%2F%2A%2A%2FAND%2F%2A%2A%2F%28SELECT%2F%2A%2A%2F2%2A%28IF%28%28SELECT%2F%2A%2A%2F%2A%2F%2A%2A%2FFROM%2F%2A%2A%2F%28SELECT%2F%2A%2A%2FCONCAT%280x74376561%2C%28SELECT%2F%2A%2A%2F%28ELT%282836%3D2836%2C1%29%29%29%2C0x384b3451%29%29s%29%2C%2F%2A%2A%2F8446744073709551610%2C%2F%2A%2A%2F8446744073709551610%29%29%29 HTTP/1.1" 200 95 "-" "Mozilla/5.0 (X11; Linux x86_64) AppleWebKit/537.36 (KHTML, like Gecko) Chrome/72.0.3626.96 Safari/537.36"
89.144.30.186 - - [16/Dec/2025:10:35:09 -0500] "GET /view-vehicles.php?id=12%2F%2A%2A%2F%2F%2A%2A%2FAND%2F%2A%2A%2FJSON_KEYS%28%28SELECT%2F%2A%2A%2FCONVERT%28%28SELECT%2F%2A%2A%2FCONCAT%280x69777364%2C%28SELECT%2F%2A%2A%2F%28ELT%282836%3D2836%2C1%29%29%29%2C0x50677938%29%29%2F%2A%2A%2FUSING%2F%2A%2A%2Futf8%29%29%29 HTTP/1.1" 200 1705 "-" "Mozilla/5.0 (X11; Linux x86_64) AppleWebKit/537.36 (KHTML, like Gecko) Chrome/72.0.3626.96 Safari/537.36"
89.144.30.186 - - [16/Dec/2025:10:35:09 -0500] "GET /view-vehicles.php?id=12%2F%2A%2A%2FANDPROCEDURE%2F%2A%2A%2FANALYSE%28EXTRACTVALUE%288971%2CCONCAT%280x39444558%2C%28SELECT%2F%2A%2A%2F%28ELT%282836%3D2836%2C1%29%29%29%2C0x39564666%29%29%2C1%29 HTTP/1.1" 200 204 "-" "Mozilla/5.0 (X11; Linux x86_64) AppleWebKit/537.36 (KHTML, like Gecko) Chrome/72.0.3626.96 Safari/537.36"
89.144.30.186 - - [16/Dec/2025:10:35:09 -0500] "GET /view-vehicles.php?id=12%2F%2A%2A%2F%2F%2A%2A%2FAND%2F%2A%2A%2FEXP%28~%28SELECT%2F%2A%2A%2F%2A%2F%2A%2A%2FFROM%2F%2A%2A%2F%28SELECT%2F%2A%2A%2FCONCAT%280x694e456a%2C%28SELECT%2F%2A%2A%2F%28ELT%282836%3D2836%2C1%29%29%29%2C0x78554449%29%29x%29%29 HTTP/1.1" 200 71 "-" "Mozilla/5.0 (X11; Linux x86_64) AppleWebKit/537.36 (KHTML, like Gecko) Chrome/72.0.3626.96 Safari/537.36"
89.144.30.186 - - [16/Dec/2025:10:35:09 -0500] "GET /view-vehicles.php?id=12%2F%2A%2A%2F%2F%2A%2A%2FAND%2F%2A%2A%2FROW%282018%2C1386%29%3E%28SELECT%2F%2A%2A%2FCOUNT%28%2A%29%2CCONCAT%280x4a567a63%2C%28SELECT%2F%2A%2A%2F%28ELT%282836%3D2836%2C1%29%29%29%2C0x68367272%2CFLOOR%28RAND%280%29%2A2%29%29x%2F%2A%2A%2FFROM%2F%2A%2A%2F%28SELECT%2F%2A%2A%2F2027%2F%2A%2A%2FUNION%2F%2A%2A%2FSELECT%2F%2A%2A%2F8505%2F%2A%2A%2FUNION%2F%2A%2A%2FSELECT%2F%2A%2A%2F7491%2F%2A%2A%2FUNION%2F%2A%2A%2FSELECT%2F%2A%2A%2F4808%29a%2F%2A%2A%2FGROUP%2F%2A%2A%2FBY%2F%2A%2A%2Fx%29 HTTP/1.1" 200 68 "-" "Mozilla/5.0 (X11; Linux x86_64) AppleWebKit/537.36 (KHTML, like Gecko) Chrome/72.0.3626.96 Safari/537.36"
89.144.30.186 - - [16/Dec/2025:10:35:09 -0500] "GET /view-vehicles.php?id=12%2F%2A%2A%2F%2F%2A%2A%2FOR%2F%2A%2A%2FROW%282018%2C1386%29%3E%28SELECT%2F%2A%2A%2FCOUNT%28%2A%29%2CCONCAT%280x48596b39%2C%28SELECT%2F%2A%2A%2F%28ELT%282836%3D2836%2C1%29%29%29%2C0x38634139%2CFLOOR%28RAND%280%29%2A2%29%29x%2F%2A%2A%2FFROM%2F%2A%2A%2F%28SELECT%2F%2A%2A%2F2027%2F%2A%2A%2FUNION%2F%2A%2A%2FSELECT%2F%2A%2A%2F8505%2F%2A%2A%2FUNION%2F%2A%2A%2FSELECT%2F%2A%2A%2F7491%2F%2A%2A%2FUNION%2F%2A%2A%2FSELECT%2F%2A%2A%2F4808%29a%2F%2A%2A%2FGROUP%2F%2A%2A%2FBY%2F%2A%2A%2Fx%29 HTTP/1.1" 200 68 "-" "Mozilla/5.0 (X11; Linux x86_64) AppleWebKit/537.36 (KHTML, like Gecko) Chrome/72.0.3626.96 Safari/537.36"
89.144.30.186 - - [16/Dec/2025:10:35:09 -0500] "GET /view-vehicles.php?id=12%2F%2A%2A%2F%2F%2A%2A%2FAND%2F%2A%2A%2FEXTRACTVALUE%282030%2CCONCAT%280x74486c30%2C%28SELECT%2F%2A%2A%2F%28ELT%282836%3D2836%2C1%29%29%29%2C0x45786f4e%29%29 HTTP/1.1" 200 1705 "-" "Mozilla/5.0 (X11; Linux x86_64) AppleWebKit/537.36 (KHTML, like Gecko) Chrome/72.0.3626.96 Safari/537.36"
