HOME


Mini Shell 1.0
DIR: /proc/self/root/proc/self/root/proc/self/root/home/islapiiu/access-logs/
Upload File :
Current File : //proc/self/root/proc/self/root/proc/self/root/home/islapiiu/access-logs/sublime.lk-ssl_log
74.7.228.42 - - [20/Dec/2025:07:19:34 -0500] "GET /robots.txt HTTP/1.1" 404 1251 "-" "Mozilla/5.0 (Macintosh; Intel Mac OS X 10_15_7) AppleWebKit/537.36 (KHTML, like Gecko) Chrome/131.0.0.0 Safari/537.36; compatible; OAI-SearchBot/1.3; robots.txt; +https://openai.com/searchbot"
138.199.39.178 - - [20/Dec/2025:07:54:58 -0500] "GET /wp-login.php HTTP/1.1" 404 1251 "-" "Mozilla/5.0 (Windows NT 10.0; Win64; x64) AppleWebKit/537.36 (KHTML, like Gecko) Chrome/91.0.4472.124 Safari/537.36"
54.39.0.52 - - [20/Dec/2025:07:27:39 -0500] "GET / HTTP/1.1" 200 6577 "-" "Mozilla/5.0 (compatible; AhrefsBot/7.0; +http://ahrefs.com/robot/)"
45.82.78.112 - - [20/Dec/2025:07:47:10 -0500] "GET / HTTP/1.1" 200 7668 "-" "Mozilla/5.0 (Windows NT 10.0; Win64; x64) AppleWebKit/537.36 (KHTML, like Gecko) Chrome/138.0.0.0 Safari/537.36 Edg/138.0.0.0"
74.7.228.42 - - [20/Dec/2025:08:04:34 -0500] "GET /robots.txt HTTP/1.1" 404 1251 "-" "Mozilla/5.0 (Macintosh; Intel Mac OS X 10_15_7) AppleWebKit/537.36 (KHTML, like Gecko) Chrome/131.0.0.0 Safari/537.36; compatible; OAI-SearchBot/1.3; robots.txt; +https://openai.com/searchbot"
51.161.37.118 - - [20/Dec/2025:08:08:20 -0500] "GET / HTTP/1.1" 200 6499 "-" "Mozilla/5.0 (compatible; AhrefsBot/7.0; +http://ahrefs.com/robot/)"
74.7.228.42 - - [20/Dec/2025:08:35:29 -0500] "GET /robots.txt HTTP/1.1" 404 1251 "-" "Mozilla/5.0 (Macintosh; Intel Mac OS X 10_15_7) AppleWebKit/537.36 (KHTML, like Gecko) Chrome/131.0.0.0 Safari/537.36; compatible; OAI-SearchBot/1.3; robots.txt; +https://openai.com/searchbot"
74.7.228.42 - - [20/Dec/2025:08:46:58 -0500] "GET /robots.txt HTTP/1.1" 404 1251 "-" "Mozilla/5.0 (Macintosh; Intel Mac OS X 10_15_7) AppleWebKit/537.36 (KHTML, like Gecko) Chrome/131.0.0.0 Safari/537.36; compatible; OAI-SearchBot/1.3; robots.txt; +https://openai.com/searchbot"
216.26.253.231 - - [20/Dec/2025:08:54:38 -0500] "GET /wp-login.php HTTP/1.1" 404 1251 "-" "Mozilla/5.0 (X11; Linux x86_64) AppleWebKit/537.36 (KHTML, like Gecko) Chrome/97.0.4692.71 Safari/537.36"
216.26.253.231 - - [20/Dec/2025:08:54:39 -0500] "GET /wp-login.php HTTP/1.1" 404 1251 "http://sublime.lk/wp-login.php" "Mozilla/5.0 (X11; Linux x86_64) AppleWebKit/537.36 (KHTML, like Gecko) Chrome/97.0.4692.71 Safari/537.36"
66.249.64.131 - - [20/Dec/2025:09:01:41 -0500] "GET /robots.txt HTTP/1.1" 404 1251 "-" "Mozilla/5.0 (compatible; Googlebot/2.1; +http://www.google.com/bot.html)"
74.7.228.42 - - [20/Dec/2025:09:10:05 -0500] "GET /robots.txt HTTP/1.1" 404 1251 "-" "Mozilla/5.0 (Macintosh; Intel Mac OS X 10_15_7) AppleWebKit/537.36 (KHTML, like Gecko) Chrome/131.0.0.0 Safari/537.36; compatible; OAI-SearchBot/1.3; robots.txt; +https://openai.com/searchbot"
144.172.103.112 - - [20/Dec/2025:09:26:32 -0500] "GET /contact HTTP/1.1" 404 1251 "http://sublime.lk/contact" "Go-http-client/1.1"
144.172.103.112 - - [20/Dec/2025:09:38:42 -0500] "GET /contact.php HTTP/1.1" 404 1251 "http://sublime.lk/contact.php" "Go-http-client/1.1"
144.172.103.112 - - [20/Dec/2025:09:26:32 -0500] "GET /contact.php HTTP/1.1" 404 1251 "http://sublime.lk/contact.php" "Go-http-client/1.1"
66.249.64.8 - - [20/Dec/2025:09:30:14 -0500] "GET /robots.txt HTTP/1.1" 404 1251 "-" "Mozilla/5.0 (compatible; Googlebot/2.1; +http://www.google.com/bot.html)"
144.172.103.112 - - [20/Dec/2025:09:38:42 -0500] "GET /contact HTTP/1.1" 404 1251 "http://sublime.lk/contact" "Go-http-client/1.1"
179.124.199.74 - - [20/Dec/2025:09:43:12 -0500] "GET /images/brands/mysql.png HTTP/1.1" 200 6256 "-" "Mozilla/5.0 (compatible; crawler)"
74.7.228.42 - - [20/Dec/2025:09:45:47 -0500] "GET /robots.txt HTTP/1.1" 404 1251 "-" "Mozilla/5.0 (Macintosh; Intel Mac OS X 10_15_7) AppleWebKit/537.36 (KHTML, like Gecko) Chrome/131.0.0.0 Safari/537.36; compatible; OAI-SearchBot/1.3; robots.txt; +https://openai.com/searchbot"
46.105.40.140 - - [20/Dec/2025:10:13:01 -0500] "GET /robots.txt HTTP/1.1" 404 1251 "-" "Mozilla/5.0 (compatible; MJ12bot/v2.0.4; http://mj12bot.com/)"
46.105.40.140 - - [20/Dec/2025:10:13:01 -0500] "GET / HTTP/1.1" 200 6577 "-" "Mozilla/5.0 (compatible; MJ12bot/v2.0.4; http://mj12bot.com/)"
74.7.228.32 - - [20/Dec/2025:10:16:01 -0500] "GET /robots.txt HTTP/1.1" 404 1251 "-" "Mozilla/5.0 (Macintosh; Intel Mac OS X 10_15_7) AppleWebKit/537.36 (KHTML, like Gecko) Chrome/131.0.0.0 Safari/537.36; compatible; OAI-SearchBot/1.3; robots.txt; +https://openai.com/searchbot"
74.7.228.32 - - [20/Dec/2025:10:16:02 -0500] "GET /robots.txt HTTP/1.1" 404 1251 "http://sublime.lk/robots.txt" "Mozilla/5.0 (Macintosh; Intel Mac OS X 10_15_7) AppleWebKit/537.36 (KHTML, like Gecko) Chrome/131.0.0.0 Safari/537.36; compatible; OAI-SearchBot/1.3; robots.txt; +https://openai.com/searchbot"
74.7.243.194 - - [20/Dec/2025:10:16:01 -0500] "GET / HTTP/1.1" 200 6454 "-" "Mozilla/5.0 AppleWebKit/537.36 (KHTML, like Gecko; compatible; GPTBot/1.3; +https://openai.com/gptbot)"
74.7.243.194 - - [20/Dec/2025:10:16:07 -0500] "GET / HTTP/1.1" 200 6454 "-" "Mozilla/5.0 AppleWebKit/537.36 (KHTML, like Gecko; compatible; GPTBot/1.3; +https://openai.com/gptbot)"
74.7.228.42 - - [20/Dec/2025:10:25:37 -0500] "GET /robots.txt HTTP/1.1" 404 1251 "-" "Mozilla/5.0 (Macintosh; Intel Mac OS X 10_15_7) AppleWebKit/537.36 (KHTML, like Gecko) Chrome/131.0.0.0 Safari/537.36; compatible; OAI-SearchBot/1.3; robots.txt; +https://openai.com/searchbot"
54.39.210.44 - - [20/Dec/2025:10:26:18 -0500] "GET / HTTP/1.1" 200 6526 "-" "Mozilla/5.0 (compatible; AhrefsBot/7.0; +http://ahrefs.com/robot/)"
74.7.228.42 - - [20/Dec/2025:10:40:32 -0500] "GET /robots.txt HTTP/1.1" 404 1251 "-" "Mozilla/5.0 (Macintosh; Intel Mac OS X 10_15_7) AppleWebKit/537.36 (KHTML, like Gecko) Chrome/131.0.0.0 Safari/537.36; compatible; OAI-SearchBot/1.3; robots.txt; +https://openai.com/searchbot"
157.245.203.147 - - [20/Dec/2025:11:07:29 -0500] "GET /wordpress HTTP/1.1" 404 1251 "-" "Mozilla/5.0 (Linux; Android 7.0; SM-G892A Build/NRD90M; wv) AppleWebKit/537.36 (KHTML, like Gecko) Version/4.0 Chrome/60.0.3112.107 Mobile Safari/537.36"
157.245.203.147 - - [20/Dec/2025:11:07:30 -0500] "GET /wp-admin/install.php HTTP/1.1" 404 1251 "-" "Mozilla/5.0 (Linux; Android 7.0; SM-G892A Build/NRD90M; wv) AppleWebKit/537.36 (KHTML, like Gecko) Version/4.0 Chrome/60.0.3112.107 Mobile Safari/537.36"
157.245.203.147 - - [20/Dec/2025:11:07:32 -0500] "GET /wp HTTP/1.1" 404 1251 "-" "Mozilla/5.0 (Linux; Android 7.0; SM-G892A Build/NRD90M; wv) AppleWebKit/537.36 (KHTML, like Gecko) Version/4.0 Chrome/60.0.3112.107 Mobile Safari/537.36"
157.245.203.147 - - [20/Dec/2025:11:07:34 -0500] "GET /wp-admin/install.php HTTP/1.1" 404 1251 "-" "Mozilla/5.0 (Linux; Android 7.0; SM-G892A Build/NRD90M; wv) AppleWebKit/537.36 (KHTML, like Gecko) Version/4.0 Chrome/60.0.3112.107 Mobile Safari/537.36"
157.245.203.147 - - [20/Dec/2025:11:07:37 -0500] "GET /wp-admin/install.php HTTP/1.1" 404 1251 "-" "Mozilla/5.0 (Linux; Android 7.0; SM-G892A Build/NRD90M; wv) AppleWebKit/537.36 (KHTML, like Gecko) Version/4.0 Chrome/60.0.3112.107 Mobile Safari/537.36"
157.245.203.147 - - [20/Dec/2025:11:07:40 -0500] "GET /wp-admin/install.php HTTP/1.1" 404 1251 "-" "Mozilla/5.0 (Linux; Android 7.0; SM-G892A Build/NRD90M; wv) AppleWebKit/537.36 (KHTML, like Gecko) Version/4.0 Chrome/60.0.3112.107 Mobile Safari/537.36"
157.245.203.147 - - [20/Dec/2025:11:07:41 -0500] "GET /site HTTP/1.1" 404 1251 "-" "Mozilla/5.0 (Linux; Android 7.0; SM-G892A Build/NRD90M; wv) AppleWebKit/537.36 (KHTML, like Gecko) Version/4.0 Chrome/60.0.3112.107 Mobile Safari/537.36"
157.245.203.147 - - [20/Dec/2025:11:07:43 -0500] "GET /wp-admin/install.php HTTP/1.1" 404 1251 "-" "Mozilla/5.0 (Linux; Android 7.0; SM-G892A Build/NRD90M; wv) AppleWebKit/537.36 (KHTML, like Gecko) Version/4.0 Chrome/60.0.3112.107 Mobile Safari/537.36"
157.245.203.147 - - [20/Dec/2025:11:07:44 -0500] "GET /cms HTTP/1.1" 404 1251 "-" "Mozilla/5.0 (Linux; Android 7.0; SM-G892A Build/NRD90M; wv) AppleWebKit/537.36 (KHTML, like Gecko) Version/4.0 Chrome/60.0.3112.107 Mobile Safari/537.36"
157.245.203.147 - - [20/Dec/2025:11:07:47 -0500] "GET /new HTTP/1.1" 404 1251 "-" "Mozilla/5.0 (Linux; Android 7.0; SM-G892A Build/NRD90M; wv) AppleWebKit/537.36 (KHTML, like Gecko) Version/4.0 Chrome/60.0.3112.107 Mobile Safari/537.36"
157.245.203.147 - - [20/Dec/2025:11:07:48 -0500] "GET /wp-admin/install.php HTTP/1.1" 404 1251 "-" "Mozilla/5.0 (Linux; Android 7.0; SM-G892A Build/NRD90M; wv) AppleWebKit/537.36 (KHTML, like Gecko) Version/4.0 Chrome/60.0.3112.107 Mobile Safari/537.36"
157.245.203.147 - - [20/Dec/2025:11:07:52 -0500] "GET /beta HTTP/1.1" 404 1251 "-" "Mozilla/5.0 (Linux; Android 7.0; SM-G892A Build/NRD90M; wv) AppleWebKit/537.36 (KHTML, like Gecko) Version/4.0 Chrome/60.0.3112.107 Mobile Safari/537.36"
157.245.203.147 - - [20/Dec/2025:11:07:54 -0500] "GET /wp-admin/install.php HTTP/1.1" 404 1251 "-" "Mozilla/5.0 (Linux; Android 7.0; SM-G892A Build/NRD90M; wv) AppleWebKit/537.36 (KHTML, like Gecko) Version/4.0 Chrome/60.0.3112.107 Mobile Safari/537.36"
157.245.203.147 - - [20/Dec/2025:11:07:57 -0500] "GET /wp-admin/install.php HTTP/1.1" 404 1251 "-" "Mozilla/5.0 (Linux; Android 7.0; SM-G892A Build/NRD90M; wv) AppleWebKit/537.36 (KHTML, like Gecko) Version/4.0 Chrome/60.0.3112.107 Mobile Safari/537.36"
157.245.203.147 - - [20/Dec/2025:11:07:58 -0500] "GET /backup HTTP/1.1" 404 1251 "-" "Mozilla/5.0 (Linux; Android 7.0; SM-G892A Build/NRD90M; wv) AppleWebKit/537.36 (KHTML, like Gecko) Version/4.0 Chrome/60.0.3112.107 Mobile Safari/537.36"
43.154.127.188 - - [20/Dec/2025:10:58:44 -0500] "GET / HTTP/1.1" 200 7668 "http://sublime.lk" "Mozilla/5.0 (iPhone; CPU iPhone OS 13_2_3 like Mac OS X) AppleWebKit/605.1.15 (KHTML, like Gecko) Version/13.0.3 Mobile/15E148 Safari/604.1"
157.245.203.147 - - [20/Dec/2025:11:07:36 -0500] "GET /blog HTTP/1.1" 404 1251 "-" "Mozilla/5.0 (Linux; Android 7.0; SM-G892A Build/NRD90M; wv) AppleWebKit/537.36 (KHTML, like Gecko) Version/4.0 Chrome/60.0.3112.107 Mobile Safari/537.36"
157.245.203.147 - - [20/Dec/2025:11:07:39 -0500] "GET /test HTTP/1.1" 404 1251 "-" "Mozilla/5.0 (Linux; Android 7.0; SM-G892A Build/NRD90M; wv) AppleWebKit/537.36 (KHTML, like Gecko) Version/4.0 Chrome/60.0.3112.107 Mobile Safari/537.36"
157.245.203.147 - - [20/Dec/2025:11:07:45 -0500] "GET /wp-admin/install.php HTTP/1.1" 404 1251 "-" "Mozilla/5.0 (Linux; Android 7.0; SM-G892A Build/NRD90M; wv) AppleWebKit/537.36 (KHTML, like Gecko) Version/4.0 Chrome/60.0.3112.107 Mobile Safari/537.36"
157.245.203.147 - - [20/Dec/2025:11:07:49 -0500] "GET /old HTTP/1.1" 404 1251 "-" "Mozilla/5.0 (Linux; Android 7.0; SM-G892A Build/NRD90M; wv) AppleWebKit/537.36 (KHTML, like Gecko) Version/4.0 Chrome/60.0.3112.107 Mobile Safari/537.36"
157.245.203.147 - - [20/Dec/2025:11:07:50 -0500] "GET /wp-admin/install.php HTTP/1.1" 404 1251 "-" "Mozilla/5.0 (Linux; Android 7.0; SM-G892A Build/NRD90M; wv) AppleWebKit/537.36 (KHTML, like Gecko) Version/4.0 Chrome/60.0.3112.107 Mobile Safari/537.36"
157.245.203.147 - - [20/Dec/2025:11:07:56 -0500] "GET /demo HTTP/1.1" 404 1251 "-" "Mozilla/5.0 (Linux; Android 7.0; SM-G892A Build/NRD90M; wv) AppleWebKit/537.36 (KHTML, like Gecko) Version/4.0 Chrome/60.0.3112.107 Mobile Safari/537.36"
157.245.203.147 - - [20/Dec/2025:11:08:00 -0500] "GET /wp-admin/install.php HTTP/1.1" 404 1251 "-" "Mozilla/5.0 (Linux; Android 7.0; SM-G892A Build/NRD90M; wv) AppleWebKit/537.36 (KHTML, like Gecko) Version/4.0 Chrome/60.0.3112.107 Mobile Safari/537.36"
18.237.181.140 - - [20/Dec/2025:11:16:49 -0500] "GET / HTTP/1.1" 200 7668 "-" "Mozilla/5.0 (Windows NT 10.0; Win64; x64) AppleWebKit/537.36 (KHTML, like Gecko) Chrome/113.0.0.0 Safari/537.36"
104.210.140.135 - - [20/Dec/2025:11:18:09 -0500] "GET /robots.txt HTTP/1.1" 404 1251 "-" "Mozilla/5.0 (Macintosh; Intel Mac OS X 10_15_7) AppleWebKit/537.36 (KHTML, like Gecko) Chrome/131.0.0.0 Safari/537.36; compatible; OAI-SearchBot/1.0; +https://openai.com/searchbot"
104.210.140.135 - - [20/Dec/2025:11:18:09 -0500] "GET /robots.txt HTTP/1.1" 404 1251 "-" "Mozilla/5.0 (Macintosh; Intel Mac OS X 10_15_7) AppleWebKit/537.36 (KHTML, like Gecko) Chrome/131.0.0.0 Safari/537.36; compatible; OAI-SearchBot/1.0; +https://openai.com/searchbot"
51.68.236.92 - - [20/Dec/2025:11:24:43 -0500] "GET /robots.txt HTTP/1.1" 404 1251 "-" "Mozilla/5.0 (compatible; MJ12bot/v2.0.4; http://mj12bot.com/)"
51.68.236.92 - - [20/Dec/2025:11:24:43 -0500] "GET / HTTP/1.1" 200 6526 "-" "Mozilla/5.0 (compatible; MJ12bot/v2.0.4; http://mj12bot.com/)"
207.154.238.236 - - [20/Dec/2025:11:44:21 -0500] "POST / HTTP/1.1" 403 1242 "-" "Python/3.14 aiohttp/3.13.2"
74.7.228.42 - - [20/Dec/2025:11:59:13 -0500] "GET /robots.txt HTTP/1.1" 404 1251 "-" "Mozilla/5.0 (Macintosh; Intel Mac OS X 10_15_7) AppleWebKit/537.36 (KHTML, like Gecko) Chrome/131.0.0.0 Safari/537.36; compatible; OAI-SearchBot/1.3; robots.txt; +https://openai.com/searchbot"
114.119.165.226 - - [20/Dec/2025:12:04:14 -0500] "GET /api-integration HTTP/1.1" 301 795 "https://www.sublime.lk/services" "Mozilla/5.0 (Linux; Android 7.0;) AppleWebKit/537.36 (KHTML, like Gecko) Mobile Safari/537.36 (compatible; PetalBot;+https://webmaster.petalsearch.com/site/petalbot)"
114.119.165.226 - - [20/Dec/2025:12:04:15 -0500] "GET /api-integration/ HTTP/1.1" 200 5420 "https://www.sublime.lk/services" "Mozilla/5.0 (Linux; Android 7.0;) AppleWebKit/537.36 (KHTML, like Gecko) Mobile Safari/537.36 (compatible; PetalBot;+https://webmaster.petalsearch.com/site/petalbot)"
74.7.228.32 - - [20/Dec/2025:12:17:30 -0500] "GET /robots.txt HTTP/1.1" 404 1251 "-" "Mozilla/5.0 (Macintosh; Intel Mac OS X 10_15_7) AppleWebKit/537.36 (KHTML, like Gecko) Chrome/131.0.0.0 Safari/537.36; compatible; OAI-SearchBot/1.3; robots.txt; +https://openai.com/searchbot"
74.7.228.42 - - [20/Dec/2025:12:20:42 -0500] "GET /robots.txt HTTP/1.1" 404 1251 "-" "Mozilla/5.0 (Macintosh; Intel Mac OS X 10_15_7) AppleWebKit/537.36 (KHTML, like Gecko) Chrome/131.0.0.0 Safari/537.36; compatible; OAI-SearchBot/1.3; robots.txt; +https://openai.com/searchbot"
104.207.44.236 - - [20/Dec/2025:12:32:55 -0500] "GET /wp-login.php HTTP/1.1" 404 1251 "-" "Mozilla/5.0 (Windows NT 10.0; Win64; x64) AppleWebKit/537.36 (KHTML, like Gecko) Chrome/79.0.3945.79 Safari/537.36"
104.207.44.236 - - [20/Dec/2025:12:32:56 -0500] "GET /wp-login.php HTTP/1.1" 404 1251 "http://sublime.lk/wp-login.php" "Mozilla/5.0 (Windows NT 10.0; Win64; x64) AppleWebKit/537.36 (KHTML, like Gecko) Chrome/79.0.3945.79 Safari/537.36"
74.7.228.42 - - [20/Dec/2025:12:46:11 -0500] "GET /robots.txt HTTP/1.1" 404 1251 "-" "Mozilla/5.0 (Macintosh; Intel Mac OS X 10_15_7) AppleWebKit/537.36 (KHTML, like Gecko) Chrome/131.0.0.0 Safari/537.36; compatible; OAI-SearchBot/1.3; robots.txt; +https://openai.com/searchbot"
74.7.228.42 - - [20/Dec/2025:13:00:43 -0500] "GET /robots.txt HTTP/1.1" 404 1251 "-" "Mozilla/5.0 (Macintosh; Intel Mac OS X 10_15_7) AppleWebKit/537.36 (KHTML, like Gecko) Chrome/131.0.0.0 Safari/537.36; compatible; OAI-SearchBot/1.3; robots.txt; +https://openai.com/searchbot"
167.94.138.192 - - [20/Dec/2025:13:01:10 -0500] "GET / HTTP/1.1" 200 7686 "-" "Mozilla/5.0 (compatible; CensysInspect/1.1; +https://about.censys.io/)"
167.94.138.192 - - [20/Dec/2025:13:01:28 -0500] "GET /images/apple-touch-icon-72x72.png HTTP/1.1" 200 2334 "-" "Mozilla/5.0 (compatible; CensysInspect/1.1; +https://about.censys.io/)"
167.94.138.192 - - [20/Dec/2025:13:02:03 -0500] "GET / HTTP/1.1" 200 7695 "-" "Mozilla/5.0 (compatible; CensysInspect/1.1; +https://about.censys.io/)"
110.166.71.39 - - [20/Dec/2025:12:58:29 -0500] "GET / HTTP/1.1" 200 7673 "http://www.sublime.lk" "Mozilla/5.0 (iPhone; CPU iPhone OS 13_2_3 like Mac OS X) AppleWebKit/605.1.15 (KHTML, like Gecko) Version/13.0.3 Mobile/15E148 Safari/604.1"
167.94.138.192 - - [20/Dec/2025:13:01:24 -0500] "GET /images/apple-touch-icon.png HTTP/1.1" 200 1837 "-" "Mozilla/5.0 (compatible; CensysInspect/1.1; +https://about.censys.io/)"
167.94.138.192 - - [20/Dec/2025:13:01:35 -0500] "GET /images/apple-touch-icon-114x114.png HTTP/1.1" 200 1637 "-" "Mozilla/5.0 (compatible; CensysInspect/1.1; +https://about.censys.io/)"
65.52.166.209 - - [20/Dec/2025:13:54:11 -0500] "GET /wp-content/plugins/hellopress/wp_filemanager.php HTTP/1.1" 404 1251 "-" "-"
65.52.166.209 - - [20/Dec/2025:13:54:11 -0500] "GET /file3.php HTTP/1.1" 404 1251 "-" "-"
65.52.166.209 - - [20/Dec/2025:13:54:13 -0500] "GET /file6.php HTTP/1.1" 404 1251 "-" "-"
65.52.166.209 - - [20/Dec/2025:13:54:13 -0500] "GET /ss.php HTTP/1.1" 404 1251 "-" "-"
65.52.166.209 - - [20/Dec/2025:13:54:13 -0500] "GET /file2.php HTTP/1.1" 404 1251 "-" "-"
65.52.166.209 - - [20/Dec/2025:13:54:14 -0500] "GET /fm.php HTTP/1.1" 404 1251 "-" "-"
65.52.166.209 - - [20/Dec/2025:13:54:15 -0500] "GET /dejavu.php HTTP/1.1" 404 1251 "-" "-"
65.52.166.209 - - [20/Dec/2025:13:54:15 -0500] "GET /CLA.php HTTP/1.1" 404 1251 "-" "-"
65.52.166.209 - - [20/Dec/2025:13:54:15 -0500] "GET /aa.php HTTP/1.1" 404 1251 "-" "-"
65.52.166.209 - - [20/Dec/2025:13:54:16 -0500] "GET /lock.php HTTP/1.1" 404 1251 "-" "-"
65.52.166.209 - - [20/Dec/2025:13:54:17 -0500] "GET /mah.php HTTP/1.1" 404 1251 "-" "-"
65.52.166.209 - - [20/Dec/2025:13:54:17 -0500] "GET /faq.php HTTP/1.1" 404 1251 "-" "-"
65.52.166.209 - - [20/Dec/2025:13:54:17 -0500] "GET /file.php HTTP/1.1" 404 1251 "-" "-"
65.52.166.209 - - [20/Dec/2025:13:54:18 -0500] "GET /footer.php HTTP/1.1" 500 601 "-" "-"
65.52.166.209 - - [20/Dec/2025:13:54:19 -0500] "GET /file8.php HTTP/1.1" 404 1251 "-" "-"
65.52.166.209 - - [20/Dec/2025:13:54:19 -0500] "GET /wp.php HTTP/1.1" 404 1251 "-" "-"
65.52.166.209 - - [20/Dec/2025:13:54:20 -0500] "GET /wp-conflg.php HTTP/1.1" 404 1251 "-" "-"
65.52.166.209 - - [20/Dec/2025:13:54:21 -0500] "GET /default.php HTTP/1.1" 404 1251 "-" "-"
65.52.166.209 - - [20/Dec/2025:13:54:22 -0500] "GET /db.php HTTP/1.1" 200 0 "-" "-"
65.52.166.209 - - [20/Dec/2025:13:54:23 -0500] "GET /dropdown.php HTTP/1.1" 404 1251 "-" "-"
65.52.166.209 - - [20/Dec/2025:13:54:23 -0500] "GET /gmo.php HTTP/1.1" 404 1251 "-" "-"
65.52.166.209 - - [20/Dec/2025:13:54:24 -0500] "GET /golden.php HTTP/1.1" 404 1251 "-" "-"
65.52.166.209 - - [20/Dec/2025:13:54:24 -0500] "GET /ahax.php HTTP/1.1" 404 1251 "-" "-"
65.52.166.209 - - [20/Dec/2025:13:54:26 -0500] "GET /buy.php HTTP/1.1" 404 1251 "-" "-"
65.52.166.209 - - [20/Dec/2025:13:54:27 -0500] "GET /lv.php HTTP/1.1" 404 1251 "-" "-"
65.52.166.209 - - [20/Dec/2025:13:54:27 -0500] "GET /item.php HTTP/1.1" 404 1251 "-" "-"
65.52.166.209 - - [20/Dec/2025:13:54:28 -0500] "GET /gfile.php HTTP/1.1" 404 1251 "-" "-"
65.52.166.209 - - [20/Dec/2025:13:54:28 -0500] "GET /build.php HTTP/1.1" 404 1251 "-" "-"
65.52.166.209 - - [20/Dec/2025:13:54:29 -0500] "GET /wp-content/wp-conflg.php HTTP/1.1" 404 1251 "-" "-"
65.52.166.209 - - [20/Dec/2025:13:54:29 -0500] "GET /k.php HTTP/1.1" 404 1251 "-" "-"
65.52.166.209 - - [20/Dec/2025:13:54:29 -0500] "GET /m.php HTTP/1.1" 404 1251 "-" "-"
65.52.166.209 - - [20/Dec/2025:13:54:30 -0500] "GET /install.php HTTP/1.1" 404 1251 "-" "-"
65.52.166.209 - - [20/Dec/2025:13:54:30 -0500] "GET /cloud.php HTTP/1.1" 404 1251 "-" "-"
65.52.166.209 - - [20/Dec/2025:13:54:31 -0500] "GET /lufix.php HTTP/1.1" 404 1251 "-" "-"
65.52.166.209 - - [20/Dec/2025:13:54:32 -0500] "GET /ok.php HTTP/1.1" 404 1251 "-" "-"
65.52.166.209 - - [20/Dec/2025:13:54:34 -0500] "GET /wp-admin/about.php HTTP/1.1" 404 1251 "-" "-"
65.52.166.209 - - [20/Dec/2025:13:54:34 -0500] "GET /alfa.php HTTP/1.1" 404 1251 "-" "-"
65.52.166.209 - - [20/Dec/2025:13:54:35 -0500] "GET /1.php HTTP/1.1" 404 1251 "-" "-"
65.52.166.209 - - [20/Dec/2025:13:54:35 -0500] "GET /lock6.php HTTP/1.1" 404 1251 "-" "-"
65.52.166.209 - - [20/Dec/2025:13:54:36 -0500] "GET /wp-admin/file.php HTTP/1.1" 404 1251 "-" "-"
65.52.166.209 - - [20/Dec/2025:13:54:37 -0500] "GET /about.php HTTP/1.1" 404 1251 "-" "-"
65.52.166.209 - - [20/Dec/2025:13:54:37 -0500] "GET /goods.php HTTP/1.1" 404 1251 "-" "-"
65.52.166.209 - - [20/Dec/2025:13:54:38 -0500] "GET /contact.php HTTP/1.1" 404 1251 "-" "-"
65.52.166.209 - - [20/Dec/2025:13:54:38 -0500] "GET /wp-2019.php HTTP/1.1" 404 1251 "-" "-"
74.7.228.42 - - [20/Dec/2025:13:52:38 -0500] "GET /robots.txt HTTP/1.1" 404 1251 "-" "Mozilla/5.0 (Macintosh; Intel Mac OS X 10_15_7) AppleWebKit/537.36 (KHTML, like Gecko) Chrome/131.0.0.0 Safari/537.36; compatible; OAI-SearchBot/1.3; robots.txt; +https://openai.com/searchbot"
40.77.167.123 - - [20/Dec/2025:13:53:25 -0500] "GET /sitemap.xml.gz HTTP/1.1" 404 1251 "-" "Mozilla/5.0 AppleWebKit/537.36 (KHTML, like Gecko; compatible; bingbot/2.0; +http://www.bing.com/bingbot.htm) Chrome/116.0.1938.76 Safari/537.36"
65.52.166.209 - - [20/Dec/2025:13:54:12 -0500] "GET /file5.php HTTP/1.1" 404 1251 "-" "-"
65.52.166.209 - - [20/Dec/2025:13:54:12 -0500] "GET /law.php HTTP/1.1" 404 1251 "-" "-"
65.52.166.209 - - [20/Dec/2025:13:54:14 -0500] "GET /file4.php HTTP/1.1" 404 1251 "-" "-"
65.52.166.209 - - [20/Dec/2025:13:54:14 -0500] "GET /file7.php HTTP/1.1" 404 1251 "-" "-"
65.52.166.209 - - [20/Dec/2025:13:54:16 -0500] "GET /file9.php HTTP/1.1" 404 1251 "-" "-"
65.52.166.209 - - [20/Dec/2025:13:54:16 -0500] "GET /.trash7309/index.php HTTP/1.1" 404 1251 "-" "-"
65.52.166.209 - - [20/Dec/2025:13:54:18 -0500] "GET /file17.php HTTP/1.1" 404 1251 "-" "-"
65.52.166.209 - - [20/Dec/2025:13:54:20 -0500] "GET /lock360.php HTTP/1.1" 404 1251 "-" "-"
65.52.166.209 - - [20/Dec/2025:13:54:20 -0500] "GET /lc.php HTTP/1.1" 404 1251 "-" "-"
65.52.166.209 - - [20/Dec/2025:13:54:21 -0500] "GET /abe.php HTTP/1.1" 404 1251 "-" "-"
65.52.166.209 - - [20/Dec/2025:13:54:21 -0500] "GET /gel4y.php HTTP/1.1" 404 1251 "-" "-"
65.52.166.209 - - [20/Dec/2025:13:54:22 -0500] "GET /hoot.php HTTP/1.1" 404 1251 "-" "-"
65.52.166.209 - - [20/Dec/2025:13:54:23 -0500] "GET /manager.php HTTP/1.1" 404 1251 "-" "-"
65.52.166.209 - - [20/Dec/2025:13:54:24 -0500] "GET /wp-mail.php HTTP/1.1" 404 1251 "-" "-"
65.52.166.209 - - [20/Dec/2025:13:54:25 -0500] "GET /geju.php HTTP/1.1" 404 1251 "-" "-"
65.52.166.209 - - [20/Dec/2025:13:54:25 -0500] "GET /index1.php HTTP/1.1" 404 1251 "-" "-"
65.52.166.209 - - [20/Dec/2025:13:54:25 -0500] "GET /admin.php HTTP/1.1" 404 1251 "-" "-"
65.52.166.209 - - [20/Dec/2025:13:54:26 -0500] "GET /ws.php HTTP/1.1" 404 1251 "-" "-"
65.52.166.209 - - [20/Dec/2025:13:54:26 -0500] "GET /news.php HTTP/1.1" 404 1251 "-" "-"
65.52.166.209 - - [20/Dec/2025:13:54:27 -0500] "GET /wp-mn.php HTTP/1.1" 404 1251 "-" "-"
65.52.166.209 - - [20/Dec/2025:13:54:28 -0500] "GET /js/fm.php HTTP/1.1" 404 1251 "-" "-"
65.52.166.209 - - [20/Dec/2025:13:54:30 -0500] "GET /wp-admin/js/wp-conflg.php HTTP/1.1" 404 1251 "-" "-"
65.52.166.209 - - [20/Dec/2025:13:54:31 -0500] "GET /bless.php HTTP/1.1" 404 1251 "-" "-"
65.52.166.209 - - [20/Dec/2025:13:54:31 -0500] "GET /themes.php HTTP/1.1" 404 1251 "-" "-"
65.52.166.209 - - [20/Dec/2025:13:54:32 -0500] "GET /shell20211028.php HTTP/1.1" 404 1251 "-" "-"
65.52.166.209 - - [20/Dec/2025:13:54:33 -0500] "GET /NewFile.php HTTP/1.1" 404 1251 "-" "-"
65.52.166.209 - - [20/Dec/2025:13:54:33 -0500] "GET /wp-admin/admin.php HTTP/1.1" 404 1251 "-" "-"
65.52.166.209 - - [20/Dec/2025:13:54:33 -0500] "GET /index/function.php HTTP/1.1" 404 1251 "-" "-"
65.52.166.209 - - [20/Dec/2025:13:54:34 -0500] "GET /chosen.php?p= HTTP/1.1" 404 1251 "-" "-"
65.52.166.209 - - [20/Dec/2025:13:54:35 -0500] "GET /past.php HTTP/1.1" 404 1251 "-" "-"
65.52.166.209 - - [20/Dec/2025:13:54:36 -0500] "GET /post.php HTTP/1.1" 404 1251 "-" "-"
65.52.166.209 - - [20/Dec/2025:13:54:36 -0500] "GET /config.php HTTP/1.1" 404 1251 "-" "-"
65.52.166.209 - - [20/Dec/2025:13:54:37 -0500] "GET /z.php HTTP/1.1" 404 1251 "-" "-"
65.52.166.209 - - [20/Dec/2025:13:54:38 -0500] "GET /css/plugins.php HTTP/1.1" 404 1251 "-" "-"
65.52.166.209 - - [20/Dec/2025:13:54:39 -0500] "GET /404.php HTTP/1.1" 404 1251 "-" "-"
65.52.166.209 - - [20/Dec/2025:13:54:39 -0500] "GET /bs1.php HTTP/1.1" 404 1251 "-" "-"
65.52.166.209 - - [20/Dec/2025:13:54:40 -0500] "GET /bolt.php HTTP/1.1" 404 1251 "-" "-"
65.52.166.209 - - [20/Dec/2025:13:54:40 -0500] "GET /alfa-rex.php HTTP/1.1" 404 1251 "-" "-"
65.52.166.209 - - [20/Dec/2025:13:54:41 -0500] "GET /bless3.php HTTP/1.1" 404 1251 "-" "-"
65.52.166.209 - - [20/Dec/2025:13:54:39 -0500] "GET /wp-admin/wp-conflg.php HTTP/1.1" 404 1251 "-" "-"
65.52.166.209 - - [20/Dec/2025:13:54:40 -0500] "GET /astab.php HTTP/1.1" 404 1251 "-" "-"
65.52.166.209 - - [20/Dec/2025:13:54:41 -0500] "GET /bless2.php HTTP/1.1" 404 1251 "-" "-"
65.52.166.209 - - [20/Dec/2025:13:54:41 -0500] "GET /bless4.php HTTP/1.1" 404 1251 "-" "-"
65.52.166.209 - - [20/Dec/2025:13:54:42 -0500] "GET /bless7.php HTTP/1.1" 404 1251 "-" "-"
65.52.166.209 - - [20/Dec/2025:13:54:43 -0500] "GET /bless8.php HTTP/1.1" 404 1251 "-" "-"
65.52.166.209 - - [20/Dec/2025:13:54:44 -0500] "GET /file11.php HTTP/1.1" 404 1251 "-" "-"
65.52.166.209 - - [20/Dec/2025:13:54:45 -0500] "GET /file15.php HTTP/1.1" 404 1251 "-" "-"
65.52.166.209 - - [20/Dec/2025:13:54:46 -0500] "GET /file16.php HTTP/1.1" 404 1251 "-" "-"
65.52.166.209 - - [20/Dec/2025:13:54:46 -0500] "GET /file19.php HTTP/1.1" 404 1251 "-" "-"
65.52.166.209 - - [20/Dec/2025:13:54:47 -0500] "GET /file21.php HTTP/1.1" 404 1251 "-" "-"
65.52.166.209 - - [20/Dec/2025:13:54:47 -0500] "GET /file23.php HTTP/1.1" 404 1251 "-" "-"
65.52.166.209 - - [20/Dec/2025:13:54:48 -0500] "GET /file25.php HTTP/1.1" 404 1251 "-" "-"
65.52.166.209 - - [20/Dec/2025:13:54:50 -0500] "GET /file30.php HTTP/1.1" 404 1251 "-" "-"
65.52.166.209 - - [20/Dec/2025:13:54:51 -0500] "GET /zwso.php HTTP/1.1" 404 1251 "-" "-"
65.52.166.209 - - [20/Dec/2025:13:54:52 -0500] "GET /ad.php HTTP/1.1" 404 1251 "-" "-"
65.52.166.209 - - [20/Dec/2025:13:54:52 -0500] "GET /403.php HTTP/1.1" 404 1251 "-" "-"
65.52.166.209 - - [20/Dec/2025:13:54:53 -0500] "GET /css/index.php HTTP/1.1" 404 1251 "-" "-"
65.52.166.209 - - [20/Dec/2025:13:54:53 -0500] "GET /mek.php HTTP/1.1" 404 1251 "-" "-"
65.52.166.209 - - [20/Dec/2025:13:54:54 -0500] "GET /pass.php HTTP/1.1" 404 1251 "-" "-"
65.52.166.209 - - [20/Dec/2025:13:54:54 -0500] "GET /pepe.php HTTP/1.1" 404 1251 "-" "-"
65.52.166.209 - - [20/Dec/2025:13:54:55 -0500] "GET /xleetx.php HTTP/1.1" 404 1251 "-" "-"
65.52.166.209 - - [20/Dec/2025:13:54:55 -0500] "GET /elp.php HTTP/1.1" 404 1251 "-" "-"
65.52.166.209 - - [20/Dec/2025:13:54:55 -0500] "GET /great.php HTTP/1.1" 404 1251 "-" "-"
65.52.166.209 - - [20/Dec/2025:13:54:56 -0500] "GET /xax.php HTTP/1.1" 404 1251 "-" "-"
65.52.166.209 - - [20/Dec/2025:13:54:42 -0500] "GET /bless5.php HTTP/1.1" 404 1251 "-" "-"
65.52.166.209 - - [20/Dec/2025:13:54:42 -0500] "GET /bless6.php HTTP/1.1" 404 1251 "-" "-"
65.52.166.209 - - [20/Dec/2025:13:54:43 -0500] "GET /bless9.php HTTP/1.1" 404 1251 "-" "-"
65.52.166.209 - - [20/Dec/2025:13:54:43 -0500] "GET /bless1.php HTTP/1.1" 404 1251 "-" "-"
65.52.166.209 - - [20/Dec/2025:13:54:44 -0500] "GET /file12.php HTTP/1.1" 404 1251 "-" "-"
65.52.166.209 - - [20/Dec/2025:13:54:44 -0500] "GET /file13.php HTTP/1.1" 404 1251 "-" "-"
65.52.166.209 - - [20/Dec/2025:13:54:45 -0500] "GET /file14.php HTTP/1.1" 404 1251 "-" "-"
65.52.166.209 - - [20/Dec/2025:13:54:46 -0500] "GET /file18.php HTTP/1.1" 404 1251 "-" "-"
65.52.166.209 - - [20/Dec/2025:13:54:47 -0500] "GET /file22.php HTTP/1.1" 404 1251 "-" "-"
65.52.166.209 - - [20/Dec/2025:13:54:48 -0500] "GET /file24.php HTTP/1.1" 404 1251 "-" "-"
65.52.166.209 - - [20/Dec/2025:13:54:48 -0500] "GET /file26.php HTTP/1.1" 404 1251 "-" "-"
65.52.166.209 - - [20/Dec/2025:13:54:49 -0500] "GET /file27.php HTTP/1.1" 404 1251 "-" "-"
65.52.166.209 - - [20/Dec/2025:13:54:49 -0500] "GET /file28.php HTTP/1.1" 404 1251 "-" "-"
65.52.166.209 - - [20/Dec/2025:13:54:49 -0500] "GET /file29.php HTTP/1.1" 404 1251 "-" "-"
65.52.166.209 - - [20/Dec/2025:13:54:50 -0500] "GET /asasx.php HTTP/1.1" 404 1251 "-" "-"
65.52.166.209 - - [20/Dec/2025:13:54:50 -0500] "GET /wsa.php HTTP/1.1" 404 1251 "-" "-"
65.52.166.209 - - [20/Dec/2025:13:54:51 -0500] "GET /xmlrpcx.php HTTP/1.1" 404 1251 "-" "-"
65.52.166.209 - - [20/Dec/2025:13:54:51 -0500] "GET /ot.php HTTP/1.1" 404 1251 "-" "-"
65.52.166.209 - - [20/Dec/2025:13:54:52 -0500] "GET /acp.php HTTP/1.1" 404 1251 "-" "-"
65.52.166.209 - - [20/Dec/2025:13:54:53 -0500] "GET /lo.php HTTP/1.1" 404 1251 "-" "-"
65.52.166.209 - - [20/Dec/2025:13:54:54 -0500] "GET /e.php HTTP/1.1" 404 1251 "-" "-"
65.52.166.209 - - [20/Dec/2025:13:54:56 -0500] "GET /Sanskrit.php HTTP/1.1" 404 1251 "-" "-"
65.52.166.209 - - [20/Dec/2025:13:54:56 -0500] "GET /wp-admin/setup-config.php HTTP/1.1" 404 1251 "-" "-"
65.52.166.209 - - [20/Dec/2025:13:54:57 -0500] "GET /dlex.php HTTP/1.1" 404 1251 "-" "-"
176.31.139.7 - - [20/Dec/2025:14:05:44 -0500] "GET /robots.txt HTTP/1.1" 404 1251 "-" "Mozilla/5.0 (compatible; AhrefsBot/7.0; +http://ahrefs.com/robot/)"
74.7.228.32 - - [20/Dec/2025:14:01:01 -0500] "GET /robots.txt HTTP/1.1" 404 1251 "-" "Mozilla/5.0 (Macintosh; Intel Mac OS X 10_15_7) AppleWebKit/537.36 (KHTML, like Gecko) Chrome/131.0.0.0 Safari/537.36; compatible; OAI-SearchBot/1.3; robots.txt; +https://openai.com/searchbot"
51.161.37.9 - - [20/Dec/2025:14:05:47 -0500] "GET / HTTP/1.1" 200 6535 "-" "Mozilla/5.0 (compatible; AhrefsBot/7.0; +http://ahrefs.com/robot/)"
74.7.228.42 - - [20/Dec/2025:14:10:58 -0500] "GET /robots.txt HTTP/1.1" 404 1251 "-" "Mozilla/5.0 (Macintosh; Intel Mac OS X 10_15_7) AppleWebKit/537.36 (KHTML, like Gecko) Chrome/131.0.0.0 Safari/537.36; compatible; OAI-SearchBot/1.3; robots.txt; +https://openai.com/searchbot"
74.7.228.42 - - [20/Dec/2025:14:26:17 -0500] "GET /robots.txt HTTP/1.1" 404 1251 "-" "Mozilla/5.0 (Macintosh; Intel Mac OS X 10_15_7) AppleWebKit/537.36 (KHTML, like Gecko) Chrome/131.0.0.0 Safari/537.36; compatible; OAI-SearchBot/1.3; robots.txt; +https://openai.com/searchbot"
49.51.141.76 - - [20/Dec/2025:14:35:55 -0500] "GET / HTTP/1.1" 200 7673 "http://www.sublime.lk" "Mozilla/5.0 (iPhone; CPU iPhone OS 13_2_3 like Mac OS X) AppleWebKit/605.1.15 (KHTML, like Gecko) Version/13.0.3 Mobile/15E148 Safari/604.1"
196.51.143.82 - - [20/Dec/2025:14:30:54 -0500] "GET / HTTP/1.1" 200 6535 "http://sublime.lk" "Mozilla/5.0 (X11; Linux x86_64) AppleWebKit/537.36 (KHTML, like Gecko) Chrome/114.0.0.0 Safari/537.36 Vivaldi/5.3.2679.68"
196.51.119.162 - - [20/Dec/2025:14:30:58 -0500] "GET /contact-us/ HTTP/1.1" 200 4920 "http://sublime.lk" "Mozilla/5.0 (X11; Linux x86_64) AppleWebKit/537.36 (KHTML, like Gecko) Chrome/114.0.0.0 Safari/537.36 Vivaldi/5.3.2679.68"
43.159.136.201 - - [20/Dec/2025:15:00:41 -0500] "GET /advertising-brand-or-product/ HTTP/1.1" 200 4793 "-" "Mozilla/5.0 (iPhone; CPU iPhone OS 13_2_3 like Mac OS X) AppleWebKit/605.1.15 (KHTML, like Gecko) Version/13.0.3 Mobile/15E148 Safari/604.1"
74.7.228.42 - - [20/Dec/2025:14:56:27 -0500] "GET /robots.txt HTTP/1.1" 404 1251 "-" "Mozilla/5.0 (Macintosh; Intel Mac OS X 10_15_7) AppleWebKit/537.36 (KHTML, like Gecko) Chrome/131.0.0.0 Safari/537.36; compatible; OAI-SearchBot/1.3; robots.txt; +https://openai.com/searchbot"
87.121.84.125 - - [20/Dec/2025:15:14:01 -0500] "GET /plugins/content/apismtp/apismtp.php?test=hello HTTP/1.1" 404 1251 "-" "ALittle Client"
65.108.78.33 - - [20/Dec/2025:15:17:41 -0500] "GET /robots.txt HTTP/1.1" 404 1251 "-" "Mozilla/5.0 (compatible; MJ12bot/v1.4.8; http://mj12bot.com/)"
65.108.78.33 - - [20/Dec/2025:15:17:43 -0500] "GET /mobile-application-development/ HTTP/1.1" 200 4028 "-" "Mozilla/5.0 (compatible; MJ12bot/v1.4.8; http://mj12bot.com/)"
65.108.78.33 - - [20/Dec/2025:15:18:04 -0500] "GET /social-media-marketing/ HTTP/1.1" 200 4117 "-" "Mozilla/5.0 (compatible; MJ12bot/v1.4.8; http://mj12bot.com/)"
136.243.220.211 - - [20/Dec/2025:15:24:43 -0500] "GET /robots.txt HTTP/1.1" 404 1251 "-" "Mozilla/5.0 (compatible; DataForSeoBot/1.0; +https://dataforseo.com/dataforseo-bot)"
74.7.228.42 - - [20/Dec/2025:15:09:50 -0500] "GET /robots.txt HTTP/1.1" 404 1251 "-" "Mozilla/5.0 (Macintosh; Intel Mac OS X 10_15_7) AppleWebKit/537.36 (KHTML, like Gecko) Chrome/131.0.0.0 Safari/537.36; compatible; OAI-SearchBot/1.3; robots.txt; +https://openai.com/searchbot"
217.160.202.182 - - [20/Dec/2025:15:13:13 -0500] "GET / HTTP/1.1" 200 7755 "-" "Mozilla/5.0 (Windows NT 10.0; Win64; x64) AppleWebKit/537.36 (KHTML, like Gecko) Chrome/91.0.4472.114 Safari/537.36 Edg/91.0.864.54"
65.108.78.33 - - [20/Dec/2025:15:17:45 -0500] "GET /search-engine-optimization-price/ HTTP/1.1" 200 4525 "-" "Mozilla/5.0 (compatible; MJ12bot/v1.4.8; http://mj12bot.com/)"
136.243.220.211 - - [20/Dec/2025:15:24:41 -0500] "GET /robots.txt HTTP/1.1" 404 1251 "-" "Mozilla/5.0 (compatible; DataForSeoBot/1.0; +https://dataforseo.com/dataforseo-bot)"
136.243.220.211 - - [20/Dec/2025:15:24:50 -0500] "GET /sitemap.xml HTTP/1.1" 200 449 "-" "Mozilla/5.0 (compatible; DataForSeoBot/1.0; +https://dataforseo.com/dataforseo-bot)"
51.89.129.63 - - [20/Dec/2025:15:26:45 -0500] "GET /robots.txt HTTP/1.1" 404 1251 "-" "Mozilla/5.0 (compatible; AhrefsBot/7.0; +http://ahrefs.com/robot/)"
51.161.65.69 - - [20/Dec/2025:15:26:48 -0500] "GET / HTTP/1.1" 200 6541 "-" "Mozilla/5.0 (compatible; AhrefsBot/7.0; +http://ahrefs.com/robot/)"
66.249.64.8 - - [20/Dec/2025:15:48:56 -0500] "GET /images/testimonials/sisira.jpg HTTP/1.1" 304 0 "-" "Googlebot-Image/1.0"
17.241.219.225 - - [20/Dec/2025:15:56:51 -0500] "GET /robots.txt HTTP/1.1" 404 1251 "-" "Mozilla/5.0 (Macintosh; Intel Mac OS X 10_15_7) AppleWebKit/605.1.15 (KHTML, like Gecko) Version/17.4 Safari/605.1.15 (Applebot/0.1; +http://www.apple.com/go/applebot)"
74.7.228.42 - - [20/Dec/2025:16:04:09 -0500] "GET /robots.txt HTTP/1.1" 404 1251 "-" "Mozilla/5.0 (Macintosh; Intel Mac OS X 10_15_7) AppleWebKit/537.36 (KHTML, like Gecko) Chrome/131.0.0.0 Safari/537.36; compatible; OAI-SearchBot/1.3; robots.txt; +https://openai.com/searchbot"
205.210.31.13 - - [20/Dec/2025:16:31:12 -0500] "GET / HTTP/1.1" 200 47896 "-" "-"
104.210.140.132 - - [20/Dec/2025:16:50:33 -0500] "GET /robots.txt HTTP/1.1" 404 1251 "-" "Mozilla/5.0 (Macintosh; Intel Mac OS X 10_15_7) AppleWebKit/537.36 (KHTML, like Gecko) Chrome/131.0.0.0 Safari/537.36; compatible; OAI-SearchBot/1.0; +https://openai.com/searchbot"
104.210.140.132 - - [20/Dec/2025:16:50:32 -0500] "GET /robots.txt HTTP/1.1" 404 1251 "-" "Mozilla/5.0 (Macintosh; Intel Mac OS X 10_15_7) AppleWebKit/537.36 (KHTML, like Gecko) Chrome/131.0.0.0 Safari/537.36; compatible; OAI-SearchBot/1.0; +https://openai.com/searchbot"
15.235.98.90 - - [20/Dec/2025:16:54:32 -0500] "GET /internet-payment-gateway/ HTTP/1.1" 200 4184 "-" "Mozilla/5.0 (compatible; AhrefsBot/7.0; +http://ahrefs.com/robot/)"
74.7.228.42 - - [20/Dec/2025:17:06:52 -0500] "GET /robots.txt HTTP/1.1" 404 1251 "-" "Mozilla/5.0 (Macintosh; Intel Mac OS X 10_15_7) AppleWebKit/537.36 (KHTML, like Gecko) Chrome/131.0.0.0 Safari/537.36; compatible; OAI-SearchBot/1.3; robots.txt; +https://openai.com/searchbot"
74.7.228.42 - - [20/Dec/2025:16:57:50 -0500] "GET /robots.txt HTTP/1.1" 404 1251 "-" "Mozilla/5.0 (Macintosh; Intel Mac OS X 10_15_7) AppleWebKit/537.36 (KHTML, like Gecko) Chrome/131.0.0.0 Safari/537.36; compatible; OAI-SearchBot/1.3; robots.txt; +https://openai.com/searchbot"
51.68.107.144 - - [20/Dec/2025:17:17:22 -0500] "GET /robots.txt HTTP/1.1" 404 1251 "-" "Mozilla/5.0 (compatible; MJ12bot/v2.0.4; http://mj12bot.com/)"
51.68.107.144 - - [20/Dec/2025:17:17:22 -0500] "GET / HTTP/1.1" 200 6454 "-" "Mozilla/5.0 (compatible; MJ12bot/v2.0.4; http://mj12bot.com/)"
74.7.228.42 - - [20/Dec/2025:17:28:20 -0500] "GET /robots.txt HTTP/1.1" 404 1251 "-" "Mozilla/5.0 (Macintosh; Intel Mac OS X 10_15_7) AppleWebKit/537.36 (KHTML, like Gecko) Chrome/131.0.0.0 Safari/537.36; compatible; OAI-SearchBot/1.3; robots.txt; +https://openai.com/searchbot"
217.113.196.55 - - [20/Dec/2025:18:00:05 -0500] "GET /contact-us/ HTTP/1.1" 200 5726 "-" "Mozilla/5.0 (compatible; IbouBot/1.0; [email protected]; +https://ibou.io/iboubot.html)"
217.113.196.14 - - [20/Dec/2025:18:00:10 -0500] "GET / HTTP/1.1" 200 7716 "-" "Mozilla/5.0 (compatible; IbouBot/1.0; [email protected]; +https://ibou.io/iboubot.html)"
217.113.196.56 - - [20/Dec/2025:17:59:38 -0500] "GET /robots.txt HTTP/1.1" 404 1251 "-" "Mozilla/5.0 (compatible; IbouBot/1.0; [email protected]; +https://ibou.io/iboubot.html)"
217.113.196.17 - - [20/Dec/2025:17:59:42 -0500] "GET /robots.txt HTTP/1.1" 404 1251 "-" "Mozilla/5.0 (compatible; IbouBot/1.0; [email protected]; +https://ibou.io/iboubot.html)"
217.113.196.43 - - [20/Dec/2025:17:59:44 -0500] "GET /robots.txt HTTP/1.1" 404 1251 "-" "Mozilla/5.0 (compatible; IbouBot/1.0; [email protected]; +https://ibou.io/iboubot.html)"
217.113.196.4 - - [20/Dec/2025:18:00:58 -0500] "GET /social-media-marketing/ HTTP/1.1" 200 4833 "-" "Mozilla/5.0 (compatible; IbouBot/1.0; [email protected]; +https://ibou.io/iboubot.html)"
217.113.196.24 - - [20/Dec/2025:18:01:23 -0500] "GET /web-design-price/ HTTP/1.1" 200 5058 "-" "Mozilla/5.0 (compatible; IbouBot/1.0; [email protected]; +https://ibou.io/iboubot.html)"
144.172.103.112 - - [20/Dec/2025:18:02:22 -0500] "GET /contact HTTP/1.1" 404 1251 "http://sublime.lk/contact" "Go-http-client/1.1"
144.172.103.112 - - [20/Dec/2025:18:02:22 -0500] "GET /contact.php HTTP/1.1" 404 1251 "http://sublime.lk/contact.php" "Go-http-client/1.1"
217.113.196.4 - - [20/Dec/2025:18:02:41 -0500] "GET /search-engine-optimization-price/ HTTP/1.1" 200 5350 "-" "Mozilla/5.0 (compatible; IbouBot/1.0; [email protected]; +https://ibou.io/iboubot.html)"
74.7.228.42 - - [20/Dec/2025:18:04:30 -0500] "GET /robots.txt HTTP/1.1" 404 1251 "-" "Mozilla/5.0 (Macintosh; Intel Mac OS X 10_15_7) AppleWebKit/537.36 (KHTML, like Gecko) Chrome/131.0.0.0 Safari/537.36; compatible; OAI-SearchBot/1.3; robots.txt; +https://openai.com/searchbot"
144.172.103.112 - - [20/Dec/2025:18:06:45 -0500] "GET /contact.php HTTP/1.1" 404 1251 "http://sublime.lk/contact.php" "Go-http-client/1.1"
217.113.196.30 - - [20/Dec/2025:18:00:31 -0500] "GET /software-development/ HTTP/1.1" 200 4765 "-" "Mozilla/5.0 (compatible; IbouBot/1.0; [email protected]; +https://ibou.io/iboubot.html)"
144.172.103.112 - - [20/Dec/2025:18:00:47 -0500] "GET /contact.php HTTP/1.1" 404 1251 "http://sublime.lk/contact.php" "Go-http-client/1.1"
144.172.103.112 - - [20/Dec/2025:18:00:48 -0500] "GET /contact HTTP/1.1" 404 1251 "http://sublime.lk/contact" "Go-http-client/1.1"
217.113.196.38 - - [20/Dec/2025:18:01:49 -0500] "GET /web-design-and-development/ HTTP/1.1" 200 5990 "-" "Mozilla/5.0 (compatible; IbouBot/1.0; [email protected]; +https://ibou.io/iboubot.html)"
217.113.196.55 - - [20/Dec/2025:18:02:15 -0500] "GET /search-engine-optimization-seo/ HTTP/1.1" 200 6469 "-" "Mozilla/5.0 (compatible; IbouBot/1.0; [email protected]; +https://ibou.io/iboubot.html)"
144.172.103.112 - - [20/Dec/2025:18:06:45 -0500] "GET /contact HTTP/1.1" 404 1251 "http://sublime.lk/contact" "Go-http-client/1.1"
74.7.228.42 - - [20/Dec/2025:18:11:44 -0500] "GET /robots.txt HTTP/1.1" 404 1251 "-" "Mozilla/5.0 (Macintosh; Intel Mac OS X 10_15_7) AppleWebKit/537.36 (KHTML, like Gecko) Chrome/131.0.0.0 Safari/537.36; compatible; OAI-SearchBot/1.3; robots.txt; +https://openai.com/searchbot"
74.7.228.42 - - [20/Dec/2025:18:36:05 -0500] "GET /robots.txt HTTP/1.1" 404 1251 "-" "Mozilla/5.0 (Macintosh; Intel Mac OS X 10_15_7) AppleWebKit/537.36 (KHTML, like Gecko) Chrome/131.0.0.0 Safari/537.36; compatible; OAI-SearchBot/1.3; robots.txt; +https://openai.com/searchbot"
54.39.203.108 - - [20/Dec/2025:18:38:19 -0500] "GET / HTTP/1.1" 200 6454 "-" "Mozilla/5.0 (compatible; AhrefsBot/7.0; +http://ahrefs.com/robot/)"
74.7.228.42 - - [20/Dec/2025:19:01:41 -0500] "GET /robots.txt HTTP/1.1" 404 1251 "-" "Mozilla/5.0 (Macintosh; Intel Mac OS X 10_15_7) AppleWebKit/537.36 (KHTML, like Gecko) Chrome/131.0.0.0 Safari/537.36; compatible; OAI-SearchBot/1.3; robots.txt; +https://openai.com/searchbot"
47.128.97.228 - - [20/Dec/2025:19:18:36 -0500] "GET /robots.txt HTTP/1.1" 404 1251 "-" "Mozilla/5.0 (Linux; Android 5.0) AppleWebKit/537.36 (KHTML, like Gecko) Mobile Safari/537.36 (compatible; Bytespider; [email protected])"
74.7.228.42 - - [20/Dec/2025:19:21:13 -0500] "GET /robots.txt HTTP/1.1" 404 1251 "-" "Mozilla/5.0 (Macintosh; Intel Mac OS X 10_15_7) AppleWebKit/537.36 (KHTML, like Gecko) Chrome/131.0.0.0 Safari/537.36; compatible; OAI-SearchBot/1.3; robots.txt; +https://openai.com/searchbot"
114.119.135.232 - - [20/Dec/2025:19:10:31 -0500] "GET /robots.txt HTTP/1.1" 404 1251 "-" "Mozilla/5.0 (compatible;PetalBot;+https://webmaster.petalsearch.com/site/petalbot)"
66.249.64.9 - - [20/Dec/2025:19:20:25 -0500] "GET /robots.txt HTTP/1.1" 404 1251 "-" "Mozilla/5.0 (compatible; Googlebot/2.1; +http://www.google.com/bot.html)"
66.249.64.7 - - [20/Dec/2025:19:21:28 -0500] "GET /ads.txt HTTP/1.1" 404 1251 "-" "Mozilla/5.0 (compatible; Googlebot/2.1; +http://www.google.com/bot.html)"
47.128.22.174 - - [20/Dec/2025:19:22:13 -0500] "GET /robots.txt HTTP/1.1" 404 1251 "-" "Mozilla/5.0 (Linux; Android 5.0) AppleWebKit/537.36 (KHTML, like Gecko) Mobile Safari/537.36 (compatible; Bytespider; [email protected])"
204.76.203.25 - - [20/Dec/2025:19:40:38 -0500] "GET /.env HTTP/1.1" 404 1251 "-" "Mozilla/5.0 (Windows NT 10.0; Win64; x64) AppleWebKit/537.36 (KHTML, like Gecko) Chrome/134.0.0.0 Safari/537.3"
144.172.103.112 - - [20/Dec/2025:19:51:45 -0500] "GET /contact.php HTTP/1.1" 404 1251 "http://sublime.lk/contact.php" "Go-http-client/1.1"
144.172.103.112 - - [20/Dec/2025:19:51:45 -0500] "GET /contact HTTP/1.1" 404 1251 "http://sublime.lk/contact" "Go-http-client/1.1"
27.46.125.178 - - [20/Dec/2025:19:52:44 -0500] "GET /robots.txt HTTP/1.1" 404 1251 "-" "Mozilla/5.0 (Windows NT 10.0; Win64; x64) AppleWebKit/537.36 (KHTML, like Gecko) Chrome/69.0.3968.104 Safari/537.36"
74.7.228.42 - - [20/Dec/2025:19:56:21 -0500] "GET /robots.txt HTTP/1.1" 404 1251 "-" "Mozilla/5.0 (Macintosh; Intel Mac OS X 10_15_7) AppleWebKit/537.36 (KHTML, like Gecko) Chrome/131.0.0.0 Safari/537.36; compatible; OAI-SearchBot/1.3; robots.txt; +https://openai.com/searchbot"
15.235.98.48 - - [20/Dec/2025:19:46:55 -0500] "GET / HTTP/1.1" 200 6577 "-" "Mozilla/5.0 (compatible; AhrefsBot/7.0; +http://ahrefs.com/robot/)"
147.185.132.22 - - [20/Dec/2025:20:07:30 -0500] "GET /.well-known/security.txt HTTP/1.1" 404 1251 "-" "Hello from Palo Alto Networks, find out more about our scans in https://docs-cortex.paloaltonetworks.com/r/1/Cortex-Xpanse/Scanning-activity"