4.190.208.97 - - [20/Dec/2025:07:18:11 -0500] "GET /dejavu.php HTTP/1.1" 404 1251 "-" "-"
4.190.208.97 - - [20/Dec/2025:07:18:11 -0500] "GET /yu.php HTTP/1.1" 404 1251 "-" "-"
4.190.208.97 - - [20/Dec/2025:07:18:12 -0500] "GET /ssxsl.php HTTP/1.1" 404 1251 "-" "-"
4.190.208.97 - - [20/Dec/2025:07:18:12 -0500] "GET /tqloh.php HTTP/1.1" 404 1251 "-" "-"
4.190.208.97 - - [20/Dec/2025:07:18:12 -0500] "GET /hbyra.php HTTP/1.1" 404 1251 "-" "-"
4.190.208.97 - - [20/Dec/2025:07:18:12 -0500] "GET /dparm.php HTTP/1.1" 404 1251 "-" "-"
4.190.208.97 - - [20/Dec/2025:07:18:12 -0500] "GET /doelr.php HTTP/1.1" 404 1251 "-" "-"
4.190.208.97 - - [20/Dec/2025:07:18:12 -0500] "GET /xenium4x.php HTTP/1.1" 404 1251 "-" "-"
4.190.208.97 - - [20/Dec/2025:07:18:13 -0500] "GET /dout.php HTTP/1.1" 404 1251 "-" "-"
4.190.208.97 - - [20/Dec/2025:07:18:13 -0500] "GET /dng.php HTTP/1.1" 404 1251 "-" "-"
4.190.208.97 - - [20/Dec/2025:07:18:13 -0500] "GET /rh1.php HTTP/1.1" 404 1251 "-" "-"
4.190.208.97 - - [20/Dec/2025:07:18:14 -0500] "GET /vx.php HTTP/1.1" 404 1251 "-" "-"
4.190.208.97 - - [20/Dec/2025:07:18:14 -0500] "GET /g7y.php HTTP/1.1" 404 1251 "-" "-"
4.190.208.97 - - [20/Dec/2025:07:18:15 -0500] "GET /veuntzdf.php HTTP/1.1" 404 1251 "-" "-"
4.190.208.97 - - [20/Dec/2025:07:18:15 -0500] "GET /xenium4.php HTTP/1.1" 404 1251 "-" "-"
4.190.208.97 - - [20/Dec/2025:07:18:16 -0500] "GET /wp-mails.php HTTP/1.1" 404 1251 "-" "-"
4.190.208.97 - - [20/Dec/2025:07:18:17 -0500] "GET /blurbs18.php HTTP/1.1" 404 1251 "-" "-"
4.190.208.97 - - [20/Dec/2025:07:18:17 -0500] "GET /kao.php HTTP/1.1" 404 1251 "-" "-"
4.190.208.97 - - [20/Dec/2025:07:18:17 -0500] "GET /ii5file.php HTTP/1.1" 404 1251 "-" "-"
4.190.208.97 - - [20/Dec/2025:07:18:18 -0500] "GET /zc-729.php HTTP/1.1" 404 1251 "-" "-"
4.190.208.97 - - [20/Dec/2025:07:18:18 -0500] "GET /bolt.php?p= HTTP/1.1" 404 1251 "-" "-"
4.190.208.97 - - [20/Dec/2025:07:18:18 -0500] "GET /sid3.php HTTP/1.1" 404 1251 "-" "-"
4.190.208.97 - - [20/Dec/2025:07:18:18 -0500] "GET /file30.php HTTP/1.1" 404 1251 "-" "-"
4.190.208.97 - - [20/Dec/2025:07:18:19 -0500] "GET /wp-good.php HTTP/1.1" 404 1251 "-" "-"
4.190.208.97 - - [20/Dec/2025:07:18:21 -0500] "GET /wp-advaced.php HTTP/1.1" 404 1251 "-" "-"
4.190.208.97 - - [20/Dec/2025:07:18:21 -0500] "GET /hplfuns.php HTTP/1.1" 404 1251 "-" "-"
4.190.208.97 - - [20/Dec/2025:07:18:21 -0500] "GET /gg.php HTTP/1.1" 404 1251 "-" "-"
4.190.208.97 - - [20/Dec/2025:07:18:22 -0500] "GET /ahax.php HTTP/1.1" 404 1251 "-" "-"
4.190.208.97 - - [20/Dec/2025:07:18:22 -0500] "GET /222.php HTTP/1.1" 404 1251 "-" "-"
4.190.208.97 - - [20/Dec/2025:07:18:22 -0500] "GET /z60.php?p= HTTP/1.1" 404 1251 "-" "-"
4.190.208.97 - - [20/Dec/2025:07:18:22 -0500] "GET /gecko.php HTTP/1.1" 404 1251 "-" "-"
4.190.208.97 - - [20/Dec/2025:07:18:22 -0500] "GET /abcd.php HTTP/1.1" 404 1251 "-" "-"
4.190.208.97 - - [20/Dec/2025:07:18:23 -0500] "GET /kdgok.php HTTP/1.1" 404 1251 "-" "-"
4.190.208.97 - - [20/Dec/2025:07:18:23 -0500] "GET /okxh.php HTTP/1.1" 404 1251 "-" "-"
4.190.208.97 - - [20/Dec/2025:07:18:24 -0500] "GET /ss.php HTTP/1.1" 404 1251 "-" "-"
4.190.208.97 - - [20/Dec/2025:07:18:24 -0500] "GET /app.php HTTP/1.1" 404 1251 "-" "-"
4.190.208.97 - - [20/Dec/2025:07:18:25 -0500] "GET /wp-sid.php HTTP/1.1" 404 1251 "-" "-"
4.190.208.97 - - [20/Dec/2025:07:18:25 -0500] "GET /wp-title.php HTTP/1.1" 404 1251 "-" "-"
4.190.208.97 - - [20/Dec/2025:07:18:26 -0500] "GET /vanda.php HTTP/1.1" 404 1251 "-" "-"
4.190.208.97 - - [20/Dec/2025:07:18:26 -0500] "GET /sid-file.php HTTP/1.1" 404 1251 "-" "-"
4.190.208.97 - - [20/Dec/2025:07:18:26 -0500] "GET /bo.php HTTP/1.1" 404 1251 "-" "-"
4.190.208.97 - - [20/Dec/2025:07:18:27 -0500] "GET /Contrller.php HTTP/1.1" 404 1251 "-" "-"
4.190.208.97 - - [20/Dec/2025:07:18:27 -0500] "GET /o2.php HTTP/1.1" 404 1251 "-" "-"
4.190.208.97 - - [20/Dec/2025:07:18:28 -0500] "GET /inghl.php HTTP/1.1" 404 1251 "-" "-"
4.190.208.97 - - [20/Dec/2025:07:18:28 -0500] "GET /click.php HTTP/1.1" 404 1251 "-" "-"
170.106.187.106 - - [20/Dec/2025:07:13:32 -0500] "GET /1index.php HTTP/1.1" 200 41 "-" "Mozilla/5.0 (iPhone; CPU iPhone OS 13_2_3 like Mac OS X) AppleWebKit/605.1.15 (KHTML, like Gecko) Version/13.0.3 Mobile/15E148 Safari/604.1"
4.190.208.97 - - [20/Dec/2025:07:18:11 -0500] "GET /wp-content/plugins/hellopress/wp_filemanager.php HTTP/1.1" 404 1251 "-" "-"
4.190.208.97 - - [20/Dec/2025:07:18:12 -0500] "GET /bbn.php HTTP/1.1" 404 1251 "-" "-"
4.190.208.97 - - [20/Dec/2025:07:18:13 -0500] "GET /w3llstore.php HTTP/1.1" 404 1251 "-" "-"
4.190.208.97 - - [20/Dec/2025:07:18:13 -0500] "GET /s12.php HTTP/1.1" 404 1251 "-" "-"
4.190.208.97 - - [20/Dec/2025:07:18:14 -0500] "GET /ol.php HTTP/1.1" 404 1251 "-" "-"
4.190.208.97 - - [20/Dec/2025:07:18:14 -0500] "GET /man.php HTTP/1.1" 404 1251 "-" "-"
4.190.208.97 - - [20/Dec/2025:07:18:14 -0500] "GET /ging.php HTTP/1.1" 404 1251 "-" "-"
4.190.208.97 - - [20/Dec/2025:07:18:15 -0500] "GET /pu8.php HTTP/1.1" 404 1251 "-" "-"
4.190.208.97 - - [20/Dec/2025:07:18:16 -0500] "GET /wp-blog-front.php HTTP/1.1" 404 1251 "-" "-"
4.190.208.97 - - [20/Dec/2025:07:18:16 -0500] "GET /wp-Blogs.php HTTP/1.1" 404 1251 "-" "-"
4.190.208.97 - - [20/Dec/2025:07:18:16 -0500] "GET /wp-loccs.php HTTP/1.1" 404 1251 "-" "-"
4.190.208.97 - - [20/Dec/2025:07:18:17 -0500] "GET /green.php HTTP/1.1" 404 1251 "-" "-"
4.190.208.97 - - [20/Dec/2025:07:18:17 -0500] "GET /k.php HTTP/1.1" 404 1251 "-" "-"
4.190.208.97 - - [20/Dec/2025:07:18:18 -0500] "GET /clss.php HTTP/1.1" 404 1251 "-" "-"
4.190.208.97 - - [20/Dec/2025:07:18:18 -0500] "GET /test1.php HTTP/1.1" 404 1251 "-" "-"
4.190.208.97 - - [20/Dec/2025:07:18:19 -0500] "GET /ioxi-o.php HTTP/1.1" 404 1251 "-" "-"
4.190.208.97 - - [20/Dec/2025:07:18:19 -0500] "GET /abc.php HTTP/1.1" 404 1251 "-" "-"
4.190.208.97 - - [20/Dec/2025:07:18:19 -0500] "GET /about.php?p= HTTP/1.1" 200 3049 "-" "-"
4.190.208.97 - - [20/Dec/2025:07:18:20 -0500] "GET /atex1.php HTTP/1.1" 404 1251 "-" "-"
4.190.208.97 - - [20/Dec/2025:07:18:21 -0500] "GET /x.php HTTP/1.1" 404 1251 "-" "-"
4.190.208.97 - - [20/Dec/2025:07:18:21 -0500] "GET /wp.php HTTP/1.1" 404 1251 "-" "-"
4.190.208.97 - - [20/Dec/2025:07:18:21 -0500] "GET /wp-64wscx6shd.php HTTP/1.1" 404 1251 "-" "-"
4.190.208.97 - - [20/Dec/2025:07:18:23 -0500] "GET /0x.php HTTP/1.1" 404 1251 "-" "-"
4.190.208.97 - - [20/Dec/2025:07:18:23 -0500] "GET /ghreshttryu.php HTTP/1.1" 404 1251 "-" "-"
4.190.208.97 - - [20/Dec/2025:07:18:23 -0500] "GET /krypton.php HTTP/1.1" 404 1251 "-" "-"
4.190.208.97 - - [20/Dec/2025:07:18:23 -0500] "GET /error_log.php HTTP/1.1" 404 1251 "-" "-"
4.190.208.97 - - [20/Dec/2025:07:18:24 -0500] "GET /d12.php HTTP/1.1" 404 1251 "-" "-"
4.190.208.97 - - [20/Dec/2025:07:18:24 -0500] "GET /admin-header.php HTTP/1.1" 404 1251 "-" "-"
4.190.208.97 - - [20/Dec/2025:07:18:24 -0500] "GET /dox.php HTTP/1.1" 404 1251 "-" "-"
4.190.208.97 - - [20/Dec/2025:07:18:24 -0500] "GET /yas.php HTTP/1.1" 404 1251 "-" "-"
4.190.208.97 - - [20/Dec/2025:07:18:25 -0500] "GET /tesTyuj.php HTTP/1.1" 404 1251 "-" "-"
4.190.208.97 - - [20/Dec/2025:07:18:25 -0500] "GET /ww3.php HTTP/1.1" 404 1251 "-" "-"
4.190.208.97 - - [20/Dec/2025:07:18:25 -0500] "GET /budmachine/web/s.php?p= HTTP/1.1" 404 1251 "-" "-"
4.190.208.97 - - [20/Dec/2025:07:18:25 -0500] "GET /wp-home.php HTTP/1.1" 404 1251 "-" "-"
4.190.208.97 - - [20/Dec/2025:07:18:25 -0500] "GET /re.php HTTP/1.1" 404 1251 "-" "-"
4.190.208.97 - - [20/Dec/2025:07:18:26 -0500] "GET /l3gi0n.php HTTP/1.1" 404 1251 "-" "-"
4.190.208.97 - - [20/Dec/2025:07:18:28 -0500] "GET /wp-securitiy.php HTTP/1.1" 404 1251 "-" "-"
4.190.208.97 - - [20/Dec/2025:07:18:29 -0500] "GET /wp-ac.php HTTP/1.1" 404 1251 "-" "-"
4.190.208.97 - - [20/Dec/2025:07:18:29 -0500] "GET /karma_57c3d4.php HTTP/1.1" 404 1251 "-" "-"
4.190.208.97 - - [20/Dec/2025:07:18:29 -0500] "GET /fc72f.php HTTP/1.1" 404 1251 "-" "-"
4.190.208.97 - - [20/Dec/2025:07:18:29 -0500] "GET /wso.php HTTP/1.1" 404 1251 "-" "-"
4.190.208.97 - - [20/Dec/2025:07:18:30 -0500] "GET /jjrpo.php HTTP/1.1" 404 1251 "-" "-"
4.190.208.97 - - [20/Dec/2025:07:18:30 -0500] "GET /s.php?p= HTTP/1.1" 404 1251 "-" "-"
4.190.208.97 - - [20/Dec/2025:07:18:30 -0500] "GET /t.php?p= HTTP/1.1" 404 1251 "-" "-"
4.190.208.97 - - [20/Dec/2025:07:18:30 -0500] "GET /lock360.php HTTP/1.1" 404 1251 "-" "-"
4.190.208.97 - - [20/Dec/2025:07:18:30 -0500] "GET /jdlqi.php HTTP/1.1" 404 1251 "-" "-"
4.190.208.97 - - [20/Dec/2025:07:18:31 -0500] "GET /xopvne.php HTTP/1.1" 404 1251 "-" "-"
4.190.208.97 - - [20/Dec/2025:07:18:31 -0500] "GET /lm18.php HTTP/1.1" 404 1251 "-" "-"
4.190.208.97 - - [20/Dec/2025:07:18:31 -0500] "GET /5b9ac.php HTTP/1.1" 404 1251 "-" "-"
4.190.208.97 - - [20/Dec/2025:07:18:31 -0500] "GET /co.php HTTP/1.1" 404 1251 "-" "-"
4.190.208.97 - - [20/Dec/2025:07:18:32 -0500] "GET /ce.php HTTP/1.1" 404 1251 "-" "-"
4.190.208.97 - - [20/Dec/2025:07:18:32 -0500] "GET /domains.php HTTP/1.1" 404 1251 "-" "-"
4.190.208.97 - - [20/Dec/2025:07:18:32 -0500] "GET /55b76.php HTTP/1.1" 404 1251 "-" "-"
4.190.208.97 - - [20/Dec/2025:07:18:32 -0500] "GET /4fk6.php HTTP/1.1" 404 1251 "-" "-"
4.190.208.97 - - [20/Dec/2025:07:18:33 -0500] "GET /a5e0a.php HTTP/1.1" 404 1251 "-" "-"
4.190.208.97 - - [20/Dec/2025:07:18:34 -0500] "GET /s.php HTTP/1.1" 404 1251 "-" "-"
4.190.208.97 - - [20/Dec/2025:07:18:34 -0500] "GET /cc.php HTTP/1.1" 404 1251 "-" "-"
4.190.208.97 - - [20/Dec/2025:07:18:35 -0500] "GET /ww3.php?p= HTTP/1.1" 404 1251 "-" "-"
4.190.208.97 - - [20/Dec/2025:07:18:35 -0500] "GET /file5.php HTTP/1.1" 404 1251 "-" "-"
4.190.208.97 - - [20/Dec/2025:07:18:36 -0500] "GET /cc3.php HTTP/1.1" 404 1251 "-" "-"
4.190.208.97 - - [20/Dec/2025:07:18:36 -0500] "GET /wp-user.php HTTP/1.1" 404 1251 "-" "-"
4.190.208.97 - - [20/Dec/2025:07:18:36 -0500] "GET /wp-mail.php HTTP/1.1" 404 1251 "-" "-"
4.190.208.97 - - [20/Dec/2025:07:18:37 -0500] "GET /wps.php HTTP/1.1" 404 1251 "-" "-"
4.190.208.97 - - [20/Dec/2025:07:18:37 -0500] "GET /qjaqjahu.php HTTP/1.1" 404 1251 "-" "-"
4.190.208.97 - - [20/Dec/2025:07:18:37 -0500] "GET /qhLaGswd9DS.php HTTP/1.1" 404 1251 "-" "-"
4.190.208.97 - - [20/Dec/2025:07:18:37 -0500] "GET /pwyjwrfr.php HTTP/1.1" 404 1251 "-" "-"
4.190.208.97 - - [20/Dec/2025:07:18:37 -0500] "GET /pNRzcP6wtYy.php HTTP/1.1" 404 1251 "-" "-"
4.190.208.97 - - [20/Dec/2025:07:18:38 -0500] "GET /oc460l3x.php HTTP/1.1" 404 1251 "-" "-"
4.190.208.97 - - [20/Dec/2025:07:18:38 -0500] "GET /NWqz649FIe7.php HTTP/1.1" 404 1251 "-" "-"
4.190.208.97 - - [20/Dec/2025:07:18:40 -0500] "GET /mhpglaje.php HTTP/1.1" 404 1251 "-" "-"
4.190.208.97 - - [20/Dec/2025:07:18:40 -0500] "GET /ijNdPI1Orya.php HTTP/1.1" 404 1251 "-" "-"
4.190.208.97 - - [20/Dec/2025:07:18:41 -0500] "GET /8xg5Bv6XIUw.php HTTP/1.1" 404 1251 "-" "-"
4.190.208.97 - - [20/Dec/2025:07:18:41 -0500] "GET /aGeTbFjB5Zu.php HTTP/1.1" 404 1251 "-" "-"
4.190.208.97 - - [20/Dec/2025:07:18:41 -0500] "GET /BMjXQkgwpeb.php HTTP/1.1" 404 1251 "-" "-"
4.190.208.97 - - [20/Dec/2025:07:18:41 -0500] "GET /admin.php HTTP/1.1" 404 1251 "-" "-"
4.190.208.97 - - [20/Dec/2025:07:18:42 -0500] "GET /lib.php HTTP/1.1" 404 1251 "-" "-"
4.190.208.97 - - [20/Dec/2025:07:18:42 -0500] "GET /wp-blog.php HTTP/1.1" 404 1251 "-" "-"
4.190.208.97 - - [20/Dec/2025:07:18:43 -0500] "GET /13.php HTTP/1.1" 404 1251 "-" "-"
4.190.208.97 - - [20/Dec/2025:07:18:43 -0500] "GET /tt.php HTTP/1.1" 404 1251 "-" "-"
4.190.208.97 - - [20/Dec/2025:07:18:43 -0500] "GET /sikma.php HTTP/1.1" 404 1251 "-" "-"
4.190.208.97 - - [20/Dec/2025:07:18:43 -0500] "GET /44.php HTTP/1.1" 404 1251 "-" "-"
4.190.208.97 - - [20/Dec/2025:07:18:43 -0500] "GET /database.php HTTP/1.1" 404 1251 "-" "-"
72.13.46.2 - - [20/Dec/2025:07:22:30 -0500] "GET /contact-us.php HTTP/1.1" 200 3723 "-" "Mozilla/5.0 (compatible; ips-agent)"
72.13.46.2 - - [20/Dec/2025:07:22:31 -0500] "GET /services.php HTTP/1.1" 200 4765 "-" "Mozilla/5.0 (compatible; ips-agent)"
43.157.95.239 - - [20/Dec/2025:07:22:52 -0500] "GET /fonts/ HTTP/1.1" 200 1644 "-" "Mozilla/5.0 (iPhone; CPU iPhone OS 13_2_3 like Mac OS X) AppleWebKit/605.1.15 (KHTML, like Gecko) Version/13.0.3 Mobile/15E148 Safari/604.1"
170.106.167.214 - - [20/Dec/2025:07:33:32 -0500] "GET /nbproject/ HTTP/1.1" 200 846 "-" "Mozilla/5.0 (iPhone; CPU iPhone OS 13_2_3 like Mac OS X) AppleWebKit/605.1.15 (KHTML, like Gecko) Version/13.0.3 Mobile/15E148 Safari/604.1"
43.133.220.37 - - [20/Dec/2025:07:42:45 -0500] "GET /ut/ HTTP/1.1" 200 668 "-" "Mozilla/5.0 (iPhone; CPU iPhone OS 13_2_3 like Mac OS X) AppleWebKit/605.1.15 (KHTML, like Gecko) Version/13.0.3 Mobile/15E148 Safari/604.1"
49.51.183.75 - - [20/Dec/2025:07:52:50 -0500] "GET /webdb.php HTTP/1.1" 200 3255 "-" "Mozilla/5.0 (iPhone; CPU iPhone OS 13_2_3 like Mac OS X) AppleWebKit/605.1.15 (KHTML, like Gecko) Version/13.0.3 Mobile/15E148 Safari/604.1"
4.190.208.97 - - [20/Dec/2025:07:18:30 -0500] "GET /asd.php HTTP/1.1" 404 1251 "-" "-"
4.190.208.97 - - [20/Dec/2025:07:18:30 -0500] "GET /xtt.php HTTP/1.1" 404 1251 "-" "-"
4.190.208.97 - - [20/Dec/2025:07:18:31 -0500] "GET /khgdl.php HTTP/1.1" 404 1251 "-" "-"
4.190.208.97 - - [20/Dec/2025:07:18:31 -0500] "GET /hehe.php HTTP/1.1" 404 1251 "-" "-"
4.190.208.97 - - [20/Dec/2025:07:18:32 -0500] "GET /56c53.php HTTP/1.1" 404 1251 "-" "-"
4.190.208.97 - - [20/Dec/2025:07:18:32 -0500] "GET /asa.php HTTP/1.1" 404 1251 "-" "-"
4.190.208.97 - - [20/Dec/2025:07:18:33 -0500] "GET /z123.php HTTP/1.1" 404 1251 "-" "-"
4.190.208.97 - - [20/Dec/2025:07:18:33 -0500] "GET /ccea.php HTTP/1.1" 404 1251 "-" "-"
4.190.208.97 - - [20/Dec/2025:07:18:34 -0500] "GET /qaez.php56 HTTP/1.1" 404 1251 "-" "-"
4.190.208.97 - - [20/Dec/2025:07:18:34 -0500] "GET /admin.php HTTP/1.1" 404 1251 "-" "-"
4.190.208.97 - - [20/Dec/2025:07:18:34 -0500] "GET /s121ws2s.php HTTP/1.1" 404 1251 "-" "-"
4.190.208.97 - - [20/Dec/2025:07:18:34 -0500] "GET /ww1.php?= HTTP/1.1" 404 1251 "-" "-"
4.190.208.97 - - [20/Dec/2025:07:18:35 -0500] "GET /783de.php HTTP/1.1" 404 1251 "-" "-"
4.190.208.97 - - [20/Dec/2025:07:18:35 -0500] "GET /lm15.php HTTP/1.1" 404 1251 "-" "-"
4.190.208.97 - - [20/Dec/2025:07:18:35 -0500] "GET /gdn.php HTTP/1.1" 404 1251 "-" "-"
4.190.208.97 - - [20/Dec/2025:07:18:35 -0500] "GET /3i8som87avh59dosfymtvCakc.php HTTP/1.1" 404 1251 "-" "-"
4.190.208.97 - - [20/Dec/2025:07:18:35 -0500] "GET /rzki.php HTTP/1.1" 404 1251 "-" "-"
4.190.208.97 - - [20/Dec/2025:07:18:36 -0500] "GET /sx.php HTTP/1.1" 404 1251 "-" "-"
4.190.208.97 - - [20/Dec/2025:07:18:36 -0500] "GET /6kUgr4yGzxN.php HTTP/1.1" 404 1251 "-" "-"
4.190.208.97 - - [20/Dec/2025:07:18:36 -0500] "GET /rp8zi.php HTTP/1.1" 404 1251 "-" "-"
4.190.208.97 - - [20/Dec/2025:07:18:37 -0500] "GET /qV9GbcJwZgK.php HTTP/1.1" 404 1251 "-" "-"
4.190.208.97 - - [20/Dec/2025:07:18:37 -0500] "GET /qsntqiho.php HTTP/1.1" 404 1251 "-" "-"
4.190.208.97 - - [20/Dec/2025:07:18:38 -0500] "GET /ox8xhkkw.php HTTP/1.1" 404 1251 "-" "-"
4.190.208.97 - - [20/Dec/2025:07:18:38 -0500] "GET /nucqsqeg.php HTTP/1.1" 404 1251 "-" "-"
4.190.208.97 - - [20/Dec/2025:07:18:40 -0500] "GET /LvCBeZWaSgQ.php HTTP/1.1" 404 1251 "-" "-"
4.190.208.97 - - [20/Dec/2025:07:18:40 -0500] "GET /KV7EGJmhHzX.php HTTP/1.1" 404 1251 "-" "-"
4.190.208.97 - - [20/Dec/2025:07:18:40 -0500] "GET /HPum4ZEBJRC.php HTTP/1.1" 404 1251 "-" "-"
4.190.208.97 - - [20/Dec/2025:07:18:40 -0500] "GET /6kDPjgFTmvS.php HTTP/1.1" 404 1251 "-" "-"
4.190.208.97 - - [20/Dec/2025:07:18:41 -0500] "GET /FSCMNvnjPX4.php HTTP/1.1" 404 1251 "-" "-"
4.190.208.97 - - [20/Dec/2025:07:18:41 -0500] "GET /hello.php HTTP/1.1" 404 1251 "-" "-"
4.190.208.97 - - [20/Dec/2025:07:18:41 -0500] "GET /wsd.php HTTP/1.1" 404 1251 "-" "-"
4.190.208.97 - - [20/Dec/2025:07:18:42 -0500] "GET /shell.php HTTP/1.1" 404 1251 "-" "-"
4.190.208.97 - - [20/Dec/2025:07:18:43 -0500] "GET /file48.php HTTP/1.1" 404 1251 "-" "-"
4.190.208.97 - - [20/Dec/2025:07:18:43 -0500] "GET /zc-104.php HTTP/1.1" 404 1251 "-" "-"
72.13.46.2 - - [20/Dec/2025:07:22:28 -0500] "GET /robots.txt HTTP/1.1" 304 0 "-" "Mozilla/5.0 (compatible; ips-agent)"
72.13.46.2 - - [20/Dec/2025:07:22:29 -0500] "GET / HTTP/1.1" 200 2595 "-" "Mozilla/5.0 (compatible; ips-agent)"
43.130.139.177 - - [20/Dec/2025:08:02:55 -0500] "GET /fonts/?MA HTTP/1.1" 200 1636 "-" "Mozilla/5.0 (iPhone; CPU iPhone OS 13_2_3 like Mac OS X) AppleWebKit/605.1.15 (KHTML, like Gecko) Version/13.0.3 Mobile/15E148 Safari/604.1"
43.157.168.43 - - [20/Dec/2025:08:12:23 -0500] "GET /fonts/error_log HTTP/1.1" 403 1242 "-" "Mozilla/5.0 (iPhone; CPU iPhone OS 13_2_3 like Mac OS X) AppleWebKit/605.1.15 (KHTML, like Gecko) Version/13.0.3 Mobile/15E148 Safari/604.1"
43.155.188.157 - - [20/Dec/2025:08:23:15 -0500] "GET /fonts/?ND HTTP/1.1" 200 1648 "-" "Mozilla/5.0 (iPhone; CPU iPhone OS 13_2_3 like Mac OS X) AppleWebKit/605.1.15 (KHTML, like Gecko) Version/13.0.3 Mobile/15E148 Safari/604.1"
101.33.66.34 - - [20/Dec/2025:08:33:18 -0500] "GET /nbproject/project.xml HTTP/1.1" 200 194 "-" "Mozilla/5.0 (iPhone; CPU iPhone OS 13_2_3 like Mac OS X) AppleWebKit/605.1.15 (KHTML, like Gecko) Version/13.0.3 Mobile/15E148 Safari/604.1"
15.235.27.176 - - [20/Dec/2025:08:34:35 -0500] "GET /robots.txt HTTP/1.1" 200 69 "-" "Mozilla/5.0 (compatible; AhrefsBot/7.0; +http://ahrefs.com/robot/)"
54.39.6.114 - - [20/Dec/2025:08:34:38 -0500] "GET / HTTP/1.1" 200 2630 "-" "Mozilla/5.0 (compatible; AhrefsBot/7.0; +http://ahrefs.com/robot/)"
43.157.179.227 - - [20/Dec/2025:08:42:26 -0500] "GET /ut/?ND HTTP/1.1" 200 668 "-" "Mozilla/5.0 (iPhone; CPU iPhone OS 13_2_3 like Mac OS X) AppleWebKit/605.1.15 (KHTML, like Gecko) Version/13.0.3 Mobile/15E148 Safari/604.1"
43.130.71.237 - - [20/Dec/2025:08:53:26 -0500] "GET /fonts/fontawesome-webfont5b62.woff2 HTTP/1.1" 200 71896 "-" "Mozilla/5.0 (iPhone; CPU iPhone OS 13_2_3 like Mac OS X) AppleWebKit/605.1.15 (KHTML, like Gecko) Version/13.0.3 Mobile/15E148 Safari/604.1"
43.153.62.161 - - [20/Dec/2025:09:02:53 -0500] "GET /fonts/png.php HTTP/1.1" 200 2641 "-" "Mozilla/5.0 (iPhone; CPU iPhone OS 13_2_3 like Mac OS X) AppleWebKit/605.1.15 (KHTML, like Gecko) Version/13.0.3 Mobile/15E148 Safari/604.1"
43.167.239.66 - - [20/Dec/2025:09:12:27 -0500] "GET /fonts/?NA HTTP/1.1" 200 1644 "-" "Mozilla/5.0 (iPhone; CPU iPhone OS 13_2_3 like Mac OS X) AppleWebKit/605.1.15 (KHTML, like Gecko) Version/13.0.3 Mobile/15E148 Safari/604.1"
198.235.24.58 - - [20/Dec/2025:09:12:06 -0500] "GET / HTTP/1.1" 200 2630 "-" "-"
43.156.228.27 - - [20/Dec/2025:09:22:23 -0500] "GET /fonts/?SA HTTP/1.1" 200 1659 "-" "Mozilla/5.0 (iPhone; CPU iPhone OS 13_2_3 like Mac OS X) AppleWebKit/605.1.15 (KHTML, like Gecko) Version/13.0.3 Mobile/15E148 Safari/604.1"
66.249.64.41 - - [20/Dec/2025:09:24:27 -0500] "GET /robots.txt HTTP/1.1" 304 0 "-" "Mozilla/5.0 (compatible; Googlebot/2.1; +http://www.google.com/bot.html)"
66.249.64.43 - - [20/Dec/2025:09:24:27 -0500] "GET /images/apple-touch-icon.png HTTP/1.1" 200 1705 "-" "Googlebot-Image/1.0"
66.249.64.41 - - [20/Dec/2025:09:24:28 -0500] "GET /images/favicon.ico HTTP/1.1" 200 34494 "-" "Googlebot-Image/1.0"
43.159.143.139 - - [20/Dec/2025:09:32:34 -0500] "GET /ut/?NA HTTP/1.1" 200 668 "-" "Mozilla/5.0 (iPhone; CPU iPhone OS 13_2_3 like Mac OS X) AppleWebKit/605.1.15 (KHTML, like Gecko) Version/13.0.3 Mobile/15E148 Safari/604.1"
2604:a880:cad:d0::286:4001 - - [20/Dec/2025:09:34:40 -0500] "GET / HTTP/1.1" 200 2627 "-" "-"
2604:a880:cad:d0::286:4001 - - [20/Dec/2025:09:34:40 -0500] "GET / HTTP/1.1" 200 2627 "-" "Mozilla/5.0 (l9scan/2.0.33a3a303231333a313368393a363031623; +https://leakix.net)"
2a03:b0c0:1:d0::d3b:5001 - - [20/Dec/2025:09:34:41 -0500] "GET / HTTP/1.1" 200 2627 "-" "Mozilla/5.0 (l9scan/2.0.33a3a313231333a313368393a363031623; +https://leakix.net)"
206.189.2.13 - - [20/Dec/2025:09:34:41 -0500] "GET / HTTP/1.1" 200 2627 "-" "Mozilla/5.0 (l9scan/2.0.33e27393e2431313e2838313; +https://leakix.net)"
2001:41d0:701:1100::7333 - - [20/Dec/2025:09:34:42 -0500] "GET / HTTP/1.1" 200 2627 "-" "Go-http-client/1.1"
2001:41d0:701:1100::7333 - - [20/Dec/2025:09:34:42 -0500] "GET //aai/ HTTP/1.1" 200 667 "-" "Go-http-client/1.1"
206.189.2.13 - - [20/Dec/2025:09:34:42 -0500] "POST /graphql/api HTTP/1.1" 404 1251 "-" "Mozilla/5.0 (l9scan/2.0.33e27393e2431313e2838313; +https://leakix.net)"
2001:41d0:701:1100::7333 - - [20/Dec/2025:09:34:42 -0500] "GET //admin/ HTTP/1.1" 200 1833 "-" "Go-http-client/1.1"
2001:41d0:701:1100::7333 - - [20/Dec/2025:09:34:42 -0500] "GET //admin/ HTTP/1.1" 200 1826 "-" "Go-http-client/1.1"
206.189.2.13 - - [20/Dec/2025:09:34:43 -0500] "POST /api/gql HTTP/1.1" 404 1251 "-" "Mozilla/5.0 (l9scan/2.0.33e27393e2431313e2838313; +https://leakix.net)"
2001:41d0:701:1100::7333 - - [20/Dec/2025:09:34:43 -0500] "GET //aia/ HTTP/1.1" 200 667 "-" "Go-http-client/1.1"
2001:41d0:701:1100::7333 - - [20/Dec/2025:09:34:43 -0500] "GET //aia/ HTTP/1.1" 200 667 "-" "Go-http-client/1.1"
2001:41d0:701:1100::7333 - - [20/Dec/2025:09:34:43 -0500] "GET //booking-form///booking-form/img/ HTTP/1.1" 404 1251 "-" "Go-http-client/1.1"
2001:41d0:801:2000::c38 - - [20/Dec/2025:09:34:43 -0500] "GET / HTTP/1.1" 200 2586 "-" "Go-http-client/1.1"
2001:41d0:801:2000::c38 - - [20/Dec/2025:09:34:43 -0500] "GET //admin/ HTTP/1.1" 200 1826 "-" "Go-http-client/1.1"
2001:41d0:801:2000::c38 - - [20/Dec/2025:09:34:44 -0500] "GET //aia/ HTTP/1.1" 200 667 "-" "Go-http-client/1.1"
2001:41d0:801:2000::c38 - - [20/Dec/2025:09:34:44 -0500] "GET //booking-form/ HTTP/1.1" 200 1425 "-" "Go-http-client/1.1"
2001:41d0:701:1100::7333 - - [20/Dec/2025:09:34:44 -0500] "HEAD //booking-form/error_log HTTP/1.1" 403 0 "-" "Go-http-client/1.1"
206.189.2.13 - - [20/Dec/2025:09:34:44 -0500] "GET /swagger-ui.html HTTP/1.1" 404 1251 "-" "Mozilla/5.0 (l9scan/2.0.33e27393e2431313e2838313; +https://leakix.net)"
206.189.2.13 - - [20/Dec/2025:09:34:45 -0500] "GET /swagger/index.html HTTP/1.1" 404 1251 "-" "Mozilla/5.0 (l9scan/2.0.33e27393e2431313e2838313; +https://leakix.net)"
2001:41d0:801:2000::c38 - - [20/Dec/2025:09:34:45 -0500] "GET //cgi-bin/ HTTP/1.1" 403 1242 "-" "Go-http-client/1.1"
2001:41d0:701:1100::7333 - - [20/Dec/2025:09:34:45 -0500] "GET //cgi-bin/ HTTP/1.1" 403 1242 "-" "Go-http-client/1.1"
2001:41d0:801:2000::c38 - - [20/Dec/2025:09:34:45 -0500] "GET //contact-form/ HTTP/1.1" 200 1423 "-" "Go-http-client/1.1"
2001:41d0:801:2000::c38 - - [20/Dec/2025:09:34:45 -0500] "GET //contact-form///contact-form/img/ HTTP/1.1" 404 1251 "-" "Go-http-client/1.1"
2001:41d0:701:1100::7333 - - [20/Dec/2025:09:34:46 -0500] "GET //contact-form/ HTTP/1.1" 200 1423 "-" "Go-http-client/1.1"
2001:41d0:701:1100::7333 - - [20/Dec/2025:09:34:46 -0500] "GET //contact-form///contact-form/img/ HTTP/1.1" 404 1251 "-" "Go-http-client/1.1"
206.189.2.13 - - [20/Dec/2025:09:34:46 -0500] "GET /swagger/swagger-ui.html HTTP/1.1" 404 1251 "-" "Mozilla/5.0 (l9scan/2.0.33e27393e2431313e2838313; +https://leakix.net)"
2001:41d0:701:1100::7333 - - [20/Dec/2025:09:34:46 -0500] "GET //contact-form///contact-form/img/ HTTP/1.1" 404 1251 "-" "Go-http-client/1.1"
2001:41d0:801:2000::c38 - - [20/Dec/2025:09:34:47 -0500] "GET //css/ HTTP/1.1" 200 1294 "-" "Go-http-client/1.1"
2a03:b0c0:1:d0::d3b:5001 - - [20/Dec/2025:09:34:40 -0500] "GET / HTTP/1.1" 200 2627 "-" "-"
206.189.2.13 - - [20/Dec/2025:09:34:40 -0500] "GET / HTTP/1.1" 200 2627 "-" "-"
2001:41d0:701:1100::7333 - - [20/Dec/2025:09:34:42 -0500] "GET / HTTP/1.1" 200 2586 "-" "Go-http-client/1.1"
206.189.2.13 - - [20/Dec/2025:09:34:42 -0500] "POST /graphql HTTP/1.1" 404 1251 "-" "Mozilla/5.0 (l9scan/2.0.33e27393e2431313e2838313; +https://leakix.net)"
206.189.2.13 - - [20/Dec/2025:09:34:42 -0500] "POST /api HTTP/1.1" 404 1251 "-" "Mozilla/5.0 (l9scan/2.0.33e27393e2431313e2838313; +https://leakix.net)"
206.189.2.13 - - [20/Dec/2025:09:34:42 -0500] "POST /api/graphql HTTP/1.1" 404 1251 "-" "Mozilla/5.0 (l9scan/2.0.33e27393e2431313e2838313; +https://leakix.net)"
2001:41d0:701:1100::7333 - - [20/Dec/2025:09:34:42 -0500] "GET //aai/ HTTP/1.1" 200 667 "-" "Go-http-client/1.1"
2001:41d0:701:1100::7333 - - [20/Dec/2025:09:34:43 -0500] "GET //booking-form/ HTTP/1.1" 200 1425 "-" "Go-http-client/1.1"
2001:41d0:701:1100::7333 - - [20/Dec/2025:09:34:43 -0500] "GET //booking-form/ HTTP/1.1" 200 1425 "-" "Go-http-client/1.1"
2001:41d0:701:1100::7333 - - [20/Dec/2025:09:34:43 -0500] "GET //booking-form///booking-form/img/ HTTP/1.1" 404 1251 "-" "Go-http-client/1.1"
2001:41d0:801:2000::c38 - - [20/Dec/2025:09:34:43 -0500] "GET //aai/ HTTP/1.1" 200 667 "-" "Go-http-client/1.1"
2001:41d0:701:1100::7333 - - [20/Dec/2025:09:34:44 -0500] "HEAD //booking-form/error_log HTTP/1.1" 403 0 "-" "Go-http-client/1.1"
2001:41d0:801:2000::c38 - - [20/Dec/2025:09:34:44 -0500] "GET //booking-form///booking-form/img/ HTTP/1.1" 404 1251 "-" "Go-http-client/1.1"
2001:41d0:701:1100::7333 - - [20/Dec/2025:09:34:44 -0500] "GET //booking-form/monofont.ttf HTTP/1.1" 200 41036 "-" "Go-http-client/1.1"
2001:41d0:801:2000::c38 - - [20/Dec/2025:09:34:44 -0500] "HEAD //booking-form/error_log HTTP/1.1" 403 0 "-" "Go-http-client/1.1"
2001:41d0:801:2000::c38 - - [20/Dec/2025:09:34:45 -0500] "GET //booking-form/style.css HTTP/1.1" 200 1395 "-" "Go-http-client/1.1"
2001:41d0:701:1100::7333 - - [20/Dec/2025:09:34:45 -0500] "GET //cgi-bin/ HTTP/1.1" 403 1242 "-" "Go-http-client/1.1"
2001:41d0:701:1100::7333 - - [20/Dec/2025:09:34:46 -0500] "GET //contact-form/ HTTP/1.1" 200 1423 "-" "Go-http-client/1.1"
2001:41d0:801:2000::c38 - - [20/Dec/2025:09:34:46 -0500] "HEAD //contact-form/error_log HTTP/1.1" 403 0 "-" "Go-http-client/1.1"
2001:41d0:801:2000::c38 - - [20/Dec/2025:09:34:46 -0500] "GET //contact-form/monofont.ttf HTTP/1.1" 200 41036 "-" "Go-http-client/1.1"
2001:41d0:701:1100::7333 - - [20/Dec/2025:09:34:46 -0500] "HEAD //contact-form/error_log HTTP/1.1" 403 0 "-" "Go-http-client/1.1"
2001:41d0:701:1100::7333 - - [20/Dec/2025:09:34:46 -0500] "HEAD //contact-form/error_log HTTP/1.1" 403 0 "-" "Go-http-client/1.1"
2001:41d0:701:1100::7333 - - [20/Dec/2025:09:34:47 -0500] "GET //contact-form/monofont.ttf HTTP/1.1" 200 41036 "-" "Go-http-client/1.1"
206.189.2.13 - - [20/Dec/2025:09:34:47 -0500] "GET /webjars/swagger-ui/index.html HTTP/1.1" 404 1251 "-" "Mozilla/5.0 (l9scan/2.0.33e27393e2431313e2838313; +https://leakix.net)"
2001:41d0:801:2000::c38 - - [20/Dec/2025:09:34:48 -0500] "GET //css/bootstrap.min.css HTTP/1.1" 200 24787 "-" "Go-http-client/1.1"
2001:41d0:701:1100::7333 - - [20/Dec/2025:09:34:48 -0500] "GET //css/ HTTP/1.1" 200 1294 "-" "Go-http-client/1.1"
2001:41d0:701:1100::7333 - - [20/Dec/2025:09:34:48 -0500] "GET //contact-form/style.css HTTP/1.1" 200 1384 "-" "Go-http-client/1.1"
2001:41d0:801:2000::c38 - - [20/Dec/2025:09:34:49 -0500] "GET //css/colors.css HTTP/1.1" 200 918 "-" "Go-http-client/1.1"
2001:41d0:801:2000::c38 - - [20/Dec/2025:09:34:49 -0500] "GET //css/font-awesome.min.css HTTP/1.1" 200 7318 "-" "Go-http-client/1.1"
2001:41d0:801:2000::c38 - - [20/Dec/2025:09:34:50 -0500] "GET //css/jquery-ui.css HTTP/1.1" 200 10078 "-" "Go-http-client/1.1"
2001:41d0:701:1100::7333 - - [20/Dec/2025:09:34:50 -0500] "GET //css/colors.css HTTP/1.1" 200 918 "-" "Go-http-client/1.1"
2001:41d0:701:1100::7333 - - [20/Dec/2025:09:34:48 -0500] "GET //contact-form/scripts.js HTTP/1.1" 200 1191 "-" "Go-http-client/1.1"
206.189.2.13 - - [20/Dec/2025:09:34:48 -0500] "GET /swagger.json HTTP/1.1" 404 1251 "-" "Mozilla/5.0 (l9scan/2.0.33e27393e2431313e2838313; +https://leakix.net)"
2001:41d0:701:1100::7333 - - [20/Dec/2025:09:34:48 -0500] "GET //css/ HTTP/1.1" 200 1294 "-" "Go-http-client/1.1"
206.189.2.13 - - [20/Dec/2025:09:34:49 -0500] "GET /swagger/v1/swagger.json HTTP/1.1" 404 1251 "-" "Mozilla/5.0 (l9scan/2.0.33e27393e2431313e2838313; +https://leakix.net)"
206.189.2.13 - - [20/Dec/2025:09:34:50 -0500] "GET /v2/api-docs HTTP/1.1" 404 1251 "-" "Mozilla/5.0 (l9scan/2.0.33e27393e2431313e2838313; +https://leakix.net)"
2001:41d0:801:2000::c38 - - [20/Dec/2025:09:34:50 -0500] "GET //ealm/ HTTP/1.1" 200 667 "-" "Go-http-client/1.1"
2001:41d0:801:2000::c38 - - [20/Dec/2025:09:34:50 -0500] "HEAD //fonts/error_log HTTP/1.1" 403 0 "-" "Go-http-client/1.1"
2001:41d0:701:1100::7333 - - [20/Dec/2025:09:34:51 -0500] "GET //css/font-awesome.min.css HTTP/1.1" 200 7318 "-" "Go-http-client/1.1"
2001:41d0:701:1100::7333 - - [20/Dec/2025:09:34:52 -0500] "GET //ealm/ HTTP/1.1" 200 667 "-" "Go-http-client/1.1"
2001:41d0:701:1100::7333 - - [20/Dec/2025:09:34:52 -0500] "GET //fonts/ HTTP/1.1" 200 1641 "-" "Go-http-client/1.1"
206.189.2.13 - - [20/Dec/2025:09:34:52 -0500] "GET /api-docs/swagger.json HTTP/1.1" 404 1251 "-" "Mozilla/5.0 (l9scan/2.0.33e27393e2431313e2838313; +https://leakix.net)"
2001:41d0:701:1100::7333 - - [20/Dec/2025:09:34:52 -0500] "HEAD //fonts/error_log HTTP/1.1" 403 0 "-" "Go-http-client/1.1"
2001:41d0:701:1100::7333 - - [20/Dec/2025:09:34:52 -0500] "HEAD //fonts/error_log HTTP/1.1" 403 0 "-" "Go-http-client/1.1"
2001:41d0:701:1100::7333 - - [20/Dec/2025:09:34:52 -0500] "GET //fonts/Flaticon.eot HTTP/1.1" 200 7812 "-" "Go-http-client/1.1"
2001:41d0:801:2000::c38 - - [20/Dec/2025:09:34:52 -0500] "GET //fonts/Flaticond41d.eot HTTP/1.1" 200 7812 "-" "Go-http-client/1.1"
206.189.2.13 - - [20/Dec/2025:09:34:53 -0500] "GET /api/swagger.json HTTP/1.1" 404 1251 "-" "Mozilla/5.0 (l9scan/2.0.33e27393e2431313e2838313; +https://leakix.net)"
2001:41d0:701:1100::7333 - - [20/Dec/2025:09:34:53 -0500] "GET //fonts/Flaticon.svg HTTP/1.1" 200 19437 "-" "Go-http-client/1.1"
2001:41d0:701:1100::7333 - - [20/Dec/2025:09:34:54 -0500] "GET //fonts/Flaticond41d.eot HTTP/1.1" 200 7812 "-" "Go-http-client/1.1"
206.189.2.13 - - [20/Dec/2025:09:34:55 -0500] "GET /actuator/env HTTP/1.1" 404 1251 "-" "Mozilla/5.0 (l9scan/2.0.33e27393e2431313e2838313; +https://leakix.net)"
206.189.2.13 - - [20/Dec/2025:09:34:56 -0500] "GET /server HTTP/1.1" 404 1251 "-" "Mozilla/5.0 (l9scan/2.0.33e27393e2431313e2838313; +https://leakix.net)"
2001:41d0:701:1100::7333 - - [20/Dec/2025:09:34:57 -0500] "GET //fonts/fontawesome-webfont5b62.ttf HTTP/1.1" 200 152796 "-" "Go-http-client/1.1"
206.189.2.13 - - [20/Dec/2025:09:34:57 -0500] "GET /.vscode/sftp.json HTTP/1.1" 404 1251 "-" "Mozilla/5.0 (l9scan/2.0.33e27393e2431313e2838313; +https://leakix.net)"
2001:41d0:701:1100::7333 - - [20/Dec/2025:09:34:58 -0500] "GET //fonts/fontawesome-webfont5b62.woff HTTP/1.1" 200 90412 "-" "Go-http-client/1.1"
2001:41d0:701:1100::7333 - - [20/Dec/2025:09:34:59 -0500] "GET //fonts/fontawesome-webfontd41d.eot HTTP/1.1" 200 76518 "-" "Go-http-client/1.1"
206.189.2.13 - - [20/Dec/2025:09:35:00 -0500] "GET /debug/default/view?panel=config HTTP/1.1" 404 1251 "-" "Mozilla/5.0 (l9scan/2.0.33e27393e2431313e2838313; +https://leakix.net)"
2001:41d0:801:2000::c38 - - [20/Dec/2025:09:35:01 -0500] "GET //galleria///galleria/plugins/ HTTP/1.1" 404 1251 "-" "Go-http-client/1.1"
2001:41d0:801:2000::c38 - - [20/Dec/2025:09:35:01 -0500] "GET //galleria///galleria/themes/ HTTP/1.1" 404 1251 "-" "Go-http-client/1.1"
2001:41d0:801:2000::c38 - - [20/Dec/2025:09:35:02 -0500] "GET //images/ HTTP/1.1" 200 2562 "-" "Go-http-client/1.1"
2001:41d0:801:2000::c38 - - [20/Dec/2025:09:35:03 -0500] "GET //galleria/LICENSE HTTP/1.1" 200 1080 "-" "Go-http-client/1.1"
2001:41d0:801:2000::c38 - - [20/Dec/2025:09:34:50 -0500] "GET //fonts/ HTTP/1.1" 200 1641 "-" "Go-http-client/1.1"
206.189.2.13 - - [20/Dec/2025:09:34:51 -0500] "GET /v3/api-docs HTTP/1.1" 404 1251 "-" "Mozilla/5.0 (l9scan/2.0.33e27393e2431313e2838313; +https://leakix.net)"
2001:41d0:801:2000::c38 - - [20/Dec/2025:09:34:52 -0500] "GET //fonts/Flaticon.ttf HTTP/1.1" 200 7636 "-" "Go-http-client/1.1"
2001:41d0:701:1100::7333 - - [20/Dec/2025:09:34:52 -0500] "GET //css/lightbox.min.css HTTP/1.1" 200 973 "-" "Go-http-client/1.1"
2001:41d0:701:1100::7333 - - [20/Dec/2025:09:34:52 -0500] "GET //ealm/ HTTP/1.1" 200 667 "-" "Go-http-client/1.1"
2001:41d0:701:1100::7333 - - [20/Dec/2025:09:34:52 -0500] "GET //fonts/ HTTP/1.1" 200 1641 "-" "Go-http-client/1.1"
206.189.2.13 - - [20/Dec/2025:09:34:54 -0500] "GET /@vite/env HTTP/1.1" 404 1251 "-" "Mozilla/5.0 (l9scan/2.0.33e27393e2431313e2838313; +https://leakix.net)"
2001:41d0:701:1100::7333 - - [20/Dec/2025:09:34:54 -0500] "GET //fonts/Flaticon.woff HTTP/1.1" 200 5220 "-" "Go-http-client/1.1"
2001:41d0:701:1100::7333 - - [20/Dec/2025:09:34:55 -0500] "GET //fonts/fontawesome-webfont5b62.eot HTTP/1.1" 200 76518 "-" "Go-http-client/1.1"
2001:41d0:701:1100::7333 - - [20/Dec/2025:09:34:56 -0500] "GET //fonts/fontawesome-webfont5b62.svg HTTP/1.1" 200 134503 "-" "Go-http-client/1.1"
206.189.2.13 - - [20/Dec/2025:09:34:59 -0500] "GET /about HTTP/1.1" 404 1251 "-" "Mozilla/5.0 (l9scan/2.0.33e27393e2431313e2838313; +https://leakix.net)"
2001:41d0:701:1100::7333 - - [20/Dec/2025:09:35:01 -0500] "GET //fonts/glyphicons-halflings-regular.svg HTTP/1.1" 200 31444 "-" "Go-http-client/1.1"
2001:41d0:801:2000::c38 - - [20/Dec/2025:09:35:01 -0500] "GET //galleria/ HTTP/1.1" 200 917 "-" "Go-http-client/1.1"
206.189.2.13 - - [20/Dec/2025:09:35:01 -0500] "GET /v2/_catalog HTTP/1.1" 404 1251 "-" "Mozilla/5.0 (l9scan/2.0.33e27393e2431313e2838313; +https://leakix.net)"
2001:41d0:701:1100::7333 - - [20/Dec/2025:09:35:01 -0500] "GET //fonts/glyphicons-halflings-regular.ttf HTTP/1.1" 200 45404 "-" "Go-http-client/1.1"
2001:41d0:801:2000::c38 - - [20/Dec/2025:09:35:01 -0500] "GET //galleria/galleria-1.4.2.js HTTP/1.1" 200 58384 "-" "Go-http-client/1.1"
206.189.2.13 - - [20/Dec/2025:09:35:02 -0500] "GET /ecp/Current/exporttool/microsoft.exchange.ediscovery.exporttool.application HTTP/1.1" 404 1251 "-" "Mozilla/5.0 (l9scan/2.0.33e27393e2431313e2838313; +https://leakix.net)"
2001:41d0:801:2000::c38 - - [20/Dec/2025:09:35:02 -0500] "HEAD //galleria/LICENSE HTTP/1.1" 200 0 "-" "Go-http-client/1.1"
2001:41d0:801:2000::c38 - - [20/Dec/2025:09:35:03 -0500] "GET //images///images/about/ HTTP/1.1" 404 1251 "-" "Go-http-client/1.1"
2001:41d0:801:2000::c38 - - [20/Dec/2025:09:35:03 -0500] "GET //images///images/banner/ HTTP/1.1" 404 1251 "-" "Go-http-client/1.1"
2001:41d0:801:2000::c38 - - [20/Dec/2025:09:35:03 -0500] "GET //images///images/comments/ HTTP/1.1" 404 1251 "-" "Go-http-client/1.1"
2001:41d0:801:2000::c38 - - [20/Dec/2025:09:35:04 -0500] "GET //images///images/contact-form/ HTTP/1.1" 404 1251 "-" "Go-http-client/1.1"
2001:41d0:701:1100::7333 - - [20/Dec/2025:09:35:04 -0500] "GET //galleria/ HTTP/1.1" 200 917 "-" "Go-http-client/1.1"
2001:41d0:801:2000::c38 - - [20/Dec/2025:09:35:04 -0500] "GET //images///images/gallery/ HTTP/1.1" 404 1251 "-" "Go-http-client/1.1"
2001:41d0:701:1100::7333 - - [20/Dec/2025:09:35:04 -0500] "GET //galleria///galleria/plugins/ HTTP/1.1" 404 1251 "-" "Go-http-client/1.1"
2001:41d0:701:1100::7333 - - [20/Dec/2025:09:35:04 -0500] "GET //galleria///galleria/themes/ HTTP/1.1" 404 1251 "-" "Go-http-client/1.1"
2001:41d0:701:1100::7333 - - [20/Dec/2025:09:35:04 -0500] "GET //galleria///galleria/themes/ HTTP/1.1" 404 1251 "-" "Go-http-client/1.1"
2001:41d0:801:2000::c38 - - [20/Dec/2025:09:35:05 -0500] "GET //images///images/slider/ HTTP/1.1" 404 1251 "-" "Go-http-client/1.1"
2001:41d0:701:1100::7333 - - [20/Dec/2025:09:35:05 -0500] "GET //galleria/galleria-1.4.2.js HTTP/1.1" 200 58384 "-" "Go-http-client/1.1"
2001:41d0:801:2000::c38 - - [20/Dec/2025:09:35:03 -0500] "GET //images///images/activities/ HTTP/1.1" 404 1251 "-" "Go-http-client/1.1"
2001:41d0:801:2000::c38 - - [20/Dec/2025:09:35:03 -0500] "GET //images///images/booking-form/ HTTP/1.1" 404 1251 "-" "Go-http-client/1.1"
2001:41d0:701:1100::7333 - - [20/Dec/2025:09:35:04 -0500] "GET //galleria/ HTTP/1.1" 200 917 "-" "Go-http-client/1.1"
206.189.2.13 - - [20/Dec/2025:09:35:04 -0500] "GET /login.action HTTP/1.1" 404 1251 "-" "Mozilla/5.0 (l9scan/2.0.33e27393e2431313e2838313; +https://leakix.net)"
2001:41d0:701:1100::7333 - - [20/Dec/2025:09:35:04 -0500] "GET //galleria///galleria/plugins/ HTTP/1.1" 404 1251 "-" "Go-http-client/1.1"
2001:41d0:801:2000::c38 - - [20/Dec/2025:09:35:04 -0500] "GET //images///images/rooms/ HTTP/1.1" 404 1251 "-" "Go-http-client/1.1"
2001:41d0:801:2000::c38 - - [20/Dec/2025:09:35:04 -0500] "GET //images///images/services/ HTTP/1.1" 404 1251 "-" "Go-http-client/1.1"
2001:41d0:701:1100::7333 - - [20/Dec/2025:09:35:06 -0500] "GET //images/ HTTP/1.1" 200 2562 "-" "Go-http-client/1.1"
2001:41d0:801:2000::c38 - - [20/Dec/2025:09:35:06 -0500] "GET //images/boatsafari.jpg HTTP/1.1" 200 33671 "-" "Go-http-client/1.1"
2001:41d0:701:1100::7333 - - [20/Dec/2025:09:35:06 -0500] "GET //galleria/LICENSE HTTP/1.1" 200 1080 "-" "Go-http-client/1.1"
2001:41d0:701:1100::7333 - - [20/Dec/2025:09:35:06 -0500] "GET //images/ HTTP/1.1" 200 2597 "-" "Go-http-client/1.1"
2001:41d0:701:1100::7333 - - [20/Dec/2025:09:35:06 -0500] "GET //images///images/about/ HTTP/1.1" 404 1251 "-" "Go-http-client/1.1"
2001:41d0:701:1100::7333 - - [20/Dec/2025:09:35:06 -0500] "GET //images///images/about/ HTTP/1.1" 404 1251 "-" "Go-http-client/1.1"
2001:41d0:701:1100::7333 - - [20/Dec/2025:09:35:06 -0500] "GET //images///images/activities/ HTTP/1.1" 404 1251 "-" "Go-http-client/1.1"
2001:41d0:801:2000::c38 - - [20/Dec/2025:09:35:07 -0500] "GET //images/border.png HTTP/1.1" 200 16302 "-" "Go-http-client/1.1"
206.189.2.13 - - [20/Dec/2025:09:35:07 -0500] "GET /.env HTTP/1.1" 404 1251 "-" "Mozilla/5.0 (l9scan/2.0.33e27393e2431313e2838313; +https://leakix.net)"
2001:41d0:701:1100::7333 - - [20/Dec/2025:09:35:07 -0500] "GET //images///images/booking-form/ HTTP/1.1" 404 1251 "-" "Go-http-client/1.1"
2001:41d0:701:1100::7333 - - [20/Dec/2025:09:35:07 -0500] "GET //images///images/banner/ HTTP/1.1" 404 1251 "-" "Go-http-client/1.1"
2001:41d0:701:1100::7333 - - [20/Dec/2025:09:35:08 -0500] "GET //images///images/comments/ HTTP/1.1" 404 1251 "-" "Go-http-client/1.1"
2001:41d0:801:2000::c38 - - [20/Dec/2025:09:35:08 -0500] "GET //images/dulux.jpg HTTP/1.1" 200 19326 "-" "Go-http-client/1.1"
2001:41d0:701:1100::7333 - - [20/Dec/2025:09:35:08 -0500] "GET //images///images/gallery/ HTTP/1.1" 404 1251 "-" "Go-http-client/1.1"
2001:41d0:701:1100::7333 - - [20/Dec/2025:09:35:09 -0500] "GET //images///images/rooms/ HTTP/1.1" 404 1251 "-" "Go-http-client/1.1"
206.189.2.13 - - [20/Dec/2025:09:35:09 -0500] "GET /.git/config HTTP/1.1" 403 1242 "-" "Mozilla/5.0 (l9scan/2.0.33e27393e2431313e2838313; +https://leakix.net)"
2001:41d0:701:1100::7333 - - [20/Dec/2025:09:35:09 -0500] "GET //images///images/rooms/ HTTP/1.1" 404 1251 "-" "Go-http-client/1.1"
2001:41d0:801:2000::c38 - - [20/Dec/2025:09:35:09 -0500] "HEAD //images/error_log HTTP/1.1" 403 0 "-" "Go-http-client/1.1"
2001:41d0:701:1100::7333 - - [20/Dec/2025:09:35:09 -0500] "GET //images///images/services/ HTTP/1.1" 404 1251 "-" "Go-http-client/1.1"
2001:41d0:701:1100::7333 - - [20/Dec/2025:09:35:10 -0500] "GET //images///images/slider/ HTTP/1.1" 404 1251 "-" "Go-http-client/1.1"
2001:41d0:801:2000::c38 - - [20/Dec/2025:09:35:10 -0500] "GET //images/favicon.ico HTTP/1.1" 200 34494 "-" "Go-http-client/1.1"
206.189.2.13 - - [20/Dec/2025:09:35:10 -0500] "GET /s/33e27393e2431313e2838313/_/;/META-INF/maven/com.atlassian.jira/jira-webapp-dist/pom.properties HTTP/1.1" 404 1251 "-" "Mozilla/5.0 (l9scan/2.0.33e27393e2431313e2838313; +https://leakix.net)"
206.189.2.13 - - [20/Dec/2025:09:35:05 -0500] "GET /_all_dbs HTTP/1.1" 404 1251 "-" "Mozilla/5.0 (l9scan/2.0.33e27393e2431313e2838313; +https://leakix.net)"
206.189.2.13 - - [20/Dec/2025:09:35:06 -0500] "GET /.DS_Store HTTP/1.1" 404 1251 "-" "Mozilla/5.0 (l9scan/2.0.33e27393e2431313e2838313; +https://leakix.net)"
2001:41d0:701:1100::7333 - - [20/Dec/2025:09:35:06 -0500] "HEAD //galleria/LICENSE HTTP/1.1" 200 0 "-" "Go-http-client/1.1"
2001:41d0:701:1100::7333 - - [20/Dec/2025:09:35:06 -0500] "HEAD //galleria/LICENSE HTTP/1.1" 200 0 "-" "Go-http-client/1.1"
2001:41d0:701:1100::7333 - - [20/Dec/2025:09:35:06 -0500] "GET //galleria/LICENSE HTTP/1.1" 200 1080 "-" "Go-http-client/1.1"
2001:41d0:701:1100::7333 - - [20/Dec/2025:09:35:07 -0500] "GET //images///images/activities/ HTTP/1.1" 404 1251 "-" "Go-http-client/1.1"
2001:41d0:701:1100::7333 - - [20/Dec/2025:09:35:07 -0500] "GET //images///images/banner/ HTTP/1.1" 404 1251 "-" "Go-http-client/1.1"
2001:41d0:701:1100::7333 - - [20/Dec/2025:09:35:07 -0500] "GET //images///images/booking-form/ HTTP/1.1" 404 1251 "-" "Go-http-client/1.1"
2001:41d0:701:1100::7333 - - [20/Dec/2025:09:35:08 -0500] "GET //images///images/comments/ HTTP/1.1" 404 1251 "-" "Go-http-client/1.1"
2001:41d0:701:1100::7333 - - [20/Dec/2025:09:35:08 -0500] "GET //images///images/contact-form/ HTTP/1.1" 404 1251 "-" "Go-http-client/1.1"
2001:41d0:701:1100::7333 - - [20/Dec/2025:09:35:08 -0500] "GET //images///images/contact-form/ HTTP/1.1" 404 1251 "-" "Go-http-client/1.1"
2001:41d0:701:1100::7333 - - [20/Dec/2025:09:35:08 -0500] "GET //images///images/gallery/ HTTP/1.1" 404 1251 "-" "Go-http-client/1.1"
2001:41d0:801:2000::c38 - - [20/Dec/2025:09:35:09 -0500] "GET //images/ecovilla.png HTTP/1.1" 200 13522 "-" "Go-http-client/1.1"
2001:41d0:701:1100::7333 - - [20/Dec/2025:09:35:09 -0500] "GET //images///images/services/ HTTP/1.1" 404 1251 "-" "Go-http-client/1.1"
2001:41d0:701:1100::7333 - - [20/Dec/2025:09:35:09 -0500] "GET //images///images/slider/ HTTP/1.1" 404 1251 "-" "Go-http-client/1.1"
2001:41d0:701:1100::7333 - - [20/Dec/2025:09:35:11 -0500] "GET //images/apple-touch-icon.png HTTP/1.1" 200 1705 "-" "Go-http-client/1.1"
2001:41d0:801:2000::c38 - - [20/Dec/2025:09:35:11 -0500] "GET //images/left.png HTTP/1.1" 200 133795 "-" "Go-http-client/1.1"
206.189.2.13 - - [20/Dec/2025:09:35:12 -0500] "GET /telescope/requests HTTP/1.1" 404 1251 "-" "Mozilla/5.0 (l9scan/2.0.33e27393e2431313e2838313; +https://leakix.net)"
2001:41d0:701:1100::7333 - - [20/Dec/2025:09:35:13 -0500] "GET //images/close.png HTTP/1.1" 200 280 "-" "Go-http-client/1.1"
2001:41d0:701:1100::7333 - - [20/Dec/2025:09:35:15 -0500] "GET //images/ecovilla.png HTTP/1.1" 200 13522 "-" "Go-http-client/1.1"
2001:41d0:801:2000::c38 - - [20/Dec/2025:09:35:15 -0500] "GET //images/paralex1.jpg HTTP/1.1" 200 1369564 "-" "Go-http-client/1.1"
2001:41d0:701:1100::7333 - - [20/Dec/2025:09:35:15 -0500] "HEAD //images/error_log HTTP/1.1" 403 0 "-" "Go-http-client/1.1"
2001:41d0:701:1100::7333 - - [20/Dec/2025:09:35:15 -0500] "HEAD //images/error_log HTTP/1.1" 403 0 "-" "Go-http-client/1.1"
2001:41d0:801:2000::c38 - - [20/Dec/2025:09:35:16 -0500] "GET //images/paralex1.png HTTP/1.1" 200 2537424 "-" "Go-http-client/1.1"
2001:41d0:701:1100::7333 - - [20/Dec/2025:09:35:17 -0500] "GET //images/favicon.png HTTP/1.1" 200 2081 "-" "Go-http-client/1.1"
2001:41d0:801:2000::c38 - - [20/Dec/2025:09:35:17 -0500] "GET //images/pattern.png HTTP/1.1" 200 118 "-" "Go-http-client/1.1"
2001:41d0:701:1100::7333 - - [20/Dec/2025:09:35:19 -0500] "GET //images/loader.gif HTTP/1.1" 200 57544 "-" "Go-http-client/1.1"
2001:41d0:801:2000::c38 - - [20/Dec/2025:09:35:19 -0500] "GET //images/roundtours.jpg HTTP/1.1" 200 34116 "-" "Go-http-client/1.1"
2001:41d0:701:1100::7333 - - [20/Dec/2025:09:35:21 -0500] "GET //images/maduriver.jpg HTTP/1.1" 200 22857 "-" "Go-http-client/1.1"
2001:41d0:701:1100::7333 - - [20/Dec/2025:09:35:21 -0500] "GET //images/next.png HTTP/1.1" 200 1350 "-" "Go-http-client/1.1"
2001:41d0:701:1100::7333 - - [20/Dec/2025:09:35:10 -0500] "GET //images/accommodations.jpg HTTP/1.1" 200 18013 "-" "Go-http-client/1.1"
206.189.2.13 - - [20/Dec/2025:09:35:11 -0500] "GET /config.json HTTP/1.1" 404 1251 "-" "Mozilla/5.0 (l9scan/2.0.33e27393e2431313e2838313; +https://leakix.net)"
2001:41d0:801:2000::c38 - - [20/Dec/2025:09:35:12 -0500] "GET //images/loader.gif HTTP/1.1" 200 57544 "-" "Go-http-client/1.1"
206.189.2.13 - - [20/Dec/2025:09:35:13 -0500] "GET /info.php HTTP/1.1" 404 1251 "-" "Mozilla/5.0 (l9scan/2.0.33e27393e2431313e2838313; +https://leakix.net)"
2001:41d0:801:2000::c38 - - [20/Dec/2025:09:35:13 -0500] "GET //images/luxery.jpg HTTP/1.1" 200 15761 "-" "Go-http-client/1.1"
206.189.2.13 - - [20/Dec/2025:09:35:14 -0500] "GET /?rest_route=/wp/v2/users/ HTTP/1.1" 200 2586 "-" "Mozilla/5.0 (l9scan/2.0.33e27393e2431313e2838313; +https://leakix.net)"
2001:41d0:701:1100::7333 - - [20/Dec/2025:09:35:14 -0500] "GET //images/eco%20villa.png HTTP/1.1" 200 13522 "-" "Go-http-client/1.1"
2001:41d0:701:1100::7333 - - [20/Dec/2025:09:35:15 -0500] "GET //images/favicon-32x32.png HTTP/1.1" 200 2105 "-" "Go-http-client/1.1"
2001:41d0:701:1100::7333 - - [20/Dec/2025:09:35:17 -0500] "GET //images/footer-grass.png HTTP/1.1" 200 25587 "-" "Go-http-client/1.1"
2001:41d0:801:2000::c38 - - [20/Dec/2025:09:35:18 -0500] "GET //images/prev.png HTTP/1.1" 200 1360 "-" "Go-http-client/1.1"
2001:41d0:701:1100::7333 - - [20/Dec/2025:09:35:20 -0500] "GET //images/logo.png HTTP/1.1" 200 3472 "-" "Go-http-client/1.1"
2001:41d0:701:1100::7333 - - [20/Dec/2025:09:35:20 -0500] "GET //images/luxery.jpg HTTP/1.1" 200 15761 "-" "Go-http-client/1.1"
2001:41d0:801:2000::c38 - - [20/Dec/2025:09:35:22 -0500] "GET //images/villa-effort-banner.jpg HTTP/1.1" 200 82671 "-" "Go-http-client/1.1"
2001:41d0:701:1100::7333 - - [20/Dec/2025:09:35:25 -0500] "GET //images/prev.png HTTP/1.1" 200 1360 "-" "Go-http-client/1.1"
2001:41d0:701:1100::7333 - - [20/Dec/2025:09:35:27 -0500] "GET //images/roundtours.jpg HTTP/1.1" 200 34116 "-" "Go-http-client/1.1"
2001:41d0:701:1100::7333 - - [20/Dec/2025:09:35:29 -0500] "GET //images/standed.jpg HTTP/1.1" 200 15488 "-" "Go-http-client/1.1"
2001:41d0:801:2000::c38 - - [20/Dec/2025:09:35:29 -0500] "GET //nbproject/ HTTP/1.1" 200 844 "-" "Go-http-client/1.1"
2001:41d0:801:2000::c38 - - [20/Dec/2025:09:35:29 -0500] "GET //js/reservation.js HTTP/1.1" 200 1913 "-" "Go-http-client/1.1"
2001:41d0:801:2000::c38 - - [20/Dec/2025:09:35:29 -0500] "GET //nbproject///nbproject/private/ HTTP/1.1" 404 1251 "-" "Go-http-client/1.1"
2001:41d0:701:1100::7333 - - [20/Dec/2025:09:35:29 -0500] "GET //images/surfing.jpg HTTP/1.1" 200 42705 "-" "Go-http-client/1.1"
2001:41d0:801:2000::c38 - - [20/Dec/2025:09:35:29 -0500] "HEAD //nbproject/project.properties HTTP/1.1" 200 0 "-" "Go-http-client/1.1"
2001:41d0:801:2000::c38 - - [20/Dec/2025:09:35:29 -0500] "GET //nbproject/project.properties HTTP/1.1" 200 141 "-" "Go-http-client/1.1"
2001:41d0:801:2000::c38 - - [20/Dec/2025:09:35:30 -0500] "HEAD //nbproject/project.xml HTTP/1.1" 200 0 "-" "Go-http-client/1.1"
2001:41d0:801:2000::c38 - - [20/Dec/2025:09:35:30 -0500] "GET //nbproject/project.xml HTTP/1.1" 200 194 "-" "Go-http-client/1.1"
2001:41d0:801:2000::c38 - - [20/Dec/2025:09:35:30 -0500] "GET //owlcarousel///owlcarousel/assets/ HTTP/1.1" 404 1251 "-" "Go-http-client/1.1"
2001:41d0:801:2000::c38 - - [20/Dec/2025:09:35:30 -0500] "GET //owlcarousel/owl.carousel.js HTTP/1.1" 200 22732 "-" "Go-http-client/1.1"
2001:41d0:801:2000::c38 - - [20/Dec/2025:09:35:31 -0500] "GET //revolution/ HTTP/1.1" 200 814 "-" "Go-http-client/1.1"
2001:41d0:801:2000::c38 - - [20/Dec/2025:09:35:31 -0500] "GET //owlcarousel/owl.carousel.min.js HTTP/1.1" 200 12872 "-" "Go-http-client/1.1"
2001:41d0:801:2000::c38 - - [20/Dec/2025:09:35:31 -0500] "GET //revolution///revolution/assets/ HTTP/1.1" 404 1251 "-" "Go-http-client/1.1"
2001:41d0:701:1100::7333 - - [20/Dec/2025:09:35:31 -0500] "GET //images/villa-effort-banner.jpg HTTP/1.1" 200 82671 "-" "Go-http-client/1.1"
2001:41d0:701:1100::7333 - - [20/Dec/2025:09:35:22 -0500] "GET //images/paralex1.jpg HTTP/1.1" 200 1369564 "-" "Go-http-client/1.1"
2001:41d0:701:1100::7333 - - [20/Dec/2025:09:35:23 -0500] "GET //images/paralex1.png HTTP/1.1" 200 2537424 "-" "Go-http-client/1.1"
2001:41d0:801:2000::c38 - - [20/Dec/2025:09:35:24 -0500] "GET //js/ HTTP/1.1" 200 1310 "-" "Go-http-client/1.1"
2001:41d0:701:1100::7333 - - [20/Dec/2025:09:35:25 -0500] "GET //images/pattern.png HTTP/1.1" 200 118 "-" "Go-http-client/1.1"
2001:41d0:801:2000::c38 - - [20/Dec/2025:09:35:25 -0500] "GET //js/custom.js HTTP/1.1" 200 992 "-" "Go-http-client/1.1"
2001:41d0:701:1100::7333 - - [20/Dec/2025:09:35:26 -0500] "GET //images/right.png HTTP/1.1" 200 133085 "-" "Go-http-client/1.1"
2001:41d0:701:1100::7333 - - [20/Dec/2025:09:35:27 -0500] "GET //images/sinharaja.jpg HTTP/1.1" 200 40512 "-" "Go-http-client/1.1"
2001:41d0:801:2000::c38 - - [20/Dec/2025:09:35:30 -0500] "GET //owlcarousel/ HTTP/1.1" 200 863 "-" "Go-http-client/1.1"
2001:41d0:801:2000::c38 - - [20/Dec/2025:09:35:32 -0500] "GET //sours/ HTTP/1.1" 200 881 "-" "Go-http-client/1.1"
2001:41d0:801:2000::c38 - - [20/Dec/2025:09:35:32 -0500] "GET //sours/eco-villa.png HTTP/1.1" 200 13478 "-" "Go-http-client/1.1"
2001:41d0:701:1100::7333 - - [20/Dec/2025:09:35:33 -0500] "GET //js/ HTTP/1.1" 200 1310 "-" "Go-http-client/1.1"
2001:41d0:801:2000::c38 - - [20/Dec/2025:09:35:33 -0500] "HEAD //sours/Untitled-1.psd HTTP/1.1" 200 0 "-" "Go-http-client/1.1"
2001:41d0:801:2000::c38 - - [20/Dec/2025:09:35:33 -0500] "GET //stip/ HTTP/1.1" 200 667 "-" "Go-http-client/1.1"
2001:41d0:801:2000::c38 - - [20/Dec/2025:09:35:34 -0500] "GET //sours/Untitled-1.psd HTTP/1.1" 200 422790 "-" "Go-http-client/1.1"
2001:41d0:701:1100::7333 - - [20/Dec/2025:09:35:36 -0500] "GET //js/jquery-ui.js HTTP/1.1" 200 153524 "-" "Go-http-client/1.1"
2001:41d0:701:1100::7333 - - [20/Dec/2025:09:35:37 -0500] "GET //js/lightbox-plus-jquery.min.js HTTP/1.1" 200 36496 "-" "Go-http-client/1.1"
2001:41d0:701:1100::7333 - - [20/Dec/2025:09:35:38 -0500] "GET //js/reservation.js HTTP/1.1" 200 1913 "-" "Go-http-client/1.1"
2001:41d0:701:1100::7333 - - [20/Dec/2025:09:35:38 -0500] "GET //nbproject///nbproject/private/ HTTP/1.1" 404 1251 "-" "Go-http-client/1.1"
2001:41d0:701:1100::7333 - - [20/Dec/2025:09:35:39 -0500] "GET //nbproject///nbproject/private/ HTTP/1.1" 404 1251 "-" "Go-http-client/1.1"
2001:41d0:701:1100::7333 - - [20/Dec/2025:09:35:39 -0500] "GET //nbproject/project.properties HTTP/1.1" 200 141 "-" "Go-http-client/1.1"
2001:41d0:701:1100::7333 - - [20/Dec/2025:09:35:39 -0500] "HEAD //nbproject/project.properties HTTP/1.1" 200 0 "-" "Go-http-client/1.1"
2001:41d0:701:1100::7333 - - [20/Dec/2025:09:35:39 -0500] "GET //nbproject/project.properties HTTP/1.1" 200 141 "-" "Go-http-client/1.1"
