74.125.151.142 - - [18/Dec/2025:15:20:20 -0500] "GET /contact.php HTTP/1.1" 200 4043 "-" "Mozilla/5.0 (Linux; Android 6.0.1; Nexus 5X Build/MMB29P) AppleWebKit/537.36 (KHTML, like Gecko) Chrome/141.0.7390.122 Mobile Safari/537.36 (compatible; AdsBot-Google-Mobile; +http://www.google.com/mobile/adsbot.html)"
74.125.151.142 - - [18/Dec/2025:15:20:29 -0500] "GET /css/custom.css HTTP/1.1" 200 31 "https://www.taxigalle.com/contact.php" "AdsBot-Google (+http://www.google.com/adsbot.html)"
74.125.151.141 - - [18/Dec/2025:15:20:30 -0500] "GET /common/bootstrap/css/bootstrap.min.css HTTP/1.1" 200 21469 "https://www.taxigalle.com/contact.php" "AdsBot-Google (+http://www.google.com/adsbot.html)"
57.141.2.32 - - [18/Dec/2025:15:20:30 -0500] "GET /contact-form/Generate_Captcha_Code.php?rand=190491287 HTTP/1.1" 200 2335 "-" "meta-externalagent/1.1 (+https://developers.facebook.com/docs/sharing/webmasters/crawler)"
74.125.151.141 - - [18/Dec/2025:15:20:30 -0500] "GET /contact-form/style.css HTTP/1.1" 200 1209 "https://www.taxigalle.com/contact.php" "AdsBot-Google (+http://www.google.com/adsbot.html)"
74.125.151.141 - - [18/Dec/2025:15:20:32 -0500] "GET /js/custom.js HTTP/1.1" 200 674 "https://www.taxigalle.com/contact.php" "AdsBot-Google (+http://www.google.com/adsbot.html)"
74.125.151.141 - - [18/Dec/2025:15:20:34 -0500] "GET /contact-form/scripts.js HTTP/1.1" 200 965 "https://www.taxigalle.com/contact.php" "AdsBot-Google (+http://www.google.com/adsbot.html)"
74.125.151.141 - - [18/Dec/2025:15:20:35 -0500] "GET /common/bootstrap/js/bootstrap.min.js HTTP/1.1" 200 14242 "https://www.taxigalle.com/contact.php" "AdsBot-Google (+http://www.google.com/adsbot.html)"
57.141.2.93 - - [18/Dec/2025:15:20:36 -0500] "GET /contact-form/Generate_Captcha_Code.php?rand=1239388555 HTTP/1.1" 200 2262 "-" "meta-externalagent/1.1 (+https://developers.facebook.com/docs/sharing/webmasters/crawler)"
74.125.151.141 - - [18/Dec/2025:15:20:37 -0500] "GET /common/owl-carousel/css/owl.carousel.min.css HTTP/1.1" 200 917 "https://www.taxigalle.com/contact.php" "AdsBot-Google (+http://www.google.com/adsbot.html)"
74.125.151.141 - - [18/Dec/2025:15:20:37 -0500] "GET /contact-form/style.css HTTP/1.1" 200 1209 "https://www.taxigalle.com/contact.php" "AdsBot-Google (+http://www.google.com/adsbot.html)"
74.125.151.141 - - [18/Dec/2025:15:20:38 -0500] "GET /common/bootstrap/css/bootstrap.min.css HTTP/1.1" 200 21469 "https://www.taxigalle.com/contact.php" "AdsBot-Google (+http://www.google.com/adsbot.html)"
74.125.151.141 - - [18/Dec/2025:15:20:38 -0500] "GET /common/owl-carousel/js/owl.carousel.js HTTP/1.1" 200 19365 "https://www.taxigalle.com/contact.php" "AdsBot-Google (+http://www.google.com/adsbot.html)"
74.125.151.141 - - [18/Dec/2025:15:20:39 -0500] "GET /js/custom.js HTTP/1.1" 200 674 "https://www.taxigalle.com/contact.php" "AdsBot-Google (+http://www.google.com/adsbot.html)"
74.125.151.141 - - [18/Dec/2025:15:20:39 -0500] "GET /contact-form/scripts.js HTTP/1.1" 200 965 "https://www.taxigalle.com/contact.php" "AdsBot-Google (+http://www.google.com/adsbot.html)"
74.125.151.141 - - [18/Dec/2025:15:20:39 -0500] "GET /js/all.min.js HTTP/1.1" 200 399481 "https://www.taxigalle.com/contact.php" "AdsBot-Google (+http://www.google.com/adsbot.html)"
57.141.2.18 - - [18/Dec/2025:15:21:59 -0500] "GET /?products/23100399/ HTTP/1.1" 200 42341 "-" "meta-externalagent/1.1 (+https://developers.facebook.com/docs/sharing/webmasters/crawler)"
57.141.2.1 - - [18/Dec/2025:15:22:17 -0500] "GET /?products/13439833/ HTTP/1.1" 200 42341 "-" "meta-externalagent/1.1 (+https://developers.facebook.com/docs/sharing/webmasters/crawler)"
57.141.2.64 - - [18/Dec/2025:15:25:09 -0500] "GET /?products/29184399/ HTTP/1.1" 200 42341 "-" "meta-externalagent/1.1 (+https://developers.facebook.com/docs/sharing/webmasters/crawler)"
57.141.2.2 - - [18/Dec/2025:15:26:05 -0500] "GET /?products/16428299/ HTTP/1.1" 200 42342 "-" "meta-externalagent/1.1 (+https://developers.facebook.com/docs/sharing/webmasters/crawler)"
57.141.2.80 - - [18/Dec/2025:15:23:23 -0500] "GET /?products/11412022/ HTTP/1.1" 200 42341 "-" "meta-externalagent/1.1 (+https://developers.facebook.com/docs/sharing/webmasters/crawler)"
57.141.2.77 - - [18/Dec/2025:15:24:06 -0500] "GET /?products/29956044/ HTTP/1.1" 200 42341 "-" "meta-externalagent/1.1 (+https://developers.facebook.com/docs/sharing/webmasters/crawler)"
57.141.2.10 - - [18/Dec/2025:15:25:08 -0500] "GET /?products/20443555/ HTTP/1.1" 200 42342 "-" "meta-externalagent/1.1 (+https://developers.facebook.com/docs/sharing/webmasters/crawler)"
57.141.2.27 - - [18/Dec/2025:15:25:34 -0500] "GET /?products/17566377/ HTTP/1.1" 200 42342 "-" "meta-externalagent/1.1 (+https://developers.facebook.com/docs/sharing/webmasters/crawler)"
57.141.2.14 - - [18/Dec/2025:15:28:14 -0500] "GET /?products/13187699/ HTTP/1.1" 200 42342 "-" "meta-externalagent/1.1 (+https://developers.facebook.com/docs/sharing/webmasters/crawler)"
57.141.2.29 - - [18/Dec/2025:15:30:05 -0500] "GET /?products/20744422/ HTTP/1.1" 200 42342 "-" "meta-externalagent/1.1 (+https://developers.facebook.com/docs/sharing/webmasters/crawler)"
57.141.2.9 - - [18/Dec/2025:15:32:11 -0500] "GET /?products/10877666/ HTTP/1.1" 200 42342 "-" "meta-externalagent/1.1 (+https://developers.facebook.com/docs/sharing/webmasters/crawler)"
57.141.2.87 - - [18/Dec/2025:15:34:39 -0500] "GET /?products/14305522/ HTTP/1.1" 200 42342 "-" "meta-externalagent/1.1 (+https://developers.facebook.com/docs/sharing/webmasters/crawler)"
66.249.70.141 - - [18/Dec/2025:15:35:09 -0500] "GET /?products/8061133/ HTTP/1.1" 200 6945 "-" "Mozilla/5.0 (Linux; Android 6.0.1; Nexus 5X Build/MMB29P) AppleWebKit/537.36 (KHTML, like Gecko) Chrome/141.0.7390.122 Mobile Safari/537.36 (compatible; Googlebot/2.1; +http://www.google.com/bot.html)"
57.141.2.20 - - [18/Dec/2025:15:27:55 -0500] "GET /?products/11931244/ HTTP/1.1" 200 42341 "-" "meta-externalagent/1.1 (+https://developers.facebook.com/docs/sharing/webmasters/crawler)"
57.141.2.69 - - [18/Dec/2025:15:30:36 -0500] "GET /?products/25812011/ HTTP/1.1" 200 42340 "-" "meta-externalagent/1.1 (+https://developers.facebook.com/docs/sharing/webmasters/crawler)"
57.141.2.70 - - [18/Dec/2025:15:30:38 -0500] "GET /?products/17295888/ HTTP/1.1" 200 42341 "-" "meta-externalagent/1.1 (+https://developers.facebook.com/docs/sharing/webmasters/crawler)"
57.141.2.66 - - [18/Dec/2025:15:31:19 -0500] "GET /?products/17654688/ HTTP/1.1" 200 42341 "-" "meta-externalagent/1.1 (+https://developers.facebook.com/docs/sharing/webmasters/crawler)"
114.119.141.53 - - [18/Dec/2025:15:32:18 -0500] "GET /view-tours.php?id=33 HTTP/1.1" 200 4827 "https://taxigalle.com/tour-packages.php?type=1" "Mozilla/5.0 (Linux; Android 7.0;) AppleWebKit/537.36 (KHTML, like Gecko) Mobile Safari/537.36 (compatible; PetalBot;+https://webmaster.petalsearch.com/site/petalbot)"
57.141.2.92 - - [18/Dec/2025:15:33:25 -0500] "GET /?products/15894355/ HTTP/1.1" 200 42342 "-" "meta-externalagent/1.1 (+https://developers.facebook.com/docs/sharing/webmasters/crawler)"
57.141.2.35 - - [18/Dec/2025:15:33:39 -0500] "GET /?products/12212044/ HTTP/1.1" 200 42341 "-" "meta-externalagent/1.1 (+https://developers.facebook.com/docs/sharing/webmasters/crawler)"
57.141.2.90 - - [18/Dec/2025:15:34:05 -0500] "GET /?products/20583666/ HTTP/1.1" 200 42342 "-" "meta-externalagent/1.1 (+https://developers.facebook.com/docs/sharing/webmasters/crawler)"
57.141.2.75 - - [18/Dec/2025:15:34:32 -0500] "GET /?products/9462022/ HTTP/1.1" 200 42342 "-" "meta-externalagent/1.1 (+https://developers.facebook.com/docs/sharing/webmasters/crawler)"
57.141.2.82 - - [18/Dec/2025:15:35:05 -0500] "GET /?products/10635977/ HTTP/1.1" 200 42342 "-" "meta-externalagent/1.1 (+https://developers.facebook.com/docs/sharing/webmasters/crawler)"
57.141.2.89 - - [18/Dec/2025:15:35:36 -0500] "GET /?products/22961244/ HTTP/1.1" 200 42341 "-" "meta-externalagent/1.1 (+https://developers.facebook.com/docs/sharing/webmasters/crawler)"
66.249.70.141 - - [18/Dec/2025:15:35:38 -0500] "GET /?products/8474600/ HTTP/1.1" 200 6942 "-" "Mozilla/5.0 (Linux; Android 6.0.1; Nexus 5X Build/MMB29P) AppleWebKit/537.36 (KHTML, like Gecko) Chrome/141.0.7390.122 Mobile Safari/537.36 (compatible; Googlebot/2.1; +http://www.google.com/bot.html)"
57.141.2.73 - - [18/Dec/2025:15:36:34 -0500] "GET /contact-form/Generate_Captcha_Code.php?rand=1111035884 HTTP/1.1" 200 2208 "-" "meta-externalagent/1.1 (+https://developers.facebook.com/docs/sharing/webmasters/crawler)"
57.141.2.7 - - [18/Dec/2025:15:38:50 -0500] "GET /?products/7551177/ HTTP/1.1" 200 42342 "-" "meta-externalagent/1.1 (+https://developers.facebook.com/docs/sharing/webmasters/crawler)"
57.141.2.77 - - [18/Dec/2025:15:39:00 -0500] "GET /?products/21556877/ HTTP/1.1" 200 42342 "-" "meta-externalagent/1.1 (+https://developers.facebook.com/docs/sharing/webmasters/crawler)"
57.141.2.93 - - [18/Dec/2025:15:39:26 -0500] "GET /?products/8388844/ HTTP/1.1" 200 42342 "-" "meta-externalagent/1.1 (+https://developers.facebook.com/docs/sharing/webmasters/crawler)"
57.141.2.22 - - [18/Dec/2025:15:40:03 -0500] "GET /?products/1321222/ HTTP/1.1" 200 42342 "-" "meta-externalagent/1.1 (+https://developers.facebook.com/docs/sharing/webmasters/crawler)"
57.141.2.6 - - [18/Dec/2025:15:42:24 -0500] "GET /?products/25819733/ HTTP/1.1" 200 42342 "-" "meta-externalagent/1.1 (+https://developers.facebook.com/docs/sharing/webmasters/crawler)"
57.141.2.80 - - [18/Dec/2025:15:42:51 -0500] "GET /?products/16290866/ HTTP/1.1" 200 42342 "-" "meta-externalagent/1.1 (+https://developers.facebook.com/docs/sharing/webmasters/crawler)"
57.141.2.22 - - [18/Dec/2025:15:43:07 -0500] "GET /?products/6252377/ HTTP/1.1" 200 42342 "-" "meta-externalagent/1.1 (+https://developers.facebook.com/docs/sharing/webmasters/crawler)"
57.141.2.23 - - [18/Dec/2025:15:43:54 -0500] "GET /?products/29530900/ HTTP/1.1" 200 42342 "-" "meta-externalagent/1.1 (+https://developers.facebook.com/docs/sharing/webmasters/crawler)"
57.141.2.30 - - [18/Dec/2025:15:45:15 -0500] "GET /?products/11446444/ HTTP/1.1" 200 42341 "-" "meta-externalagent/1.1 (+https://developers.facebook.com/docs/sharing/webmasters/crawler)"
57.141.2.83 - - [18/Dec/2025:15:46:30 -0500] "GET /contact-form/Generate_Captcha_Code.php?rand=446940856 HTTP/1.1" 200 2348 "-" "meta-externalagent/1.1 (+https://developers.facebook.com/docs/sharing/webmasters/crawler)"
57.141.2.5 - - [18/Dec/2025:15:46:32 -0500] "GET /contact-form/Generate_Captcha_Code.php?rand=446940856 HTTP/1.1" 200 2295 "-" "meta-externalagent/1.1 (+https://developers.facebook.com/docs/sharing/webmasters/crawler)"
57.141.2.31 - - [18/Dec/2025:15:46:52 -0500] "GET /?products/13686933/ HTTP/1.1" 200 42342 "-" "meta-externalagent/1.1 (+https://developers.facebook.com/docs/sharing/webmasters/crawler)"
57.141.2.87 - - [18/Dec/2025:15:47:04 -0500] "GET /?products/14076899/ HTTP/1.1" 200 42342 "-" "meta-externalagent/1.1 (+https://developers.facebook.com/docs/sharing/webmasters/crawler)"
57.141.2.83 - - [18/Dec/2025:15:48:03 -0500] "GET /?products/14570800/ HTTP/1.1" 200 42342 "-" "meta-externalagent/1.1 (+https://developers.facebook.com/docs/sharing/webmasters/crawler)"
66.249.70.141 - - [18/Dec/2025:15:52:39 -0500] "GET /?products/16318744/ HTTP/1.1" 200 6941 "-" "Mozilla/5.0 (Linux; Android 6.0.1; Nexus 5X Build/MMB29P) AppleWebKit/537.36 (KHTML, like Gecko) Chrome/141.0.7390.122 Mobile Safari/537.36 (compatible; Googlebot/2.1; +http://www.google.com/bot.html)"
57.141.2.28 - - [18/Dec/2025:15:37:25 -0500] "GET /?products/1472133/ HTTP/1.1" 200 42341 "-" "meta-externalagent/1.1 (+https://developers.facebook.com/docs/sharing/webmasters/crawler)"
66.249.70.128 - - [18/Dec/2025:15:37:23 -0500] "GET /?products/7659444/ HTTP/1.1" 200 6923 "-" "Mozilla/5.0 (Linux; Android 6.0.1; Nexus 5X Build/MMB29P) AppleWebKit/537.36 (KHTML, like Gecko) Chrome/141.0.7390.122 Mobile Safari/537.36 (compatible; Googlebot/2.1; +http://www.google.com/bot.html)"
57.141.2.30 - - [18/Dec/2025:15:37:26 -0500] "GET /?products/5051077/ HTTP/1.1" 200 42342 "-" "meta-externalagent/1.1 (+https://developers.facebook.com/docs/sharing/webmasters/crawler)"
57.141.2.23 - - [18/Dec/2025:15:37:59 -0500] "GET /contact-form/Generate_Captcha_Code.php?rand=1111035884 HTTP/1.1" 200 2136 "-" "meta-externalagent/1.1 (+https://developers.facebook.com/docs/sharing/webmasters/crawler)"
57.141.2.87 - - [18/Dec/2025:15:38:03 -0500] "GET /?products/12184377/ HTTP/1.1" 200 42342 "-" "meta-externalagent/1.1 (+https://developers.facebook.com/docs/sharing/webmasters/crawler)"
57.141.2.69 - - [18/Dec/2025:15:40:34 -0500] "GET /?products/1322033/ HTTP/1.1" 200 42341 "-" "meta-externalagent/1.1 (+https://developers.facebook.com/docs/sharing/webmasters/crawler)"
57.141.2.90 - - [18/Dec/2025:15:41:14 -0500] "GET /?products/24956799/ HTTP/1.1" 200 42342 "-" "meta-externalagent/1.1 (+https://developers.facebook.com/docs/sharing/webmasters/crawler)"
57.141.2.89 - - [18/Dec/2025:15:43:11 -0500] "GET /?products/14578788/ HTTP/1.1" 200 42342 "-" "meta-externalagent/1.1 (+https://developers.facebook.com/docs/sharing/webmasters/crawler)"
57.141.2.85 - - [18/Dec/2025:15:44:55 -0500] "GET /?products/7098577/ HTTP/1.1" 200 42342 "-" "meta-externalagent/1.1 (+https://developers.facebook.com/docs/sharing/webmasters/crawler)"
57.141.2.62 - - [18/Dec/2025:15:46:13 -0500] "GET /?products/8310288/ HTTP/1.1" 200 42341 "-" "meta-externalagent/1.1 (+https://developers.facebook.com/docs/sharing/webmasters/crawler)"
57.141.2.71 - - [18/Dec/2025:15:46:22 -0500] "GET /?products/22005399/ HTTP/1.1" 200 42341 "-" "meta-externalagent/1.1 (+https://developers.facebook.com/docs/sharing/webmasters/crawler)"
57.141.2.70 - - [18/Dec/2025:15:48:39 -0500] "GET /?products/29737622/ HTTP/1.1" 200 42341 "-" "meta-externalagent/1.1 (+https://developers.facebook.com/docs/sharing/webmasters/crawler)"
57.141.2.20 - - [18/Dec/2025:15:48:55 -0500] "GET /?products/14922999/ HTTP/1.1" 200 42341 "-" "meta-externalagent/1.1 (+https://developers.facebook.com/docs/sharing/webmasters/crawler)"
66.249.70.141 - - [18/Dec/2025:15:50:15 -0500] "GET /robots.txt HTTP/1.1" 200 72 "-" "Mozilla/5.0 (compatible; Googlebot/2.1; +http://www.google.com/bot.html)"
66.249.70.141 - - [18/Dec/2025:15:50:15 -0500] "GET /?products/24180800/ HTTP/1.1" 200 6919 "-" "Mozilla/5.0 (Linux; Android 6.0.1; Nexus 5X Build/MMB29P) AppleWebKit/537.36 (KHTML, like Gecko) Chrome/141.0.7390.122 Mobile Safari/537.36 (compatible; GoogleOther)"
57.141.2.6 - - [18/Dec/2025:15:52:20 -0500] "GET /?products/15707155/ HTTP/1.1" 200 42342 "-" "meta-externalagent/1.1 (+https://developers.facebook.com/docs/sharing/webmasters/crawler)"
57.141.2.93 - - [18/Dec/2025:15:52:44 -0500] "GET /?products/15611088/ HTTP/1.1" 200 42341 "-" "meta-externalagent/1.1 (+https://developers.facebook.com/docs/sharing/webmasters/crawler)"
57.141.2.94 - - [18/Dec/2025:15:53:46 -0500] "GET /?products/3508722/ HTTP/1.1" 200 42342 "-" "meta-externalagent/1.1 (+https://developers.facebook.com/docs/sharing/webmasters/crawler)"
66.249.70.128 - - [18/Dec/2025:15:53:54 -0500] "GET /?products/1339466/ HTTP/1.1" 200 6945 "-" "Mozilla/5.0 (Linux; Android 6.0.1; Nexus 5X Build/MMB29P) AppleWebKit/537.36 (KHTML, like Gecko) Chrome/141.0.7390.122 Mobile Safari/537.36 (compatible; Googlebot/2.1; +http://www.google.com/bot.html)"
57.141.2.82 - - [18/Dec/2025:15:54:01 -0500] "GET /?products/12760644/ HTTP/1.1" 200 42340 "-" "meta-externalagent/1.1 (+https://developers.facebook.com/docs/sharing/webmasters/crawler)"
57.141.2.21 - - [18/Dec/2025:15:54:02 -0500] "GET /?products/21325522/ HTTP/1.1" 200 42342 "-" "meta-externalagent/1.1 (+https://developers.facebook.com/docs/sharing/webmasters/crawler)"
57.141.2.9 - - [18/Dec/2025:15:54:06 -0500] "GET /?products/26739899/ HTTP/1.1" 200 42342 "-" "meta-externalagent/1.1 (+https://developers.facebook.com/docs/sharing/webmasters/crawler)"
57.141.2.94 - - [18/Dec/2025:15:55:10 -0500] "GET /?products/22005611/ HTTP/1.1" 200 42342 "-" "meta-externalagent/1.1 (+https://developers.facebook.com/docs/sharing/webmasters/crawler)"
66.249.70.141 - - [18/Dec/2025:15:55:54 -0500] "GET /?products/21309622/ HTTP/1.1" 200 6941 "-" "Mozilla/5.0 (Linux; Android 6.0.1; Nexus 5X Build/MMB29P) AppleWebKit/537.36 (KHTML, like Gecko) Chrome/141.0.7390.122 Mobile Safari/537.36 (compatible; Googlebot/2.1; +http://www.google.com/bot.html)"
66.249.70.141 - - [18/Dec/2025:15:56:29 -0500] "GET /?products/20775555/ HTTP/1.1" 200 6940 "-" "Mozilla/5.0 (Linux; Android 6.0.1; Nexus 5X Build/MMB29P) AppleWebKit/537.36 (KHTML, like Gecko) Chrome/141.0.7390.122 Mobile Safari/537.36 (compatible; GoogleOther)"
66.249.70.142 - - [18/Dec/2025:15:56:40 -0500] "GET /?products/10294099/ HTTP/1.1" 200 6943 "-" "Mozilla/5.0 (Linux; Android 6.0.1; Nexus 5X Build/MMB29P) AppleWebKit/537.36 (KHTML, like Gecko) Chrome/141.0.7390.122 Mobile Safari/537.36 (compatible; Googlebot/2.1; +http://www.google.com/bot.html)"
57.141.2.70 - - [18/Dec/2025:15:57:17 -0500] "GET /?products/7790099/ HTTP/1.1" 200 42342 "-" "meta-externalagent/1.1 (+https://developers.facebook.com/docs/sharing/webmasters/crawler)"
66.249.70.128 - - [18/Dec/2025:15:57:44 -0500] "GET /?products/29740388/ HTTP/1.1" 200 6911 "-" "Mozilla/5.0 (Linux; Android 6.0.1; Nexus 5X Build/MMB29P) AppleWebKit/537.36 (KHTML, like Gecko) Chrome/141.0.7390.122 Mobile Safari/537.36 (compatible; Googlebot/2.1; +http://www.google.com/bot.html)"
66.249.70.141 - - [18/Dec/2025:15:58:05 -0500] "GET /?products/19776500/ HTTP/1.1" 200 6922 "-" "Mozilla/5.0 (Linux; Android 6.0.1; Nexus 5X Build/MMB29P) AppleWebKit/537.36 (KHTML, like Gecko) Chrome/141.0.7390.122 Mobile Safari/537.36 (compatible; Googlebot/2.1; +http://www.google.com/bot.html)"
66.249.70.141 - - [18/Dec/2025:15:59:33 -0500] "GET /?products/12251177/ HTTP/1.1" 200 6940 "-" "Mozilla/5.0 (Linux; Android 6.0.1; Nexus 5X Build/MMB29P) AppleWebKit/537.36 (KHTML, like Gecko) Chrome/141.0.7390.122 Mobile Safari/537.36 (compatible; Googlebot/2.1; +http://www.google.com/bot.html)"
66.249.70.142 - - [18/Dec/2025:15:59:41 -0500] "GET /?products/18190155/ HTTP/1.1" 200 6946 "-" "Mozilla/5.0 (Linux; Android 6.0.1; Nexus 5X Build/MMB29P) AppleWebKit/537.36 (KHTML, like Gecko) Chrome/141.0.7390.122 Mobile Safari/537.36 (compatible; Googlebot/2.1; +http://www.google.com/bot.html)"
57.141.2.70 - - [18/Dec/2025:15:59:51 -0500] "GET /contact-form/Generate_Captcha_Code.php?rand=1730929021 HTTP/1.1" 200 2170 "-" "meta-externalagent/1.1 (+https://developers.facebook.com/docs/sharing/webmasters/crawler)"
52.167.144.150 - - [18/Dec/2025:16:00:21 -0500] "GET /common/fancybox/jquery.fancybox.min.css HTTP/1.1" 200 2897 "-" "Mozilla/5.0 AppleWebKit/537.36 (KHTML, like Gecko; compatible; bingbot/2.0; +http://www.bing.com/bingbot.htm) Chrome/116.0.1938.76 Safari/537.36"
47.128.39.248 - - [18/Dec/2025:15:53:04 -0500] "GET /robots.txt HTTP/1.1" 200 72 "-" "Mozilla/5.0 (Linux; Android 5.0) AppleWebKit/537.36 (KHTML, like Gecko) Mobile Safari/537.36 (compatible; Bytespider; [email protected])"
57.141.2.36 - - [18/Dec/2025:15:53:26 -0500] "GET /?products/24582022/ HTTP/1.1" 200 42341 "-" "meta-externalagent/1.1 (+https://developers.facebook.com/docs/sharing/webmasters/crawler)"
57.141.2.30 - - [18/Dec/2025:15:53:28 -0500] "GET /?products/8750811/ HTTP/1.1" 200 42342 "-" "meta-externalagent/1.1 (+https://developers.facebook.com/docs/sharing/webmasters/crawler)"
57.141.2.72 - - [18/Dec/2025:15:53:58 -0500] "GET /?products/15737177/ HTTP/1.1" 200 42341 "-" "meta-externalagent/1.1 (+https://developers.facebook.com/docs/sharing/webmasters/crawler)"
66.249.70.128 - - [18/Dec/2025:15:54:16 -0500] "GET /?products/24450844/ HTTP/1.1" 200 6942 "-" "Mozilla/5.0 (Linux; Android 6.0.1; Nexus 5X Build/MMB29P) AppleWebKit/537.36 (KHTML, like Gecko) Chrome/141.0.7390.122 Mobile Safari/537.36 (compatible; Googlebot/2.1; +http://www.google.com/bot.html)"
66.249.70.141 - - [18/Dec/2025:15:55:10 -0500] "GET /?products/3750133/ HTTP/1.1" 200 6922 "-" "Mozilla/5.0 (Linux; Android 6.0.1; Nexus 5X Build/MMB29P) AppleWebKit/537.36 (KHTML, like Gecko) Chrome/141.0.7390.122 Mobile Safari/537.36 (compatible; Googlebot/2.1; +http://www.google.com/bot.html)"
57.141.2.92 - - [18/Dec/2025:15:55:11 -0500] "GET /?products/7863177/ HTTP/1.1" 200 42342 "-" "meta-externalagent/1.1 (+https://developers.facebook.com/docs/sharing/webmasters/crawler)"
66.249.70.142 - - [18/Dec/2025:15:55:20 -0500] "GET /?products/7931444/ HTTP/1.1" 200 6941 "-" "Mozilla/5.0 (Linux; Android 6.0.1; Nexus 5X Build/MMB29P) AppleWebKit/537.36 (KHTML, like Gecko) Chrome/141.0.7390.122 Mobile Safari/537.36 (compatible; Googlebot/2.1; +http://www.google.com/bot.html)"
57.141.2.25 - - [18/Dec/2025:15:55:43 -0500] "GET /?products/994433/ HTTP/1.1" 200 42341 "-" "meta-externalagent/1.1 (+https://developers.facebook.com/docs/sharing/webmasters/crawler)"
57.141.2.71 - - [18/Dec/2025:15:58:14 -0500] "GET /?products/15230066/ HTTP/1.1" 200 42342 "-" "meta-externalagent/1.1 (+https://developers.facebook.com/docs/sharing/webmasters/crawler)"
57.141.2.9 - - [18/Dec/2025:15:58:29 -0500] "GET /contact-form/Generate_Captcha_Code.php?rand=1730929021 HTTP/1.1" 200 2264 "-" "meta-externalagent/1.1 (+https://developers.facebook.com/docs/sharing/webmasters/crawler)"
57.141.2.12 - - [18/Dec/2025:15:59:51 -0500] "GET /?products/26034077/ HTTP/1.1" 200 42342 "-" "meta-externalagent/1.1 (+https://developers.facebook.com/docs/sharing/webmasters/crawler)"
57.141.2.60 - - [18/Dec/2025:16:00:06 -0500] "GET /?products/24228299/ HTTP/1.1" 200 42342 "-" "meta-externalagent/1.1 (+https://developers.facebook.com/docs/sharing/webmasters/crawler)"
104.210.140.135 - - [18/Dec/2025:16:00:09 -0500] "GET /robots.txt HTTP/1.1" 200 72 "-" "Mozilla/5.0 (Macintosh; Intel Mac OS X 10_15_7) AppleWebKit/537.36 (KHTML, like Gecko) Chrome/131.0.0.0 Safari/537.36; compatible; OAI-SearchBot/1.0; +https://openai.com/searchbot"
66.249.70.141 - - [18/Dec/2025:16:01:07 -0500] "GET /?products/24870022/ HTTP/1.1" 200 6948 "-" "Mozilla/5.0 (Linux; Android 6.0.1; Nexus 5X Build/MMB29P) AppleWebKit/537.36 (KHTML, like Gecko) Chrome/141.0.7390.122 Mobile Safari/537.36 (compatible; Googlebot/2.1; +http://www.google.com/bot.html)"
57.141.2.33 - - [18/Dec/2025:16:01:22 -0500] "GET /contact-form/Generate_Captcha_Code.php?rand=1165006746 HTTP/1.1" 200 2176 "-" "meta-externalagent/1.1 (+https://developers.facebook.com/docs/sharing/webmasters/crawler)"
57.141.2.77 - - [18/Dec/2025:16:01:38 -0500] "GET /?products/18156355/ HTTP/1.1" 200 42342 "-" "meta-externalagent/1.1 (+https://developers.facebook.com/docs/sharing/webmasters/crawler)"
66.249.70.142 - - [18/Dec/2025:16:01:43 -0500] "GET /?products/1898999/ HTTP/1.1" 200 6919 "-" "Mozilla/5.0 (Linux; Android 6.0.1; Nexus 5X Build/MMB29P) AppleWebKit/537.36 (KHTML, like Gecko) Chrome/141.0.7390.122 Mobile Safari/537.36 (compatible; Googlebot/2.1; +http://www.google.com/bot.html)"
57.141.2.94 - - [18/Dec/2025:16:02:44 -0500] "GET /contact-form/Generate_Captcha_Code.php?rand=1165006746 HTTP/1.1" 200 2377 "-" "meta-externalagent/1.1 (+https://developers.facebook.com/docs/sharing/webmasters/crawler)"
57.141.2.14 - - [18/Dec/2025:16:03:14 -0500] "GET /?products/26625588/ HTTP/1.1" 200 42342 "-" "meta-externalagent/1.1 (+https://developers.facebook.com/docs/sharing/webmasters/crawler)"
57.141.2.80 - - [18/Dec/2025:16:03:15 -0500] "GET /?products/9219444/ HTTP/1.1" 200 42340 "-" "meta-externalagent/1.1 (+https://developers.facebook.com/docs/sharing/webmasters/crawler)"
66.249.70.141 - - [18/Dec/2025:16:03:26 -0500] "GET /?products/20715244/ HTTP/1.1" 200 6919 "-" "Mozilla/5.0 (Linux; Android 6.0.1; Nexus 5X Build/MMB29P) AppleWebKit/537.36 (KHTML, like Gecko) Chrome/141.0.7390.122 Mobile Safari/537.36 (compatible; Googlebot/2.1; +http://www.google.com/bot.html)"
114.119.140.79 - - [18/Dec/2025:16:03:27 -0500] "GET /upload/tour-package/date/gallery/-163030991995_28172148911_1668782088_n.jpg HTTP/1.1" 200 137101 "https://www.taxigalle.com/view-tours.php?id=23" "Mozilla/5.0 (Linux; Android 7.0;) AppleWebKit/537.36 (KHTML, like Gecko) Mobile Safari/537.36 (compatible; PetalBot;+https://webmaster.petalsearch.com/site/petalbot)"
57.141.2.30 - - [18/Dec/2025:16:04:24 -0500] "GET /contact-form/Generate_Captcha_Code.php?rand=2026315011 HTTP/1.1" 200 2294 "-" "meta-externalagent/1.1 (+https://developers.facebook.com/docs/sharing/webmasters/crawler)"
66.249.70.128 - - [18/Dec/2025:16:05:05 -0500] "GET /?products/16363333/ HTTP/1.1" 200 6913 "-" "Mozilla/5.0 (Linux; Android 6.0.1; Nexus 5X Build/MMB29P) AppleWebKit/537.36 (KHTML, like Gecko) Chrome/141.0.7390.122 Mobile Safari/537.36 (compatible; Googlebot/2.1; +http://www.google.com/bot.html)"
57.141.2.28 - - [18/Dec/2025:16:05:10 -0500] "GET /?products/21999022/ HTTP/1.1" 200 42342 "-" "meta-externalagent/1.1 (+https://developers.facebook.com/docs/sharing/webmasters/crawler)"
57.141.2.31 - - [18/Dec/2025:16:05:55 -0500] "GET /?products/28684599/ HTTP/1.1" 200 42342 "-" "meta-externalagent/1.1 (+https://developers.facebook.com/docs/sharing/webmasters/crawler)"
57.141.2.5 - - [18/Dec/2025:16:06:10 -0500] "GET /?products/24881922/ HTTP/1.1" 200 42342 "-" "meta-externalagent/1.1 (+https://developers.facebook.com/docs/sharing/webmasters/crawler)"
66.249.70.141 - - [18/Dec/2025:16:06:43 -0500] "GET /?products/18244977/ HTTP/1.1" 200 6797 "-" "Mozilla/5.0 (Linux; Android 6.0.1; Nexus 5X Build/MMB29P) AppleWebKit/537.36 (KHTML, like Gecko) Chrome/141.0.7390.122 Mobile Safari/537.36 (compatible; Googlebot/2.1; +http://www.google.com/bot.html)"
66.249.70.128 - - [18/Dec/2025:16:07:01 -0500] "GET /?products/11204211/ HTTP/1.1" 200 6798 "-" "Mozilla/5.0 (Linux; Android 6.0.1; Nexus 5X Build/MMB29P) AppleWebKit/537.36 (KHTML, like Gecko) Chrome/141.0.7390.122 Mobile Safari/537.36 (compatible; Googlebot/2.1; +http://www.google.com/bot.html)"
57.141.2.24 - - [18/Dec/2025:16:07:29 -0500] "GET /?products/6297888/ HTTP/1.1" 200 42341 "-" "meta-externalagent/1.1 (+https://developers.facebook.com/docs/sharing/webmasters/crawler)"
57.141.2.89 - - [18/Dec/2025:16:10:02 -0500] "GET /?products/29157799/ HTTP/1.1" 200 42341 "-" "meta-externalagent/1.1 (+https://developers.facebook.com/docs/sharing/webmasters/crawler)"
57.141.2.27 - - [18/Dec/2025:16:02:26 -0500] "GET /?products/6617500/ HTTP/1.1" 200 42341 "-" "meta-externalagent/1.1 (+https://developers.facebook.com/docs/sharing/webmasters/crawler)"
57.141.2.5 - - [18/Dec/2025:16:03:18 -0500] "GET /?products/27734677/ HTTP/1.1" 200 42342 "-" "meta-externalagent/1.1 (+https://developers.facebook.com/docs/sharing/webmasters/crawler)"
66.249.70.128 - - [18/Dec/2025:16:03:24 -0500] "GET /?products/26236177/ HTTP/1.1" 200 6942 "-" "Mozilla/5.0 (Linux; Android 6.0.1; Nexus 5X Build/MMB29P) AppleWebKit/537.36 (KHTML, like Gecko) Chrome/141.0.7390.122 Mobile Safari/537.36 (compatible; Googlebot/2.1; +http://www.google.com/bot.html)"
57.141.2.61 - - [18/Dec/2025:16:03:38 -0500] "GET /?products/3348999/ HTTP/1.1" 200 42340 "-" "meta-externalagent/1.1 (+https://developers.facebook.com/docs/sharing/webmasters/crawler)"
57.141.2.6 - - [18/Dec/2025:16:04:02 -0500] "GET /?products/5318811/ HTTP/1.1" 200 42342 "-" "meta-externalagent/1.1 (+https://developers.facebook.com/docs/sharing/webmasters/crawler)"
57.141.2.31 - - [18/Dec/2025:16:04:26 -0500] "GET /contact-form/Generate_Captcha_Code.php?rand=2026315011 HTTP/1.1" 200 2193 "-" "meta-externalagent/1.1 (+https://developers.facebook.com/docs/sharing/webmasters/crawler)"
57.141.2.11 - - [18/Dec/2025:16:05:03 -0500] "GET /?products/4750166/ HTTP/1.1" 200 42342 "-" "meta-externalagent/1.1 (+https://developers.facebook.com/docs/sharing/webmasters/crawler)"
57.141.2.76 - - [18/Dec/2025:16:05:37 -0500] "GET /?products/10720300/ HTTP/1.1" 200 42342 "-" "meta-externalagent/1.1 (+https://developers.facebook.com/docs/sharing/webmasters/crawler)"
66.249.70.128 - - [18/Dec/2025:16:06:11 -0500] "GET /?products/3392300/ HTTP/1.1" 200 6910 "-" "Mozilla/5.0 (Linux; Android 6.0.1; Nexus 5X Build/MMB29P) AppleWebKit/537.36 (KHTML, like Gecko) Chrome/141.0.7390.122 Mobile Safari/537.36 (compatible; Googlebot/2.1; +http://www.google.com/bot.html)"
66.249.70.141 - - [18/Dec/2025:16:06:23 -0500] "GET /?products/27365355/ HTTP/1.1" 200 6946 "-" "Mozilla/5.0 (Linux; Android 6.0.1; Nexus 5X Build/MMB29P) AppleWebKit/537.36 (KHTML, like Gecko) Chrome/141.0.7390.122 Mobile Safari/537.36 (compatible; Googlebot/2.1; +http://www.google.com/bot.html)"
57.141.2.24 - - [18/Dec/2025:16:06:25 -0500] "GET /?products/25206377/ HTTP/1.1" 200 42342 "-" "meta-externalagent/1.1 (+https://developers.facebook.com/docs/sharing/webmasters/crawler)"
57.141.2.63 - - [18/Dec/2025:16:06:42 -0500] "GET /?products/11661622/ HTTP/1.1" 200 42342 "-" "meta-externalagent/1.1 (+https://developers.facebook.com/docs/sharing/webmasters/crawler)"
66.249.70.141 - - [18/Dec/2025:16:08:24 -0500] "GET /?products/8933999/ HTTP/1.1" 200 6797 "-" "Mozilla/5.0 (Linux; Android 6.0.1; Nexus 5X Build/MMB29P) AppleWebKit/537.36 (KHTML, like Gecko) Chrome/141.0.7390.122 Mobile Safari/537.36 (compatible; Googlebot/2.1; +http://www.google.com/bot.html)"
57.141.2.29 - - [18/Dec/2025:16:10:01 -0500] "GET /?products/23825244/ HTTP/1.1" 200 42342 "-" "meta-externalagent/1.1 (+https://developers.facebook.com/docs/sharing/webmasters/crawler)"
57.141.2.66 - - [18/Dec/2025:16:10:33 -0500] "GET /contact-form/Generate_Captcha_Code.php?rand=1210819546 HTTP/1.1" 200 2366 "-" "meta-externalagent/1.1 (+https://developers.facebook.com/docs/sharing/webmasters/crawler)"
57.141.2.11 - - [18/Dec/2025:16:11:03 -0500] "GET /?products/18353155/ HTTP/1.1" 200 42342 "-" "meta-externalagent/1.1 (+https://developers.facebook.com/docs/sharing/webmasters/crawler)"
57.141.2.23 - - [18/Dec/2025:16:12:58 -0500] "GET /contact-form/Generate_Captcha_Code.php?rand=1489583958 HTTP/1.1" 200 2250 "-" "meta-externalagent/1.1 (+https://developers.facebook.com/docs/sharing/webmasters/crawler)"
57.141.2.28 - - [18/Dec/2025:16:13:36 -0500] "GET /?products/19033499/ HTTP/1.1" 200 42341 "-" "meta-externalagent/1.1 (+https://developers.facebook.com/docs/sharing/webmasters/crawler)"
66.249.70.142 - - [18/Dec/2025:16:10:02 -0500] "GET /?products/24584900/ HTTP/1.1" 200 6941 "-" "Mozilla/5.0 (Linux; Android 6.0.1; Nexus 5X Build/MMB29P) AppleWebKit/537.36 (KHTML, like Gecko) Chrome/141.0.7390.122 Mobile Safari/537.36 (compatible; Googlebot/2.1; +http://www.google.com/bot.html)"
66.249.70.142 - - [18/Dec/2025:16:10:16 -0500] "GET /?products/20974100/ HTTP/1.1" 200 6941 "-" "Mozilla/5.0 (Linux; Android 6.0.1; Nexus 5X Build/MMB29P) AppleWebKit/537.36 (KHTML, like Gecko) Chrome/141.0.7390.122 Mobile Safari/537.36 (compatible; Googlebot/2.1; +http://www.google.com/bot.html)"
57.141.2.20 - - [18/Dec/2025:16:10:29 -0500] "GET /contact-form/Generate_Captcha_Code.php?rand=1210819546 HTTP/1.1" 200 2191 "-" "meta-externalagent/1.1 (+https://developers.facebook.com/docs/sharing/webmasters/crawler)"
57.141.2.2 - - [18/Dec/2025:16:10:44 -0500] "GET /?products/26677399/ HTTP/1.1" 200 42340 "-" "meta-externalagent/1.1 (+https://developers.facebook.com/docs/sharing/webmasters/crawler)"
66.249.70.141 - - [18/Dec/2025:16:11:38 -0500] "GET /?products/15652066/ HTTP/1.1" 200 6945 "-" "Mozilla/5.0 (Linux; Android 6.0.1; Nexus 5X Build/MMB29P) AppleWebKit/537.36 (KHTML, like Gecko) Chrome/141.0.7390.122 Mobile Safari/537.36 (compatible; Googlebot/2.1; +http://www.google.com/bot.html)"
57.141.2.36 - - [18/Dec/2025:16:11:37 -0500] "GET /contact-form/Generate_Captcha_Code.php?rand=1489583958 HTTP/1.1" 200 2458 "-" "meta-externalagent/1.1 (+https://developers.facebook.com/docs/sharing/webmasters/crawler)"
57.141.2.87 - - [18/Dec/2025:16:12:10 -0500] "GET /?products/25784033/ HTTP/1.1" 200 42342 "-" "meta-externalagent/1.1 (+https://developers.facebook.com/docs/sharing/webmasters/crawler)"
57.141.2.14 - - [18/Dec/2025:16:14:26 -0500] "GET /?products/15106433/ HTTP/1.1" 200 42342 "-" "meta-externalagent/1.1 (+https://developers.facebook.com/docs/sharing/webmasters/crawler)"
66.249.70.142 - - [18/Dec/2025:16:14:54 -0500] "GET /?products/12239155/ HTTP/1.1" 200 6941 "-" "Mozilla/5.0 (Linux; Android 6.0.1; Nexus 5X Build/MMB29P) AppleWebKit/537.36 (KHTML, like Gecko) Chrome/141.0.7390.122 Mobile Safari/537.36 (compatible; Googlebot/2.1; +http://www.google.com/bot.html)"
57.141.2.94 - - [18/Dec/2025:16:17:07 -0500] "GET /?products/15475044/ HTTP/1.1" 200 42341 "-" "meta-externalagent/1.1 (+https://developers.facebook.com/docs/sharing/webmasters/crawler)"
57.141.2.76 - - [18/Dec/2025:16:17:50 -0500] "GET /?products/23007677/ HTTP/1.1" 200 42342 "-" "meta-externalagent/1.1 (+https://developers.facebook.com/docs/sharing/webmasters/crawler)"
57.141.2.62 - - [18/Dec/2025:16:18:09 -0500] "GET /?products/3135444/ HTTP/1.1" 200 42342 "-" "meta-externalagent/1.1 (+https://developers.facebook.com/docs/sharing/webmasters/crawler)"
57.141.2.5 - - [18/Dec/2025:16:19:50 -0500] "GET /?products/23942777/ HTTP/1.1" 200 42342 "-" "meta-externalagent/1.1 (+https://developers.facebook.com/docs/sharing/webmasters/crawler)"
57.141.2.87 - - [18/Dec/2025:16:21:37 -0500] "GET /?products/12954800/ HTTP/1.1" 200 42342 "-" "meta-externalagent/1.1 (+https://developers.facebook.com/docs/sharing/webmasters/crawler)"
57.141.2.11 - - [18/Dec/2025:16:21:42 -0500] "GET /?products/15785066/ HTTP/1.1" 200 42341 "-" "meta-externalagent/1.1 (+https://developers.facebook.com/docs/sharing/webmasters/crawler)"
57.141.2.19 - - [18/Dec/2025:16:21:58 -0500] "GET /contact-form/Generate_Captcha_Code.php?rand=1024073441 HTTP/1.1" 200 2246 "-" "meta-externalagent/1.1 (+https://developers.facebook.com/docs/sharing/webmasters/crawler)"
57.141.2.20 - - [18/Dec/2025:16:22:00 -0500] "GET /contact-form/Generate_Captcha_Code.php?rand=1024073441 HTTP/1.1" 200 2229 "-" "meta-externalagent/1.1 (+https://developers.facebook.com/docs/sharing/webmasters/crawler)"
57.141.2.16 - - [18/Dec/2025:16:22:04 -0500] "GET /contact-form/Generate_Captcha_Code.php?rand=1294294331 HTTP/1.1" 200 2204 "-" "meta-externalagent/1.1 (+https://developers.facebook.com/docs/sharing/webmasters/crawler)"
57.141.2.13 - - [18/Dec/2025:16:22:17 -0500] "GET /?products/19414788/ HTTP/1.1" 200 42341 "-" "meta-externalagent/1.1 (+https://developers.facebook.com/docs/sharing/webmasters/crawler)"
57.141.2.11 - - [18/Dec/2025:16:25:28 -0500] "GET /?products/3243700/ HTTP/1.1" 200 42341 "-" "meta-externalagent/1.1 (+https://developers.facebook.com/docs/sharing/webmasters/crawler)"
57.141.2.53 - - [18/Dec/2025:16:27:25 -0500] "GET /?products/13088800/ HTTP/1.1" 200 42342 "-" "meta-externalagent/1.1 (+https://developers.facebook.com/docs/sharing/webmasters/crawler)"
66.249.70.142 - - [18/Dec/2025:16:27:36 -0500] "GET /?products/26912777/ HTTP/1.1" 200 6873 "-" "Mozilla/5.0 (Linux; Android 6.0.1; Nexus 5X Build/MMB29P) AppleWebKit/537.36 (KHTML, like Gecko) Chrome/141.0.7390.122 Mobile Safari/537.36 (compatible; Googlebot/2.1; +http://www.google.com/bot.html)"
57.141.2.9 - - [18/Dec/2025:16:29:04 -0500] "GET /contact-form/Generate_Captcha_Code.php?rand=1868236463 HTTP/1.1" 200 2156 "-" "meta-externalagent/1.1 (+https://developers.facebook.com/docs/sharing/webmasters/crawler)"
57.141.2.25 - - [18/Dec/2025:16:29:19 -0500] "GET /?products/12542244/ HTTP/1.1" 200 42342 "-" "meta-externalagent/1.1 (+https://developers.facebook.com/docs/sharing/webmasters/crawler)"
57.141.2.25 - - [18/Dec/2025:16:30:22 -0500] "GET /?products/25868822/ HTTP/1.1" 200 42341 "-" "meta-externalagent/1.1 (+https://developers.facebook.com/docs/sharing/webmasters/crawler)"
57.141.2.4 - - [18/Dec/2025:16:13:40 -0500] "GET /?products/25035233/ HTTP/1.1" 200 42341 "-" "meta-externalagent/1.1 (+https://developers.facebook.com/docs/sharing/webmasters/crawler)"
66.249.70.141 - - [18/Dec/2025:16:18:15 -0500] "GET /?products/3733811/ HTTP/1.1" 200 6889 "-" "Mozilla/5.0 (Linux; Android 6.0.1; Nexus 5X Build/MMB29P) AppleWebKit/537.36 (KHTML, like Gecko) Chrome/141.0.7390.122 Mobile Safari/537.36 (compatible; Googlebot/2.1; +http://www.google.com/bot.html)"
57.141.2.60 - - [18/Dec/2025:16:18:40 -0500] "GET /?products/16430588/ HTTP/1.1" 200 42341 "-" "meta-externalagent/1.1 (+https://developers.facebook.com/docs/sharing/webmasters/crawler)"
57.141.2.64 - - [18/Dec/2025:16:18:43 -0500] "GET /?products/12009955/ HTTP/1.1" 200 42342 "-" "meta-externalagent/1.1 (+https://developers.facebook.com/docs/sharing/webmasters/crawler)"
57.141.2.58 - - [18/Dec/2025:16:20:19 -0500] "GET /?products/24016633/ HTTP/1.1" 200 42342 "-" "meta-externalagent/1.1 (+https://developers.facebook.com/docs/sharing/webmasters/crawler)"
57.141.2.16 - - [18/Dec/2025:16:20:56 -0500] "GET /?products/8689733/ HTTP/1.1" 200 42342 "-" "meta-externalagent/1.1 (+https://developers.facebook.com/docs/sharing/webmasters/crawler)"
57.141.2.68 - - [18/Dec/2025:16:22:01 -0500] "GET /contact-form/Generate_Captcha_Code.php?rand=1294294331 HTTP/1.1" 200 2330 "-" "meta-externalagent/1.1 (+https://developers.facebook.com/docs/sharing/webmasters/crawler)"
66.249.70.128 - - [18/Dec/2025:16:22:22 -0500] "GET /?products/20046088/ HTTP/1.1" 200 6856 "-" "Mozilla/5.0 (Linux; Android 6.0.1; Nexus 5X Build/MMB29P) AppleWebKit/537.36 (KHTML, like Gecko) Chrome/141.0.7390.122 Mobile Safari/537.36 (compatible; Googlebot/2.1; +http://www.google.com/bot.html)"
57.141.2.12 - - [18/Dec/2025:16:23:22 -0500] "GET /?products/9405700/ HTTP/1.1" 200 42342 "-" "meta-externalagent/1.1 (+https://developers.facebook.com/docs/sharing/webmasters/crawler)"
57.141.2.76 - - [18/Dec/2025:16:25:02 -0500] "GET /?products/6160722/ HTTP/1.1" 200 42342 "-" "meta-externalagent/1.1 (+https://developers.facebook.com/docs/sharing/webmasters/crawler)"
57.141.2.16 - - [18/Dec/2025:16:26:07 -0500] "GET /contact-form/Generate_Captcha_Code.php?rand=2102119651 HTTP/1.1" 200 2175 "-" "meta-externalagent/1.1 (+https://developers.facebook.com/docs/sharing/webmasters/crawler)"
57.141.2.29 - - [18/Dec/2025:16:26:17 -0500] "GET /contact-form/Generate_Captcha_Code.php?rand=2102119651 HTTP/1.1" 200 1889 "-" "meta-externalagent/1.1 (+https://developers.facebook.com/docs/sharing/webmasters/crawler)"
57.141.2.33 - - [18/Dec/2025:16:27:43 -0500] "GET /?products/11214355/ HTTP/1.1" 200 42342 "-" "meta-externalagent/1.1 (+https://developers.facebook.com/docs/sharing/webmasters/crawler)"
57.141.2.14 - - [18/Dec/2025:16:28:14 -0500] "GET /?products/17195666/ HTTP/1.1" 200 42342 "-" "meta-externalagent/1.1 (+https://developers.facebook.com/docs/sharing/webmasters/crawler)"
57.141.2.60 - - [18/Dec/2025:16:29:14 -0500] "GET /?products/9495888/ HTTP/1.1" 200 42342 "-" "meta-externalagent/1.1 (+https://developers.facebook.com/docs/sharing/webmasters/crawler)"
57.141.2.66 - - [18/Dec/2025:16:29:39 -0500] "GET /?products/21003233/ HTTP/1.1" 200 42342 "-" "meta-externalagent/1.1 (+https://developers.facebook.com/docs/sharing/webmasters/crawler)"
57.141.2.36 - - [18/Dec/2025:16:31:09 -0500] "GET /?products/1690533/ HTTP/1.1" 200 42341 "-" "meta-externalagent/1.1 (+https://developers.facebook.com/docs/sharing/webmasters/crawler)"
57.141.2.2 - - [18/Dec/2025:16:32:06 -0500] "GET /?products/23299644/ HTTP/1.1" 200 42342 "-" "meta-externalagent/1.1 (+https://developers.facebook.com/docs/sharing/webmasters/crawler)"
57.141.2.1 - - [18/Dec/2025:16:32:22 -0500] "GET /contact-form/Generate_Captcha_Code.php?rand=824150696 HTTP/1.1" 200 2350 "-" "meta-externalagent/1.1 (+https://developers.facebook.com/docs/sharing/webmasters/crawler)"
66.249.70.141 - - [18/Dec/2025:16:32:51 -0500] "GET /?products/12611055/ HTTP/1.1" 200 6920 "-" "Mozilla/5.0 (Linux; Android 6.0.1; Nexus 5X Build/MMB29P) AppleWebKit/537.36 (KHTML, like Gecko) Chrome/141.0.7390.122 Mobile Safari/537.36 (compatible; Googlebot/2.1; +http://www.google.com/bot.html)"
57.141.2.14 - - [18/Dec/2025:16:34:47 -0500] "GET /?products/20393666/ HTTP/1.1" 200 42342 "-" "meta-externalagent/1.1 (+https://developers.facebook.com/docs/sharing/webmasters/crawler)"
66.249.70.141 - - [18/Dec/2025:16:35:43 -0500] "GET /?products/30225000/ HTTP/1.1" 200 6912 "-" "Mozilla/5.0 (Linux; Android 6.0.1; Nexus 5X Build/MMB29P) AppleWebKit/537.36 (KHTML, like Gecko) Chrome/141.0.7390.122 Mobile Safari/537.36 (compatible; Googlebot/2.1; +http://www.google.com/bot.html)"
57.141.2.57 - - [18/Dec/2025:16:35:44 -0500] "GET /?products/15990777/ HTTP/1.1" 200 42341 "-" "meta-externalagent/1.1 (+https://developers.facebook.com/docs/sharing/webmasters/crawler)"
57.141.2.22 - - [18/Dec/2025:16:36:43 -0500] "GET /contact-form/Generate_Captcha_Code.php?rand=40988845 HTTP/1.1" 200 2412 "-" "meta-externalagent/1.1 (+https://developers.facebook.com/docs/sharing/webmasters/crawler)"
66.249.70.141 - - [18/Dec/2025:16:37:52 -0500] "GET /?products/11789788/ HTTP/1.1" 200 6945 "-" "Mozilla/5.0 (Linux; Android 6.0.1; Nexus 5X Build/MMB29P) AppleWebKit/537.36 (KHTML, like Gecko) Chrome/141.0.7390.122 Mobile Safari/537.36 (compatible; Googlebot/2.1; +http://www.google.com/bot.html)"
57.141.2.21 - - [18/Dec/2025:16:40:21 -0500] "GET /?products/14663844/ HTTP/1.1" 200 42341 "-" "meta-externalagent/1.1 (+https://developers.facebook.com/docs/sharing/webmasters/crawler)"
57.141.2.13 - - [18/Dec/2025:16:40:57 -0500] "GET /contact-form/Generate_Captcha_Code.php?rand=965119054 HTTP/1.1" 200 2172 "-" "meta-externalagent/1.1 (+https://developers.facebook.com/docs/sharing/webmasters/crawler)"
57.141.2.34 - - [18/Dec/2025:16:41:07 -0500] "GET /?products/10823177/ HTTP/1.1" 200 42341 "-" "meta-externalagent/1.1 (+https://developers.facebook.com/docs/sharing/webmasters/crawler)"
57.141.2.80 - - [18/Dec/2025:16:41:40 -0500] "GET /?products/12698977/ HTTP/1.1" 200 42342 "-" "meta-externalagent/1.1 (+https://developers.facebook.com/docs/sharing/webmasters/crawler)"
57.141.2.26 - - [18/Dec/2025:16:42:27 -0500] "GET /?products/19866066/ HTTP/1.1" 200 42342 "-" "meta-externalagent/1.1 (+https://developers.facebook.com/docs/sharing/webmasters/crawler)"
57.141.2.53 - - [18/Dec/2025:16:42:29 -0500] "GET /?products/23942422/ HTTP/1.1" 200 42342 "-" "meta-externalagent/1.1 (+https://developers.facebook.com/docs/sharing/webmasters/crawler)"
57.141.2.49 - - [18/Dec/2025:16:45:03 -0500] "GET /?products/13585466/ HTTP/1.1" 200 42341 "-" "meta-externalagent/1.1 (+https://developers.facebook.com/docs/sharing/webmasters/crawler)"
57.141.2.1 - - [18/Dec/2025:16:45:38 -0500] "GET /contact-form/Generate_Captcha_Code.php?rand=382194387 HTTP/1.1" 200 2318 "-" "meta-externalagent/1.1 (+https://developers.facebook.com/docs/sharing/webmasters/crawler)"
57.141.2.66 - - [18/Dec/2025:16:46:38 -0500] "GET /contact-form/Generate_Captcha_Code.php?rand=749451271 HTTP/1.1" 200 2286 "-" "meta-externalagent/1.1 (+https://developers.facebook.com/docs/sharing/webmasters/crawler)"
57.141.2.64 - - [18/Dec/2025:16:46:39 -0500] "GET /?products/2308644/ HTTP/1.1" 200 42342 "-" "meta-externalagent/1.1 (+https://developers.facebook.com/docs/sharing/webmasters/crawler)"
57.141.2.16 - - [18/Dec/2025:16:30:24 -0500] "GET /contact-form/Generate_Captcha_Code.php?rand=1868236463 HTTP/1.1" 200 2270 "-" "meta-externalagent/1.1 (+https://developers.facebook.com/docs/sharing/webmasters/crawler)"
57.141.2.83 - - [18/Dec/2025:16:31:58 -0500] "GET /contact-form/Generate_Captcha_Code.php?rand=1525916750 HTTP/1.1" 200 2296 "-" "meta-externalagent/1.1 (+https://developers.facebook.com/docs/sharing/webmasters/crawler)"
57.141.2.15 - - [18/Dec/2025:16:32:00 -0500] "GET /contact-form/Generate_Captcha_Code.php?rand=1525916750 HTTP/1.1" 200 2233 "-" "meta-externalagent/1.1 (+https://developers.facebook.com/docs/sharing/webmasters/crawler)"
57.141.2.35 - - [18/Dec/2025:16:32:20 -0500] "GET /contact-form/Generate_Captcha_Code.php?rand=824150696 HTTP/1.1" 200 2271 "-" "meta-externalagent/1.1 (+https://developers.facebook.com/docs/sharing/webmasters/crawler)"
57.141.2.87 - - [18/Dec/2025:16:33:14 -0500] "GET /?products/29415055/ HTTP/1.1" 200 42342 "-" "meta-externalagent/1.1 (+https://developers.facebook.com/docs/sharing/webmasters/crawler)"
57.141.2.73 - - [18/Dec/2025:16:33:23 -0500] "GET /?products/28561277/ HTTP/1.1" 200 42342 "-" "meta-externalagent/1.1 (+https://developers.facebook.com/docs/sharing/webmasters/crawler)"
57.141.2.2 - - [18/Dec/2025:16:33:54 -0500] "GET /?products/27148044/ HTTP/1.1" 200 42341 "-" "meta-externalagent/1.1 (+https://developers.facebook.com/docs/sharing/webmasters/crawler)"
66.249.70.142 - - [18/Dec/2025:16:36:54 -0500] "GET /?products/5717655/ HTTP/1.1" 200 6946 "-" "Mozilla/5.0 (Linux; Android 6.0.1; Nexus 5X Build/MMB29P) AppleWebKit/537.36 (KHTML, like Gecko) Chrome/141.0.7390.122 Mobile Safari/537.36 (compatible; Googlebot/2.1; +http://www.google.com/bot.html)"
57.141.2.29 - - [18/Dec/2025:16:38:01 -0500] "GET /contact-form/Generate_Captcha_Code.php?rand=40988845 HTTP/1.1" 200 2400 "-" "meta-externalagent/1.1 (+https://developers.facebook.com/docs/sharing/webmasters/crawler)"
57.141.2.32 - - [18/Dec/2025:16:39:19 -0500] "GET /?products/21360444/ HTTP/1.1" 200 42342 "-" "meta-externalagent/1.1 (+https://developers.facebook.com/docs/sharing/webmasters/crawler)"
57.141.2.33 - - [18/Dec/2025:16:40:55 -0500] "GET /contact-form/Generate_Captcha_Code.php?rand=965119054 HTTP/1.1" 200 2325 "-" "meta-externalagent/1.1 (+https://developers.facebook.com/docs/sharing/webmasters/crawler)"
57.141.2.10 - - [18/Dec/2025:16:41:12 -0500] "GET /?products/22429299/ HTTP/1.1" 200 42341 "-" "meta-externalagent/1.1 (+https://developers.facebook.com/docs/sharing/webmasters/crawler)"
57.141.2.5 - - [18/Dec/2025:16:42:19 -0500] "GET /?products/6939177/ HTTP/1.1" 200 42342 "-" "meta-externalagent/1.1 (+https://developers.facebook.com/docs/sharing/webmasters/crawler)"
66.249.70.141 - - [18/Dec/2025:16:43:01 -0500] "GET /?products/1878088/ HTTP/1.1" 200 6919 "-" "Mozilla/5.0 (Linux; Android 6.0.1; Nexus 5X Build/MMB29P) AppleWebKit/537.36 (KHTML, like Gecko) Chrome/141.0.7390.122 Mobile Safari/537.36 (compatible; Googlebot/2.1; +http://www.google.com/bot.html)"
57.141.2.33 - - [18/Dec/2025:16:43:29 -0500] "GET /?products/1103633/ HTTP/1.1" 200 42342 "-" "meta-externalagent/1.1 (+https://developers.facebook.com/docs/sharing/webmasters/crawler)"
57.141.2.19 - - [18/Dec/2025:16:43:32 -0500] "GET /?products/9389155/ HTTP/1.1" 200 42341 "-" "meta-externalagent/1.1 (+https://developers.facebook.com/docs/sharing/webmasters/crawler)"
57.141.2.13 - - [18/Dec/2025:16:45:34 -0500] "GET /contact-form/Generate_Captcha_Code.php?rand=382194387 HTTP/1.1" 200 2240 "-" "meta-externalagent/1.1 (+https://developers.facebook.com/docs/sharing/webmasters/crawler)"
57.141.2.29 - - [18/Dec/2025:16:46:59 -0500] "GET /?products/10378466/ HTTP/1.1" 200 42342 "-" "meta-externalagent/1.1 (+https://developers.facebook.com/docs/sharing/webmasters/crawler)"
57.141.2.12 - - [18/Dec/2025:16:47:02 -0500] "GET /?products/24348022/ HTTP/1.1" 200 42342 "-" "meta-externalagent/1.1 (+https://developers.facebook.com/docs/sharing/webmasters/crawler)"
57.141.2.64 - - [18/Dec/2025:16:47:38 -0500] "GET /contact-form/Generate_Captcha_Code.php?rand=749451271 HTTP/1.1" 200 2298 "-" "meta-externalagent/1.1 (+https://developers.facebook.com/docs/sharing/webmasters/crawler)"
57.141.2.69 - - [18/Dec/2025:16:47:44 -0500] "GET /?products/13205833/ HTTP/1.1" 200 42341 "-" "meta-externalagent/1.1 (+https://developers.facebook.com/docs/sharing/webmasters/crawler)"
57.141.2.80 - - [18/Dec/2025:16:47:46 -0500] "GET /contact-form/Generate_Captcha_Code.php?rand=1430709303 HTTP/1.1" 200 2063 "-" "meta-externalagent/1.1 (+https://developers.facebook.com/docs/sharing/webmasters/crawler)"
66.249.70.142 - - [18/Dec/2025:16:48:25 -0500] "GET /?products/29843166/ HTTP/1.1" 200 6943 "-" "Mozilla/5.0 (Linux; Android 6.0.1; Nexus 5X Build/MMB29P) AppleWebKit/537.36 (KHTML, like Gecko) Chrome/141.0.7390.122 Mobile Safari/537.36 (compatible; Googlebot/2.1; +http://www.google.com/bot.html)"
57.141.2.80 - - [18/Dec/2025:16:49:21 -0500] "GET /?products/11362499/ HTTP/1.1" 200 42342 "-" "meta-externalagent/1.1 (+https://developers.facebook.com/docs/sharing/webmasters/crawler)"
57.141.2.62 - - [18/Dec/2025:16:50:31 -0500] "GET /?products/1699300/ HTTP/1.1" 200 42341 "-" "meta-externalagent/1.1 (+https://developers.facebook.com/docs/sharing/webmasters/crawler)"
57.141.2.2 - - [18/Dec/2025:16:51:41 -0500] "GET /?products/10448044/ HTTP/1.1" 200 42341 "-" "meta-externalagent/1.1 (+https://developers.facebook.com/docs/sharing/webmasters/crawler)"
57.141.2.93 - - [18/Dec/2025:16:52:05 -0500] "GET /?products/26049677/ HTTP/1.1" 200 42342 "-" "meta-externalagent/1.1 (+https://developers.facebook.com/docs/sharing/webmasters/crawler)"
57.141.2.15 - - [18/Dec/2025:16:52:29 -0500] "GET /?products/26126144/ HTTP/1.1" 200 42341 "-" "meta-externalagent/1.1 (+https://developers.facebook.com/docs/sharing/webmasters/crawler)"
57.141.2.8 - - [18/Dec/2025:16:54:55 -0500] "GET /contact-form/Generate_Captcha_Code.php?rand=1669814142 HTTP/1.1" 200 2309 "-" "meta-externalagent/1.1 (+https://developers.facebook.com/docs/sharing/webmasters/crawler)"
57.141.2.2 - - [18/Dec/2025:16:54:57 -0500] "GET /contact-form/Generate_Captcha_Code.php?rand=1669814142 HTTP/1.1" 200 2290 "-" "meta-externalagent/1.1 (+https://developers.facebook.com/docs/sharing/webmasters/crawler)"
57.141.2.5 - - [18/Dec/2025:16:54:58 -0500] "GET /?products/18292811/ HTTP/1.1" 200 42342 "-" "meta-externalagent/1.1 (+https://developers.facebook.com/docs/sharing/webmasters/crawler)"
57.141.2.12 - - [18/Dec/2025:16:55:05 -0500] "GET /?products/27369955/ HTTP/1.1" 200 42342 "-" "meta-externalagent/1.1 (+https://developers.facebook.com/docs/sharing/webmasters/crawler)"
57.141.2.21 - - [18/Dec/2025:16:55:21 -0500] "GET /?products/13806577/ HTTP/1.1" 200 42342 "-" "meta-externalagent/1.1 (+https://developers.facebook.com/docs/sharing/webmasters/crawler)"
57.141.2.13 - - [18/Dec/2025:16:56:07 -0500] "GET /?products/24567233/ HTTP/1.1" 200 42341 "-" "meta-externalagent/1.1 (+https://developers.facebook.com/docs/sharing/webmasters/crawler)"
