57.141.2.4 - - [18/Dec/2025:18:08:36 -0500] "GET /?products/22179588/ HTTP/1.1" 200 42342 "-" "meta-externalagent/1.1 (+https://developers.facebook.com/docs/sharing/webmasters/crawler)"
57.141.2.53 - - [18/Dec/2025:18:11:07 -0500] "GET /contact-form/Generate_Captcha_Code.php?rand=1222761072 HTTP/1.1" 200 2303 "-" "meta-externalagent/1.1 (+https://developers.facebook.com/docs/sharing/webmasters/crawler)"
57.141.2.11 - - [18/Dec/2025:18:11:58 -0500] "GET /?products/8587766/ HTTP/1.1" 200 42341 "-" "meta-externalagent/1.1 (+https://developers.facebook.com/docs/sharing/webmasters/crawler)"
57.141.2.15 - - [18/Dec/2025:18:13:26 -0500] "GET /?products/25098777/ HTTP/1.1" 200 42341 "-" "meta-externalagent/1.1 (+https://developers.facebook.com/docs/sharing/webmasters/crawler)"
57.141.2.12 - - [18/Dec/2025:18:15:48 -0500] "GET /?products/12633955/ HTTP/1.1" 200 42342 "-" "meta-externalagent/1.1 (+https://developers.facebook.com/docs/sharing/webmasters/crawler)"
57.141.2.28 - - [18/Dec/2025:18:16:30 -0500] "GET /?products/26045244/ HTTP/1.1" 200 42341 "-" "meta-externalagent/1.1 (+https://developers.facebook.com/docs/sharing/webmasters/crawler)"
57.141.2.86 - - [18/Dec/2025:18:16:39 -0500] "GET /?products/2651844/ HTTP/1.1" 200 42342 "-" "meta-externalagent/1.1 (+https://developers.facebook.com/docs/sharing/webmasters/crawler)"
57.141.2.17 - - [18/Dec/2025:18:17:06 -0500] "GET /?products/3552099/ HTTP/1.1" 200 42342 "-" "meta-externalagent/1.1 (+https://developers.facebook.com/docs/sharing/webmasters/crawler)"
66.249.70.142 - - [18/Dec/2025:18:17:29 -0500] "GET /?products/10230788/ HTTP/1.1" 200 6865 "-" "Mozilla/5.0 (Linux; Android 6.0.1; Nexus 5X Build/MMB29P) AppleWebKit/537.36 (KHTML, like Gecko) Chrome/141.0.7390.122 Mobile Safari/537.36 (compatible; Googlebot/2.1; +http://www.google.com/bot.html)"
57.141.2.15 - - [18/Dec/2025:18:17:32 -0500] "GET /?products/30065244/ HTTP/1.1" 200 42341 "-" "meta-externalagent/1.1 (+https://developers.facebook.com/docs/sharing/webmasters/crawler)"
134.199.157.117 - - [18/Dec/2025:18:19:02 -0500] "HEAD / HTTP/1.1" 200 0 "-" "Mozilla/5.0 (Windows NT 10.0; Win64; x64) AppleWebKit/537.36 (KHTML, like Gecko) Chrome/125.0.0.0 Safari/537.36"
57.141.2.23 - - [18/Dec/2025:18:19:02 -0500] "GET /?products/2917399/ HTTP/1.1" 200 42342 "-" "meta-externalagent/1.1 (+https://developers.facebook.com/docs/sharing/webmasters/crawler)"
134.199.157.117 - - [18/Dec/2025:18:19:04 -0500] "GET /public/vendor/laravel-filemanager/js/script.js HTTP/1.1" 200 6945 "-" "Mozilla/5.0 (Windows NT 10.0; Win64; x64) AppleWebKit/537.36 (KHTML, like Gecko) Chrome/125.0.0.0 Safari/537.36"
134.199.157.117 - - [18/Dec/2025:18:19:06 -0500] "GET /public/_ignition/execute-solution HTTP/1.1" 200 6940 "-" "Mozilla/5.0 (Windows NT 10.0; Win64; x64) AppleWebKit/537.36 (KHTML, like Gecko) Chrome/125.0.0.0 Safari/537.36"
134.199.157.117 - - [18/Dec/2025:18:19:06 -0500] "GET /.git/config HTTP/1.1" 403 1242 "-" "Mozilla/5.0 (Windows NT 10.0; Win64; x64) AppleWebKit/537.36 (KHTML, like Gecko) Chrome/125.0.0.0 Safari/537.36"
57.141.2.6 - - [18/Dec/2025:18:20:45 -0500] "GET /?products/19836444/ HTTP/1.1" 200 42342 "-" "meta-externalagent/1.1 (+https://developers.facebook.com/docs/sharing/webmasters/crawler)"
57.141.2.26 - - [18/Dec/2025:18:21:23 -0500] "GET /?products/25928699/ HTTP/1.1" 200 42341 "-" "meta-externalagent/1.1 (+https://developers.facebook.com/docs/sharing/webmasters/crawler)"
57.141.2.49 - - [18/Dec/2025:18:21:38 -0500] "GET /?products/5523177/ HTTP/1.1" 200 42341 "-" "meta-externalagent/1.1 (+https://developers.facebook.com/docs/sharing/webmasters/crawler)"
57.141.2.93 - - [18/Dec/2025:18:22:13 -0500] "GET /?products/20605466/ HTTP/1.1" 200 42342 "-" "meta-externalagent/1.1 (+https://developers.facebook.com/docs/sharing/webmasters/crawler)"
57.141.2.27 - - [18/Dec/2025:18:22:24 -0500] "GET /?products/3216700/ HTTP/1.1" 200 42341 "-" "meta-externalagent/1.1 (+https://developers.facebook.com/docs/sharing/webmasters/crawler)"
57.141.2.13 - - [18/Dec/2025:18:22:29 -0500] "GET /contact-form/Generate_Captcha_Code.php?rand=1729618715 HTTP/1.1" 200 2321 "-" "meta-externalagent/1.1 (+https://developers.facebook.com/docs/sharing/webmasters/crawler)"
57.141.2.21 - - [18/Dec/2025:18:22:34 -0500] "GET /contact-form/Generate_Captcha_Code.php?rand=839997315 HTTP/1.1" 200 2293 "-" "meta-externalagent/1.1 (+https://developers.facebook.com/docs/sharing/webmasters/crawler)"
57.141.2.26 - - [18/Dec/2025:18:22:34 -0500] "GET /contact-form/Generate_Captcha_Code.php?rand=839997315 HTTP/1.1" 200 2457 "-" "meta-externalagent/1.1 (+https://developers.facebook.com/docs/sharing/webmasters/crawler)"
57.141.2.61 - - [18/Dec/2025:18:23:26 -0500] "GET /contact-form/Generate_Captcha_Code.php?rand=1099635768 HTTP/1.1" 200 2389 "-" "meta-externalagent/1.1 (+https://developers.facebook.com/docs/sharing/webmasters/crawler)"
57.141.2.34 - - [18/Dec/2025:18:15:08 -0500] "GET /?products/24347988/ HTTP/1.1" 200 42342 "-" "meta-externalagent/1.1 (+https://developers.facebook.com/docs/sharing/webmasters/crawler)"
57.141.2.58 - - [18/Dec/2025:18:16:58 -0500] "GET /?products/21173666/ HTTP/1.1" 200 42342 "-" "meta-externalagent/1.1 (+https://developers.facebook.com/docs/sharing/webmasters/crawler)"
57.141.2.34 - - [18/Dec/2025:18:18:18 -0500] "GET /?products/7320188/ HTTP/1.1" 200 42341 "-" "meta-externalagent/1.1 (+https://developers.facebook.com/docs/sharing/webmasters/crawler)"
134.199.157.117 - - [18/Dec/2025:18:19:02 -0500] "GET / HTTP/1.1" 200 6942 "-" "Mozilla/5.0 (Windows NT 10.0; Win64; x64) AppleWebKit/537.36 (KHTML, like Gecko) Chrome/125.0.0.0 Safari/537.36"
134.199.157.117 - - [18/Dec/2025:18:19:02 -0500] "GET /.env HTTP/1.1" 403 1242 "-" "Mozilla/5.0 (Windows NT 10.0; Win64; x64) AppleWebKit/537.36 (KHTML, like Gecko) Chrome/125.0.0.0 Safari/537.36"
134.199.157.117 - - [18/Dec/2025:18:19:03 -0500] "GET / HTTP/1.1" 200 6940 "-" "Mozilla/5.0 (Windows NT 10.0; Win64; x64) AppleWebKit/537.36 (KHTML, like Gecko) Chrome/125.0.0.0 Safari/537.36"
134.199.157.117 - - [18/Dec/2025:18:19:04 -0500] "POST /vendor/phpunit/phpunit/src/Util/PHP/eval-stdin.php HTTP/1.1" 200 6832 "-" "Mozilla/5.0 (Windows NT 10.0; Win64; x64) AppleWebKit/537.36 (KHTML, like Gecko) Chrome/125.0.0.0 Safari/537.36"
134.199.157.117 - - [18/Dec/2025:18:19:04 -0500] "GET /vendor/laravel-filemanager/js/script.js HTTP/1.1" 200 6941 "-" "Mozilla/5.0 (Windows NT 10.0; Win64; x64) AppleWebKit/537.36 (KHTML, like Gecko) Chrome/125.0.0.0 Safari/537.36"
134.199.157.117 - - [18/Dec/2025:18:19:05 -0500] "POST / HTTP/1.1" 200 6946 "-" "Mozilla/5.0 (Windows NT 10.0; Win64; x64) AppleWebKit/537.36 (KHTML, like Gecko) Chrome/125.0.0.0 Safari/537.36"
134.199.157.117 - - [18/Dec/2025:18:19:05 -0500] "GET /_ignition/execute-solution HTTP/1.1" 200 6941 "-" "Mozilla/5.0 (Windows NT 10.0; Win64; x64) AppleWebKit/537.36 (KHTML, like Gecko) Chrome/125.0.0.0 Safari/537.36"
57.141.2.17 - - [18/Dec/2025:18:19:13 -0500] "GET /?products/8239900/ HTTP/1.1" 200 42341 "-" "meta-externalagent/1.1 (+https://developers.facebook.com/docs/sharing/webmasters/crawler)"
57.141.2.89 - - [18/Dec/2025:18:21:07 -0500] "GET /?products/29916944/ HTTP/1.1" 200 42342 "-" "meta-externalagent/1.1 (+https://developers.facebook.com/docs/sharing/webmasters/crawler)"
57.141.2.29 - - [18/Dec/2025:18:21:32 -0500] "GET /?products/6445900/ HTTP/1.1" 200 42342 "-" "meta-externalagent/1.1 (+https://developers.facebook.com/docs/sharing/webmasters/crawler)"
57.141.2.72 - - [18/Dec/2025:18:21:59 -0500] "GET /?products/4792300/ HTTP/1.1" 200 42341 "-" "meta-externalagent/1.1 (+https://developers.facebook.com/docs/sharing/webmasters/crawler)"
57.141.2.31 - - [18/Dec/2025:18:22:26 -0500] "GET /?products/19893022/ HTTP/1.1" 200 42341 "-" "meta-externalagent/1.1 (+https://developers.facebook.com/docs/sharing/webmasters/crawler)"
57.141.2.76 - - [18/Dec/2025:18:22:28 -0500] "GET /contact-form/Generate_Captcha_Code.php?rand=1729618715 HTTP/1.1" 200 2510 "-" "meta-externalagent/1.1 (+https://developers.facebook.com/docs/sharing/webmasters/crawler)"
57.141.2.49 - - [18/Dec/2025:18:22:56 -0500] "GET /?products/8494166/ HTTP/1.1" 200 42341 "-" "meta-externalagent/1.1 (+https://developers.facebook.com/docs/sharing/webmasters/crawler)"
57.141.2.73 - - [18/Dec/2025:18:23:17 -0500] "GET /?products/11091444/ HTTP/1.1" 200 42341 "-" "meta-externalagent/1.1 (+https://developers.facebook.com/docs/sharing/webmasters/crawler)"
57.141.2.76 - - [18/Dec/2025:18:23:24 -0500] "GET /contact-form/Generate_Captcha_Code.php?rand=1099635768 HTTP/1.1" 200 1960 "-" "meta-externalagent/1.1 (+https://developers.facebook.com/docs/sharing/webmasters/crawler)"
57.141.2.9 - - [18/Dec/2025:18:25:51 -0500] "GET /?products/28951644/ HTTP/1.1" 200 42341 "-" "meta-externalagent/1.1 (+https://developers.facebook.com/docs/sharing/webmasters/crawler)"
57.141.2.92 - - [18/Dec/2025:18:23:36 -0500] "GET /?products/24156355/ HTTP/1.1" 200 42342 "-" "meta-externalagent/1.1 (+https://developers.facebook.com/docs/sharing/webmasters/crawler)"
57.141.2.5 - - [18/Dec/2025:18:25:32 -0500] "GET /?products/23631877/ HTTP/1.1" 200 42342 "-" "meta-externalagent/1.1 (+https://developers.facebook.com/docs/sharing/webmasters/crawler)"
66.249.70.128 - - [18/Dec/2025:18:26:04 -0500] "GET /?products/24242022/ HTTP/1.1" 200 6798 "-" "Mozilla/5.0 (Linux; Android 6.0.1; Nexus 5X Build/MMB29P) AppleWebKit/537.36 (KHTML, like Gecko) Chrome/141.0.7390.122 Mobile Safari/537.36 (compatible; Googlebot/2.1; +http://www.google.com/bot.html)"
57.141.2.10 - - [18/Dec/2025:18:27:06 -0500] "GET /?products/21832633/ HTTP/1.1" 200 42341 "-" "meta-externalagent/1.1 (+https://developers.facebook.com/docs/sharing/webmasters/crawler)"
57.141.2.8 - - [18/Dec/2025:18:27:08 -0500] "GET /?products/17183833/ HTTP/1.1" 200 42342 "-" "meta-externalagent/1.1 (+https://developers.facebook.com/docs/sharing/webmasters/crawler)"
47.128.53.176 - - [18/Dec/2025:18:28:41 -0500] "GET /robots.txt HTTP/1.1" 200 72 "-" "Mozilla/5.0 (Linux; Android 5.0) AppleWebKit/537.36 (KHTML, like Gecko) Mobile Safari/537.36 (compatible; Bytespider; [email protected])"
57.141.2.68 - - [18/Dec/2025:18:29:46 -0500] "GET /?products/7722533/ HTTP/1.1" 200 42342 "-" "meta-externalagent/1.1 (+https://developers.facebook.com/docs/sharing/webmasters/crawler)"
57.141.2.69 - - [18/Dec/2025:18:30:46 -0500] "GET /contact-form/Generate_Captcha_Code.php?rand=2119439812 HTTP/1.1" 200 2155 "-" "meta-externalagent/1.1 (+https://developers.facebook.com/docs/sharing/webmasters/crawler)"
66.249.70.128 - - [18/Dec/2025:18:31:07 -0500] "GET /?products/27580355/ HTTP/1.1" 200 6912 "-" "Mozilla/5.0 (Linux; Android 6.0.1; Nexus 5X Build/MMB29P) AppleWebKit/537.36 (KHTML, like Gecko) Chrome/141.0.7390.122 Mobile Safari/537.36 (compatible; Googlebot/2.1; +http://www.google.com/bot.html)"
57.141.2.82 - - [18/Dec/2025:18:26:01 -0500] "GET /?products/10008022/ HTTP/1.1" 200 42342 "-" "meta-externalagent/1.1 (+https://developers.facebook.com/docs/sharing/webmasters/crawler)"
57.141.2.82 - - [18/Dec/2025:18:28:09 -0500] "GET /contact-form/Generate_Captcha_Code.php?rand=45719896 HTTP/1.1" 200 2369 "-" "meta-externalagent/1.1 (+https://developers.facebook.com/docs/sharing/webmasters/crawler)"
57.141.2.36 - - [18/Dec/2025:18:28:16 -0500] "GET /contact-form/Generate_Captcha_Code.php?rand=45719896 HTTP/1.1" 200 2487 "-" "meta-externalagent/1.1 (+https://developers.facebook.com/docs/sharing/webmasters/crawler)"
57.141.2.2 - - [18/Dec/2025:18:29:08 -0500] "GET /?products/28860100/ HTTP/1.1" 200 42342 "-" "meta-externalagent/1.1 (+https://developers.facebook.com/docs/sharing/webmasters/crawler)"
57.141.2.53 - - [18/Dec/2025:18:30:27 -0500] "GET /?products/9376177/ HTTP/1.1" 200 42342 "-" "meta-externalagent/1.1 (+https://developers.facebook.com/docs/sharing/webmasters/crawler)"
57.141.2.53 - - [18/Dec/2025:18:30:42 -0500] "GET /contact-form/Generate_Captcha_Code.php?rand=2119439812 HTTP/1.1" 200 2163 "-" "meta-externalagent/1.1 (+https://developers.facebook.com/docs/sharing/webmasters/crawler)"
57.141.2.72 - - [18/Dec/2025:18:30:58 -0500] "GET /?products/2369722/ HTTP/1.1" 200 42342 "-" "meta-externalagent/1.1 (+https://developers.facebook.com/docs/sharing/webmasters/crawler)"
57.141.2.26 - - [18/Dec/2025:18:33:47 -0500] "GET /?products/18551422/ HTTP/1.1" 200 42341 "-" "meta-externalagent/1.1 (+https://developers.facebook.com/docs/sharing/webmasters/crawler)"
57.141.2.17 - - [18/Dec/2025:18:34:28 -0500] "GET /?products/6611077/ HTTP/1.1" 200 42342 "-" "meta-externalagent/1.1 (+https://developers.facebook.com/docs/sharing/webmasters/crawler)"
66.249.70.142 - - [18/Dec/2025:18:34:30 -0500] "GET /?products/19098644/ HTTP/1.1" 200 6941 "-" "Mozilla/5.0 (Linux; Android 6.0.1; Nexus 5X Build/MMB29P) AppleWebKit/537.36 (KHTML, like Gecko) Chrome/141.0.7390.122 Mobile Safari/537.36 (compatible; Googlebot/2.1; +http://www.google.com/bot.html)"
57.141.2.22 - - [18/Dec/2025:18:35:41 -0500] "GET /contact-form/Generate_Captcha_Code.php?rand=45593036 HTTP/1.1" 200 2298 "-" "meta-externalagent/1.1 (+https://developers.facebook.com/docs/sharing/webmasters/crawler)"
57.141.2.94 - - [18/Dec/2025:18:36:09 -0500] "GET /?products/5583700/ HTTP/1.1" 200 42342 "-" "meta-externalagent/1.1 (+https://developers.facebook.com/docs/sharing/webmasters/crawler)"
57.141.2.63 - - [18/Dec/2025:18:36:27 -0500] "GET /?products/19485899/ HTTP/1.1" 200 42341 "-" "meta-externalagent/1.1 (+https://developers.facebook.com/docs/sharing/webmasters/crawler)"
57.141.2.78 - - [18/Dec/2025:18:36:44 -0500] "GET /?products/11048588/ HTTP/1.1" 200 42342 "-" "meta-externalagent/1.1 (+https://developers.facebook.com/docs/sharing/webmasters/crawler)"
57.141.2.70 - - [18/Dec/2025:18:37:25 -0500] "GET /contact-form/Generate_Captcha_Code.php?rand=883759743 HTTP/1.1" 200 2072 "-" "meta-externalagent/1.1 (+https://developers.facebook.com/docs/sharing/webmasters/crawler)"
57.141.2.83 - - [18/Dec/2025:18:38:45 -0500] "GET /?products/21996322/ HTTP/1.1" 200 42340 "-" "meta-externalagent/1.1 (+https://developers.facebook.com/docs/sharing/webmasters/crawler)"
57.141.2.86 - - [18/Dec/2025:18:39:26 -0500] "GET /?products/22642866/ HTTP/1.1" 200 42342 "-" "meta-externalagent/1.1 (+https://developers.facebook.com/docs/sharing/webmasters/crawler)"
57.141.2.73 - - [18/Dec/2025:18:39:48 -0500] "GET /?products/12296588/ HTTP/1.1" 200 42342 "-" "meta-externalagent/1.1 (+https://developers.facebook.com/docs/sharing/webmasters/crawler)"
57.141.2.5 - - [18/Dec/2025:18:40:57 -0500] "GET /?products/10920577/ HTTP/1.1" 200 42342 "-" "meta-externalagent/1.1 (+https://developers.facebook.com/docs/sharing/webmasters/crawler)"
57.141.2.10 - - [18/Dec/2025:18:41:36 -0500] "GET /contact-form/Generate_Captcha_Code.php?rand=971167784 HTTP/1.1" 200 2234 "-" "meta-externalagent/1.1 (+https://developers.facebook.com/docs/sharing/webmasters/crawler)"
57.141.2.82 - - [18/Dec/2025:18:31:20 -0500] "GET /?products/29152599/ HTTP/1.1" 200 42342 "-" "meta-externalagent/1.1 (+https://developers.facebook.com/docs/sharing/webmasters/crawler)"
57.141.2.63 - - [18/Dec/2025:18:32:31 -0500] "GET /?products/3335577/ HTTP/1.1" 200 42342 "-" "meta-externalagent/1.1 (+https://developers.facebook.com/docs/sharing/webmasters/crawler)"
57.141.2.94 - - [18/Dec/2025:18:32:48 -0500] "GET /?products/19250722/ HTTP/1.1" 200 42342 "-" "meta-externalagent/1.1 (+https://developers.facebook.com/docs/sharing/webmasters/crawler)"
57.141.2.8 - - [18/Dec/2025:18:33:41 -0500] "GET /?products/22991633/ HTTP/1.1" 200 42342 "-" "meta-externalagent/1.1 (+https://developers.facebook.com/docs/sharing/webmasters/crawler)"
57.141.2.16 - - [18/Dec/2025:18:33:45 -0500] "GET /?products/28702044/ HTTP/1.1" 200 42340 "-" "meta-externalagent/1.1 (+https://developers.facebook.com/docs/sharing/webmasters/crawler)"
57.141.2.35 - - [18/Dec/2025:18:34:14 -0500] "GET /?products/932477/ HTTP/1.1" 200 42340 "-" "meta-externalagent/1.1 (+https://developers.facebook.com/docs/sharing/webmasters/crawler)"
57.141.2.63 - - [18/Dec/2025:18:34:23 -0500] "GET /?products/9641377/ HTTP/1.1" 200 42342 "-" "meta-externalagent/1.1 (+https://developers.facebook.com/docs/sharing/webmasters/crawler)"
57.141.2.35 - - [18/Dec/2025:18:35:43 -0500] "GET /contact-form/Generate_Captcha_Code.php?rand=45593036 HTTP/1.1" 200 2268 "-" "meta-externalagent/1.1 (+https://developers.facebook.com/docs/sharing/webmasters/crawler)"
52.167.144.172 - - [18/Dec/2025:18:37:01 -0500] "GET /tours.php HTTP/1.1" 200 3005 "-" "Mozilla/5.0 AppleWebKit/537.36 (KHTML, like Gecko; compatible; bingbot/2.0; +http://www.bing.com/bingbot.htm) Chrome/116.0.1938.76 Safari/537.36"
57.141.2.11 - - [18/Dec/2025:18:37:19 -0500] "GET /contact-form/Generate_Captcha_Code.php?rand=883759743 HTTP/1.1" 200 2316 "-" "meta-externalagent/1.1 (+https://developers.facebook.com/docs/sharing/webmasters/crawler)"
57.141.2.7 - - [18/Dec/2025:18:38:28 -0500] "GET /?products/3522777/ HTTP/1.1" 200 42342 "-" "meta-externalagent/1.1 (+https://developers.facebook.com/docs/sharing/webmasters/crawler)"
57.141.2.18 - - [18/Dec/2025:18:39:27 -0500] "GET /?products/13014188/ HTTP/1.1" 200 42341 "-" "meta-externalagent/1.1 (+https://developers.facebook.com/docs/sharing/webmasters/crawler)"
57.141.2.70 - - [18/Dec/2025:18:40:14 -0500] "GET /?products/5174388/ HTTP/1.1" 200 42341 "-" "meta-externalagent/1.1 (+https://developers.facebook.com/docs/sharing/webmasters/crawler)"
57.141.2.8 - - [18/Dec/2025:18:41:15 -0500] "GET /?products/10439500/ HTTP/1.1" 200 42342 "-" "meta-externalagent/1.1 (+https://developers.facebook.com/docs/sharing/webmasters/crawler)"
57.141.2.49 - - [18/Dec/2025:18:41:34 -0500] "GET /contact-form/Generate_Captcha_Code.php?rand=971167784 HTTP/1.1" 200 2478 "-" "meta-externalagent/1.1 (+https://developers.facebook.com/docs/sharing/webmasters/crawler)"
57.141.2.94 - - [18/Dec/2025:18:42:02 -0500] "GET /?products/16130722/ HTTP/1.1" 200 42342 "-" "meta-externalagent/1.1 (+https://developers.facebook.com/docs/sharing/webmasters/crawler)"
57.141.2.88 - - [18/Dec/2025:18:43:27 -0500] "GET /?products/27518322/ HTTP/1.1" 200 42341 "-" "meta-externalagent/1.1 (+https://developers.facebook.com/docs/sharing/webmasters/crawler)"
57.141.2.12 - - [18/Dec/2025:18:43:36 -0500] "GET /?products/2274444/ HTTP/1.1" 200 42341 "-" "meta-externalagent/1.1 (+https://developers.facebook.com/docs/sharing/webmasters/crawler)"
57.141.2.62 - - [18/Dec/2025:18:44:12 -0500] "GET /?products/3428044/ HTTP/1.1" 200 42342 "-" "meta-externalagent/1.1 (+https://developers.facebook.com/docs/sharing/webmasters/crawler)"
57.141.2.92 - - [18/Dec/2025:18:45:01 -0500] "GET /?products/10584566/ HTTP/1.1" 200 42342 "-" "meta-externalagent/1.1 (+https://developers.facebook.com/docs/sharing/webmasters/crawler)"
57.141.2.94 - - [18/Dec/2025:18:45:09 -0500] "GET /?products/22023977/ HTTP/1.1" 200 42341 "-" "meta-externalagent/1.1 (+https://developers.facebook.com/docs/sharing/webmasters/crawler)"
57.141.2.29 - - [18/Dec/2025:18:45:21 -0500] "GET /?products/1057977/ HTTP/1.1" 200 42341 "-" "meta-externalagent/1.1 (+https://developers.facebook.com/docs/sharing/webmasters/crawler)"
57.141.2.8 - - [18/Dec/2025:18:45:51 -0500] "GET /contact-form/Generate_Captcha_Code.php?rand=1012049118 HTTP/1.1" 200 2557 "-" "meta-externalagent/1.1 (+https://developers.facebook.com/docs/sharing/webmasters/crawler)"
57.141.2.33 - - [18/Dec/2025:18:42:51 -0500] "GET /?products/28541455/ HTTP/1.1" 200 42342 "-" "meta-externalagent/1.1 (+https://developers.facebook.com/docs/sharing/webmasters/crawler)"
57.141.2.78 - - [18/Dec/2025:18:45:53 -0500] "GET /contact-form/Generate_Captcha_Code.php?rand=1012049118 HTTP/1.1" 200 2292 "-" "meta-externalagent/1.1 (+https://developers.facebook.com/docs/sharing/webmasters/crawler)"
57.141.2.76 - - [18/Dec/2025:18:47:43 -0500] "GET /?products/29776788/ HTTP/1.1" 200 42342 "-" "meta-externalagent/1.1 (+https://developers.facebook.com/docs/sharing/webmasters/crawler)"
66.249.70.141 - - [18/Dec/2025:18:48:33 -0500] "GET /?products/3814866/ HTTP/1.1" 200 6912 "-" "Mozilla/5.0 (Linux; Android 6.0.1; Nexus 5X Build/MMB29P) AppleWebKit/537.36 (KHTML, like Gecko) Chrome/141.0.7390.122 Mobile Safari/537.36 (compatible; Googlebot/2.1; +http://www.google.com/bot.html)"
57.141.2.4 - - [18/Dec/2025:18:50:18 -0500] "GET /?products/22092622/ HTTP/1.1" 200 42342 "-" "meta-externalagent/1.1 (+https://developers.facebook.com/docs/sharing/webmasters/crawler)"
57.141.2.76 - - [18/Dec/2025:18:50:23 -0500] "GET /?products/25346388/ HTTP/1.1" 200 42342 "-" "meta-externalagent/1.1 (+https://developers.facebook.com/docs/sharing/webmasters/crawler)"
57.141.2.29 - - [18/Dec/2025:18:51:28 -0500] "GET /?products/21254466/ HTTP/1.1" 200 42341 "-" "meta-externalagent/1.1 (+https://developers.facebook.com/docs/sharing/webmasters/crawler)"
57.141.2.63 - - [18/Dec/2025:18:52:09 -0500] "GET /?products/6791699/ HTTP/1.1" 200 42342 "-" "meta-externalagent/1.1 (+https://developers.facebook.com/docs/sharing/webmasters/crawler)"
57.141.2.63 - - [18/Dec/2025:18:52:24 -0500] "GET /?products/19637633/ HTTP/1.1" 200 42342 "-" "meta-externalagent/1.1 (+https://developers.facebook.com/docs/sharing/webmasters/crawler)"
57.141.2.10 - - [18/Dec/2025:18:53:01 -0500] "GET /?products/2806522/ HTTP/1.1" 200 42341 "-" "meta-externalagent/1.1 (+https://developers.facebook.com/docs/sharing/webmasters/crawler)"
57.141.2.14 - - [18/Dec/2025:18:53:36 -0500] "GET /contact-form/Generate_Captcha_Code.php?rand=279337205 HTTP/1.1" 200 2249 "-" "meta-externalagent/1.1 (+https://developers.facebook.com/docs/sharing/webmasters/crawler)"
57.141.2.33 - - [18/Dec/2025:18:53:49 -0500] "GET /contact-form/Generate_Captcha_Code.php?rand=1412075753 HTTP/1.1" 200 2246 "-" "meta-externalagent/1.1 (+https://developers.facebook.com/docs/sharing/webmasters/crawler)"
57.141.2.73 - - [18/Dec/2025:18:54:05 -0500] "GET /?products/18125066/ HTTP/1.1" 200 42342 "-" "meta-externalagent/1.1 (+https://developers.facebook.com/docs/sharing/webmasters/crawler)"
57.141.2.36 - - [18/Dec/2025:18:54:16 -0500] "GET /?products/22830066/ HTTP/1.1" 200 42341 "-" "meta-externalagent/1.1 (+https://developers.facebook.com/docs/sharing/webmasters/crawler)"
57.141.2.73 - - [18/Dec/2025:18:54:28 -0500] "GET /?products/6145122/ HTTP/1.1" 200 42341 "-" "meta-externalagent/1.1 (+https://developers.facebook.com/docs/sharing/webmasters/crawler)"
57.141.2.81 - - [18/Dec/2025:18:54:44 -0500] "GET /contact-form/Generate_Captcha_Code.php?rand=279337205 HTTP/1.1" 200 2202 "-" "meta-externalagent/1.1 (+https://developers.facebook.com/docs/sharing/webmasters/crawler)"
57.141.2.27 - - [18/Dec/2025:18:54:45 -0500] "GET /contact-form/Generate_Captcha_Code.php?rand=1412075753 HTTP/1.1" 200 1962 "-" "meta-externalagent/1.1 (+https://developers.facebook.com/docs/sharing/webmasters/crawler)"
57.141.2.90 - - [18/Dec/2025:18:55:27 -0500] "GET /?products/4258011/ HTTP/1.1" 200 42342 "-" "meta-externalagent/1.1 (+https://developers.facebook.com/docs/sharing/webmasters/crawler)"
57.141.2.27 - - [18/Dec/2025:18:55:45 -0500] "GET /?products/24781033/ HTTP/1.1" 200 42342 "-" "meta-externalagent/1.1 (+https://developers.facebook.com/docs/sharing/webmasters/crawler)"
57.141.2.87 - - [18/Dec/2025:18:55:59 -0500] "GET /?products/24592866/ HTTP/1.1" 200 42341 "-" "meta-externalagent/1.1 (+https://developers.facebook.com/docs/sharing/webmasters/crawler)"
57.141.2.57 - - [18/Dec/2025:18:56:19 -0500] "GET /?products/17613899/ HTTP/1.1" 200 42341 "-" "meta-externalagent/1.1 (+https://developers.facebook.com/docs/sharing/webmasters/crawler)"
57.141.2.11 - - [18/Dec/2025:19:00:01 -0500] "GET /?products/9804566/ HTTP/1.1" 200 42340 "-" "meta-externalagent/1.1 (+https://developers.facebook.com/docs/sharing/webmasters/crawler)"
57.141.2.8 - - [18/Dec/2025:18:48:48 -0500] "GET /?products/8916022/ HTTP/1.1" 200 42341 "-" "meta-externalagent/1.1 (+https://developers.facebook.com/docs/sharing/webmasters/crawler)"
57.141.2.58 - - [18/Dec/2025:18:50:29 -0500] "GET /?products/21109822/ HTTP/1.1" 200 42341 "-" "meta-externalagent/1.1 (+https://developers.facebook.com/docs/sharing/webmasters/crawler)"
57.141.2.72 - - [18/Dec/2025:18:51:29 -0500] "GET /?products/22533666/ HTTP/1.1" 200 42341 "-" "meta-externalagent/1.1 (+https://developers.facebook.com/docs/sharing/webmasters/crawler)"
57.141.2.82 - - [18/Dec/2025:18:52:05 -0500] "GET /?products/26235344/ HTTP/1.1" 200 42341 "-" "meta-externalagent/1.1 (+https://developers.facebook.com/docs/sharing/webmasters/crawler)"
66.249.70.142 - - [18/Dec/2025:18:52:33 -0500] "GET /?products/13291577/ HTTP/1.1" 200 6942 "-" "Mozilla/5.0 (Linux; Android 6.0.1; Nexus 5X Build/MMB29P) AppleWebKit/537.36 (KHTML, like Gecko) Chrome/141.0.7390.122 Mobile Safari/537.36 (compatible; Googlebot/2.1; +http://www.google.com/bot.html)"
57.141.2.62 - - [18/Dec/2025:18:54:25 -0500] "GET /?products/27964255/ HTTP/1.1" 200 42341 "-" "meta-externalagent/1.1 (+https://developers.facebook.com/docs/sharing/webmasters/crawler)"
57.141.2.11 - - [18/Dec/2025:18:54:56 -0500] "GET /?products/30369699/ HTTP/1.1" 200 42342 "-" "meta-externalagent/1.1 (+https://developers.facebook.com/docs/sharing/webmasters/crawler)"
57.141.2.82 - - [18/Dec/2025:18:55:01 -0500] "GET /?products/7535577/ HTTP/1.1" 200 42341 "-" "meta-externalagent/1.1 (+https://developers.facebook.com/docs/sharing/webmasters/crawler)"
57.141.2.64 - - [18/Dec/2025:18:55:22 -0500] "GET /?products/10806844/ HTTP/1.1" 200 42341 "-" "meta-externalagent/1.1 (+https://developers.facebook.com/docs/sharing/webmasters/crawler)"
57.141.2.36 - - [18/Dec/2025:18:57:17 -0500] "GET /?products/7098777/ HTTP/1.1" 200 42341 "-" "meta-externalagent/1.1 (+https://developers.facebook.com/docs/sharing/webmasters/crawler)"
57.141.2.92 - - [18/Dec/2025:18:58:02 -0500] "GET /?products/17725622/ HTTP/1.1" 200 42342 "-" "meta-externalagent/1.1 (+https://developers.facebook.com/docs/sharing/webmasters/crawler)"
66.249.70.128 - - [18/Dec/2025:18:58:14 -0500] "GET /?products/10853277/ HTTP/1.1" 200 6943 "-" "Mozilla/5.0 (Linux; Android 6.0.1; Nexus 5X Build/MMB29P) AppleWebKit/537.36 (KHTML, like Gecko) Chrome/141.0.7390.122 Mobile Safari/537.36 (compatible; Googlebot/2.1; +http://www.google.com/bot.html)"
57.141.2.32 - - [18/Dec/2025:19:00:39 -0500] "GET /?products/28345122/ HTTP/1.1" 200 42340 "-" "meta-externalagent/1.1 (+https://developers.facebook.com/docs/sharing/webmasters/crawler)"
57.141.2.34 - - [18/Dec/2025:19:00:42 -0500] "GET /contact-form/Generate_Captcha_Code.php?rand=726735245 HTTP/1.1" 200 2274 "-" "meta-externalagent/1.1 (+https://developers.facebook.com/docs/sharing/webmasters/crawler)"
66.249.70.141 - - [18/Dec/2025:19:01:14 -0500] "GET /?products/26718233/ HTTP/1.1" 200 6798 "-" "Mozilla/5.0 (Linux; Android 6.0.1; Nexus 5X Build/MMB29P) AppleWebKit/537.36 (KHTML, like Gecko) Chrome/141.0.7390.122 Mobile Safari/537.36 (compatible; Googlebot/2.1; +http://www.google.com/bot.html)"
57.141.2.6 - - [18/Dec/2025:19:01:49 -0500] "GET /contact-form/Generate_Captcha_Code.php?rand=726735245 HTTP/1.1" 200 2260 "-" "meta-externalagent/1.1 (+https://developers.facebook.com/docs/sharing/webmasters/crawler)"
57.141.2.86 - - [18/Dec/2025:19:02:55 -0500] "GET /contact-form/Generate_Captcha_Code.php?rand=1811726024 HTTP/1.1" 200 2609 "-" "meta-externalagent/1.1 (+https://developers.facebook.com/docs/sharing/webmasters/crawler)"
57.141.2.66 - - [18/Dec/2025:19:03:56 -0500] "GET /?products/4948300/ HTTP/1.1" 200 42341 "-" "meta-externalagent/1.1 (+https://developers.facebook.com/docs/sharing/webmasters/crawler)"
57.141.2.2 - - [18/Dec/2025:19:04:17 -0500] "GET /?products/6156999/ HTTP/1.1" 200 42341 "-" "meta-externalagent/1.1 (+https://developers.facebook.com/docs/sharing/webmasters/crawler)"
57.141.2.27 - - [18/Dec/2025:19:00:58 -0500] "GET /?products/7826199/ HTTP/1.1" 200 42341 "-" "meta-externalagent/1.1 (+https://developers.facebook.com/docs/sharing/webmasters/crawler)"
57.141.2.23 - - [18/Dec/2025:19:02:01 -0500] "GET /?products/8422900/ HTTP/1.1" 200 42341 "-" "meta-externalagent/1.1 (+https://developers.facebook.com/docs/sharing/webmasters/crawler)"
57.141.2.93 - - [18/Dec/2025:19:02:49 -0500] "GET /contact-form/Generate_Captcha_Code.php?rand=1811726024 HTTP/1.1" 200 2169 "-" "meta-externalagent/1.1 (+https://developers.facebook.com/docs/sharing/webmasters/crawler)"
57.141.2.34 - - [18/Dec/2025:19:03:23 -0500] "GET /?products/4210722/ HTTP/1.1" 200 42341 "-" "meta-externalagent/1.1 (+https://developers.facebook.com/docs/sharing/webmasters/crawler)"
57.141.2.94 - - [18/Dec/2025:19:03:24 -0500] "GET /?products/6785844/ HTTP/1.1" 200 42341 "-" "meta-externalagent/1.1 (+https://developers.facebook.com/docs/sharing/webmasters/crawler)"
66.249.70.141 - - [18/Dec/2025:19:04:12 -0500] "GET /?products/14684466/ HTTP/1.1" 200 6831 "-" "Mozilla/5.0 (Linux; Android 6.0.1; Nexus 5X Build/MMB29P) AppleWebKit/537.36 (KHTML, like Gecko) Chrome/141.0.7390.122 Mobile Safari/537.36 (compatible; Googlebot/2.1; +http://www.google.com/bot.html)"
57.141.2.57 - - [18/Dec/2025:19:04:21 -0500] "GET /?products/26621155/ HTTP/1.1" 200 42342 "-" "meta-externalagent/1.1 (+https://developers.facebook.com/docs/sharing/webmasters/crawler)"
57.141.2.61 - - [18/Dec/2025:19:05:28 -0500] "GET /?products/4396377/ HTTP/1.1" 200 42342 "-" "meta-externalagent/1.1 (+https://developers.facebook.com/docs/sharing/webmasters/crawler)"
57.141.2.60 - - [18/Dec/2025:19:05:43 -0500] "GET /?products/2678199/ HTTP/1.1" 200 42341 "-" "meta-externalagent/1.1 (+https://developers.facebook.com/docs/sharing/webmasters/crawler)"
57.141.2.49 - - [18/Dec/2025:19:07:06 -0500] "GET /?products/28945266/ HTTP/1.1" 200 42341 "-" "meta-externalagent/1.1 (+https://developers.facebook.com/docs/sharing/webmasters/crawler)"
57.141.2.77 - - [18/Dec/2025:19:07:24 -0500] "GET /?products/13431922/ HTTP/1.1" 200 42342 "-" "meta-externalagent/1.1 (+https://developers.facebook.com/docs/sharing/webmasters/crawler)"
57.141.2.8 - - [18/Dec/2025:19:08:19 -0500] "GET /?products/17682355/ HTTP/1.1" 200 42341 "-" "meta-externalagent/1.1 (+https://developers.facebook.com/docs/sharing/webmasters/crawler)"
57.141.2.64 - - [18/Dec/2025:19:09:21 -0500] "GET /?products/19341677/ HTTP/1.1" 200 42342 "-" "meta-externalagent/1.1 (+https://developers.facebook.com/docs/sharing/webmasters/crawler)"
57.141.2.1 - - [18/Dec/2025:19:09:48 -0500] "GET /?products/19055155/ HTTP/1.1" 200 42342 "-" "meta-externalagent/1.1 (+https://developers.facebook.com/docs/sharing/webmasters/crawler)"
66.249.70.142 - - [18/Dec/2025:19:10:14 -0500] "GET /?products/27430799/ HTTP/1.1" 200 6946 "-" "Mozilla/5.0 (Linux; Android 6.0.1; Nexus 5X Build/MMB29P) AppleWebKit/537.36 (KHTML, like Gecko) Chrome/141.0.7390.122 Mobile Safari/537.36 (compatible; Googlebot/2.1; +http://www.google.com/bot.html)"
57.141.2.62 - - [18/Dec/2025:19:10:27 -0500] "GET /?products/27917455/ HTTP/1.1" 200 42341 "-" "meta-externalagent/1.1 (+https://developers.facebook.com/docs/sharing/webmasters/crawler)"
57.141.2.36 - - [18/Dec/2025:19:10:31 -0500] "GET /contact-form/Generate_Captcha_Code.php?rand=691637389 HTTP/1.1" 200 2141 "-" "meta-externalagent/1.1 (+https://developers.facebook.com/docs/sharing/webmasters/crawler)"
57.141.2.80 - - [18/Dec/2025:19:10:34 -0500] "GET /contact-form/Generate_Captcha_Code.php?rand=691637389 HTTP/1.1" 200 2283 "-" "meta-externalagent/1.1 (+https://developers.facebook.com/docs/sharing/webmasters/crawler)"
57.141.2.14 - - [18/Dec/2025:19:12:25 -0500] "GET /?products/22524266/ HTTP/1.1" 200 42342 "-" "meta-externalagent/1.1 (+https://developers.facebook.com/docs/sharing/webmasters/crawler)"
57.141.2.24 - - [18/Dec/2025:19:12:37 -0500] "GET /?products/17122811/ HTTP/1.1" 200 42341 "-" "meta-externalagent/1.1 (+https://developers.facebook.com/docs/sharing/webmasters/crawler)"
57.141.2.20 - - [18/Dec/2025:19:12:49 -0500] "GET /contact-form/Generate_Captcha_Code.php?rand=1250657680 HTTP/1.1" 200 2165 "-" "meta-externalagent/1.1 (+https://developers.facebook.com/docs/sharing/webmasters/crawler)"
57.141.2.81 - - [18/Dec/2025:19:12:51 -0500] "GET /contact-form/Generate_Captcha_Code.php?rand=1250657680 HTTP/1.1" 200 2353 "-" "meta-externalagent/1.1 (+https://developers.facebook.com/docs/sharing/webmasters/crawler)"
57.141.2.66 - - [18/Dec/2025:19:14:59 -0500] "GET /?products/5612677/ HTTP/1.1" 200 42342 "-" "meta-externalagent/1.1 (+https://developers.facebook.com/docs/sharing/webmasters/crawler)"
57.141.2.21 - - [18/Dec/2025:19:15:29 -0500] "GET /?products/7314355/ HTTP/1.1" 200 42342 "-" "meta-externalagent/1.1 (+https://developers.facebook.com/docs/sharing/webmasters/crawler)"
57.141.2.13 - - [18/Dec/2025:19:17:33 -0500] "GET /contact-form/Generate_Captcha_Code.php?rand=402271807 HTTP/1.1" 200 2320 "-" "meta-externalagent/1.1 (+https://developers.facebook.com/docs/sharing/webmasters/crawler)"
57.141.2.77 - - [18/Dec/2025:19:17:43 -0500] "GET /contact-form/Generate_Captcha_Code.php?rand=402271807 HTTP/1.1" 200 2080 "-" "meta-externalagent/1.1 (+https://developers.facebook.com/docs/sharing/webmasters/crawler)"
57.141.2.3 - - [18/Dec/2025:19:18:06 -0500] "GET /?products/6486844/ HTTP/1.1" 200 42342 "-" "meta-externalagent/1.1 (+https://developers.facebook.com/docs/sharing/webmasters/crawler)"
57.141.2.20 - - [18/Dec/2025:19:18:11 -0500] "GET /?products/18452666/ HTTP/1.1" 200 42341 "-" "meta-externalagent/1.1 (+https://developers.facebook.com/docs/sharing/webmasters/crawler)"
57.141.2.27 - - [18/Dec/2025:19:19:16 -0500] "GET /?products/5278533/ HTTP/1.1" 200 42342 "-" "meta-externalagent/1.1 (+https://developers.facebook.com/docs/sharing/webmasters/crawler)"
57.141.2.57 - - [18/Dec/2025:19:19:58 -0500] "GET /?products/15428244/ HTTP/1.1" 200 42342 "-" "meta-externalagent/1.1 (+https://developers.facebook.com/docs/sharing/webmasters/crawler)"
57.141.2.13 - - [18/Dec/2025:19:20:33 -0500] "GET /contact-form/Generate_Captcha_Code.php?rand=86771676 HTTP/1.1" 200 2359 "-" "meta-externalagent/1.1 (+https://developers.facebook.com/docs/sharing/webmasters/crawler)"
57.141.2.5 - - [18/Dec/2025:19:20:40 -0500] "GET /?products/5952022/ HTTP/1.1" 200 42341 "-" "meta-externalagent/1.1 (+https://developers.facebook.com/docs/sharing/webmasters/crawler)"
57.141.2.14 - - [18/Dec/2025:19:21:09 -0500] "GET /?products/12546188/ HTTP/1.1" 200 42341 "-" "meta-externalagent/1.1 (+https://developers.facebook.com/docs/sharing/webmasters/crawler)"
57.141.2.87 - - [18/Dec/2025:19:07:10 -0500] "GET /?products/15366322/ HTTP/1.1" 200 42342 "-" "meta-externalagent/1.1 (+https://developers.facebook.com/docs/sharing/webmasters/crawler)"
57.141.2.7 - - [18/Dec/2025:19:07:17 -0500] "GET /?products/17601266/ HTTP/1.1" 200 42341 "-" "meta-externalagent/1.1 (+https://developers.facebook.com/docs/sharing/webmasters/crawler)"
57.141.2.33 - - [18/Dec/2025:19:07:32 -0500] "GET /?products/15256644/ HTTP/1.1" 200 42341 "-" "meta-externalagent/1.1 (+https://developers.facebook.com/docs/sharing/webmasters/crawler)"
57.141.2.36 - - [18/Dec/2025:19:08:53 -0500] "GET /?products/17547955/ HTTP/1.1" 200 42342 "-" "meta-externalagent/1.1 (+https://developers.facebook.com/docs/sharing/webmasters/crawler)"
57.141.2.63 - - [18/Dec/2025:19:09:10 -0500] "GET /?products/1931244/ HTTP/1.1" 200 42342 "-" "meta-externalagent/1.1 (+https://developers.facebook.com/docs/sharing/webmasters/crawler)"
57.141.2.15 - - [18/Dec/2025:19:09:29 -0500] "GET /?products/10600822/ HTTP/1.1" 200 42341 "-" "meta-externalagent/1.1 (+https://developers.facebook.com/docs/sharing/webmasters/crawler)"
57.141.2.57 - - [18/Dec/2025:19:09:57 -0500] "GET /?products/18893099/ HTTP/1.1" 200 42341 "-" "meta-externalagent/1.1 (+https://developers.facebook.com/docs/sharing/webmasters/crawler)"
57.141.2.4 - - [18/Dec/2025:19:10:08 -0500] "GET /?products/24103399/ HTTP/1.1" 200 42341 "-" "meta-externalagent/1.1 (+https://developers.facebook.com/docs/sharing/webmasters/crawler)"
57.141.2.60 - - [18/Dec/2025:19:10:09 -0500] "GET /?products/15522777/ HTTP/1.1" 200 42341 "-" "meta-externalagent/1.1 (+https://developers.facebook.com/docs/sharing/webmasters/crawler)"
57.141.2.29 - - [18/Dec/2025:19:12:48 -0500] "GET /?products/12741977/ HTTP/1.1" 200 42342 "-" "meta-externalagent/1.1 (+https://developers.facebook.com/docs/sharing/webmasters/crawler)"
57.141.2.19 - - [18/Dec/2025:19:13:45 -0500] "GET /?products/14778899/ HTTP/1.1" 200 42341 "-" "meta-externalagent/1.1 (+https://developers.facebook.com/docs/sharing/webmasters/crawler)"
66.249.70.141 - - [18/Dec/2025:19:16:12 -0500] "GET /?products/17395355/ HTTP/1.1" 200 6798 "-" "Mozilla/5.0 (Linux; Android 6.0.1; Nexus 5X Build/MMB29P) AppleWebKit/537.36 (KHTML, like Gecko) Chrome/141.0.7390.122 Mobile Safari/537.36 (compatible; Googlebot/2.1; +http://www.google.com/bot.html)"
57.141.2.16 - - [18/Dec/2025:19:16:20 -0500] "GET /?products/9710966/ HTTP/1.1" 200 42341 "-" "meta-externalagent/1.1 (+https://developers.facebook.com/docs/sharing/webmasters/crawler)"
57.141.2.30 - - [18/Dec/2025:19:16:49 -0500] "GET /?products/3739188/ HTTP/1.1" 200 42340 "-" "meta-externalagent/1.1 (+https://developers.facebook.com/docs/sharing/webmasters/crawler)"
57.141.2.23 - - [18/Dec/2025:19:17:35 -0500] "GET /?products/20050044/ HTTP/1.1" 200 42342 "-" "meta-externalagent/1.1 (+https://developers.facebook.com/docs/sharing/webmasters/crawler)"
57.141.2.89 - - [18/Dec/2025:19:17:40 -0500] "GET /?products/12769033/ HTTP/1.1" 200 42342 "-" "meta-externalagent/1.1 (+https://developers.facebook.com/docs/sharing/webmasters/crawler)"
66.249.70.128 - - [18/Dec/2025:19:18:56 -0500] "GET /?products/19450533/ HTTP/1.1" 200 6941 "-" "Mozilla/5.0 (Linux; Android 6.0.1; Nexus 5X Build/MMB29P) AppleWebKit/537.36 (KHTML, like Gecko) Chrome/141.0.7390.122 Mobile Safari/537.36 (compatible; Googlebot/2.1; +http://www.google.com/bot.html)"
57.141.2.18 - - [18/Dec/2025:19:19:25 -0500] "GET /?products/27948655/ HTTP/1.1" 200 42342 "-" "meta-externalagent/1.1 (+https://developers.facebook.com/docs/sharing/webmasters/crawler)"
57.141.2.18 - - [18/Dec/2025:19:20:31 -0500] "GET /contact-form/Generate_Captcha_Code.php?rand=86771676 HTTP/1.1" 200 2269 "-" "meta-externalagent/1.1 (+https://developers.facebook.com/docs/sharing/webmasters/crawler)"
57.141.2.33 - - [18/Dec/2025:19:21:21 -0500] "GET /?products/22195222/ HTTP/1.1" 200 42342 "-" "meta-externalagent/1.1 (+https://developers.facebook.com/docs/sharing/webmasters/crawler)"
57.141.2.80 - - [18/Dec/2025:19:21:29 -0500] "GET /?products/7890377/ HTTP/1.1" 200 42342 "-" "meta-externalagent/1.1 (+https://developers.facebook.com/docs/sharing/webmasters/crawler)"
57.141.2.12 - - [18/Dec/2025:19:21:39 -0500] "GET /?products/12921266/ HTTP/1.1" 200 42342 "-" "meta-externalagent/1.1 (+https://developers.facebook.com/docs/sharing/webmasters/crawler)"
185.191.171.14 - - [18/Dec/2025:19:21:40 -0500] "GET /robots.txt HTTP/1.1" 200 72 "-" "Mozilla/5.0 (compatible; SemrushBot/7~bl; +http://www.semrush.com/bot.html)"
57.141.2.61 - - [18/Dec/2025:19:23:21 -0500] "GET /?products/18534299/ HTTP/1.1" 200 42342 "-" "meta-externalagent/1.1 (+https://developers.facebook.com/docs/sharing/webmasters/crawler)"
57.141.2.22 - - [18/Dec/2025:19:23:56 -0500] "GET /?products/18120444/ HTTP/1.1" 200 42342 "-" "meta-externalagent/1.1 (+https://developers.facebook.com/docs/sharing/webmasters/crawler)"
173.252.82.4 - - [18/Dec/2025:19:25:08 -0500] "GET /robots.txt HTTP/1.1" 206 72 "-" "facebookexternalhit/1.1 (+http://www.facebook.com/externalhit_uatext.php)"
57.141.2.69 - - [18/Dec/2025:19:25:41 -0500] "GET /contact-form/Generate_Captcha_Code.php?rand=681849686 HTTP/1.1" 200 2228 "-" "meta-externalagent/1.1 (+https://developers.facebook.com/docs/sharing/webmasters/crawler)"
57.141.2.8 - - [18/Dec/2025:19:25:51 -0500] "GET /?products/1527522/ HTTP/1.1" 200 42341 "-" "meta-externalagent/1.1 (+https://developers.facebook.com/docs/sharing/webmasters/crawler)"
57.141.2.82 - - [18/Dec/2025:19:26:51 -0500] "GET /view-service.php?id=5 HTTP/1.1" 200 14237 "-" "meta-externalagent/1.1 (+https://developers.facebook.com/docs/sharing/webmasters/crawler)"
57.141.2.77 - - [18/Dec/2025:19:27:20 -0500] "GET /contact-form/Generate_Captcha_Code.php?rand=476980294 HTTP/1.1" 200 1970 "-" "meta-externalagent/1.1 (+https://developers.facebook.com/docs/sharing/webmasters/crawler)"
57.141.2.1 - - [18/Dec/2025:19:27:22 -0500] "GET /contact-form/Generate_Captcha_Code.php?rand=476980294 HTTP/1.1" 200 2613 "-" "meta-externalagent/1.1 (+https://developers.facebook.com/docs/sharing/webmasters/crawler)"
57.141.2.3 - - [18/Dec/2025:19:27:46 -0500] "GET /?products/27858099/ HTTP/1.1" 200 42342 "-" "meta-externalagent/1.1 (+https://developers.facebook.com/docs/sharing/webmasters/crawler)"
57.141.2.72 - - [18/Dec/2025:19:27:52 -0500] "GET /?products/28891122/ HTTP/1.1" 200 42342 "-" "meta-externalagent/1.1 (+https://developers.facebook.com/docs/sharing/webmasters/crawler)"
57.141.2.31 - - [18/Dec/2025:19:28:07 -0500] "GET /?products/4035699/ HTTP/1.1" 200 42342 "-" "meta-externalagent/1.1 (+https://developers.facebook.com/docs/sharing/webmasters/crawler)"
57.141.2.12 - - [18/Dec/2025:19:28:19 -0500] "GET /?products/8713222/ HTTP/1.1" 200 42342 "-" "meta-externalagent/1.1 (+https://developers.facebook.com/docs/sharing/webmasters/crawler)"
57.141.2.28 - - [18/Dec/2025:19:29:46 -0500] "GET /?products/29699199/ HTTP/1.1" 200 42341 "-" "meta-externalagent/1.1 (+https://developers.facebook.com/docs/sharing/webmasters/crawler)"
57.141.2.26 - - [18/Dec/2025:19:31:40 -0500] "GET /?products/15357200/ HTTP/1.1" 200 42342 "-" "meta-externalagent/1.1 (+https://developers.facebook.com/docs/sharing/webmasters/crawler)"
57.141.2.30 - - [18/Dec/2025:19:32:44 -0500] "GET /contact-form/Generate_Captcha_Code.php?rand=1445128636 HTTP/1.1" 200 2441 "-" "meta-externalagent/1.1 (+https://developers.facebook.com/docs/sharing/webmasters/crawler)"
57.141.2.92 - - [18/Dec/2025:19:33:04 -0500] "GET /?products/20081244/ HTTP/1.1" 200 42342 "-" "meta-externalagent/1.1 (+https://developers.facebook.com/docs/sharing/webmasters/crawler)"
57.141.2.16 - - [18/Dec/2025:19:33:34 -0500] "GET /?products/7313177/ HTTP/1.1" 200 42342 "-" "meta-externalagent/1.1 (+https://developers.facebook.com/docs/sharing/webmasters/crawler)"
57.141.2.31 - - [18/Dec/2025:19:34:14 -0500] "GET /contact-form/Generate_Captcha_Code.php?rand=577257138 HTTP/1.1" 200 2331 "-" "meta-externalagent/1.1 (+https://developers.facebook.com/docs/sharing/webmasters/crawler)"
185.191.171.14 - - [18/Dec/2025:19:21:41 -0500] "GET /tour-packages.php?type=1 HTTP/1.1" 200 4489 "-" "Mozilla/5.0 (compatible; SemrushBot/7~bl; +http://www.semrush.com/bot.html)"
66.249.70.142 - - [18/Dec/2025:19:22:13 -0500] "GET /?products/23326588/ HTTP/1.1" 200 6935 "-" "Mozilla/5.0 (Linux; Android 6.0.1; Nexus 5X Build/MMB29P) AppleWebKit/537.36 (KHTML, like Gecko) Chrome/141.0.7390.122 Mobile Safari/537.36 (compatible; Googlebot/2.1; +http://www.google.com/bot.html)"
57.141.2.62 - - [18/Dec/2025:19:24:36 -0500] "GET /contact-form/Generate_Captcha_Code.php?rand=681849686 HTTP/1.1" 200 2370 "-" "meta-externalagent/1.1 (+https://developers.facebook.com/docs/sharing/webmasters/crawler)"
57.141.2.60 - - [18/Dec/2025:19:24:53 -0500] "GET /?products/745277/ HTTP/1.1" 200 42341 "-" "meta-externalagent/1.1 (+https://developers.facebook.com/docs/sharing/webmasters/crawler)"
57.141.2.92 - - [18/Dec/2025:19:25:24 -0500] "GET /?products/698677/ HTTP/1.1" 200 42341 "-" "meta-externalagent/1.1 (+https://developers.facebook.com/docs/sharing/webmasters/crawler)"
57.141.2.14 - - [18/Dec/2025:19:26:02 -0500] "GET /?products/8344900/ HTTP/1.1" 200 42341 "-" "meta-externalagent/1.1 (+https://developers.facebook.com/docs/sharing/webmasters/crawler)"
57.141.2.77 - - [18/Dec/2025:19:27:09 -0500] "GET /?products/17264688/ HTTP/1.1" 200 42340 "-" "meta-externalagent/1.1 (+https://developers.facebook.com/docs/sharing/webmasters/crawler)"
57.141.2.88 - - [18/Dec/2025:19:27:21 -0500] "GET /?products/21953666/ HTTP/1.1" 200 42342 "-" "meta-externalagent/1.1 (+https://developers.facebook.com/docs/sharing/webmasters/crawler)"
57.141.2.18 - - [18/Dec/2025:19:27:23 -0500] "GET /?products/3910599/ HTTP/1.1" 200 42342 "-" "meta-externalagent/1.1 (+https://developers.facebook.com/docs/sharing/webmasters/crawler)"
57.141.2.31 - - [18/Dec/2025:19:29:06 -0500] "GET /?products/12087955/ HTTP/1.1" 200 42341 "-" "meta-externalagent/1.1 (+https://developers.facebook.com/docs/sharing/webmasters/crawler)"
57.141.2.71 - - [18/Dec/2025:19:29:08 -0500] "GET /?products/1917522/ HTTP/1.1" 200 42342 "-" "meta-externalagent/1.1 (+https://developers.facebook.com/docs/sharing/webmasters/crawler)"
57.141.2.16 - - [18/Dec/2025:19:29:19 -0500] "GET /?products/8450688/ HTTP/1.1" 200 42342 "-" "meta-externalagent/1.1 (+https://developers.facebook.com/docs/sharing/webmasters/crawler)"
57.141.2.26 - - [18/Dec/2025:19:31:26 -0500] "GET /?products/6271977/ HTTP/1.1" 200 42342 "-" "meta-externalagent/1.1 (+https://developers.facebook.com/docs/sharing/webmasters/crawler)"
57.141.2.89 - - [18/Dec/2025:19:31:39 -0500] "GET /contact-form/Generate_Captcha_Code.php?rand=1445128636 HTTP/1.1" 200 2146 "-" "meta-externalagent/1.1 (+https://developers.facebook.com/docs/sharing/webmasters/crawler)"
66.249.70.128 - - [18/Dec/2025:19:34:15 -0500] "GET /?products/11379300/ HTTP/1.1" 200 6947 "-" "Mozilla/5.0 (Linux; Android 6.0.1; Nexus 5X Build/MMB29P) AppleWebKit/537.36 (KHTML, like Gecko) Chrome/141.0.7390.122 Mobile Safari/537.36 (compatible; Googlebot/2.1; +http://www.google.com/bot.html)"
57.141.2.10 - - [18/Dec/2025:19:34:15 -0500] "GET /contact-form/Generate_Captcha_Code.php?rand=577257138 HTTP/1.1" 200 2360 "-" "meta-externalagent/1.1 (+https://developers.facebook.com/docs/sharing/webmasters/crawler)"
57.141.2.7 - - [18/Dec/2025:19:35:18 -0500] "GET /?products/12106377/ HTTP/1.1" 200 42341 "-" "meta-externalagent/1.1 (+https://developers.facebook.com/docs/sharing/webmasters/crawler)"
57.141.2.64 - - [18/Dec/2025:19:35:35 -0500] "GET /?products/21918322/ HTTP/1.1" 200 42341 "-" "meta-externalagent/1.1 (+https://developers.facebook.com/docs/sharing/webmasters/crawler)"
57.141.2.81 - - [18/Dec/2025:19:37:04 -0500] "GET /?products/6784900/ HTTP/1.1" 200 42341 "-" "meta-externalagent/1.1 (+https://developers.facebook.com/docs/sharing/webmasters/crawler)"
57.141.2.94 - - [18/Dec/2025:19:37:26 -0500] "GET /contact-form/Generate_Captcha_Code.php?rand=792667783 HTTP/1.1" 200 2118 "-" "meta-externalagent/1.1 (+https://developers.facebook.com/docs/sharing/webmasters/crawler)"
57.141.2.18 - - [18/Dec/2025:19:34:19 -0500] "GET /?products/28957622/ HTTP/1.1" 200 42342 "-" "meta-externalagent/1.1 (+https://developers.facebook.com/docs/sharing/webmasters/crawler)"
57.141.2.49 - - [18/Dec/2025:19:35:39 -0500] "GET /?products/16635299/ HTTP/1.1" 200 42341 "-" "meta-externalagent/1.1 (+https://developers.facebook.com/docs/sharing/webmasters/crawler)"
57.141.2.21 - - [18/Dec/2025:19:37:23 -0500] "GET /contact-form/Generate_Captcha_Code.php?rand=792667783 HTTP/1.1" 200 2270 "-" "meta-externalagent/1.1 (+https://developers.facebook.com/docs/sharing/webmasters/crawler)"
57.141.2.78 - - [18/Dec/2025:19:37:37 -0500] "GET /contact-form/Generate_Captcha_Code.php?rand=16838068 HTTP/1.1" 200 2393 "-" "meta-externalagent/1.1 (+https://developers.facebook.com/docs/sharing/webmasters/crawler)"
57.141.2.31 - - [18/Dec/2025:19:37:38 -0500] "GET /contact-form/Generate_Captcha_Code.php?rand=16838068 HTTP/1.1" 200 2126 "-" "meta-externalagent/1.1 (+https://developers.facebook.com/docs/sharing/webmasters/crawler)"
57.141.2.23 - - [18/Dec/2025:19:37:56 -0500] "GET /?products/10903300/ HTTP/1.1" 200 42342 "-" "meta-externalagent/1.1 (+https://developers.facebook.com/docs/sharing/webmasters/crawler)"
57.141.2.90 - - [18/Dec/2025:19:38:32 -0500] "GET /contact-form/Generate_Captcha_Code.php?rand=556467384 HTTP/1.1" 200 2432 "-" "meta-externalagent/1.1 (+https://developers.facebook.com/docs/sharing/webmasters/crawler)"
57.141.2.90 - - [18/Dec/2025:19:38:50 -0500] "GET /?products/8719300/ HTTP/1.1" 200 42340 "-" "meta-externalagent/1.1 (+https://developers.facebook.com/docs/sharing/webmasters/crawler)"
57.141.2.76 - - [18/Dec/2025:19:39:18 -0500] "GET /?products/16585822/ HTTP/1.1" 200 42342 "-" "meta-externalagent/1.1 (+https://developers.facebook.com/docs/sharing/webmasters/crawler)"
57.141.2.25 - - [18/Dec/2025:19:39:36 -0500] "GET /?products/18027611/ HTTP/1.1" 200 42342 "-" "meta-externalagent/1.1 (+https://developers.facebook.com/docs/sharing/webmasters/crawler)"
66.249.70.128 - - [18/Dec/2025:19:39:39 -0500] "GET /?products/6558766/ HTTP/1.1" 200 6946 "-" "Mozilla/5.0 (Linux; Android 6.0.1; Nexus 5X Build/MMB29P) AppleWebKit/537.36 (KHTML, like Gecko) Chrome/141.0.7390.122 Mobile Safari/537.36 (compatible; Googlebot/2.1; +http://www.google.com/bot.html)"
57.141.2.60 - - [18/Dec/2025:19:39:41 -0500] "GET /?products/22293799/ HTTP/1.1" 200 42342 "-" "meta-externalagent/1.1 (+https://developers.facebook.com/docs/sharing/webmasters/crawler)"
57.141.2.24 - - [18/Dec/2025:19:39:55 -0500] "GET /?products/18380822/ HTTP/1.1" 200 42342 "-" "meta-externalagent/1.1 (+https://developers.facebook.com/docs/sharing/webmasters/crawler)"
57.141.2.29 - - [18/Dec/2025:19:40:13 -0500] "GET /contact-form/Generate_Captcha_Code.php?rand=1384153316 HTTP/1.1" 200 1991 "-" "meta-externalagent/1.1 (+https://developers.facebook.com/docs/sharing/webmasters/crawler)"
57.141.2.53 - - [18/Dec/2025:19:41:25 -0500] "GET /?products/13547600/ HTTP/1.1" 200 42342 "-" "meta-externalagent/1.1 (+https://developers.facebook.com/docs/sharing/webmasters/crawler)"
66.249.70.141 - - [18/Dec/2025:19:43:09 -0500] "GET /?products/24428077/ HTTP/1.1" 200 6945 "-" "Mozilla/5.0 (Linux; Android 6.0.1; Nexus 5X Build/MMB29P) AppleWebKit/537.36 (KHTML, like Gecko) Chrome/141.0.7390.122 Mobile Safari/537.36 (compatible; Googlebot/2.1; +http://www.google.com/bot.html)"
