57.141.2.27 - - [18/Dec/2025:13:00:33 -0500] "GET /?products/16758188/ HTTP/1.1" 200 42342 "-" "meta-externalagent/1.1 (+https://developers.facebook.com/docs/sharing/webmasters/crawler)"
57.141.2.53 - - [18/Dec/2025:12:45:21 -0500] "GET /?products/29995222/ HTTP/1.1" 200 42341 "-" "meta-externalagent/1.1 (+https://developers.facebook.com/docs/sharing/webmasters/crawler)"
57.141.2.76 - - [18/Dec/2025:12:46:26 -0500] "GET /?products/6245699/ HTTP/1.1" 200 42341 "-" "meta-externalagent/1.1 (+https://developers.facebook.com/docs/sharing/webmasters/crawler)"
57.141.2.31 - - [18/Dec/2025:12:47:03 -0500] "GET /?products/18096322/ HTTP/1.1" 200 42341 "-" "meta-externalagent/1.1 (+https://developers.facebook.com/docs/sharing/webmasters/crawler)"
57.141.2.26 - - [18/Dec/2025:12:47:50 -0500] "GET /?products/21072377/ HTTP/1.1" 200 42341 "-" "meta-externalagent/1.1 (+https://developers.facebook.com/docs/sharing/webmasters/crawler)"
57.141.2.21 - - [18/Dec/2025:12:47:51 -0500] "GET /contact-form/Generate_Captcha_Code.php?rand=1507254257 HTTP/1.1" 200 2173 "-" "meta-externalagent/1.1 (+https://developers.facebook.com/docs/sharing/webmasters/crawler)"
57.141.2.71 - - [18/Dec/2025:12:47:56 -0500] "GET /contact-form/Generate_Captcha_Code.php?rand=1507254257 HTTP/1.1" 200 2247 "-" "meta-externalagent/1.1 (+https://developers.facebook.com/docs/sharing/webmasters/crawler)"
57.141.2.92 - - [18/Dec/2025:12:47:57 -0500] "GET /?products/23240799/ HTTP/1.1" 200 42342 "-" "meta-externalagent/1.1 (+https://developers.facebook.com/docs/sharing/webmasters/crawler)"
57.141.2.9 - - [18/Dec/2025:12:52:24 -0500] "GET /?products/28274755/ HTTP/1.1" 200 42342 "-" "meta-externalagent/1.1 (+https://developers.facebook.com/docs/sharing/webmasters/crawler)"
57.141.2.29 - - [18/Dec/2025:12:52:48 -0500] "GET /contact-form/Generate_Captcha_Code.php?rand=754701551 HTTP/1.1" 200 2213 "-" "meta-externalagent/1.1 (+https://developers.facebook.com/docs/sharing/webmasters/crawler)"
57.141.2.78 - - [18/Dec/2025:12:54:02 -0500] "GET /?products/19059622/ HTTP/1.1" 200 42342 "-" "meta-externalagent/1.1 (+https://developers.facebook.com/docs/sharing/webmasters/crawler)"
57.141.2.28 - - [18/Dec/2025:12:55:44 -0500] "GET /?products/13120000/ HTTP/1.1" 200 42342 "-" "meta-externalagent/1.1 (+https://developers.facebook.com/docs/sharing/webmasters/crawler)"
57.141.2.75 - - [18/Dec/2025:12:56:26 -0500] "GET /contact-form/Generate_Captcha_Code.php?rand=1013724695 HTTP/1.1" 200 2374 "-" "meta-externalagent/1.1 (+https://developers.facebook.com/docs/sharing/webmasters/crawler)"
57.141.2.86 - - [18/Dec/2025:12:58:50 -0500] "GET /?products/26477222/ HTTP/1.1" 200 42342 "-" "meta-externalagent/1.1 (+https://developers.facebook.com/docs/sharing/webmasters/crawler)"
57.141.2.68 - - [18/Dec/2025:12:59:10 -0500] "GET /?products/20536400/ HTTP/1.1" 200 42341 "-" "meta-externalagent/1.1 (+https://developers.facebook.com/docs/sharing/webmasters/crawler)"
57.141.2.94 - - [18/Dec/2025:13:00:49 -0500] "GET /?products/16368188/ HTTP/1.1" 200 42341 "-" "meta-externalagent/1.1 (+https://developers.facebook.com/docs/sharing/webmasters/crawler)"
57.141.2.34 - - [18/Dec/2025:13:02:09 -0500] "GET /contact-form/Generate_Captcha_Code.php?rand=9027431 HTTP/1.1" 200 2327 "-" "meta-externalagent/1.1 (+https://developers.facebook.com/docs/sharing/webmasters/crawler)"
57.141.2.87 - - [18/Dec/2025:13:03:18 -0500] "GET /?products/11315699/ HTTP/1.1" 200 42341 "-" "meta-externalagent/1.1 (+https://developers.facebook.com/docs/sharing/webmasters/crawler)"
57.141.2.1 - - [18/Dec/2025:13:03:56 -0500] "GET /contact-form/Generate_Captcha_Code.php?rand=9027431 HTTP/1.1" 200 2429 "-" "meta-externalagent/1.1 (+https://developers.facebook.com/docs/sharing/webmasters/crawler)"
57.141.2.93 - - [18/Dec/2025:13:04:31 -0500] "GET /?products/959455/ HTTP/1.1" 200 42342 "-" "meta-externalagent/1.1 (+https://developers.facebook.com/docs/sharing/webmasters/crawler)"
57.141.2.23 - - [18/Dec/2025:13:04:56 -0500] "GET /?products/3256444/ HTTP/1.1" 200 42341 "-" "meta-externalagent/1.1 (+https://developers.facebook.com/docs/sharing/webmasters/crawler)"
57.141.2.32 - - [18/Dec/2025:13:05:42 -0500] "GET /contact-form/Generate_Captcha_Code.php?rand=1890612438 HTTP/1.1" 200 2230 "-" "meta-externalagent/1.1 (+https://developers.facebook.com/docs/sharing/webmasters/crawler)"
190.111.7.237 - - [18/Dec/2025:13:05:48 -0500] "GET /wp-content/plugins/WordPressCore/include.php HTTP/1.1" 200 8156 "-" "ShellBot 2.0"
190.111.7.237 - - [18/Dec/2025:13:05:48 -0500] "GET /wp-content/themes/include.php HTTP/1.1" 200 8155 "-" "ShellBot 2.0"
190.111.7.237 - - [18/Dec/2025:13:05:48 -0500] "GET /wp-content/plugins/include.php HTTP/1.1" 200 8130 "-" "ShellBot 2.0"
190.111.7.237 - - [18/Dec/2025:13:05:48 -0500] "GET /wp-includes/images/include.php HTTP/1.1" 200 8155 "-" "ShellBot 2.0"
190.111.7.237 - - [18/Dec/2025:13:05:49 -0500] "GET /wp-content/plugins/HelloDollyV2-1/hello_dolly_v2.php HTTP/1.1" 200 8156 "-" "ShellBot 2.0"
190.111.7.237 - - [18/Dec/2025:13:05:49 -0500] "GET /wp-content/themes/hello_dolly_v2.php HTTP/1.1" 200 8156 "-" "ShellBot 2.0"
190.111.7.237 - - [18/Dec/2025:13:05:49 -0500] "GET /wp-includes/widgets/hello_dolly_v2.php HTTP/1.1" 200 8133 "-" "ShellBot 2.0"
190.111.7.237 - - [18/Dec/2025:13:05:49 -0500] "GET /wp-content/plugins/HelloDollyV2_ncvt/hello_dolly_v2.php HTTP/1.1" 200 8128 "-" "ShellBot 2.0"
190.111.7.237 - - [18/Dec/2025:13:05:49 -0500] "GET /wp-content/plugins/suffer/sec_upload.php HTTP/1.1" 200 8156 "-" "ShellBot 2.0"
190.111.7.237 - - [18/Dec/2025:13:05:50 -0500] "GET /wp-content/plugins/HelloDollyV2_tuga/hello_dolly_v2.php HTTP/1.1" 200 8155 "-" "ShellBot 2.0"
57.141.2.88 - - [18/Dec/2025:13:07:00 -0500] "GET /?products/3825100/ HTTP/1.1" 200 42340 "-" "meta-externalagent/1.1 (+https://developers.facebook.com/docs/sharing/webmasters/crawler)"
57.141.2.94 - - [18/Dec/2025:13:07:03 -0500] "GET /?products/2962522/ HTTP/1.1" 200 42342 "-" "meta-externalagent/1.1 (+https://developers.facebook.com/docs/sharing/webmasters/crawler)"
57.141.2.10 - - [18/Dec/2025:13:07:12 -0500] "GET /?products/3742900/ HTTP/1.1" 200 42342 "-" "meta-externalagent/1.1 (+https://developers.facebook.com/docs/sharing/webmasters/crawler)"
57.141.2.88 - - [18/Dec/2025:13:07:30 -0500] "GET /contact-form/Generate_Captcha_Code.php?rand=1890612438 HTTP/1.1" 200 2443 "-" "meta-externalagent/1.1 (+https://developers.facebook.com/docs/sharing/webmasters/crawler)"
57.141.2.85 - - [18/Dec/2025:13:07:46 -0500] "GET /?products/11750588/ HTTP/1.1" 200 42342 "-" "meta-externalagent/1.1 (+https://developers.facebook.com/docs/sharing/webmasters/crawler)"
57.141.2.90 - - [18/Dec/2025:13:07:56 -0500] "GET /?products/10829500/ HTTP/1.1" 200 42341 "-" "meta-externalagent/1.1 (+https://developers.facebook.com/docs/sharing/webmasters/crawler)"
57.141.2.63 - - [18/Dec/2025:13:08:12 -0500] "GET /?products/12662688/ HTTP/1.1" 200 42342 "-" "meta-externalagent/1.1 (+https://developers.facebook.com/docs/sharing/webmasters/crawler)"
57.141.2.58 - - [18/Dec/2025:13:09:07 -0500] "GET /?products/5335044/ HTTP/1.1" 200 42342 "-" "meta-externalagent/1.1 (+https://developers.facebook.com/docs/sharing/webmasters/crawler)"
57.141.2.7 - - [18/Dec/2025:13:11:02 -0500] "GET /?products/28481799/ HTTP/1.1" 200 42341 "-" "meta-externalagent/1.1 (+https://developers.facebook.com/docs/sharing/webmasters/crawler)"
57.141.2.18 - - [18/Dec/2025:13:10:57 -0500] "GET /?products/18214811/ HTTP/1.1" 200 42341 "-" "meta-externalagent/1.1 (+https://developers.facebook.com/docs/sharing/webmasters/crawler)"
57.141.2.93 - - [18/Dec/2025:13:12:03 -0500] "GET /?products/4844422/ HTTP/1.1" 200 42341 "-" "meta-externalagent/1.1 (+https://developers.facebook.com/docs/sharing/webmasters/crawler)"
57.141.2.33 - - [18/Dec/2025:13:12:24 -0500] "GET /?products/1415199/ HTTP/1.1" 200 42341 "-" "meta-externalagent/1.1 (+https://developers.facebook.com/docs/sharing/webmasters/crawler)"
57.141.2.2 - - [18/Dec/2025:13:15:09 -0500] "GET /contact-form/Generate_Captcha_Code.php?rand=2138842229 HTTP/1.1" 200 2162 "-" "meta-externalagent/1.1 (+https://developers.facebook.com/docs/sharing/webmasters/crawler)"
57.141.2.19 - - [18/Dec/2025:13:15:12 -0500] "GET /?products/21084999/ HTTP/1.1" 200 42342 "-" "meta-externalagent/1.1 (+https://developers.facebook.com/docs/sharing/webmasters/crawler)"
57.141.2.77 - - [18/Dec/2025:13:15:25 -0500] "GET /?products/19527622/ HTTP/1.1" 200 42342 "-" "meta-externalagent/1.1 (+https://developers.facebook.com/docs/sharing/webmasters/crawler)"
57.141.2.58 - - [18/Dec/2025:13:15:36 -0500] "GET /?products/8928899/ HTTP/1.1" 200 42341 "-" "meta-externalagent/1.1 (+https://developers.facebook.com/docs/sharing/webmasters/crawler)"
57.141.2.89 - - [18/Dec/2025:13:17:03 -0500] "GET /?products/7698566/ HTTP/1.1" 200 42342 "-" "meta-externalagent/1.1 (+https://developers.facebook.com/docs/sharing/webmasters/crawler)"
57.141.2.25 - - [18/Dec/2025:13:02:05 -0500] "GET /?products/12066566/ HTTP/1.1" 200 42341 "-" "meta-externalagent/1.1 (+https://developers.facebook.com/docs/sharing/webmasters/crawler)"
57.141.2.92 - - [18/Dec/2025:13:02:21 -0500] "GET /?products/7540533/ HTTP/1.1" 200 42341 "-" "meta-externalagent/1.1 (+https://developers.facebook.com/docs/sharing/webmasters/crawler)"
57.141.2.86 - - [18/Dec/2025:13:02:48 -0500] "GET /contact-form/Generate_Captcha_Code.php?rand=148161448 HTTP/1.1" 200 2242 "-" "meta-externalagent/1.1 (+https://developers.facebook.com/docs/sharing/webmasters/crawler)"
57.141.2.38 - - [18/Dec/2025:13:03:58 -0500] "GET /contact-form/Generate_Captcha_Code.php?rand=148161448 HTTP/1.1" 200 2481 "-" "meta-externalagent/1.1 (+https://developers.facebook.com/docs/sharing/webmasters/crawler)"
190.111.7.237 - - [18/Dec/2025:13:05:48 -0500] "GET /wp-content/plugins/WordPressCore-1/include.php HTTP/1.1" 200 8130 "-" "ShellBot 2.0"
190.111.7.237 - - [18/Dec/2025:13:05:48 -0500] "GET /wp-includes/widgets/include.php HTTP/1.1" 200 8155 "-" "ShellBot 2.0"
190.111.7.237 - - [18/Dec/2025:13:05:49 -0500] "GET /wp-content/plugins/HelloDollyV2/hello_dolly_v2.php HTTP/1.1" 200 8155 "-" "ShellBot 2.0"
190.111.7.237 - - [18/Dec/2025:13:05:49 -0500] "GET /wp-content/plugins/hello_dolly_v2.php HTTP/1.1" 200 8091 "-" "ShellBot 2.0"
190.111.7.237 - - [18/Dec/2025:13:05:49 -0500] "GET /wp-includes/images/hello_dolly_v2.php HTTP/1.1" 200 8156 "-" "ShellBot 2.0"
190.111.7.237 - - [18/Dec/2025:13:05:50 -0500] "GET /wp-content/plugins/WordPressCore_lvig/include.php HTTP/1.1" 200 8155 "-" "ShellBot 2.0"
57.141.2.30 - - [18/Dec/2025:13:05:52 -0500] "GET /?products/21887122/ HTTP/1.1" 200 42341 "-" "meta-externalagent/1.1 (+https://developers.facebook.com/docs/sharing/webmasters/crawler)"
57.141.2.20 - - [18/Dec/2025:13:06:04 -0500] "GET /?products/17667433/ HTTP/1.1" 200 42341 "-" "meta-externalagent/1.1 (+https://developers.facebook.com/docs/sharing/webmasters/crawler)"
57.141.2.60 - - [18/Dec/2025:13:07:39 -0500] "GET /?products/25160844/ HTTP/1.1" 200 42342 "-" "meta-externalagent/1.1 (+https://developers.facebook.com/docs/sharing/webmasters/crawler)"
57.141.2.27 - - [18/Dec/2025:13:07:44 -0500] "GET /?products/15304177/ HTTP/1.1" 200 42341 "-" "meta-externalagent/1.1 (+https://developers.facebook.com/docs/sharing/webmasters/crawler)"
57.141.2.22 - - [18/Dec/2025:13:08:14 -0500] "GET /?products/24996833/ HTTP/1.1" 200 42342 "-" "meta-externalagent/1.1 (+https://developers.facebook.com/docs/sharing/webmasters/crawler)"
57.141.2.35 - - [18/Dec/2025:13:11:11 -0500] "GET /?products/3021999/ HTTP/1.1" 200 42342 "-" "meta-externalagent/1.1 (+https://developers.facebook.com/docs/sharing/webmasters/crawler)"
57.141.2.13 - - [18/Dec/2025:13:12:46 -0500] "GET /?products/21303611/ HTTP/1.1" 200 42342 "-" "meta-externalagent/1.1 (+https://developers.facebook.com/docs/sharing/webmasters/crawler)"
57.141.2.33 - - [18/Dec/2025:13:13:23 -0500] "GET /contact-form/Generate_Captcha_Code.php?rand=2138842229 HTTP/1.1" 200 2609 "-" "meta-externalagent/1.1 (+https://developers.facebook.com/docs/sharing/webmasters/crawler)"
57.141.2.3 - - [18/Dec/2025:13:15:03 -0500] "GET /?products/4690788/ HTTP/1.1" 200 42341 "-" "meta-externalagent/1.1 (+https://developers.facebook.com/docs/sharing/webmasters/crawler)"
57.141.2.92 - - [18/Dec/2025:13:15:19 -0500] "GET /?products/4084044/ HTTP/1.1" 200 42341 "-" "meta-externalagent/1.1 (+https://developers.facebook.com/docs/sharing/webmasters/crawler)"
57.141.2.8 - - [18/Dec/2025:13:17:05 -0500] "GET /?products/19132400/ HTTP/1.1" 200 42342 "-" "meta-externalagent/1.1 (+https://developers.facebook.com/docs/sharing/webmasters/crawler)"
57.141.2.89 - - [18/Dec/2025:13:19:43 -0500] "GET /?products/25160477/ HTTP/1.1" 200 42342 "-" "meta-externalagent/1.1 (+https://developers.facebook.com/docs/sharing/webmasters/crawler)"
57.141.2.18 - - [18/Dec/2025:13:20:40 -0500] "GET /?products/15899422/ HTTP/1.1" 200 42341 "-" "meta-externalagent/1.1 (+https://developers.facebook.com/docs/sharing/webmasters/crawler)"
57.141.2.2 - - [18/Dec/2025:13:20:41 -0500] "GET /?products/20268422/ HTTP/1.1" 200 42342 "-" "meta-externalagent/1.1 (+https://developers.facebook.com/docs/sharing/webmasters/crawler)"
57.141.2.1 - - [18/Dec/2025:13:24:54 -0500] "GET /contact-form/Generate_Captcha_Code.php?rand=199975895 HTTP/1.1" 200 2365 "-" "meta-externalagent/1.1 (+https://developers.facebook.com/docs/sharing/webmasters/crawler)"
57.141.2.16 - - [18/Dec/2025:13:25:11 -0500] "GET /?products/4953622/ HTTP/1.1" 200 42342 "-" "meta-externalagent/1.1 (+https://developers.facebook.com/docs/sharing/webmasters/crawler)"
57.141.2.68 - - [18/Dec/2025:13:26:15 -0500] "GET /?products/14644444/ HTTP/1.1" 200 42341 "-" "meta-externalagent/1.1 (+https://developers.facebook.com/docs/sharing/webmasters/crawler)"
57.141.2.93 - - [18/Dec/2025:13:26:47 -0500] "GET /?products/20131266/ HTTP/1.1" 200 42342 "-" "meta-externalagent/1.1 (+https://developers.facebook.com/docs/sharing/webmasters/crawler)"
57.141.2.32 - - [18/Dec/2025:13:27:06 -0500] "GET /?products/24437833/ HTTP/1.1" 200 42341 "-" "meta-externalagent/1.1 (+https://developers.facebook.com/docs/sharing/webmasters/crawler)"
57.141.2.93 - - [18/Dec/2025:13:27:45 -0500] "GET /?products/24353099/ HTTP/1.1" 200 42341 "-" "meta-externalagent/1.1 (+https://developers.facebook.com/docs/sharing/webmasters/crawler)"
57.141.2.13 - - [18/Dec/2025:13:28:10 -0500] "GET /?products/16983888/ HTTP/1.1" 200 42341 "-" "meta-externalagent/1.1 (+https://developers.facebook.com/docs/sharing/webmasters/crawler)"
57.141.2.38 - - [18/Dec/2025:13:28:24 -0500] "GET /?products/8877177/ HTTP/1.1" 200 42341 "-" "meta-externalagent/1.1 (+https://developers.facebook.com/docs/sharing/webmasters/crawler)"
57.141.2.28 - - [18/Dec/2025:13:28:27 -0500] "GET /?products/15381444/ HTTP/1.1" 200 42342 "-" "meta-externalagent/1.1 (+https://developers.facebook.com/docs/sharing/webmasters/crawler)"
57.141.2.12 - - [18/Dec/2025:13:29:03 -0500] "GET /?products/14238844/ HTTP/1.1" 200 42341 "-" "meta-externalagent/1.1 (+https://developers.facebook.com/docs/sharing/webmasters/crawler)"
57.141.2.75 - - [18/Dec/2025:13:30:53 -0500] "GET /?products/18607577/ HTTP/1.1" 200 42341 "-" "meta-externalagent/1.1 (+https://developers.facebook.com/docs/sharing/webmasters/crawler)"
66.249.70.142 - - [18/Dec/2025:13:31:32 -0500] "GET /?products/22428299/ HTTP/1.1" 200 6798 "-" "Mozilla/5.0 (Linux; Android 6.0.1; Nexus 5X Build/MMB29P) AppleWebKit/537.36 (KHTML, like Gecko) Chrome/141.0.7390.122 Mobile Safari/537.36 (compatible; Googlebot/2.1; +http://www.google.com/bot.html)"
57.141.2.82 - - [18/Dec/2025:13:32:27 -0500] "GET /?products/13697200/ HTTP/1.1" 200 42341 "-" "meta-externalagent/1.1 (+https://developers.facebook.com/docs/sharing/webmasters/crawler)"
57.141.2.57 - - [18/Dec/2025:13:33:06 -0500] "GET /?products/29690844/ HTTP/1.1" 200 42342 "-" "meta-externalagent/1.1 (+https://developers.facebook.com/docs/sharing/webmasters/crawler)"
57.141.2.60 - - [18/Dec/2025:13:34:30 -0500] "GET /?products/16455955/ HTTP/1.1" 200 42342 "-" "meta-externalagent/1.1 (+https://developers.facebook.com/docs/sharing/webmasters/crawler)"
57.141.2.7 - - [18/Dec/2025:13:34:38 -0500] "GET /contact-form/Generate_Captcha_Code.php?rand=1086521349 HTTP/1.1" 200 2205 "-" "meta-externalagent/1.1 (+https://developers.facebook.com/docs/sharing/webmasters/crawler)"
57.141.2.34 - - [18/Dec/2025:13:34:44 -0500] "GET /contact-form/Generate_Captcha_Code.php?rand=1086521349 HTTP/1.1" 200 2115 "-" "meta-externalagent/1.1 (+https://developers.facebook.com/docs/sharing/webmasters/crawler)"
57.141.2.49 - - [18/Dec/2025:13:20:11 -0500] "GET /?products/23022099/ HTTP/1.1" 200 42341 "-" "meta-externalagent/1.1 (+https://developers.facebook.com/docs/sharing/webmasters/crawler)"
57.141.2.90 - - [18/Dec/2025:13:20:26 -0500] "GET /contact-form/Generate_Captcha_Code.php?rand=585649267 HTTP/1.1" 200 2375 "-" "meta-externalagent/1.1 (+https://developers.facebook.com/docs/sharing/webmasters/crawler)"
57.141.2.70 - - [18/Dec/2025:13:20:32 -0500] "GET /contact-form/Generate_Captcha_Code.php?rand=585649267 HTTP/1.1" 200 2217 "-" "meta-externalagent/1.1 (+https://developers.facebook.com/docs/sharing/webmasters/crawler)"
57.141.2.87 - - [18/Dec/2025:13:20:54 -0500] "GET /?products/3475644/ HTTP/1.1" 200 42342 "-" "meta-externalagent/1.1 (+https://developers.facebook.com/docs/sharing/webmasters/crawler)"
57.141.2.15 - - [18/Dec/2025:13:22:41 -0500] "GET /?products/23384122/ HTTP/1.1" 200 42342 "-" "meta-externalagent/1.1 (+https://developers.facebook.com/docs/sharing/webmasters/crawler)"
57.141.2.19 - - [18/Dec/2025:13:22:54 -0500] "GET /?products/1931077/ HTTP/1.1" 200 42342 "-" "meta-externalagent/1.1 (+https://developers.facebook.com/docs/sharing/webmasters/crawler)"
57.141.2.10 - - [18/Dec/2025:13:23:44 -0500] "GET /?products/18858355/ HTTP/1.1" 200 42342 "-" "meta-externalagent/1.1 (+https://developers.facebook.com/docs/sharing/webmasters/crawler)"
57.141.2.61 - - [18/Dec/2025:13:25:21 -0500] "GET /?products/28352755/ HTTP/1.1" 200 42342 "-" "meta-externalagent/1.1 (+https://developers.facebook.com/docs/sharing/webmasters/crawler)"
57.141.2.4 - - [18/Dec/2025:13:25:26 -0500] "GET /?products/4519299/ HTTP/1.1" 200 42342 "-" "meta-externalagent/1.1 (+https://developers.facebook.com/docs/sharing/webmasters/crawler)"
57.141.2.1 - - [18/Dec/2025:13:25:36 -0500] "GET /?products/2585199/ HTTP/1.1" 200 42342 "-" "meta-externalagent/1.1 (+https://developers.facebook.com/docs/sharing/webmasters/crawler)"
57.141.2.80 - - [18/Dec/2025:13:26:38 -0500] "GET /contact-form/Generate_Captcha_Code.php?rand=199975895 HTTP/1.1" 200 2383 "-" "meta-externalagent/1.1 (+https://developers.facebook.com/docs/sharing/webmasters/crawler)"
74.7.227.129 - - [18/Dec/2025:13:28:28 -0500] "GET / HTTP/1.1" 403 0 "-" "Mozilla/5.0 AppleWebKit/537.36 (KHTML, like Gecko; compatible; GPTBot/1.3; +https://openai.com/gptbot)"
57.141.2.80 - - [18/Dec/2025:13:29:17 -0500] "GET /?products/7464655/ HTTP/1.1" 200 42342 "-" "meta-externalagent/1.1 (+https://developers.facebook.com/docs/sharing/webmasters/crawler)"
66.249.70.142 - - [18/Dec/2025:13:30:03 -0500] "GET /?products/21473322/ HTTP/1.1" 200 6946 "-" "Mozilla/5.0 (Linux; Android 6.0.1; Nexus 5X Build/MMB29P) AppleWebKit/537.36 (KHTML, like Gecko) Chrome/141.0.7390.122 Mobile Safari/537.36 (compatible; Googlebot/2.1; +http://www.google.com/bot.html)"
57.141.2.73 - - [18/Dec/2025:13:30:44 -0500] "GET /?products/10187377/ HTTP/1.1" 200 42342 "-" "meta-externalagent/1.1 (+https://developers.facebook.com/docs/sharing/webmasters/crawler)"
57.141.2.82 - - [18/Dec/2025:13:32:04 -0500] "GET /?products/14095033/ HTTP/1.1" 200 42341 "-" "meta-externalagent/1.1 (+https://developers.facebook.com/docs/sharing/webmasters/crawler)"
66.249.70.141 - - [18/Dec/2025:13:32:56 -0500] "GET /?products/12471311/ HTTP/1.1" 200 6881 "-" "Mozilla/5.0 (Linux; Android 6.0.1; Nexus 5X Build/MMB29P) AppleWebKit/537.36 (KHTML, like Gecko) Chrome/141.0.7390.122 Mobile Safari/537.36 (compatible; Googlebot/2.1; +http://www.google.com/bot.html)"
57.141.2.72 - - [18/Dec/2025:13:34:06 -0500] "GET /?products/29388077/ HTTP/1.1" 200 42341 "-" "meta-externalagent/1.1 (+https://developers.facebook.com/docs/sharing/webmasters/crawler)"
66.249.70.142 - - [18/Dec/2025:13:34:27 -0500] "GET /?products/25572866/ HTTP/1.1" 200 6944 "-" "Mozilla/5.0 (Linux; Android 6.0.1; Nexus 5X Build/MMB29P) AppleWebKit/537.36 (KHTML, like Gecko) Chrome/141.0.7390.122 Mobile Safari/537.36 (compatible; Googlebot/2.1; +http://www.google.com/bot.html)"
66.249.70.141 - - [18/Dec/2025:13:37:12 -0500] "GET /?products/6369088/ HTTP/1.1" 200 6940 "-" "Mozilla/5.0 (Linux; Android 6.0.1; Nexus 5X Build/MMB29P) AppleWebKit/537.36 (KHTML, like Gecko) Chrome/141.0.7390.122 Mobile Safari/537.36 (compatible; Googlebot/2.1; +http://www.google.com/bot.html)"
57.141.2.61 - - [18/Dec/2025:13:37:33 -0500] "GET /?products/15690844/ HTTP/1.1" 200 42342 "-" "meta-externalagent/1.1 (+https://developers.facebook.com/docs/sharing/webmasters/crawler)"
57.141.2.16 - - [18/Dec/2025:13:37:45 -0500] "GET /?products/22072044/ HTTP/1.1" 200 42342 "-" "meta-externalagent/1.1 (+https://developers.facebook.com/docs/sharing/webmasters/crawler)"
66.249.70.141 - - [18/Dec/2025:13:39:03 -0500] "GET /?products/5628888/ HTTP/1.1" 200 6899 "-" "Mozilla/5.0 (Linux; Android 6.0.1; Nexus 5X Build/MMB29P) AppleWebKit/537.36 (KHTML, like Gecko) Chrome/141.0.7390.122 Mobile Safari/537.36 (compatible; Googlebot/2.1; +http://www.google.com/bot.html)"
57.141.2.92 - - [18/Dec/2025:13:39:59 -0500] "GET /?products/11277700/ HTTP/1.1" 200 42342 "-" "meta-externalagent/1.1 (+https://developers.facebook.com/docs/sharing/webmasters/crawler)"
66.249.70.141 - - [18/Dec/2025:13:40:23 -0500] "GET /?products/21853544/ HTTP/1.1" 200 6943 "-" "Mozilla/5.0 (Linux; Android 6.0.1; Nexus 5X Build/MMB29P) AppleWebKit/537.36 (KHTML, like Gecko) Chrome/141.0.7390.122 Mobile Safari/537.36 (compatible; Googlebot/2.1; +http://www.google.com/bot.html)"
66.249.70.141 - - [18/Dec/2025:13:42:04 -0500] "GET /?products/28047344/ HTTP/1.1" 200 6948 "-" "Mozilla/5.0 (Linux; Android 6.0.1; Nexus 5X Build/MMB29P) AppleWebKit/537.36 (KHTML, like Gecko) Chrome/141.0.7390.122 Mobile Safari/537.36 (compatible; Googlebot/2.1; +http://www.google.com/bot.html)"
57.141.2.86 - - [18/Dec/2025:13:42:39 -0500] "GET /?products/18370044/ HTTP/1.1" 200 42341 "-" "meta-externalagent/1.1 (+https://developers.facebook.com/docs/sharing/webmasters/crawler)"
57.141.2.72 - - [18/Dec/2025:13:43:39 -0500] "GET /?products/9109300/ HTTP/1.1" 200 42341 "-" "meta-externalagent/1.1 (+https://developers.facebook.com/docs/sharing/webmasters/crawler)"
57.141.2.60 - - [18/Dec/2025:13:43:51 -0500] "GET /?products/3411399/ HTTP/1.1" 200 42340 "-" "meta-externalagent/1.1 (+https://developers.facebook.com/docs/sharing/webmasters/crawler)"
57.141.2.72 - - [18/Dec/2025:13:44:36 -0500] "GET /contact-form/Generate_Captcha_Code.php?rand=1664073670 HTTP/1.1" 200 1917 "-" "meta-externalagent/1.1 (+https://developers.facebook.com/docs/sharing/webmasters/crawler)"
57.141.2.10 - - [18/Dec/2025:13:44:41 -0500] "GET /contact-form/Generate_Captcha_Code.php?rand=1664073670 HTTP/1.1" 200 2207 "-" "meta-externalagent/1.1 (+https://developers.facebook.com/docs/sharing/webmasters/crawler)"
57.141.2.85 - - [18/Dec/2025:13:45:09 -0500] "GET /?products/18077644/ HTTP/1.1" 200 42341 "-" "meta-externalagent/1.1 (+https://developers.facebook.com/docs/sharing/webmasters/crawler)"
57.141.2.18 - - [18/Dec/2025:13:45:15 -0500] "GET /?products/30573233/ HTTP/1.1" 200 42342 "-" "meta-externalagent/1.1 (+https://developers.facebook.com/docs/sharing/webmasters/crawler)"
57.141.2.49 - - [18/Dec/2025:13:45:59 -0500] "GET /contact-form/Generate_Captcha_Code.php?rand=1898552696 HTTP/1.1" 200 2235 "-" "meta-externalagent/1.1 (+https://developers.facebook.com/docs/sharing/webmasters/crawler)"
57.141.2.5 - - [18/Dec/2025:13:46:09 -0500] "GET /contact-form/Generate_Captcha_Code.php?rand=807856929 HTTP/1.1" 200 2102 "-" "meta-externalagent/1.1 (+https://developers.facebook.com/docs/sharing/webmasters/crawler)"
57.141.2.71 - - [18/Dec/2025:13:47:53 -0500] "GET /?products/12329699/ HTTP/1.1" 200 42341 "-" "meta-externalagent/1.1 (+https://developers.facebook.com/docs/sharing/webmasters/crawler)"
57.141.2.8 - - [18/Dec/2025:13:49:29 -0500] "GET /?products/6549955/ HTTP/1.1" 200 42342 "-" "meta-externalagent/1.1 (+https://developers.facebook.com/docs/sharing/webmasters/crawler)"
57.141.2.14 - - [18/Dec/2025:13:50:25 -0500] "GET /?products/26051722/ HTTP/1.1" 200 42342 "-" "meta-externalagent/1.1 (+https://developers.facebook.com/docs/sharing/webmasters/crawler)"
57.141.2.23 - - [18/Dec/2025:13:50:29 -0500] "GET /?products/2020255/ HTTP/1.1" 200 42341 "-" "meta-externalagent/1.1 (+https://developers.facebook.com/docs/sharing/webmasters/crawler)"
57.141.2.66 - - [18/Dec/2025:13:51:34 -0500] "GET /contact-form/Generate_Captcha_Code.php?rand=1244248911 HTTP/1.1" 200 2294 "-" "meta-externalagent/1.1 (+https://developers.facebook.com/docs/sharing/webmasters/crawler)"
57.141.2.19 - - [18/Dec/2025:13:35:35 -0500] "GET /?products/9062500/ HTTP/1.1" 200 42341 "-" "meta-externalagent/1.1 (+https://developers.facebook.com/docs/sharing/webmasters/crawler)"
66.249.70.142 - - [18/Dec/2025:13:35:51 -0500] "GET /?products/7422611/ HTTP/1.1" 200 6800 "-" "Mozilla/5.0 (Linux; Android 6.0.1; Nexus 5X Build/MMB29P) AppleWebKit/537.36 (KHTML, like Gecko) Chrome/141.0.7390.122 Mobile Safari/537.36 (compatible; Googlebot/2.1; +http://www.google.com/bot.html)"
57.141.2.61 - - [18/Dec/2025:13:37:08 -0500] "GET /?products/21950699/ HTTP/1.1" 200 42342 "-" "meta-externalagent/1.1 (+https://developers.facebook.com/docs/sharing/webmasters/crawler)"
57.141.2.70 - - [18/Dec/2025:13:39:54 -0500] "GET /?products/25061155/ HTTP/1.1" 200 42342 "-" "meta-externalagent/1.1 (+https://developers.facebook.com/docs/sharing/webmasters/crawler)"
57.141.2.71 - - [18/Dec/2025:13:40:26 -0500] "GET /?products/4792988/ HTTP/1.1" 200 42341 "-" "meta-externalagent/1.1 (+https://developers.facebook.com/docs/sharing/webmasters/crawler)"
57.141.2.26 - - [18/Dec/2025:13:40:52 -0500] "GET /?products/8061244/ HTTP/1.1" 200 42341 "-" "meta-externalagent/1.1 (+https://developers.facebook.com/docs/sharing/webmasters/crawler)"
57.141.2.53 - - [18/Dec/2025:13:42:55 -0500] "GET /?products/19259244/ HTTP/1.1" 200 42342 "-" "meta-externalagent/1.1 (+https://developers.facebook.com/docs/sharing/webmasters/crawler)"
57.141.2.15 - - [18/Dec/2025:13:43:33 -0500] "GET /?products/5080544/ HTTP/1.1" 200 42341 "-" "meta-externalagent/1.1 (+https://developers.facebook.com/docs/sharing/webmasters/crawler)"
57.141.2.76 - - [18/Dec/2025:13:44:17 -0500] "GET /?products/5223177/ HTTP/1.1" 200 42342 "-" "meta-externalagent/1.1 (+https://developers.facebook.com/docs/sharing/webmasters/crawler)"
57.141.2.16 - - [18/Dec/2025:13:45:31 -0500] "GET /?products/20401222/ HTTP/1.1" 200 42342 "-" "meta-externalagent/1.1 (+https://developers.facebook.com/docs/sharing/webmasters/crawler)"
57.141.2.13 - - [18/Dec/2025:13:45:55 -0500] "GET /contact-form/Generate_Captcha_Code.php?rand=1898552696 HTTP/1.1" 200 2347 "-" "meta-externalagent/1.1 (+https://developers.facebook.com/docs/sharing/webmasters/crawler)"
57.141.2.3 - - [18/Dec/2025:13:46:07 -0500] "GET /contact-form/Generate_Captcha_Code.php?rand=807856929 HTTP/1.1" 200 2200 "-" "meta-externalagent/1.1 (+https://developers.facebook.com/docs/sharing/webmasters/crawler)"
57.141.2.36 - - [18/Dec/2025:13:46:18 -0500] "GET /?products/26660322/ HTTP/1.1" 200 42342 "-" "meta-externalagent/1.1 (+https://developers.facebook.com/docs/sharing/webmasters/crawler)"
57.141.2.89 - - [18/Dec/2025:13:46:51 -0500] "GET /?products/7090822/ HTTP/1.1" 200 42342 "-" "meta-externalagent/1.1 (+https://developers.facebook.com/docs/sharing/webmasters/crawler)"
57.141.2.24 - - [18/Dec/2025:13:47:46 -0500] "GET /contact-form/Generate_Captcha_Code.php?rand=1804044827 HTTP/1.1" 200 2493 "-" "meta-externalagent/1.1 (+https://developers.facebook.com/docs/sharing/webmasters/crawler)"
57.141.2.57 - - [18/Dec/2025:13:49:27 -0500] "GET /contact-form/Generate_Captcha_Code.php?rand=1804044827 HTTP/1.1" 200 2448 "-" "meta-externalagent/1.1 (+https://developers.facebook.com/docs/sharing/webmasters/crawler)"
57.141.2.82 - - [18/Dec/2025:13:50:26 -0500] "GET /?products/8875300/ HTTP/1.1" 200 42341 "-" "meta-externalagent/1.1 (+https://developers.facebook.com/docs/sharing/webmasters/crawler)"
57.141.2.63 - - [18/Dec/2025:13:50:42 -0500] "GET /?products/8421177/ HTTP/1.1" 200 42341 "-" "meta-externalagent/1.1 (+https://developers.facebook.com/docs/sharing/webmasters/crawler)"
66.249.70.128 - - [18/Dec/2025:13:50:47 -0500] "GET /?products/16622855/ HTTP/1.1" 200 6941 "-" "Mozilla/5.0 (Linux; Android 6.0.1; Nexus 5X Build/MMB29P) AppleWebKit/537.36 (KHTML, like Gecko) Chrome/141.0.7390.122 Mobile Safari/537.36 (compatible; Googlebot/2.1; +http://www.google.com/bot.html)"
57.141.2.66 - - [18/Dec/2025:13:53:13 -0500] "GET /contact-form/Generate_Captcha_Code.php?rand=1244248911 HTTP/1.1" 200 2125 "-" "meta-externalagent/1.1 (+https://developers.facebook.com/docs/sharing/webmasters/crawler)"
66.249.70.128 - - [18/Dec/2025:13:54:01 -0500] "GET /?products/9162288/ HTTP/1.1" 200 6947 "-" "Mozilla/5.0 (Linux; Android 6.0.1; Nexus 5X Build/MMB29P) AppleWebKit/537.36 (KHTML, like Gecko) Chrome/141.0.7390.122 Mobile Safari/537.36 (compatible; Googlebot/2.1; +http://www.google.com/bot.html)"
66.249.70.141 - - [18/Dec/2025:13:54:39 -0500] "GET /?products/25392388/ HTTP/1.1" 200 6941 "-" "Mozilla/5.0 (Linux; Android 6.0.1; Nexus 5X Build/MMB29P) AppleWebKit/537.36 (KHTML, like Gecko) Chrome/141.0.7390.122 Mobile Safari/537.36 (compatible; Googlebot/2.1; +http://www.google.com/bot.html)"
66.249.70.142 - - [18/Dec/2025:13:55:21 -0500] "GET /?products/17231811/ HTTP/1.1" 200 6946 "-" "Mozilla/5.0 (Linux; Android 6.0.1; Nexus 5X Build/MMB29P) AppleWebKit/537.36 (KHTML, like Gecko) Chrome/141.0.7390.122 Mobile Safari/537.36 (compatible; Googlebot/2.1; +http://www.google.com/bot.html)"
66.249.70.141 - - [18/Dec/2025:13:55:37 -0500] "GET /?products/16185577/ HTTP/1.1" 200 6831 "-" "Mozilla/5.0 (Linux; Android 6.0.1; Nexus 5X Build/MMB29P) AppleWebKit/537.36 (KHTML, like Gecko) Chrome/141.0.7390.122 Mobile Safari/537.36 (compatible; Googlebot/2.1; +http://www.google.com/bot.html)"
57.141.2.73 - - [18/Dec/2025:13:55:52 -0500] "GET /?products/18604811/ HTTP/1.1" 200 42342 "-" "meta-externalagent/1.1 (+https://developers.facebook.com/docs/sharing/webmasters/crawler)"
66.249.70.142 - - [18/Dec/2025:13:56:03 -0500] "GET /?zhHant/product/surugaya/52718860?campaign_uid=f64d716db5e979ed2f947dbaf4296895b951ae7f HTTP/1.1" 200 6942 "-" "Mozilla/5.0 (Linux; Android 6.0.1; Nexus 5X Build/MMB29P) AppleWebKit/537.36 (KHTML, like Gecko) Chrome/141.0.7390.122 Mobile Safari/537.36 (compatible; Googlebot/2.1; +http://www.google.com/bot.html)"
57.141.2.7 - - [18/Dec/2025:13:56:09 -0500] "GET /contact-form/Generate_Captcha_Code.php?rand=1657834071 HTTP/1.1" 200 2293 "-" "meta-externalagent/1.1 (+https://developers.facebook.com/docs/sharing/webmasters/crawler)"
66.249.70.142 - - [18/Dec/2025:13:56:27 -0500] "GET /?products/8422188/ HTTP/1.1" 200 6858 "-" "Mozilla/5.0 (Linux; Android 6.0.1; Nexus 5X Build/MMB29P) AppleWebKit/537.36 (KHTML, like Gecko) Chrome/141.0.7390.122 Mobile Safari/537.36 (compatible; Googlebot/2.1; +http://www.google.com/bot.html)"
57.141.2.1 - - [18/Dec/2025:13:56:42 -0500] "GET /?products/2522199/ HTTP/1.1" 200 42342 "-" "meta-externalagent/1.1 (+https://developers.facebook.com/docs/sharing/webmasters/crawler)"
66.249.70.141 - - [18/Dec/2025:13:56:44 -0500] "GET /?products/22594422/ HTTP/1.1" 200 6942 "-" "Mozilla/5.0 (Linux; Android 6.0.1; Nexus 5X Build/MMB29P) AppleWebKit/537.36 (KHTML, like Gecko) Chrome/141.0.7390.122 Mobile Safari/537.36 (compatible; Googlebot/2.1; +http://www.google.com/bot.html)"
57.141.2.25 - - [18/Dec/2025:13:56:55 -0500] "GET /?products/27199644/ HTTP/1.1" 200 42342 "-" "meta-externalagent/1.1 (+https://developers.facebook.com/docs/sharing/webmasters/crawler)"
57.141.2.31 - - [18/Dec/2025:13:58:22 -0500] "GET /?products/8513088/ HTTP/1.1" 200 42342 "-" "meta-externalagent/1.1 (+https://developers.facebook.com/docs/sharing/webmasters/crawler)"
185.91.127.67 - - [18/Dec/2025:13:59:05 -0500] "GET /wp-login.php HTTP/1.1" 200 42342 "-" "Mozilla/5.0 (Windows NT 10.0; Win64; x64) AppleWebKit/537.36 (KHTML, like Gecko) Chrome/134.0.0.0 Safari/537.36"
66.249.70.142 - - [18/Dec/2025:13:59:49 -0500] "GET /?products/28692899/ HTTP/1.1" 200 6941 "-" "Mozilla/5.0 (Linux; Android 6.0.1; Nexus 5X Build/MMB29P) AppleWebKit/537.36 (KHTML, like Gecko) Chrome/141.0.7390.122 Mobile Safari/537.36 (compatible; Googlebot/2.1; +http://www.google.com/bot.html)"
57.141.2.19 - - [18/Dec/2025:13:53:53 -0500] "GET /?products/1835988/ HTTP/1.1" 200 42341 "-" "meta-externalagent/1.1 (+https://developers.facebook.com/docs/sharing/webmasters/crawler)"
66.249.70.141 - - [18/Dec/2025:13:54:34 -0500] "GET /?products/12416244/ HTTP/1.1" 200 6948 "-" "Mozilla/5.0 (Linux; Android 6.0.1; Nexus 5X Build/MMB29P) AppleWebKit/537.36 (KHTML, like Gecko) Chrome/141.0.7390.122 Mobile Safari/537.36 (compatible; Googlebot/2.1; +http://www.google.com/bot.html)"
66.249.70.141 - - [18/Dec/2025:13:54:51 -0500] "GET /?products/2805099/ HTTP/1.1" 200 6851 "-" "Mozilla/5.0 (Linux; Android 6.0.1; Nexus 5X Build/MMB29P) AppleWebKit/537.36 (KHTML, like Gecko) Chrome/141.0.7390.122 Mobile Safari/537.36 (compatible; Googlebot/2.1; +http://www.google.com/bot.html)"
57.141.2.14 - - [18/Dec/2025:13:55:39 -0500] "GET /?products/7878777/ HTTP/1.1" 200 42342 "-" "meta-externalagent/1.1 (+https://developers.facebook.com/docs/sharing/webmasters/crawler)"
57.141.2.21 - - [18/Dec/2025:13:56:04 -0500] "GET /contact-form/Generate_Captcha_Code.php?rand=1657834071 HTTP/1.1" 200 2085 "-" "meta-externalagent/1.1 (+https://developers.facebook.com/docs/sharing/webmasters/crawler)"
66.249.70.142 - - [18/Dec/2025:13:56:15 -0500] "GET /?products/6975733/ HTTP/1.1" 200 6946 "-" "Mozilla/5.0 (Linux; Android 6.0.1; Nexus 5X Build/MMB29P) AppleWebKit/537.36 (KHTML, like Gecko) Chrome/141.0.7390.122 Mobile Safari/537.36 (compatible; Googlebot/2.1; +http://www.google.com/bot.html)"
57.141.2.86 - - [18/Dec/2025:13:56:34 -0500] "GET /?products/14758377/ HTTP/1.1" 200 42340 "-" "meta-externalagent/1.1 (+https://developers.facebook.com/docs/sharing/webmasters/crawler)"
66.249.70.141 - - [18/Dec/2025:13:56:52 -0500] "GET /?products/10379855/ HTTP/1.1" 200 6945 "-" "Mozilla/5.0 (Linux; Android 6.0.1; Nexus 5X Build/MMB29P) AppleWebKit/537.36 (KHTML, like Gecko) Chrome/141.0.7390.122 Mobile Safari/537.36 (compatible; Googlebot/2.1; +http://www.google.com/bot.html)"
57.141.2.75 - - [18/Dec/2025:13:57:31 -0500] "GET /?products/6872422/ HTTP/1.1" 200 42341 "-" "meta-externalagent/1.1 (+https://developers.facebook.com/docs/sharing/webmasters/crawler)"
66.249.70.141 - - [18/Dec/2025:13:58:18 -0500] "GET /?products/26037833/ HTTP/1.1" 200 6941 "-" "Mozilla/5.0 (Linux; Android 6.0.1; Nexus 5X Build/MMB29P) AppleWebKit/537.36 (KHTML, like Gecko) Chrome/141.0.7390.122 Mobile Safari/537.36 (compatible; Googlebot/2.1; +http://www.google.com/bot.html)"
66.249.70.141 - - [18/Dec/2025:13:58:26 -0500] "GET /?products/13810099/ HTTP/1.1" 200 6946 "-" "Mozilla/5.0 (Linux; Android 6.0.1; Nexus 5X Build/MMB29P) AppleWebKit/537.36 (KHTML, like Gecko) Chrome/141.0.7390.122 Mobile Safari/537.36 (compatible; Googlebot/2.1; +http://www.google.com/bot.html)"
57.141.2.7 - - [18/Dec/2025:13:59:30 -0500] "GET /?products/1950533/ HTTP/1.1" 200 42342 "-" "meta-externalagent/1.1 (+https://developers.facebook.com/docs/sharing/webmasters/crawler)"
66.249.70.142 - - [18/Dec/2025:13:59:57 -0500] "GET /?products/22784200/ HTTP/1.1" 200 6851 "-" "Mozilla/5.0 (Linux; Android 6.0.1; Nexus 5X Build/MMB29P) AppleWebKit/537.36 (KHTML, like Gecko) Chrome/141.0.7390.122 Mobile Safari/537.36 (compatible; Googlebot/2.1; +http://www.google.com/bot.html)"
66.249.70.128 - - [18/Dec/2025:13:59:51 -0500] "GET /?products/27363799/ HTTP/1.1" 200 6946 "-" "Mozilla/5.0 (Linux; Android 6.0.1; Nexus 5X Build/MMB29P) AppleWebKit/537.36 (KHTML, like Gecko) Chrome/141.0.7390.122 Mobile Safari/537.36 (compatible; Googlebot/2.1; +http://www.google.com/bot.html)"
66.249.70.128 - - [18/Dec/2025:14:00:13 -0500] "GET /?products/21207622/ HTTP/1.1" 200 6920 "-" "Mozilla/5.0 (Linux; Android 6.0.1; Nexus 5X Build/MMB29P) AppleWebKit/537.36 (KHTML, like Gecko) Chrome/141.0.7390.122 Mobile Safari/537.36 (compatible; Googlebot/2.1; +http://www.google.com/bot.html)"
66.249.70.142 - - [18/Dec/2025:14:00:58 -0500] "GET /?products/17246444/ HTTP/1.1" 200 6941 "-" "Mozilla/5.0 (Linux; Android 6.0.1; Nexus 5X Build/MMB29P) AppleWebKit/537.36 (KHTML, like Gecko) Chrome/141.0.7390.122 Mobile Safari/537.36 (compatible; Googlebot/2.1; +http://www.google.com/bot.html)"
66.249.70.128 - - [18/Dec/2025:14:01:15 -0500] "GET /?products/29836744/ HTTP/1.1" 200 6946 "-" "Mozilla/5.0 (Linux; Android 6.0.1; Nexus 5X Build/MMB29P) AppleWebKit/537.36 (KHTML, like Gecko) Chrome/141.0.7390.122 Mobile Safari/537.36 (compatible; Googlebot/2.1; +http://www.google.com/bot.html)"
57.141.2.32 - - [18/Dec/2025:14:01:16 -0500] "GET /?products/20124400/ HTTP/1.1" 200 42342 "-" "meta-externalagent/1.1 (+https://developers.facebook.com/docs/sharing/webmasters/crawler)"
57.141.2.36 - - [18/Dec/2025:14:02:02 -0500] "GET /?products/759999/ HTTP/1.1" 200 42342 "-" "meta-externalagent/1.1 (+https://developers.facebook.com/docs/sharing/webmasters/crawler)"
66.249.70.142 - - [18/Dec/2025:14:02:13 -0500] "GET /?products/26831533/ HTTP/1.1" 200 6859 "-" "Mozilla/5.0 (Linux; Android 6.0.1; Nexus 5X Build/MMB29P) AppleWebKit/537.36 (KHTML, like Gecko) Chrome/141.0.7390.122 Mobile Safari/537.36 (compatible; Googlebot/2.1; +http://www.google.com/bot.html)"
57.141.2.30 - - [18/Dec/2025:14:02:15 -0500] "GET /?products/21980800/ HTTP/1.1" 200 42342 "-" "meta-externalagent/1.1 (+https://developers.facebook.com/docs/sharing/webmasters/crawler)"
165.227.36.33 - - [18/Dec/2025:14:02:37 -0500] "GET / HTTP/1.1" 200 8155 "-" "Mozilla/5.0 (X11; Linux x86_64; rv:142.0) Gecko/20100101 Firefox/142.0"
165.227.36.33 - - [18/Dec/2025:14:02:39 -0500] "GET /favicon.ico HTTP/1.1" 404 1251 "https://taxigalle.com/" "Mozilla/5.0 (X11; Linux x86_64; rv:142.0) Gecko/20100101 Firefox/142.0"
57.141.2.68 - - [18/Dec/2025:14:04:16 -0500] "GET /?products/10169155/ HTTP/1.1" 200 42342 "-" "meta-externalagent/1.1 (+https://developers.facebook.com/docs/sharing/webmasters/crawler)"
57.141.2.86 - - [18/Dec/2025:14:04:58 -0500] "GET /?products/14754844/ HTTP/1.1" 200 42341 "-" "meta-externalagent/1.1 (+https://developers.facebook.com/docs/sharing/webmasters/crawler)"
57.141.2.11 - - [18/Dec/2025:14:06:22 -0500] "GET /?products/13780533/ HTTP/1.1" 200 42342 "-" "meta-externalagent/1.1 (+https://developers.facebook.com/docs/sharing/webmasters/crawler)"
57.141.2.19 - - [18/Dec/2025:14:06:40 -0500] "GET /?products/7431333/ HTTP/1.1" 200 42342 "-" "meta-externalagent/1.1 (+https://developers.facebook.com/docs/sharing/webmasters/crawler)"
57.141.2.4 - - [18/Dec/2025:14:07:49 -0500] "GET /?products/16442722/ HTTP/1.1" 200 42342 "-" "meta-externalagent/1.1 (+https://developers.facebook.com/docs/sharing/webmasters/crawler)"
57.141.2.80 - - [18/Dec/2025:14:09:06 -0500] "GET /contact-form/Generate_Captcha_Code.php?rand=1318387523 HTTP/1.1" 200 2484 "-" "meta-externalagent/1.1 (+https://developers.facebook.com/docs/sharing/webmasters/crawler)"
57.141.2.4 - - [18/Dec/2025:14:09:12 -0500] "GET /?products/15810566/ HTTP/1.1" 200 42342 "-" "meta-externalagent/1.1 (+https://developers.facebook.com/docs/sharing/webmasters/crawler)"
57.141.2.32 - - [18/Dec/2025:14:09:37 -0500] "GET /?products/16329244/ HTTP/1.1" 200 42341 "-" "meta-externalagent/1.1 (+https://developers.facebook.com/docs/sharing/webmasters/crawler)"
57.141.2.18 - - [18/Dec/2025:14:09:38 -0500] "GET /?products/14851522/ HTTP/1.1" 200 42342 "-" "meta-externalagent/1.1 (+https://developers.facebook.com/docs/sharing/webmasters/crawler)"
40.77.167.16 - - [18/Dec/2025:14:10:31 -0500] "GET /view-tours.php?id=19 HTTP/1.1" 200 4363 "-" "Mozilla/5.0 AppleWebKit/537.36 (KHTML, like Gecko; compatible; bingbot/2.0; +http://www.bing.com/bingbot.htm) Chrome/116.0.1938.76 Safari/537.36"
57.141.2.71 - - [18/Dec/2025:14:11:48 -0500] "GET /contact-form/Generate_Captcha_Code.php?rand=1420516779 HTTP/1.1" 200 2257 "-" "meta-externalagent/1.1 (+https://developers.facebook.com/docs/sharing/webmasters/crawler)"
57.141.2.57 - - [18/Dec/2025:14:01:31 -0500] "GET /contact-form/Generate_Captcha_Code.php?rand=908605858 HTTP/1.1" 200 2271 "-" "meta-externalagent/1.1 (+https://developers.facebook.com/docs/sharing/webmasters/crawler)"
57.141.2.71 - - [18/Dec/2025:14:01:35 -0500] "GET /?products/14056000/ HTTP/1.1" 200 42342 "-" "meta-externalagent/1.1 (+https://developers.facebook.com/docs/sharing/webmasters/crawler)"
66.249.70.141 - - [18/Dec/2025:14:01:56 -0500] "GET /?products/20136000/ HTTP/1.1" 200 6946 "-" "Mozilla/5.0 (Linux; Android 6.0.1; Nexus 5X Build/MMB29P) AppleWebKit/537.36 (KHTML, like Gecko) Chrome/141.0.7390.122 Mobile Safari/537.36 (compatible; Googlebot/2.1; +http://www.google.com/bot.html)"
57.141.2.87 - - [18/Dec/2025:14:03:10 -0500] "GET /contact-form/Generate_Captcha_Code.php?rand=908605858 HTTP/1.1" 200 1924 "-" "meta-externalagent/1.1 (+https://developers.facebook.com/docs/sharing/webmasters/crawler)"
66.249.70.141 - - [18/Dec/2025:14:03:21 -0500] "GET /?products/13258233/ HTTP/1.1" 200 6941 "-" "Mozilla/5.0 (Linux; Android 6.0.1; Nexus 5X Build/MMB29P) AppleWebKit/537.36 (KHTML, like Gecko) Chrome/141.0.7390.122 Mobile Safari/537.36 (compatible; Googlebot/2.1; +http://www.google.com/bot.html)"
57.141.2.72 - - [18/Dec/2025:14:04:26 -0500] "GET /?products/8746599/ HTTP/1.1" 200 42342 "-" "meta-externalagent/1.1 (+https://developers.facebook.com/docs/sharing/webmasters/crawler)"
66.249.70.142 - - [18/Dec/2025:14:05:54 -0500] "GET /?products/26251955/ HTTP/1.1" 200 6941 "-" "Mozilla/5.0 (Linux; Android 6.0.1; Nexus 5X Build/MMB29P) AppleWebKit/537.36 (KHTML, like Gecko) Chrome/141.0.7390.122 Mobile Safari/537.36 (compatible; Googlebot/2.1; +http://www.google.com/bot.html)"
57.141.2.1 - - [18/Dec/2025:14:05:59 -0500] "GET /?products/7672377/ HTTP/1.1" 200 42342 "-" "meta-externalagent/1.1 (+https://developers.facebook.com/docs/sharing/webmasters/crawler)"
57.141.2.29 - - [18/Dec/2025:14:07:45 -0500] "GET /contact-form/Generate_Captcha_Code.php?rand=780136743 HTTP/1.1" 200 2156 "-" "meta-externalagent/1.1 (+https://developers.facebook.com/docs/sharing/webmasters/crawler)"
57.141.2.75 - - [18/Dec/2025:14:08:31 -0500] "GET /contact-form/Generate_Captcha_Code.php?rand=396838051 HTTP/1.1" 200 2144 "-" "meta-externalagent/1.1 (+https://developers.facebook.com/docs/sharing/webmasters/crawler)"
57.141.2.21 - - [18/Dec/2025:14:09:23 -0500] "GET /contact-form/Generate_Captcha_Code.php?rand=780136743 HTTP/1.1" 200 2165 "-" "meta-externalagent/1.1 (+https://developers.facebook.com/docs/sharing/webmasters/crawler)"
57.141.2.30 - - [18/Dec/2025:14:09:27 -0500] "GET /contact-form/Generate_Captcha_Code.php?rand=396838051 HTTP/1.1" 200 2355 "-" "meta-externalagent/1.1 (+https://developers.facebook.com/docs/sharing/webmasters/crawler)"
57.141.2.62 - - [18/Dec/2025:14:09:28 -0500] "GET /contact-form/Generate_Captcha_Code.php?rand=1318387523 HTTP/1.1" 200 1975 "-" "meta-externalagent/1.1 (+https://developers.facebook.com/docs/sharing/webmasters/crawler)"
57.141.2.11 - - [18/Dec/2025:14:09:30 -0500] "GET /?products/26828422/ HTTP/1.1" 200 42342 "-" "meta-externalagent/1.1 (+https://developers.facebook.com/docs/sharing/webmasters/crawler)"
57.141.2.27 - - [18/Dec/2025:14:09:34 -0500] "GET /?products/11208566/ HTTP/1.1" 200 42340 "-" "meta-externalagent/1.1 (+https://developers.facebook.com/docs/sharing/webmasters/crawler)"
57.141.2.58 - - [18/Dec/2025:14:09:39 -0500] "GET /?products/4242100/ HTTP/1.1" 200 42341 "-" "meta-externalagent/1.1 (+https://developers.facebook.com/docs/sharing/webmasters/crawler)"
57.141.2.7 - - [18/Dec/2025:14:10:34 -0500] "GET /?products/18864866/ HTTP/1.1" 200 42342 "-" "meta-externalagent/1.1 (+https://developers.facebook.com/docs/sharing/webmasters/crawler)"
57.141.2.75 - - [18/Dec/2025:14:12:06 -0500] "GET /?products/6219888/ HTTP/1.1" 200 42342 "-" "meta-externalagent/1.1 (+https://developers.facebook.com/docs/sharing/webmasters/crawler)"
66.249.70.141 - - [18/Dec/2025:14:11:59 -0500] "GET /common/bootstrap/css/bootstrap.min.css HTTP/1.1" 200 21469 "https://www.taxigalle.com/?products/27363799/" "Mozilla/5.0 (Linux; Android 6.0.1; Nexus 5X Build/MMB29P) AppleWebKit/537.36 (KHTML, like Gecko) Chrome/141.0.7390.122 Mobile Safari/537.36 (compatible; Googlebot/2.1; +http://www.google.com/bot.html)"
57.141.2.49 - - [18/Dec/2025:14:12:19 -0500] "GET /contact-form/Generate_Captcha_Code.php?rand=309044984 HTTP/1.1" 200 2183 "-" "meta-externalagent/1.1 (+https://developers.facebook.com/docs/sharing/webmasters/crawler)"
57.141.2.89 - - [18/Dec/2025:14:12:19 -0500] "GET /?products/1820499/ HTTP/1.1" 200 42342 "-" "meta-externalagent/1.1 (+https://developers.facebook.com/docs/sharing/webmasters/crawler)"
57.141.2.94 - - [18/Dec/2025:14:13:24 -0500] "GET /contact-form/Generate_Captcha_Code.php?rand=1420516779 HTTP/1.1" 200 2323 "-" "meta-externalagent/1.1 (+https://developers.facebook.com/docs/sharing/webmasters/crawler)"
57.141.2.21 - - [18/Dec/2025:14:13:25 -0500] "GET /contact-form/Generate_Captcha_Code.php?rand=309044984 HTTP/1.1" 200 2101 "-" "meta-externalagent/1.1 (+https://developers.facebook.com/docs/sharing/webmasters/crawler)"
57.141.2.30 - - [18/Dec/2025:14:13:26 -0500] "GET /?products/21572844/ HTTP/1.1" 200 42342 "-" "meta-externalagent/1.1 (+https://developers.facebook.com/docs/sharing/webmasters/crawler)"
57.141.2.57 - - [18/Dec/2025:14:15:03 -0500] "GET /?products/16295799/ HTTP/1.1" 200 42341 "-" "meta-externalagent/1.1 (+https://developers.facebook.com/docs/sharing/webmasters/crawler)"
57.141.2.89 - - [18/Dec/2025:14:15:04 -0500] "GET /?products/18115622/ HTTP/1.1" 200 42342 "-" "meta-externalagent/1.1 (+https://developers.facebook.com/docs/sharing/webmasters/crawler)"
57.141.2.21 - - [18/Dec/2025:14:16:38 -0500] "GET /?products/11229955/ HTTP/1.1" 200 42342 "-" "meta-externalagent/1.1 (+https://developers.facebook.com/docs/sharing/webmasters/crawler)"
57.141.2.14 - - [18/Dec/2025:14:16:38 -0500] "GET /?products/12444844/ HTTP/1.1" 200 42342 "-" "meta-externalagent/1.1 (+https://developers.facebook.com/docs/sharing/webmasters/crawler)"
57.141.2.57 - - [18/Dec/2025:14:18:11 -0500] "GET /?products/15275422/ HTTP/1.1" 200 42342 "-" "meta-externalagent/1.1 (+https://developers.facebook.com/docs/sharing/webmasters/crawler)"
57.141.2.49 - - [18/Dec/2025:14:18:31 -0500] "GET /?products/5086377/ HTTP/1.1" 200 42342 "-" "meta-externalagent/1.1 (+https://developers.facebook.com/docs/sharing/webmasters/crawler)"
57.141.2.87 - - [18/Dec/2025:14:19:48 -0500] "GET /?products/5096688/ HTTP/1.1" 200 42342 "-" "meta-externalagent/1.1 (+https://developers.facebook.com/docs/sharing/webmasters/crawler)"
57.141.2.64 - - [18/Dec/2025:14:19:51 -0500] "GET /?products/5861088/ HTTP/1.1" 200 42342 "-" "meta-externalagent/1.1 (+https://developers.facebook.com/docs/sharing/webmasters/crawler)"
57.141.2.7 - - [18/Dec/2025:14:21:14 -0500] "GET /?products/10513611/ HTTP/1.1" 200 42342 "-" "meta-externalagent/1.1 (+https://developers.facebook.com/docs/sharing/webmasters/crawler)"
57.141.2.76 - - [18/Dec/2025:14:23:34 -0500] "GET /contact-form/Generate_Captcha_Code.php?rand=1467114831 HTTP/1.1" 200 2325 "-" "meta-externalagent/1.1 (+https://developers.facebook.com/docs/sharing/webmasters/crawler)"
57.141.2.15 - - [18/Dec/2025:14:24:23 -0500] "GET /?products/6278966/ HTTP/1.1" 200 42342 "-" "meta-externalagent/1.1 (+https://developers.facebook.com/docs/sharing/webmasters/crawler)"
57.141.2.15 - - [18/Dec/2025:14:25:10 -0500] "GET /contact-form/Generate_Captcha_Code.php?rand=1467114831 HTTP/1.1" 200 2302 "-" "meta-externalagent/1.1 (+https://developers.facebook.com/docs/sharing/webmasters/crawler)"
57.141.2.1 - - [18/Dec/2025:14:26:53 -0500] "GET /contact-form/Generate_Captcha_Code.php?rand=1107811550 HTTP/1.1" 200 2050 "-" "meta-externalagent/1.1 (+https://developers.facebook.com/docs/sharing/webmasters/crawler)"
57.141.2.34 - - [18/Dec/2025:14:27:04 -0500] "GET /?products/27935744/ HTTP/1.1" 200 42341 "-" "meta-externalagent/1.1 (+https://developers.facebook.com/docs/sharing/webmasters/crawler)"
57.141.2.94 - - [18/Dec/2025:14:27:50 -0500] "GET /?products/26625977/ HTTP/1.1" 200 42341 "-" "meta-externalagent/1.1 (+https://developers.facebook.com/docs/sharing/webmasters/crawler)"
57.141.2.29 - - [18/Dec/2025:14:28:27 -0500] "GET /contact-form/Generate_Captcha_Code.php?rand=1107811550 HTTP/1.1" 200 2346 "-" "meta-externalagent/1.1 (+https://developers.facebook.com/docs/sharing/webmasters/crawler)"
57.141.2.94 - - [18/Dec/2025:14:28:28 -0500] "GET /contact-form/Generate_Captcha_Code.php?rand=1888507523 HTTP/1.1" 200 2396 "-" "meta-externalagent/1.1 (+https://developers.facebook.com/docs/sharing/webmasters/crawler)"
57.141.2.94 - - [18/Dec/2025:14:15:01 -0500] "GET /?products/26641299/ HTTP/1.1" 200 42342 "-" "meta-externalagent/1.1 (+https://developers.facebook.com/docs/sharing/webmasters/crawler)"
57.141.2.64 - - [18/Dec/2025:14:15:02 -0500] "GET /?products/28499577/ HTTP/1.1" 200 42341 "-" "meta-externalagent/1.1 (+https://developers.facebook.com/docs/sharing/webmasters/crawler)"
57.141.2.14 - - [18/Dec/2025:14:15:05 -0500] "GET /?products/5314599/ HTTP/1.1" 200 42341 "-" "meta-externalagent/1.1 (+https://developers.facebook.com/docs/sharing/webmasters/crawler)"
