HOME


Mini Shell 1.0
DIR: /proc/self/root/proc/thread-self/root/proc/self/root/home/islapiiu/access-logs/
Upload File :
Current File : //proc/self/root/proc/thread-self/root/proc/self/root/home/islapiiu/access-logs/sublime.lk-ssl_log
74.7.228.42 - - [19/Dec/2025:07:56:31 -0500] "GET /robots.txt HTTP/1.1" 404 1251 "-" "Mozilla/5.0 (Macintosh; Intel Mac OS X 10_15_7) AppleWebKit/537.36 (KHTML, like Gecko) Chrome/131.0.0.0 Safari/537.36; compatible; OAI-SearchBot/1.3; robots.txt; +https://openai.com/searchbot"
74.7.228.42 - - [19/Dec/2025:07:16:34 -0500] "GET /robots.txt HTTP/1.1" 404 1251 "-" "Mozilla/5.0 (Macintosh; Intel Mac OS X 10_15_7) AppleWebKit/537.36 (KHTML, like Gecko) Chrome/131.0.0.0 Safari/537.36; compatible; OAI-SearchBot/1.3; robots.txt; +https://openai.com/searchbot"
198.244.240.89 - - [19/Dec/2025:07:32:13 -0500] "GET /robots.txt HTTP/1.1" 404 1251 "-" "Mozilla/5.0 (compatible; AhrefsBot/7.0; +http://ahrefs.com/robot/)"
74.7.228.42 - - [19/Dec/2025:07:39:27 -0500] "GET /robots.txt HTTP/1.1" 404 1251 "-" "Mozilla/5.0 (Macintosh; Intel Mac OS X 10_15_7) AppleWebKit/537.36 (KHTML, like Gecko) Chrome/131.0.0.0 Safari/537.36; compatible; OAI-SearchBot/1.3; robots.txt; +https://openai.com/searchbot"
47.128.122.221 - - [19/Dec/2025:07:59:54 -0500] "GET /robots.txt HTTP/1.1" 404 1251 "-" "Mozilla/5.0 (Linux; Android 5.0) AppleWebKit/537.36 (KHTML, like Gecko) Mobile Safari/537.36 (compatible; Bytespider; [email protected])"
144.172.103.112 - - [19/Dec/2025:08:17:15 -0500] "GET /contact.php HTTP/1.1" 404 1251 "http://sublime.lk/contact.php" "Go-http-client/1.1"
144.172.103.112 - - [19/Dec/2025:08:17:15 -0500] "GET /contact HTTP/1.1" 404 1251 "http://sublime.lk/contact" "Go-http-client/1.1"
144.172.103.112 - - [19/Dec/2025:08:19:05 -0500] "GET /contact HTTP/1.1" 404 1251 "http://sublime.lk/contact" "Go-http-client/1.1"
47.128.61.216 - - [19/Dec/2025:08:04:00 -0500] "GET /robots.txt HTTP/1.1" 404 1251 "-" "Mozilla/5.0 (Linux; Android 5.0) AppleWebKit/537.36 (KHTML, like Gecko) Mobile Safari/537.36 (compatible; Bytespider; [email protected])"
144.172.103.112 - - [19/Dec/2025:08:19:06 -0500] "GET /contact.php HTTP/1.1" 404 1251 "http://sublime.lk/contact.php" "Go-http-client/1.1"
74.7.228.42 - - [19/Dec/2025:08:22:09 -0500] "GET /robots.txt HTTP/1.1" 404 1251 "-" "Mozilla/5.0 (Macintosh; Intel Mac OS X 10_15_7) AppleWebKit/537.36 (KHTML, like Gecko) Chrome/131.0.0.0 Safari/537.36; compatible; OAI-SearchBot/1.3; robots.txt; +https://openai.com/searchbot"
114.119.136.146 - - [19/Dec/2025:08:22:46 -0500] "GET /social-media-marketing/ HTTP/1.1" 200 4828 "-" "Mozilla/5.0 (Linux; Android 7.0;) AppleWebKit/537.36 (KHTML, like Gecko) Mobile Safari/537.36 (compatible; PetalBot;+https://webmaster.petalsearch.com/site/petalbot)"
114.119.136.146 - - [19/Dec/2025:08:24:10 -0500] "GET /mobile-application-development/ HTTP/1.1" 200 4738 "https://sublime.lk/contact-us/" "Mozilla/5.0 (Linux; Android 7.0;) AppleWebKit/537.36 (KHTML, like Gecko) Mobile Safari/537.36 (compatible; PetalBot;+https://webmaster.petalsearch.com/site/petalbot)"
74.7.228.42 - - [19/Dec/2025:08:39:13 -0500] "GET /robots.txt HTTP/1.1" 404 1251 "-" "Mozilla/5.0 (Macintosh; Intel Mac OS X 10_15_7) AppleWebKit/537.36 (KHTML, like Gecko) Chrome/131.0.0.0 Safari/537.36; compatible; OAI-SearchBot/1.3; robots.txt; +https://openai.com/searchbot"
103.125.43.187 - - [19/Dec/2025:08:34:46 -0500] "GET /_ignition/execute-solution HTTP/1.1" 404 1251 "-" "Mozilla/5.0"
74.7.228.42 - - [19/Dec/2025:08:45:28 -0500] "GET /robots.txt HTTP/1.1" 404 1251 "-" "Mozilla/5.0 (Macintosh; Intel Mac OS X 10_15_7) AppleWebKit/537.36 (KHTML, like Gecko) Chrome/131.0.0.0 Safari/537.36; compatible; OAI-SearchBot/1.3; robots.txt; +https://openai.com/searchbot"
103.186.31.44 - - [19/Dec/2025:08:59:11 -0500] "GET /.env HTTP/1.1" 404 1251 "-" "Mozilla/5.0 (Windows NT 10.0; Win64; x64) AppleWebKit/537.36 (KHTML, like Gecko) Chrome/85.0.4183.102 Safari/537.36"
74.7.228.42 - - [19/Dec/2025:09:27:10 -0500] "GET /robots.txt HTTP/1.1" 404 1251 "-" "Mozilla/5.0 (Macintosh; Intel Mac OS X 10_15_7) AppleWebKit/537.36 (KHTML, like Gecko) Chrome/131.0.0.0 Safari/537.36; compatible; OAI-SearchBot/1.3; robots.txt; +https://openai.com/searchbot"
144.172.103.112 - - [19/Dec/2025:09:42:10 -0500] "GET /contact.php HTTP/1.1" 404 1251 "http://sublime.lk/contact.php" "Go-http-client/1.1"
138.246.253.24 - - [19/Dec/2025:09:42:02 -0500] "GET /robots.txt HTTP/1.1" 404 1251 "-" "Mozilla/5.0 (Windows NT 10.0; Win64; x64) AppleWebKit/537.36 (KHTML, like Gecko) Chrome/103.0.5060.134 Safari/537.36"
144.172.103.112 - - [19/Dec/2025:09:42:10 -0500] "GET /contact HTTP/1.1" 404 1251 "http://sublime.lk/contact" "Go-http-client/1.1"
74.7.228.42 - - [19/Dec/2025:09:56:37 -0500] "GET /robots.txt HTTP/1.1" 404 1251 "-" "Mozilla/5.0 (Macintosh; Intel Mac OS X 10_15_7) AppleWebKit/537.36 (KHTML, like Gecko) Chrome/131.0.0.0 Safari/537.36; compatible; OAI-SearchBot/1.3; robots.txt; +https://openai.com/searchbot"
66.249.64.9 - - [19/Dec/2025:10:00:34 -0500] "GET /robots.txt HTTP/1.1" 404 1251 "-" "Mozilla/5.0 (compatible; Googlebot/2.1; +http://www.google.com/bot.html)"
74.7.228.42 - - [19/Dec/2025:10:09:38 -0500] "GET /robots.txt HTTP/1.1" 404 1251 "-" "Mozilla/5.0 (Macintosh; Intel Mac OS X 10_15_7) AppleWebKit/537.36 (KHTML, like Gecko) Chrome/131.0.0.0 Safari/537.36; compatible; OAI-SearchBot/1.3; robots.txt; +https://openai.com/searchbot"
40.77.167.4 - - [19/Dec/2025:10:12:25 -0500] "GET /images/brands/joomla.png HTTP/1.1" 200 4829 "-" "Mozilla/5.0 AppleWebKit/537.36 (KHTML, like Gecko; compatible; bingbot/2.0; +http://www.bing.com/bingbot.htm) Chrome/116.0.1938.76 Safari/537.36"
66.249.64.7 - - [19/Dec/2025:10:31:25 -0500] "GET /services/ HTTP/1.1" 200 4803 "-" "Mozilla/5.0 (Linux; Android 6.0.1; Nexus 5X Build/MMB29P) AppleWebKit/537.36 (KHTML, like Gecko) Chrome/141.0.7390.122 Mobile Safari/537.36 (compatible; Googlebot/2.1; +http://www.google.com/bot.html)"
66.249.64.7 - - [19/Dec/2025:10:35:44 -0500] "GET /js/owl-carousel/owl.carousel.js HTTP/1.1" 200 8543 "https://www.sublime.lk/services/" "Mozilla/5.0 (Linux; Android 6.0.1; Nexus 5X Build/MMB29P) AppleWebKit/537.36 (KHTML, like Gecko) Chrome/141.0.7390.122 Mobile Safari/537.36 (compatible; Googlebot/2.1; +http://www.google.com/bot.html)"
66.249.64.7 - - [19/Dec/2025:10:35:47 -0500] "GET /js/config.js HTTP/1.1" 200 2088 "https://www.sublime.lk/services/" "Mozilla/5.0 (Linux; Android 6.0.1; Nexus 5X Build/MMB29P) AppleWebKit/537.36 (KHTML, like Gecko) Chrome/141.0.7390.122 Mobile Safari/537.36 (compatible; Googlebot/2.1; +http://www.google.com/bot.html)"
103.124.95.244 - - [19/Dec/2025:10:41:52 -0500] "HEAD / HTTP/1.1" 200 0 "http://sublime.lk/" "Mozilla/5.0 (X11; Linux x86_64) AppleWebKit/537.36 (KHTML, like Gecko) Chrome/96.0.4664.45 Safari/537.36"
103.124.95.244 - - [19/Dec/2025:10:46:26 -0500] "HEAD /wordpress HTTP/1.1" 404 0 "http://sublime.lk/wordpress" "Mozilla/5.0 (X11; Linux x86_64) AppleWebKit/537.36 (KHTML, like Gecko) Chrome/96.0.4664.45 Safari/537.36"
13.229.33.21 - - [19/Dec/2025:10:47:05 -0500] "GET /images/brands/godaddy-logo.png HTTP/1.1" 200 4919 "-" "Mozilla/5.0 (compatible; crawler)"
103.124.95.244 - - [19/Dec/2025:10:50:27 -0500] "HEAD /Wordpress HTTP/1.1" 404 0 "http://sublime.lk/Wordpress" "Mozilla/5.0 (X11; Linux x86_64) AppleWebKit/537.36 (KHTML, like Gecko) Chrome/96.0.4664.45 Safari/537.36"
66.249.64.7 - - [19/Dec/2025:10:35:44 -0500] "GET /fonts/neuropol-x-rg.ttf HTTP/1.1" 200 74332 "https://www.sublime.lk/services/" "Mozilla/5.0 (Linux; Android 6.0.1; Nexus 5X Build/MMB29P) AppleWebKit/537.36 (KHTML, like Gecko) Chrome/141.0.7390.122 Mobile Safari/537.36 (compatible; Googlebot/2.1; +http://www.google.com/bot.html)"
66.249.64.7 - - [19/Dec/2025:10:35:44 -0500] "GET /js/sequence/sequencejs-theme.min.css HTTP/1.1" 200 1513 "https://www.sublime.lk/services/" "Mozilla/5.0 (Linux; Android 6.0.1; Nexus 5X Build/MMB29P) AppleWebKit/537.36 (KHTML, like Gecko) Chrome/141.0.7390.122 Mobile Safari/537.36 (compatible; Googlebot/2.1; +http://www.google.com/bot.html)"
66.249.64.8 - - [19/Dec/2025:10:35:44 -0500] "GET /css/animation.min.css HTTP/1.1" 200 749 "https://www.sublime.lk/services/" "Mozilla/5.0 (Linux; Android 6.0.1; Nexus 5X Build/MMB29P) AppleWebKit/537.36 (KHTML, like Gecko) Chrome/141.0.7390.122 Mobile Safari/537.36 (compatible; Googlebot/2.1; +http://www.google.com/bot.html)"
66.249.64.8 - - [19/Dec/2025:10:35:44 -0500] "GET /css/grid.min.css HTTP/1.1" 200 1139 "https://www.sublime.lk/services/" "Mozilla/5.0 (Linux; Android 6.0.1; Nexus 5X Build/MMB29P) AppleWebKit/537.36 (KHTML, like Gecko) Chrome/141.0.7390.122 Mobile Safari/537.36 (compatible; Googlebot/2.1; +http://www.google.com/bot.html)"
66.249.64.9 - - [19/Dec/2025:10:35:44 -0500] "GET /css/style.min.css HTTP/1.1" 200 14137 "https://www.sublime.lk/services/" "Mozilla/5.0 (Linux; Android 6.0.1; Nexus 5X Build/MMB29P) AppleWebKit/537.36 (KHTML, like Gecko) Chrome/141.0.7390.122 Mobile Safari/537.36 (compatible; Googlebot/2.1; +http://www.google.com/bot.html)"
66.249.64.8 - - [19/Dec/2025:10:35:44 -0500] "GET /js/flexslider/jquery.flexslider.js HTTP/1.1" 200 11083 "https://www.sublime.lk/services/" "Mozilla/5.0 (Linux; Android 6.0.1; Nexus 5X Build/MMB29P) AppleWebKit/537.36 (KHTML, like Gecko) Chrome/141.0.7390.122 Mobile Safari/537.36 (compatible; Googlebot/2.1; +http://www.google.com/bot.html)"
66.249.64.8 - - [19/Dec/2025:10:35:47 -0500] "GET /js/plugins/min/jquery.gmap-min.js HTTP/1.1" 200 1357 "https://www.sublime.lk/services/" "Mozilla/5.0 (Linux; Android 6.0.1; Nexus 5X Build/MMB29P) AppleWebKit/537.36 (KHTML, like Gecko) Chrome/141.0.7390.122 Mobile Safari/537.36 (compatible; Googlebot/2.1; +http://www.google.com/bot.html)"
74.7.228.42 - - [19/Dec/2025:10:50:29 -0500] "GET /robots.txt HTTP/1.1" 404 1251 "-" "Mozilla/5.0 (Macintosh; Intel Mac OS X 10_15_7) AppleWebKit/537.36 (KHTML, like Gecko) Chrome/131.0.0.0 Safari/537.36; compatible; OAI-SearchBot/1.3; robots.txt; +https://openai.com/searchbot"
103.124.95.244 - - [19/Dec/2025:10:52:57 -0500] "HEAD /WORDPRESS HTTP/1.1" 404 0 "http://sublime.lk/WORDPRESS" "Mozilla/5.0 (X11; Linux x86_64) AppleWebKit/537.36 (KHTML, like Gecko) Chrome/96.0.4664.45 Safari/537.36"
51.195.215.143 - - [19/Dec/2025:10:55:27 -0500] "GET /robots.txt HTTP/1.1" 404 1251 "-" "Mozilla/5.0 (compatible; AhrefsBot/7.0; +http://ahrefs.com/robot/)"
51.161.65.102 - - [19/Dec/2025:10:55:31 -0500] "GET / HTTP/1.1" 200 6489 "-" "Mozilla/5.0 (compatible; AhrefsBot/7.0; +http://ahrefs.com/robot/)"
103.124.95.244 - - [19/Dec/2025:10:56:00 -0500] "HEAD /WordPress HTTP/1.1" 404 0 "http://sublime.lk/WordPress" "Mozilla/5.0 (X11; Linux x86_64) AppleWebKit/537.36 (KHTML, like Gecko) Chrome/96.0.4664.45 Safari/537.36"
103.124.95.244 - - [19/Dec/2025:10:58:25 -0500] "HEAD /wp HTTP/1.1" 404 0 "http://sublime.lk/wp" "Mozilla/5.0 (X11; Linux x86_64) AppleWebKit/537.36 (KHTML, like Gecko) Chrome/96.0.4664.45 Safari/537.36"
103.124.95.244 - - [19/Dec/2025:11:00:55 -0500] "HEAD /Wp HTTP/1.1" 404 0 "http://sublime.lk/Wp" "Mozilla/5.0 (X11; Linux x86_64) AppleWebKit/537.36 (KHTML, like Gecko) Chrome/96.0.4664.45 Safari/537.36"
103.124.95.244 - - [19/Dec/2025:11:05:26 -0500] "HEAD /old HTTP/1.1" 404 0 "http://sublime.lk/old" "Mozilla/5.0 (X11; Linux x86_64) AppleWebKit/537.36 (KHTML, like Gecko) Chrome/96.0.4664.45 Safari/537.36"
103.124.95.244 - - [19/Dec/2025:11:06:42 -0500] "HEAD /Old HTTP/1.1" 404 0 "http://sublime.lk/Old" "Mozilla/5.0 (X11; Linux x86_64) AppleWebKit/537.36 (KHTML, like Gecko) Chrome/96.0.4664.45 Safari/537.36"
103.124.95.244 - - [19/Dec/2025:11:02:55 -0500] "HEAD /WP HTTP/1.1" 404 0 "http://sublime.lk/WP" "Mozilla/5.0 (X11; Linux x86_64) AppleWebKit/537.36 (KHTML, like Gecko) Chrome/96.0.4664.45 Safari/537.36"
74.7.228.42 - - [19/Dec/2025:11:03:16 -0500] "GET /robots.txt HTTP/1.1" 404 1251 "-" "Mozilla/5.0 (Macintosh; Intel Mac OS X 10_15_7) AppleWebKit/537.36 (KHTML, like Gecko) Chrome/131.0.0.0 Safari/537.36; compatible; OAI-SearchBot/1.3; robots.txt; +https://openai.com/searchbot"
103.124.95.244 - - [19/Dec/2025:11:10:47 -0500] "HEAD /OLD HTTP/1.1" 404 0 "http://sublime.lk/OLD" "Mozilla/5.0 (X11; Linux x86_64) AppleWebKit/537.36 (KHTML, like Gecko) Chrome/96.0.4664.45 Safari/537.36"
114.119.138.214 - - [19/Dec/2025:11:16:43 -0500] "GET /search-engine-optimization-seo/ HTTP/1.1" 200 6464 "https://sublime.lk/contact-us/" "Mozilla/5.0 (Linux; Android 7.0;) AppleWebKit/537.36 (KHTML, like Gecko) Mobile Safari/537.36 (compatible; PetalBot;+https://webmaster.petalsearch.com/site/petalbot)"
103.124.95.244 - - [19/Dec/2025:11:21:38 -0500] "HEAD /wp-old HTTP/1.1" 404 0 "http://sublime.lk/wp-old" "Mozilla/5.0 (X11; Linux x86_64) AppleWebKit/537.36 (KHTML, like Gecko) Chrome/96.0.4664.45 Safari/537.36"
103.124.95.244 - - [19/Dec/2025:11:11:13 -0500] "HEAD /oldsite HTTP/1.1" 404 0 "http://sublime.lk/oldsite" "Mozilla/5.0 (X11; Linux x86_64) AppleWebKit/537.36 (KHTML, like Gecko) Chrome/96.0.4664.45 Safari/537.36"
103.124.95.244 - - [19/Dec/2025:11:15:13 -0500] "HEAD /new HTTP/1.1" 404 0 "http://sublime.lk/new" "Mozilla/5.0 (X11; Linux x86_64) AppleWebKit/537.36 (KHTML, like Gecko) Chrome/96.0.4664.45 Safari/537.36"
103.124.95.244 - - [19/Dec/2025:11:17:11 -0500] "HEAD /New HTTP/1.1" 404 0 "http://sublime.lk/New" "Mozilla/5.0 (X11; Linux x86_64) AppleWebKit/537.36 (KHTML, like Gecko) Chrome/96.0.4664.45 Safari/537.36"
103.124.95.244 - - [19/Dec/2025:11:19:36 -0500] "HEAD /NEW HTTP/1.1" 404 0 "http://sublime.lk/NEW" "Mozilla/5.0 (X11; Linux x86_64) AppleWebKit/537.36 (KHTML, like Gecko) Chrome/96.0.4664.45 Safari/537.36"
103.124.95.244 - - [19/Dec/2025:11:23:47 -0500] "HEAD /2022 HTTP/1.1" 404 0 "http://sublime.lk/2022" "Mozilla/5.0 (X11; Linux x86_64) AppleWebKit/537.36 (KHTML, like Gecko) Chrome/96.0.4664.45 Safari/537.36"