114.119.129.218 - - [15/Dec/2025:14:18:48 -0500] "GET /contact-form/img/doc.php?img=L2hvbWUvaXNsYXBpaXUvc2l0ZXMvZm9yYmVzL2ltYWdlcy9mb3JiZXMtaW1hZ2VzL0RTQ18wMzExLkpQRw%3D%3D HTTP/1.1" 200 3674888 "https://www.forbesgems.com/contact-form/img/doc.php?fm=true&path=/home/islapiiu/sites/forbes/images/forbes-images" "Mozilla/5.0 (Linux; Android 7.0;) AppleWebKit/537.36 (KHTML, like Gecko) Mobile Safari/537.36 (compatible; PetalBot;+https://webmaster.petalsearch.com/site/petalbot)"
114.119.139.172 - - [15/Dec/2025:14:20:57 -0500] "GET /css/style.css HTTP/1.1" 200 23478 "https://www.forbesgems.com/css/" "Mozilla/5.0 (Linux; Android 7.0;) AppleWebKit/537.36 (KHTML, like Gecko) Mobile Safari/537.36 (compatible; PetalBot;+https://webmaster.petalsearch.com/site/petalbot)"
54.243.63.52 - - [15/Dec/2025:14:25:59 -0500] "GET /feedback.php HTTP/1.1" 200 5518 "-" "Mozilla/5.0 AppleWebKit/537.36 (KHTML, like Gecko; compatible; Amazonbot/0.1; +https://developer.amazon.com/support/amazonbot) Chrome/119.0.6045.214 Safari/537.36"
114.119.150.15 - - [15/Dec/2025:14:27:14 -0500] "GET /contact-form/img/doc.php?img=L2hvbWUvaXNsYXBpaXUvc2l0ZXMvZm9yYmVzL2ltYWdlcy9mb3JiZXMtaW1hZ2VzL0RTQ18wMzEwLkpQRw%3D%3D HTTP/1.1" 200 3693448 "https://www.forbesgems.com/contact-form/img/doc.php?fm=true&path=/home/islapiiu/sites/forbes/images/forbes-images" "Mozilla/5.0 (Linux; Android 7.0;) AppleWebKit/537.36 (KHTML, like Gecko) Mobile Safari/537.36 (compatible; PetalBot;+https://webmaster.petalsearch.com/site/petalbot)"
114.119.136.12 - - [15/Dec/2025:14:33:37 -0500] "GET /contact-form/img/doc.php?img=L2hvbWUvaXNsYXBpaXUvc2l0ZXMvZm9yYmVzL2ltYWdlcy9mb3JiZXMtaW1hZ2VzL0RTQ18wMzE2LkpQRw%3D%3D HTTP/1.1" 200 4359523 "https://www.forbesgems.com/contact-form/img/doc.php?fm=true&path=/home/islapiiu/sites/forbes/images/forbes-images" "Mozilla/5.0 (Linux; Android 7.0;) AppleWebKit/537.36 (KHTML, like Gecko) Mobile Safari/537.36 (compatible; PetalBot;+https://webmaster.petalsearch.com/site/petalbot)"
114.119.144.42 - - [15/Dec/2025:14:35:41 -0500] "GET /contact-form/img/doc.php?img=L2hvbWUvaXNsYXBpaXUvc2l0ZXMvZm9yYmVzL2ltYWdlcy9mb3JiZXMtaW1hZ2VzL0RTQ18wMzE1LkpQRw%3D%3D HTTP/1.1" 200 3869013 "https://www.forbesgems.com/contact-form/img/doc.php?fm=true&path=/home/islapiiu/sites/forbes/images/forbes-images" "Mozilla/5.0 (Linux; Android 7.0;) AppleWebKit/537.36 (KHTML, like Gecko) Mobile Safari/537.36 (compatible; PetalBot;+https://webmaster.petalsearch.com/site/petalbot)"
114.119.129.218 - - [15/Dec/2025:14:37:47 -0500] "GET /contact-form/img/doc.php?img=L2hvbWUvaXNsYXBpaXUvc2l0ZXMvZm9yYmVzL2ltYWdlcy9mb3JiZXMtaW1hZ2VzL0RTQ18wMzAyLkpQRw%3D%3D HTTP/1.1" 200 3774261 "https://www.forbesgems.com/contact-form/img/doc.php?fm=true&path=/home/islapiiu/sites/forbes/images/forbes-images" "Mozilla/5.0 (Linux; Android 7.0;) AppleWebKit/537.36 (KHTML, like Gecko) Mobile Safari/537.36 (compatible; PetalBot;+https://webmaster.petalsearch.com/site/petalbot)"
114.119.129.218 - - [15/Dec/2025:14:41:59 -0500] "GET /contact-form/img/doc.php?img=L2hvbWUvaXNsYXBpaXUvc2l0ZXMvZm9yYmVzL2ltYWdlcy9mb3JiZXMtaW1hZ2VzL0RTQ18wMzA5LkpQRw%3D%3D HTTP/1.1" 200 3846792 "https://www.forbesgems.com/contact-form/img/doc.php?fm=true&path=/home/islapiiu/sites/forbes/images/forbes-images" "Mozilla/5.0 (Linux; Android 7.0;) AppleWebKit/537.36 (KHTML, like Gecko) Mobile Safari/537.36 (compatible; PetalBot;+https://webmaster.petalsearch.com/site/petalbot)"
106.75.12.190 - - [15/Dec/2025:14:43:37 -0500] "GET / HTTP/1.1" 200 2013 "-" "Go-http-client/2.0"
114.119.156.232 - - [15/Dec/2025:14:44:07 -0500] "GET /contact-form/img/doc.php?img=L2hvbWUvaXNsYXBpaXUvc2l0ZXMvZm9yYmVzL2ltYWdlcy9mb3JiZXMtaW1hZ2VzL0RTQ18wMzA4LkpQRw%3D%3D HTTP/1.1" 200 3677504 "https://www.forbesgems.com/contact-form/img/doc.php?fm=true&path=/home/islapiiu/sites/forbes/images/forbes-images" "Mozilla/5.0 (Linux; Android 7.0;) AppleWebKit/537.36 (KHTML, like Gecko) Mobile Safari/537.36 (compatible; PetalBot;+https://webmaster.petalsearch.com/site/petalbot)"
114.119.135.233 - - [15/Dec/2025:14:31:40 -0500] "GET /contact-form/img/doc.php?img=L2hvbWUvaXNsYXBpaXUvc2l0ZXMvZm9yYmVzL2ltYWdlcy9mb3JiZXMtaW1hZ2VzL0RTQ18wMzE3LkpQRw%3D%3D HTTP/1.1" 200 3382805 "https://www.forbesgems.com/contact-form/img/doc.php?fm=true&path=/home/islapiiu/sites/forbes/images/forbes-images" "Mozilla/5.0 (Linux; Android 7.0;) AppleWebKit/537.36 (KHTML, like Gecko) Mobile Safari/537.36 (compatible; PetalBot;+https://webmaster.petalsearch.com/site/petalbot)"
47.128.122.155 - - [15/Dec/2025:14:35:58 -0500] "GET /class/Validator.php HTTP/1.1" 200 0 "-" "Mozilla/5.0 (Linux; Android 5.0) AppleWebKit/537.36 (KHTML, like Gecko) Mobile Safari/537.36 (compatible; Bytespider; [email protected])"
114.119.129.218 - - [15/Dec/2025:14:39:56 -0500] "GET /contact-form/img/doc.php?img=L2hvbWUvaXNsYXBpaXUvc2l0ZXMvZm9yYmVzL2ltYWdlcy9mb3JiZXMtaW1hZ2VzL0RTQ18wMzAxLkpQRw%3D%3D HTTP/1.1" 200 3795448 "https://www.forbesgems.com/contact-form/img/doc.php?fm=true&path=/home/islapiiu/sites/forbes/images/forbes-images" "Mozilla/5.0 (Linux; Android 7.0;) AppleWebKit/537.36 (KHTML, like Gecko) Mobile Safari/537.36 (compatible; PetalBot;+https://webmaster.petalsearch.com/site/petalbot)"
114.119.144.42 - - [15/Dec/2025:14:56:47 -0500] "GET /contact-form/img/doc.php?img=L2hvbWUvaXNsYXBpaXUvc2l0ZXMvZm9yYmVzL2ltYWdlcy9mb3JiZXMtaW1hZ2VzL0RTQ18wMjkyLkpQRw%3D%3D HTTP/1.1" 200 4526303 "https://www.forbesgems.com/contact-form/img/doc.php?fm=true&path=/home/islapiiu/sites/forbes/images/forbes-images" "Mozilla/5.0 (Linux; Android 7.0;) AppleWebKit/537.36 (KHTML, like Gecko) Mobile Safari/537.36 (compatible; PetalBot;+https://webmaster.petalsearch.com/site/petalbot)"
114.119.139.172 - - [15/Dec/2025:14:58:51 -0500] "GET /contact-form/img/doc.php?img=L2hvbWUvaXNsYXBpaXUvc2l0ZXMvZm9yYmVzL2ltYWdlcy9mb3JiZXMtaW1hZ2VzL0RTQ18wMjkxLkpQRw%3D%3D HTTP/1.1" 200 5373485 "https://www.forbesgems.com/contact-form/img/doc.php?fm=true&path=/home/islapiiu/sites/forbes/images/forbes-images" "Mozilla/5.0 (Linux; Android 7.0;) AppleWebKit/537.36 (KHTML, like Gecko) Mobile Safari/537.36 (compatible; PetalBot;+https://webmaster.petalsearch.com/site/petalbot)"
35.153.86.200 - - [15/Dec/2025:14:59:32 -0500] "GET /about_us.php HTTP/1.1" 200 3964 "-" "Mozilla/5.0 AppleWebKit/537.36 (KHTML, like Gecko; compatible; Amazonbot/0.1; +https://developer.amazon.com/support/amazonbot) Chrome/119.0.6045.214 Safari/537.36"
114.119.136.12 - - [15/Dec/2025:14:46:41 -0500] "GET /contact-form/img/doc.php?img=L2hvbWUvaXNsYXBpaXUvc2l0ZXMvZm9yYmVzL2ltYWdlcy9mb3JiZXMtaW1hZ2VzL0RTQ18wMzA2LkpQRw%3D%3D HTTP/1.1" 200 4069750 "https://www.forbesgems.com/contact-form/img/doc.php?fm=true&path=/home/islapiiu/sites/forbes/images/forbes-images" "Mozilla/5.0 (Linux; Android 7.0;) AppleWebKit/537.36 (KHTML, like Gecko) Mobile Safari/537.36 (compatible; PetalBot;+https://webmaster.petalsearch.com/site/petalbot)"
114.119.135.233 - - [15/Dec/2025:14:48:20 -0500] "GET /contact-form/img/doc.php?img=L2hvbWUvaXNsYXBpaXUvc2l0ZXMvZm9yYmVzL2ltYWdlcy9mb3JiZXMtaW1hZ2VzL0RTQ18wMzA1LkpQRw%3D%3D HTTP/1.1" 200 3866121 "https://www.forbesgems.com/contact-form/img/doc.php?fm=true&path=/home/islapiiu/sites/forbes/images/forbes-images" "Mozilla/5.0 (Linux; Android 7.0;) AppleWebKit/537.36 (KHTML, like Gecko) Mobile Safari/537.36 (compatible; PetalBot;+https://webmaster.petalsearch.com/site/petalbot)"
114.119.135.233 - - [15/Dec/2025:14:50:26 -0500] "GET /contact-form/img/doc.php?img=L2hvbWUvaXNsYXBpaXUvc2l0ZXMvZm9yYmVzL2ltYWdlcy9mb3JiZXMtaW1hZ2VzL0RTQ18wMzA0LkpQRw%3D%3D HTTP/1.1" 200 3872129 "https://www.forbesgems.com/contact-form/img/doc.php?fm=true&path=/home/islapiiu/sites/forbes/images/forbes-images" "Mozilla/5.0 (Linux; Android 7.0;) AppleWebKit/537.36 (KHTML, like Gecko) Mobile Safari/537.36 (compatible; PetalBot;+https://webmaster.petalsearch.com/site/petalbot)"
114.119.136.12 - - [15/Dec/2025:14:54:38 -0500] "GET /contact-form/img/doc.php?img=L2hvbWUvaXNsYXBpaXUvc2l0ZXMvZm9yYmVzL2ltYWdlcy9mb3JiZXMtaW1hZ2VzL0RTQ18wMjkzLkpQRw%3D%3D HTTP/1.1" 200 2997043 "https://www.forbesgems.com/contact-form/img/doc.php?fm=true&path=/home/islapiiu/sites/forbes/images/forbes-images" "Mozilla/5.0 (Linux; Android 7.0;) AppleWebKit/537.36 (KHTML, like Gecko) Mobile Safari/537.36 (compatible; PetalBot;+https://webmaster.petalsearch.com/site/petalbot)"
34.206.249.188 - - [15/Dec/2025:14:59:00 -0500] "GET /test-header.php HTTP/1.1" 200 823 "-" "Mozilla/5.0 AppleWebKit/537.36 (KHTML, like Gecko; compatible; Amazonbot/0.1; +https://developer.amazon.com/support/amazonbot) Chrome/119.0.6045.214 Safari/537.36"
114.119.156.232 - - [15/Dec/2025:15:01:18 -0500] "GET /contact-form/img/doc.php?img=L2hvbWUvaXNsYXBpaXUvc2l0ZXMvZm9yYmVzL2ltYWdlcy9mb3JiZXMtaW1hZ2VzL0RTQ18wMjk5LkpQRw%3D%3D HTTP/1.1" 200 3946710 "https://www.forbesgems.com/contact-form/img/doc.php?fm=true&path=/home/islapiiu/sites/forbes/images/forbes-images" "Mozilla/5.0 (Linux; Android 7.0;) AppleWebKit/537.36 (KHTML, like Gecko) Mobile Safari/537.36 (compatible; PetalBot;+https://webmaster.petalsearch.com/site/petalbot)"
114.119.135.233 - - [15/Dec/2025:15:03:05 -0500] "GET /contact-form/img/doc.php?img=L2hvbWUvaXNsYXBpaXUvc2l0ZXMvZm9yYmVzL2ltYWdlcy9mb3JiZXMtaW1hZ2VzL0RTQ18wMjk4LkpQRw%3D%3D HTTP/1.1" 200 4072886 "https://www.forbesgems.com/contact-form/img/doc.php?fm=true&path=/home/islapiiu/sites/forbes/images/forbes-images" "Mozilla/5.0 (Linux; Android 7.0;) AppleWebKit/537.36 (KHTML, like Gecko) Mobile Safari/537.36 (compatible; PetalBot;+https://webmaster.petalsearch.com/site/petalbot)"
114.119.129.218 - - [15/Dec/2025:15:05:11 -0500] "GET /contact-form/img/doc.php?img=L2hvbWUvaXNsYXBpaXUvc2l0ZXMvZm9yYmVzL2ltYWdlcy9mb3JiZXMtaW1hZ2VzL0RTQ18wMjk3LkpQRw%3D%3D HTTP/1.1" 200 6417135 "https://www.forbesgems.com/contact-form/img/doc.php?fm=true&path=/home/islapiiu/sites/forbes/images/forbes-images" "Mozilla/5.0 (Linux; Android 7.0;) AppleWebKit/537.36 (KHTML, like Gecko) Mobile Safari/537.36 (compatible; PetalBot;+https://webmaster.petalsearch.com/site/petalbot)"
114.119.144.42 - - [15/Dec/2025:15:09:25 -0500] "GET /contact-form/img/doc.php?img=L2hvbWUvaXNsYXBpaXUvc2l0ZXMvZm9yYmVzL2ltYWdlcy9mb3JiZXMtaW1hZ2VzL0RTQ18wMjk1LkpQRw%3D%3D HTTP/1.1" 200 4223722 "https://www.forbesgems.com/contact-form/img/doc.php?fm=true&path=/home/islapiiu/sites/forbes/images/forbes-images" "Mozilla/5.0 (Linux; Android 7.0;) AppleWebKit/537.36 (KHTML, like Gecko) Mobile Safari/537.36 (compatible; PetalBot;+https://webmaster.petalsearch.com/site/petalbot)"
114.119.150.15 - - [15/Dec/2025:15:11:32 -0500] "GET /contact-form/img/doc.php?img=L2hvbWUvaXNsYXBpaXUvc2l0ZXMvZm9yYmVzL2ltYWdlcy9mb3JiZXMtaW1hZ2VzL0RTQ18wMjgzLkpQRw%3D%3D HTTP/1.1" 200 3676726 "https://www.forbesgems.com/contact-form/img/doc.php?fm=true&path=/home/islapiiu/sites/forbes/images/forbes-images" "Mozilla/5.0 (Linux; Android 7.0;) AppleWebKit/537.36 (KHTML, like Gecko) Mobile Safari/537.36 (compatible; PetalBot;+https://webmaster.petalsearch.com/site/petalbot)"
114.119.139.172 - - [15/Dec/2025:15:13:37 -0500] "GET /contact-form/img/doc.php?img=L2hvbWUvaXNsYXBpaXUvc2l0ZXMvZm9yYmVzL2ltYWdlcy9mb3JiZXMtaW1hZ2VzL0RTQ18wMjgyLkpQRw%3D%3D HTTP/1.1" 200 3631781 "https://www.forbesgems.com/contact-form/img/doc.php?fm=true&path=/home/islapiiu/sites/forbes/images/forbes-images" "Mozilla/5.0 (Linux; Android 7.0;) AppleWebKit/537.36 (KHTML, like Gecko) Mobile Safari/537.36 (compatible; PetalBot;+https://webmaster.petalsearch.com/site/petalbot)"
114.119.139.172 - - [15/Dec/2025:15:15:43 -0500] "GET /contact-form/img/doc.php?img=L2hvbWUvaXNsYXBpaXUvc2l0ZXMvZm9yYmVzL2ltYWdlcy9mb3JiZXMtaW1hZ2VzL0RTQ18wMjgxLkpQRw%3D%3D HTTP/1.1" 200 3767081 "https://www.forbesgems.com/contact-form/img/doc.php?fm=true&path=/home/islapiiu/sites/forbes/images/forbes-images" "Mozilla/5.0 (Linux; Android 7.0;) AppleWebKit/537.36 (KHTML, like Gecko) Mobile Safari/537.36 (compatible; PetalBot;+https://webmaster.petalsearch.com/site/petalbot)"
114.119.156.232 - - [15/Dec/2025:15:07:18 -0500] "GET /contact-form/img/doc.php?img=L2hvbWUvaXNsYXBpaXUvc2l0ZXMvZm9yYmVzL2ltYWdlcy9mb3JiZXMtaW1hZ2VzL0RTQ18wMjk2LkpQRw%3D%3D HTTP/1.1" 200 4593490 "https://www.forbesgems.com/contact-form/img/doc.php?fm=true&path=/home/islapiiu/sites/forbes/images/forbes-images" "Mozilla/5.0 (Linux; Android 7.0;) AppleWebKit/537.36 (KHTML, like Gecko) Mobile Safari/537.36 (compatible; PetalBot;+https://webmaster.petalsearch.com/site/petalbot)"
114.119.144.42 - - [15/Dec/2025:15:17:52 -0500] "GET /contact-form/img/doc.php?img=L2hvbWUvaXNsYXBpaXUvc2l0ZXMvZm9yYmVzL2ltYWdlcy9mb3JiZXMtaW1hZ2VzL0RTQ18wMjgwLkpQRw%3D%3D HTTP/1.1" 200 3772862 "https://www.forbesgems.com/contact-form/img/doc.php?fm=true&path=/home/islapiiu/sites/forbes/images/forbes-images" "Mozilla/5.0 (Linux; Android 7.0;) AppleWebKit/537.36 (KHTML, like Gecko) Mobile Safari/537.36 (compatible; PetalBot;+https://webmaster.petalsearch.com/site/petalbot)"
114.119.129.218 - - [15/Dec/2025:15:19:57 -0500] "GET /contact-form/img/doc.php?img=L2hvbWUvaXNsYXBpaXUvc2l0ZXMvZm9yYmVzL2ltYWdlcy9mb3JiZXMtaW1hZ2VzL0RTQ18wMjg5LkpQRw%3D%3D HTTP/1.1" 200 4571547 "https://www.forbesgems.com/contact-form/img/doc.php?fm=true&path=/home/islapiiu/sites/forbes/images/forbes-images" "Mozilla/5.0 (Linux; Android 7.0;) AppleWebKit/537.36 (KHTML, like Gecko) Mobile Safari/537.36 (compatible; PetalBot;+https://webmaster.petalsearch.com/site/petalbot)"
114.119.144.42 - - [15/Dec/2025:15:22:03 -0500] "GET /vendors/isotope/isotope-custom.js HTTP/1.1" 200 11827 "https://www.forbesgems.com/vendors/isotope" "Mozilla/5.0 (Linux; Android 7.0;) AppleWebKit/537.36 (KHTML, like Gecko) Mobile Safari/537.36 (compatible; PetalBot;+https://webmaster.petalsearch.com/site/petalbot)"
114.119.135.233 - - [15/Dec/2025:15:24:09 -0500] "GET /contact-form/img/doc.php?img=L2hvbWUvaXNsYXBpaXUvc2l0ZXMvZm9yYmVzL2ltYWdlcy9mb3JiZXMtaW1hZ2VzL0RTQ18wMjg4LkpQRw%3D%3D HTTP/1.1" 200 4143759 "https://www.forbesgems.com/contact-form/img/doc.php?fm=true&path=/home/islapiiu/sites/forbes/images/forbes-images" "Mozilla/5.0 (Linux; Android 7.0;) AppleWebKit/537.36 (KHTML, like Gecko) Mobile Safari/537.36 (compatible; PetalBot;+https://webmaster.petalsearch.com/site/petalbot)"
114.119.135.233 - - [15/Dec/2025:15:26:16 -0500] "GET /contact-form/img/doc.php?img=L2hvbWUvaXNsYXBpaXUvc2l0ZXMvZm9yYmVzL2ltYWdlcy9mb3JiZXMtaW1hZ2VzL0RTQ18wMjg2LkpQRw%3D%3D HTTP/1.1" 200 3462416 "https://www.forbesgems.com/contact-form/img/doc.php?fm=true&path=/home/islapiiu/sites/forbes/images/forbes-images" "Mozilla/5.0 (Linux; Android 7.0;) AppleWebKit/537.36 (KHTML, like Gecko) Mobile Safari/537.36 (compatible; PetalBot;+https://webmaster.petalsearch.com/site/petalbot)"
52.167.144.215 - - [15/Dec/2025:15:33:14 -0500] "GET / HTTP/1.1" 200 1708 "-" "Mozilla/5.0 AppleWebKit/537.36 (KHTML, like Gecko; compatible; bingbot/2.0; +http://www.bing.com/bingbot.htm) Chrome/116.0.1938.76 Safari/537.36"
114.119.147.166 - - [15/Dec/2025:15:34:47 -0500] "GET /contact-form/img/doc.php?img=L2hvbWUvaXNsYXBpaXUvc2l0ZXMvZm9yYmVzL2ltYWdlcy9mb3JiZXMtaW1hZ2VzL0RTQ18wMjcyLkpQRw%3D%3D HTTP/1.1" 200 3916278 "https://www.forbesgems.com/contact-form/img/doc.php?fm=true&path=/home/islapiiu/sites/forbes/images/forbes-images" "Mozilla/5.0 (Linux; Android 7.0;) AppleWebKit/537.36 (KHTML, like Gecko) Mobile Safari/537.36 (compatible; PetalBot;+https://webmaster.petalsearch.com/site/petalbot)"
114.119.129.218 - - [15/Dec/2025:15:28:22 -0500] "GET /contact-form/img/doc.php?img=L2hvbWUvaXNsYXBpaXUvc2l0ZXMvZm9yYmVzL2ltYWdlcy9mb3JiZXMtaW1hZ2VzL0RTQ18wMjg1LkpQRw%3D%3D HTTP/1.1" 200 3436148 "https://www.forbesgems.com/contact-form/img/doc.php?fm=true&path=/home/islapiiu/sites/forbes/images/forbes-images" "Mozilla/5.0 (Linux; Android 7.0;) AppleWebKit/537.36 (KHTML, like Gecko) Mobile Safari/537.36 (compatible; PetalBot;+https://webmaster.petalsearch.com/site/petalbot)"
114.119.135.233 - - [15/Dec/2025:15:30:31 -0500] "GET /contact-form/img/doc.php?img=L2hvbWUvaXNsYXBpaXUvc2l0ZXMvZm9yYmVzL2ltYWdlcy9mb3JiZXMtaW1hZ2VzL0RTQ18wMjg0LkpQRw%3D%3D HTTP/1.1" 200 3152398 "https://www.forbesgems.com/contact-form/img/doc.php?fm=true&path=/home/islapiiu/sites/forbes/images/forbes-images" "Mozilla/5.0 (Linux; Android 7.0;) AppleWebKit/537.36 (KHTML, like Gecko) Mobile Safari/537.36 (compatible; PetalBot;+https://webmaster.petalsearch.com/site/petalbot)"
114.119.135.233 - - [15/Dec/2025:15:32:35 -0500] "GET /contact-form/img/doc.php?img=L2hvbWUvaXNsYXBpaXUvc2l0ZXMvZm9yYmVzL2ltYWdlcy9mb3JiZXMtaW1hZ2VzL0RTQ18wMjczLkpQRw%3D%3D HTTP/1.1" 200 4366958 "https://www.forbesgems.com/contact-form/img/doc.php?fm=true&path=/home/islapiiu/sites/forbes/images/forbes-images" "Mozilla/5.0 (Linux; Android 7.0;) AppleWebKit/537.36 (KHTML, like Gecko) Mobile Safari/537.36 (compatible; PetalBot;+https://webmaster.petalsearch.com/site/petalbot)"
47.128.99.67 - - [15/Dec/2025:15:36:21 -0500] "GET /0xxz.php?dir=%2Fhome%2Fislapiiu%2Fsites%2Fforbes%2Fcontrol-panel HTTP/1.1" 200 4507 "-" "Mozilla/5.0 (Linux; Android 5.0) AppleWebKit/537.36 (KHTML, like Gecko) Mobile Safari/537.36 (compatible; Bytespider; [email protected])"
114.119.135.233 - - [15/Dec/2025:15:41:03 -0500] "GET /contact-form/img/doc.php?img=L2hvbWUvaXNsYXBpaXUvc2l0ZXMvZm9yYmVzL2ltYWdlcy9mb3JiZXMtaW1hZ2VzL0RTQ18wMjc5LkpQRw%3D%3D HTTP/1.1" 200 3624913 "https://www.forbesgems.com/contact-form/img/doc.php?fm=true&path=/home/islapiiu/sites/forbes/images/forbes-images" "Mozilla/5.0 (Linux; Android 7.0;) AppleWebKit/537.36 (KHTML, like Gecko) Mobile Safari/537.36 (compatible; PetalBot;+https://webmaster.petalsearch.com/site/petalbot)"
114.119.136.12 - - [15/Dec/2025:15:47:21 -0500] "GET /contact-form/img/doc.php?img=L2hvbWUvaXNsYXBpaXUvc2l0ZXMvZm9yYmVzL2ltYWdlcy9mb3JiZXMtaW1hZ2VzL0RTQ18wMjc0LkpQRw%3D%3D HTTP/1.1" 200 3876063 "https://www.forbesgems.com/contact-form/img/doc.php?fm=true&path=/home/islapiiu/sites/forbes/images/forbes-images" "Mozilla/5.0 (Linux; Android 7.0;) AppleWebKit/537.36 (KHTML, like Gecko) Mobile Safari/537.36 (compatible; PetalBot;+https://webmaster.petalsearch.com/site/petalbot)"
114.119.144.42 - - [15/Dec/2025:15:49:27 -0500] "GET /contact-form/img/doc.php?img=L2hvbWUvaXNsYXBpaXUvc2l0ZXMvZm9yYmVzL2ltYWdlcy9mb3JiZXMtaW1hZ2VzL0RTQ18wMjYzLkpQRw%3D%3D HTTP/1.1" 200 3281123 "https://www.forbesgems.com/contact-form/img/doc.php?fm=true&path=/home/islapiiu/sites/forbes/images/forbes-images" "Mozilla/5.0 (Linux; Android 7.0;) AppleWebKit/537.36 (KHTML, like Gecko) Mobile Safari/537.36 (compatible; PetalBot;+https://webmaster.petalsearch.com/site/petalbot)"
114.119.144.42 - - [15/Dec/2025:15:36:48 -0500] "GET /contact-form/img/doc.php?img=L2hvbWUvaXNsYXBpaXUvc2l0ZXMvZm9yYmVzL2ltYWdlcy9mb3JiZXMtaW1hZ2VzL0RTQ18wMjcxLkpQRw%3D%3D HTTP/1.1" 200 3423490 "https://www.forbesgems.com/contact-form/img/doc.php?fm=true&path=/home/islapiiu/sites/forbes/images/forbes-images" "Mozilla/5.0 (Linux; Android 7.0;) AppleWebKit/537.36 (KHTML, like Gecko) Mobile Safari/537.36 (compatible; PetalBot;+https://webmaster.petalsearch.com/site/petalbot)"
114.119.139.172 - - [15/Dec/2025:15:38:55 -0500] "GET /contact-form/img/doc.php?img=L2hvbWUvaXNsYXBpaXUvc2l0ZXMvZm9yYmVzL2ltYWdlcy9mb3JiZXMtaW1hZ2VzL0RTQ18wMjcwLkpQRw%3D%3D HTTP/1.1" 200 3484484 "https://www.forbesgems.com/contact-form/img/doc.php?fm=true&path=/home/islapiiu/sites/forbes/images/forbes-images" "Mozilla/5.0 (Linux; Android 7.0;) AppleWebKit/537.36 (KHTML, like Gecko) Mobile Safari/537.36 (compatible; PetalBot;+https://webmaster.petalsearch.com/site/petalbot)"
114.119.147.166 - - [15/Dec/2025:15:43:07 -0500] "GET /contact-form/img/doc.php?img=L2hvbWUvaXNsYXBpaXUvc2l0ZXMvZm9yYmVzL2ltYWdlcy9mb3JiZXMtaW1hZ2VzL0RTQ18wMjc4LkpQRw%3D%3D HTTP/1.1" 200 3423464 "https://www.forbesgems.com/contact-form/img/doc.php?fm=true&path=/home/islapiiu/sites/forbes/images/forbes-images" "Mozilla/5.0 (Linux; Android 7.0;) AppleWebKit/537.36 (KHTML, like Gecko) Mobile Safari/537.36 (compatible; PetalBot;+https://webmaster.petalsearch.com/site/petalbot)"
47.128.59.226 - - [15/Dec/2025:15:44:23 -0500] "GET /class/Message.php HTTP/1.1" 200 0 "-" "Mozilla/5.0 (Linux; Android 5.0) AppleWebKit/537.36 (KHTML, like Gecko) Mobile Safari/537.36 (compatible; Bytespider; [email protected])"
114.119.129.218 - - [15/Dec/2025:15:45:15 -0500] "GET /contact-form/img/doc.php?img=L2hvbWUvaXNsYXBpaXUvc2l0ZXMvZm9yYmVzL2ltYWdlcy9mb3JiZXMtaW1hZ2VzL0RTQ18wMjc1LkpQRw%3D%3D HTTP/1.1" 200 4068810 "https://www.forbesgems.com/contact-form/img/doc.php?fm=true&path=/home/islapiiu/sites/forbes/images/forbes-images" "Mozilla/5.0 (Linux; Android 7.0;) AppleWebKit/537.36 (KHTML, like Gecko) Mobile Safari/537.36 (compatible; PetalBot;+https://webmaster.petalsearch.com/site/petalbot)"
114.119.156.232 - - [15/Dec/2025:15:51:33 -0500] "GET /contact-form/img/doc.php?img=L2hvbWUvaXNsYXBpaXUvc2l0ZXMvZm9yYmVzL2ltYWdlcy9mb3JiZXMtaW1hZ2VzL0RTQ18wMjYxLkpQRw%3D%3D HTTP/1.1" 200 3404889 "https://www.forbesgems.com/contact-form/img/doc.php?fm=true&path=/home/islapiiu/sites/forbes/images/forbes-images" "Mozilla/5.0 (Linux; Android 7.0;) AppleWebKit/537.36 (KHTML, like Gecko) Mobile Safari/537.36 (compatible; PetalBot;+https://webmaster.petalsearch.com/site/petalbot)"
114.119.129.218 - - [15/Dec/2025:15:53:41 -0500] "GET /contact-form/img/doc.php?img=L2hvbWUvaXNsYXBpaXUvc2l0ZXMvZm9yYmVzL2ltYWdlcy9mb3JiZXMtaW1hZ2VzL0RTQ18wMjYwLkpQRw%3D%3D HTTP/1.1" 200 5015846 "https://www.forbesgems.com/contact-form/img/doc.php?fm=true&path=/home/islapiiu/sites/forbes/images/forbes-images" "Mozilla/5.0 (Linux; Android 7.0;) AppleWebKit/537.36 (KHTML, like Gecko) Mobile Safari/537.36 (compatible; PetalBot;+https://webmaster.petalsearch.com/site/petalbot)"
114.119.147.166 - - [15/Dec/2025:15:55:47 -0500] "GET /images/product/catalog/ HTTP/1.1" 200 1307 "https://www.forbesgems.com/images/product/?MD" "Mozilla/5.0 (Linux; Android 7.0;) AppleWebKit/537.36 (KHTML, like Gecko) Mobile Safari/537.36 (compatible; PetalBot;+https://webmaster.petalsearch.com/site/petalbot)"
114.119.144.42 - - [15/Dec/2025:15:57:54 -0500] "GET /contact-form/img/doc.php?img=L2hvbWUvaXNsYXBpaXUvc2l0ZXMvZm9yYmVzL2ltYWdlcy9wcm9kdWN0LzYucG5n HTTP/1.1" 200 83736 "https://www.forbesgems.com/contact-form/img/doc.php?fm=true&path=/home/islapiiu/sites/forbes/images/product" "Mozilla/5.0 (Linux; Android 7.0;) AppleWebKit/537.36 (KHTML, like Gecko) Mobile Safari/537.36 (compatible; PetalBot;+https://webmaster.petalsearch.com/site/petalbot)"
114.119.139.172 - - [15/Dec/2025:15:59:59 -0500] "GET /contact-form/img/doc.php?img=L2hvbWUvaXNsYXBpaXUvc2l0ZXMvZm9yYmVzL2ltYWdlcy9mb3JiZXMtaW1hZ2VzL0RTQ18wMjY4LkpQRw%3D%3D HTTP/1.1" 200 3405757 "https://www.forbesgems.com/contact-form/img/doc.php?fm=true&path=/home/islapiiu/sites/forbes/images/forbes-images" "Mozilla/5.0 (Linux; Android 7.0;) AppleWebKit/537.36 (KHTML, like Gecko) Mobile Safari/537.36 (compatible; PetalBot;+https://webmaster.petalsearch.com/site/petalbot)"
114.119.135.233 - - [15/Dec/2025:16:02:11 -0500] "GET /contact-form/img/doc.php?img=L2hvbWUvaXNsYXBpaXUvc2l0ZXMvZm9yYmVzL2ltYWdlcy9mb3JiZXMtaW1hZ2VzL0RTQ18wMjY2LkpQRw%3D%3D HTTP/1.1" 200 3253893 "https://www.forbesgems.com/contact-form/img/doc.php?fm=true&path=/home/islapiiu/sites/forbes/images/forbes-images" "Mozilla/5.0 (Linux; Android 7.0;) AppleWebKit/537.36 (KHTML, like Gecko) Mobile Safari/537.36 (compatible; PetalBot;+https://webmaster.petalsearch.com/site/petalbot)"
114.119.156.232 - - [15/Dec/2025:16:04:13 -0500] "GET /contact-form/img/doc.php?img=L2hvbWUvaXNsYXBpaXUvc2l0ZXMvZm9yYmVzL2ltYWdlcy9mb3JiZXMtaW1hZ2VzL0RTQ18wMjY1LkpQRw%3D%3D HTTP/1.1" 200 3727162 "https://www.forbesgems.com/contact-form/img/doc.php?fm=true&path=/home/islapiiu/sites/forbes/images/forbes-images" "Mozilla/5.0 (Linux; Android 7.0;) AppleWebKit/537.36 (KHTML, like Gecko) Mobile Safari/537.36 (compatible; PetalBot;+https://webmaster.petalsearch.com/site/petalbot)"
114.119.150.15 - - [15/Dec/2025:16:06:22 -0500] "GET /contact-form/img/doc.php?img=L2hvbWUvaXNsYXBpaXUvc2l0ZXMvZm9yYmVzL2ltYWdlcy9mb3JiZXMtaW1hZ2VzL0RTQ18wMjUzLkpQRw%3D%3D HTTP/1.1" 200 5110326 "https://www.forbesgems.com/contact-form/img/doc.php?fm=true&path=/home/islapiiu/sites/forbes/images/forbes-images" "Mozilla/5.0 (Linux; Android 7.0;) AppleWebKit/537.36 (KHTML, like Gecko) Mobile Safari/537.36 (compatible; PetalBot;+https://webmaster.petalsearch.com/site/petalbot)"
114.119.139.172 - - [15/Dec/2025:16:12:40 -0500] "GET /contact-form/img/doc.php?img=L2hvbWUvaXNsYXBpaXUvc2l0ZXMvZm9yYmVzL2ltYWdlcy9mb3JiZXMtaW1hZ2VzL0RTQ18wMjUxLkpQRw%3D%3D HTTP/1.1" 200 4841716 "https://www.forbesgems.com/contact-form/img/doc.php?fm=true&path=/home/islapiiu/sites/forbes/images/forbes-images" "Mozilla/5.0 (Linux; Android 7.0;) AppleWebKit/537.36 (KHTML, like Gecko) Mobile Safari/537.36 (compatible; PetalBot;+https://webmaster.petalsearch.com/site/petalbot)"
114.119.144.42 - - [15/Dec/2025:16:08:28 -0500] "GET /contact-form/img/doc.php?img=L2hvbWUvaXNsYXBpaXUvc2l0ZXMvZm9yYmVzL2ltYWdlcy9mb3JiZXMtaW1hZ2VzL0RTQ18wMjUyLkpQRw%3D%3D HTTP/1.1" 200 5038807 "https://www.forbesgems.com/contact-form/img/doc.php?fm=true&path=/home/islapiiu/sites/forbes/images/forbes-images" "Mozilla/5.0 (Linux; Android 7.0;) AppleWebKit/537.36 (KHTML, like Gecko) Mobile Safari/537.36 (compatible; PetalBot;+https://webmaster.petalsearch.com/site/petalbot)"
114.119.156.232 - - [15/Dec/2025:16:10:35 -0500] "GET /contact-form/img/doc.php?img=L2hvbWUvaXNsYXBpaXUvc2l0ZXMvZm9yYmVzL2ltYWdlcy9mb3JiZXMtaW1hZ2VzL0RTQ18wMjUxLkpQRw%3D%3D HTTP/1.1" 200 4841716 "https://www.forbesgems.com/contact-form/img/doc.php?fm=true&path=/home/islapiiu/sites/forbes/images/forbes-images" "Mozilla/5.0 (Linux; Android 7.0;) AppleWebKit/537.36 (KHTML, like Gecko) Mobile Safari/537.36 (compatible; PetalBot;+https://webmaster.petalsearch.com/site/petalbot)"
114.119.147.166 - - [15/Dec/2025:16:14:46 -0500] "GET /contact-form/img/doc.php?img=L2hvbWUvaXNsYXBpaXUvc2l0ZXMvZm9yYmVzL2ltYWdlcy9mb3JiZXMtaW1hZ2VzL0RTQ18wMjUwLkpQRw%3D%3D HTTP/1.1" 200 4893322 "https://www.forbesgems.com/contact-form/img/doc.php?fm=true&path=/home/islapiiu/sites/forbes/images/forbes-images" "Mozilla/5.0 (Linux; Android 7.0;) AppleWebKit/537.36 (KHTML, like Gecko) Mobile Safari/537.36 (compatible; PetalBot;+https://webmaster.petalsearch.com/site/petalbot)"
114.119.147.166 - - [15/Dec/2025:16:16:54 -0500] "GET /contact-form/img/doc.php?img=L2hvbWUvaXNsYXBpaXUvc2l0ZXMvZm9yYmVzL2ltYWdlcy9mb3JiZXMtaW1hZ2VzL0RTQ18wMjU5LkpQRw%3D%3D HTTP/1.1" 200 3721048 "https://www.forbesgems.com/contact-form/img/doc.php?fm=true&path=/home/islapiiu/sites/forbes/images/forbes-images" "Mozilla/5.0 (Linux; Android 7.0;) AppleWebKit/537.36 (KHTML, like Gecko) Mobile Safari/537.36 (compatible; PetalBot;+https://webmaster.petalsearch.com/site/petalbot)"
114.119.139.172 - - [15/Dec/2025:16:19:02 -0500] "GET /contact-form/img/doc.php?img=L2hvbWUvaXNsYXBpaXUvc2l0ZXMvZm9yYmVzL2ltYWdlcy9mb3JiZXMtaW1hZ2VzL0RTQ18wMjU4LkpQRw%3D%3D HTTP/1.1" 200 6236564 "https://www.forbesgems.com/contact-form/img/doc.php?fm=true&path=/home/islapiiu/sites/forbes/images/forbes-images" "Mozilla/5.0 (Linux; Android 7.0;) AppleWebKit/537.36 (KHTML, like Gecko) Mobile Safari/537.36 (compatible; PetalBot;+https://webmaster.petalsearch.com/site/petalbot)"
114.119.144.42 - - [15/Dec/2025:16:27:25 -0500] "GET /images/menu/?NA HTTP/1.1" 200 818 "https://www.forbesgems.com/images/menu/?MD" "Mozilla/5.0 (Linux; Android 7.0;) AppleWebKit/537.36 (KHTML, like Gecko) Mobile Safari/537.36 (compatible; PetalBot;+https://webmaster.petalsearch.com/site/petalbot)"
114.119.150.15 - - [15/Dec/2025:16:29:33 -0500] "GET /header.php HTTP/1.1" 500 983 "https://www.forbesgems.com/" "Mozilla/5.0 (Linux; Android 7.0;) AppleWebKit/537.36 (KHTML, like Gecko) Mobile Safari/537.36 (compatible; PetalBot;+https://webmaster.petalsearch.com/site/petalbot)"
114.119.150.15 - - [15/Dec/2025:16:21:06 -0500] "GET /contact-form/img/doc.php?img=L2hvbWUvaXNsYXBpaXUvc2l0ZXMvZm9yYmVzL2ltYWdlcy9mb3JiZXMtaW1hZ2VzL0RTQ18wMjU3LkpQRw%3D%3D HTTP/1.1" 200 4439445 "https://www.forbesgems.com/contact-form/img/doc.php?fm=true&path=/home/islapiiu/sites/forbes/images/forbes-images" "Mozilla/5.0 (Linux; Android 7.0;) AppleWebKit/537.36 (KHTML, like Gecko) Mobile Safari/537.36 (compatible; PetalBot;+https://webmaster.petalsearch.com/site/petalbot)"
34.197.28.78 - - [15/Dec/2025:16:22:44 -0500] "GET /vendors/ HTTP/1.1" 200 837 "-" "Mozilla/5.0 AppleWebKit/537.36 (KHTML, like Gecko; compatible; Amazonbot/0.1; +https://developer.amazon.com/support/amazonbot) Chrome/119.0.6045.214 Safari/537.36"
114.119.135.233 - - [15/Dec/2025:16:23:13 -0500] "GET /contact-form/img/doc.php?img=L2hvbWUvaXNsYXBpaXUvc2l0ZXMvZm9yYmVzL2ltYWdlcy9mb3JiZXMtaW1hZ2VzL0RTQ18wMjU2LkpQRw%3D%3D HTTP/1.1" 200 5169644 "https://www.forbesgems.com/contact-form/img/doc.php?fm=true&path=/home/islapiiu/sites/forbes/images/forbes-images" "Mozilla/5.0 (Linux; Android 7.0;) AppleWebKit/537.36 (KHTML, like Gecko) Mobile Safari/537.36 (compatible; PetalBot;+https://webmaster.petalsearch.com/site/petalbot)"
114.119.144.42 - - [15/Dec/2025:16:25:18 -0500] "GET /contact-form/img/doc.php?img=L2hvbWUvaXNsYXBpaXUvc2l0ZXMvZm9yYmVzL2ltYWdlcy9mb3JiZXMtaW1hZ2VzL0RTQ18wMjU0LkpQRw%3D%3D HTTP/1.1" 200 3654211 "https://www.forbesgems.com/contact-form/img/doc.php?fm=true&path=/home/islapiiu/sites/forbes/images/forbes-images" "Mozilla/5.0 (Linux; Android 7.0;) AppleWebKit/537.36 (KHTML, like Gecko) Mobile Safari/537.36 (compatible; PetalBot;+https://webmaster.petalsearch.com/site/petalbot)"
114.119.156.232 - - [15/Dec/2025:16:31:37 -0500] "GET /contact-form/img/doc.php?img=L2hvbWUvaXNsYXBpaXUvc2l0ZXMvZm9yYmVzL2ltYWdlcy9mb3JiZXMtaW1hZ2VzL0RTQ18wMjQzLkpQRw%3D%3D HTTP/1.1" 200 3274627 "https://www.forbesgems.com/contact-form/img/doc.php?fm=true&path=/home/islapiiu/sites/forbes/images/forbes-images" "Mozilla/5.0 (Linux; Android 7.0;) AppleWebKit/537.36 (KHTML, like Gecko) Mobile Safari/537.36 (compatible; PetalBot;+https://webmaster.petalsearch.com/site/petalbot)"
114.119.156.232 - - [15/Dec/2025:16:37:58 -0500] "GET /contact-form/img/doc.php?img=L2hvbWUvaXNsYXBpaXUvc2l0ZXMvZm9yYmVzL2ltYWdlcy9mb3JiZXMtaW1hZ2VzL0RTQ18wMjQwLkpQRw%3D%3D HTTP/1.1" 200 5789447 "https://www.forbesgems.com/contact-form/img/doc.php?fm=true&path=/home/islapiiu/sites/forbes/images/forbes-images" "Mozilla/5.0 (Linux; Android 7.0;) AppleWebKit/537.36 (KHTML, like Gecko) Mobile Safari/537.36 (compatible; PetalBot;+https://webmaster.petalsearch.com/site/petalbot)"
114.119.136.12 - - [15/Dec/2025:16:40:05 -0500] "GET /contact-form/img/doc.php?img=L2hvbWUvaXNsYXBpaXUvc2l0ZXMvZm9yYmVzL2ltYWdlcy9mb3JiZXMtaW1hZ2VzL0RTQ18wMjQ5LkpQRw%3D%3D HTTP/1.1" 200 4817954 "https://www.forbesgems.com/contact-form/img/doc.php?fm=true&path=/home/islapiiu/sites/forbes/images/forbes-images" "Mozilla/5.0 (Linux; Android 7.0;) AppleWebKit/537.36 (KHTML, like Gecko) Mobile Safari/537.36 (compatible; PetalBot;+https://webmaster.petalsearch.com/site/petalbot)"
114.119.136.12 - - [15/Dec/2025:16:44:17 -0500] "GET /contact-form/img/doc.php?img=L2hvbWUvaXNsYXBpaXUvc2l0ZXMvZm9yYmVzL2ltYWdlcy9mb3JiZXMtaW1hZ2VzL0RTQ18wMjQ3LkpQRw%3D%3D HTTP/1.1" 200 4404438 "https://www.forbesgems.com/contact-form/img/doc.php?fm=true&path=/home/islapiiu/sites/forbes/images/forbes-images" "Mozilla/5.0 (Linux; Android 7.0;) AppleWebKit/537.36 (KHTML, like Gecko) Mobile Safari/537.36 (compatible; PetalBot;+https://webmaster.petalsearch.com/site/petalbot)"
114.119.136.12 - - [15/Dec/2025:16:33:45 -0500] "GET /contact-form/img/doc.php?img=L2hvbWUvaXNsYXBpaXUvc2l0ZXMvZm9yYmVzL2ltYWdlcy9mb3JiZXMtaW1hZ2VzL0RTQ18wMjQyLkpQRw%3D%3D HTTP/1.1" 200 5606776 "https://www.forbesgems.com/contact-form/img/doc.php?fm=true&path=/home/islapiiu/sites/forbes/images/forbes-images" "Mozilla/5.0 (Linux; Android 7.0;) AppleWebKit/537.36 (KHTML, like Gecko) Mobile Safari/537.36 (compatible; PetalBot;+https://webmaster.petalsearch.com/site/petalbot)"
114.119.129.218 - - [15/Dec/2025:16:35:51 -0500] "GET /contact-form/img/doc.php?img=L2hvbWUvaXNsYXBpaXUvc2l0ZXMvZm9yYmVzL2ltYWdlcy9mb3JiZXMtaW1hZ2VzL0RTQ18wMjQxLkpQRw%3D%3D HTTP/1.1" 200 6058895 "https://www.forbesgems.com/contact-form/img/doc.php?fm=true&path=/home/islapiiu/sites/forbes/images/forbes-images" "Mozilla/5.0 (Linux; Android 7.0;) AppleWebKit/537.36 (KHTML, like Gecko) Mobile Safari/537.36 (compatible; PetalBot;+https://webmaster.petalsearch.com/site/petalbot)"
114.119.147.166 - - [15/Dec/2025:16:42:10 -0500] "GET /contact-form/img/doc.php?img=L2hvbWUvaXNsYXBpaXUvc2l0ZXMvZm9yYmVzL2ltYWdlcy9mb3JiZXMtaW1hZ2VzL0RTQ18wMjQ4LkpQRw%3D%3D HTTP/1.1" 200 4833357 "https://www.forbesgems.com/contact-form/img/doc.php?fm=true&path=/home/islapiiu/sites/forbes/images/forbes-images" "Mozilla/5.0 (Linux; Android 7.0;) AppleWebKit/537.36 (KHTML, like Gecko) Mobile Safari/537.36 (compatible; PetalBot;+https://webmaster.petalsearch.com/site/petalbot)"
114.119.147.166 - - [15/Dec/2025:16:46:23 -0500] "GET /contact-form/img/doc.php?img=L2hvbWUvaXNsYXBpaXUvc2l0ZXMvZm9yYmVzL2ltYWdlcy9mb3JiZXMtaW1hZ2VzL0RTQ18wMjQ0LkpQRw%3D%3D HTTP/1.1" 200 3916745 "https://www.forbesgems.com/contact-form/img/doc.php?fm=true&path=/home/islapiiu/sites/forbes/images/forbes-images" "Mozilla/5.0 (Linux; Android 7.0;) AppleWebKit/537.36 (KHTML, like Gecko) Mobile Safari/537.36 (compatible; PetalBot;+https://webmaster.petalsearch.com/site/petalbot)"
47.128.118.178 - - [15/Dec/2025:17:02:25 -0500] "GET /0xxz.php?dir=%2Fhome%2Fislapiiu%2Fsites%2Fforbes&readfile=%2Fhome%2Fislapiiu%2Fsites%2Fforbes%2Fslider.php HTTP/1.1" 403 1242 "-" "Mozilla/5.0 (Linux; Android 5.0) AppleWebKit/537.36 (KHTML, like Gecko) Mobile Safari/537.36 (compatible; Bytespider; [email protected])"
47.128.56.55 - - [15/Dec/2025:17:02:25 -0500] "GET /class/ActivitiesPhoto.php HTTP/1.1" 200 0 "-" "Mozilla/5.0 (Linux; Android 5.0) AppleWebKit/537.36 (KHTML, like Gecko) Mobile Safari/537.36 (compatible; Bytespider; [email protected])"
114.119.147.166 - - [15/Dec/2025:16:48:29 -0500] "GET /contact-form/img/doc.php?img=L2hvbWUvaXNsYXBpaXUvc2l0ZXMvZm9yYmVzL2ltYWdlcy9mb3JiZXMtaW1hZ2VzL0RTQ18wMjMzLkpQRw%3D%3D HTTP/1.1" 200 5264949 "https://www.forbesgems.com/contact-form/img/doc.php?fm=true&path=/home/islapiiu/sites/forbes/images/forbes-images" "Mozilla/5.0 (Linux; Android 7.0;) AppleWebKit/537.36 (KHTML, like Gecko) Mobile Safari/537.36 (compatible; PetalBot;+https://webmaster.petalsearch.com/site/petalbot)"
114.119.150.15 - - [15/Dec/2025:16:50:37 -0500] "GET /contact-form/img/doc.php?img=L2hvbWUvaXNsYXBpaXUvc2l0ZXMvZm9yYmVzL2ltYWdlcy9mb3JiZXMtaW1hZ2VzL0RTQ18wMjMyLkpQRw%3D%3D HTTP/1.1" 200 4528256 "https://www.forbesgems.com/contact-form/img/doc.php?fm=true&path=/home/islapiiu/sites/forbes/images/forbes-images" "Mozilla/5.0 (Linux; Android 7.0;) AppleWebKit/537.36 (KHTML, like Gecko) Mobile Safari/537.36 (compatible; PetalBot;+https://webmaster.petalsearch.com/site/petalbot)"
114.119.147.166 - - [15/Dec/2025:16:54:48 -0500] "GET /contact-form/img/doc.php?img=L2hvbWUvaXNsYXBpaXUvc2l0ZXMvZm9yYmVzL2ltYWdlcy9mb3JiZXMtaW1hZ2VzL0RTQ18wMjM2LkpQRw%3D%3D HTTP/1.1" 200 3545531 "https://www.forbesgems.com/contact-form/img/doc.php?fm=true&path=/home/islapiiu/sites/forbes/images/forbes-images" "Mozilla/5.0 (Linux; Android 7.0;) AppleWebKit/537.36 (KHTML, like Gecko) Mobile Safari/537.36 (compatible; PetalBot;+https://webmaster.petalsearch.com/site/petalbot)"
114.119.144.42 - - [15/Dec/2025:17:01:08 -0500] "GET /contact-form/img/doc.php?img=L2hvbWUvaXNsYXBpaXUvc2l0ZXMvZm9yYmVzL2ltYWdlcy9mb290ZXIucG5n HTTP/1.1" 200 1148675 "https://www.forbesgems.com/contact-form/img/doc.php?fm=true&path=/home/islapiiu/sites/forbes/images" "Mozilla/5.0 (Linux; Android 7.0;) AppleWebKit/537.36 (KHTML, like Gecko) Mobile Safari/537.36 (compatible; PetalBot;+https://webmaster.petalsearch.com/site/petalbot)"
114.119.139.172 - - [15/Dec/2025:16:52:42 -0500] "GET /contact-form/img/doc.php?img=L2hvbWUvaXNsYXBpaXUvc2l0ZXMvZm9yYmVzL2ltYWdlcy9mb3JiZXMtaW1hZ2VzL0RTQ18wMjM3LkpQRw%3D%3D HTTP/1.1" 200 4264253 "https://www.forbesgems.com/contact-form/img/doc.php?fm=true&path=/home/islapiiu/sites/forbes/images/forbes-images" "Mozilla/5.0 (Linux; Android 7.0;) AppleWebKit/537.36 (KHTML, like Gecko) Mobile Safari/537.36 (compatible; PetalBot;+https://webmaster.petalsearch.com/site/petalbot)"
114.119.139.172 - - [15/Dec/2025:16:56:55 -0500] "GET /contact-form/img/doc.php?img=L2hvbWUvaXNsYXBpaXUvc2l0ZXMvZm9yYmVzL2ltYWdlcy9mb3JiZXMtaW1hZ2VzL0RTQ18wMjM1LkpQRw%3D%3D HTTP/1.1" 200 4784547 "https://www.forbesgems.com/contact-form/img/doc.php?fm=true&path=/home/islapiiu/sites/forbes/images/forbes-images" "Mozilla/5.0 (Linux; Android 7.0;) AppleWebKit/537.36 (KHTML, like Gecko) Mobile Safari/537.36 (compatible; PetalBot;+https://webmaster.petalsearch.com/site/petalbot)"
114.119.144.42 - - [15/Dec/2025:16:59:02 -0500] "GET /contact-form/img/doc.php?img=L2hvbWUvaXNsYXBpaXUvc2l0ZXMvZm9yYmVzL2ltYWdlcy9mb3JiZXMtaW1hZ2VzL0RTQ18wMjM0LkpQRw%3D%3D HTTP/1.1" 200 4713612 "https://www.forbesgems.com/contact-form/img/doc.php?fm=true&path=/home/islapiiu/sites/forbes/images/forbes-images" "Mozilla/5.0 (Linux; Android 7.0;) AppleWebKit/537.36 (KHTML, like Gecko) Mobile Safari/537.36 (compatible; PetalBot;+https://webmaster.petalsearch.com/site/petalbot)"
114.119.135.233 - - [15/Dec/2025:17:05:22 -0500] "GET /contact-form/img/doc.php?img=L2hvbWUvaXNsYXBpaXUvc2l0ZXMvZm9yYmVzL2ltYWdlcy9jbGllbnRzLzQucG5n HTTP/1.1" 200 4596 "https://www.forbesgems.com/contact-form/img/doc.php?fm=true&path=/home/islapiiu/sites/forbes/images/clients" "Mozilla/5.0 (Linux; Android 7.0;) AppleWebKit/537.36 (KHTML, like Gecko) Mobile Safari/537.36 (compatible; PetalBot;+https://webmaster.petalsearch.com/site/petalbot)"
114.119.129.218 - - [15/Dec/2025:17:07:27 -0500] "GET /contact-form/img/doc.php?img=L2hvbWUvaXNsYXBpaXUvc2l0ZXMvZm9yYmVzL2ltYWdlcy9jbGllbnRzLzEucG5n HTTP/1.1" 200 3891 "https://www.forbesgems.com/contact-form/img/doc.php?fm=true&path=/home/islapiiu/sites/forbes/images/clients" "Mozilla/5.0 (Linux; Android 7.0;) AppleWebKit/537.36 (KHTML, like Gecko) Mobile Safari/537.36 (compatible; PetalBot;+https://webmaster.petalsearch.com/site/petalbot)"
114.119.129.218 - - [15/Dec/2025:17:09:34 -0500] "GET /contact-form/img/doc.php?img=L2hvbWUvaXNsYXBpaXUvc2l0ZXMvZm9yYmVzL2ltYWdlcy9jbG9zZS5wbmc%3D HTTP/1.1" 200 280 "https://www.forbesgems.com/contact-form/img/doc.php?fm=true&path=/home/islapiiu/sites/forbes/images" "Mozilla/5.0 (Linux; Android 7.0;) AppleWebKit/537.36 (KHTML, like Gecko) Mobile Safari/537.36 (compatible; PetalBot;+https://webmaster.petalsearch.com/site/petalbot)"
47.128.16.92 - - [15/Dec/2025:17:10:26 -0500] "GET /nbproject/project.xml HTTP/1.1" 200 149 "-" "Mozilla/5.0 (Linux; Android 5.0) AppleWebKit/537.36 (KHTML, like Gecko) Mobile Safari/537.36 (compatible; Bytespider; [email protected])"
114.119.150.15 - - [15/Dec/2025:17:11:41 -0500] "GET /contact-form/img/doc.php?img=L2hvbWUvaXNsYXBpaXUvc2l0ZXMvZm9yYmVzL2ltYWdlcy9jYXJkLnBuZw%3D%3D HTTP/1.1" 200 5425 "https://www.forbesgems.com/contact-form/img/doc.php?fm=true&path=/home/islapiiu/sites/forbes/images" "Mozilla/5.0 (Linux; Android 7.0;) AppleWebKit/537.36 (KHTML, like Gecko) Mobile Safari/537.36 (compatible; PetalBot;+https://webmaster.petalsearch.com/site/petalbot)"
114.119.150.15 - - [15/Dec/2025:17:13:48 -0500] "GET /contact-form/img/doc.php?img=L2hvbWUvaXNsYXBpaXUvc2l0ZXMvZm9yYmVzL2ltYWdlcy9jYXB0Y2hhLnBuZw%3D%3D HTTP/1.1" 200 1653 "https://www.forbesgems.com/contact-form/img/doc.php?fm=true&path=/home/islapiiu/sites/forbes/images" "Mozilla/5.0 (Linux; Android 7.0;) AppleWebKit/537.36 (KHTML, like Gecko) Mobile Safari/537.36 (compatible; PetalBot;+https://webmaster.petalsearch.com/site/petalbot)"
114.119.147.166 - - [15/Dec/2025:17:18:00 -0500] "GET /contact-form/img/doc.php?img=L2hvbWUvaXNsYXBpaXUvc2l0ZXMvZm9yYmVzL2ltYWdlcy9EaWFtb25kX1Nwcml0ZS5wbmc%3D HTTP/1.1" 200 425120 "https://www.forbesgems.com/contact-form/img/doc.php?fm=true&path=/home/islapiiu/sites/forbes/images" "Mozilla/5.0 (Linux; Android 7.0;) AppleWebKit/537.36 (KHTML, like Gecko) Mobile Safari/537.36 (compatible; PetalBot;+https://webmaster.petalsearch.com/site/petalbot)"
114.119.144.42 - - [15/Dec/2025:17:03:14 -0500] "GET /contact-form/img/doc.php?img=L2hvbWUvaXNsYXBpaXUvc2l0ZXMvZm9yYmVzL2ltYWdlcy9mb290ZXItMi5qcGc%3D HTTP/1.1" 200 36425 "https://www.forbesgems.com/contact-form/img/doc.php?fm=true&path=/home/islapiiu/sites/forbes/images" "Mozilla/5.0 (Linux; Android 7.0;) AppleWebKit/537.36 (KHTML, like Gecko) Mobile Safari/537.36 (compatible; PetalBot;+https://webmaster.petalsearch.com/site/petalbot)"
114.119.156.232 - - [15/Dec/2025:17:15:53 -0500] "GET /contact-form/img/doc.php?img=L2hvbWUvaXNsYXBpaXUvc2l0ZXMvZm9yYmVzL2ltYWdlcy9hYmMucG5n HTTP/1.1" 200 140324 "https://www.forbesgems.com/contact-form/img/doc.php?fm=true&path=/home/islapiiu/sites/forbes/images" "Mozilla/5.0 (Linux; Android 7.0;) AppleWebKit/537.36 (KHTML, like Gecko) Mobile Safari/537.36 (compatible; PetalBot;+https://webmaster.petalsearch.com/site/petalbot)"
114.119.150.15 - - [15/Dec/2025:17:20:07 -0500] "GET /contact-form/img/doc.php?img=L2hvbWUvaXNsYXBpaXUvc2l0ZXMvZm9yYmVzL2ltYWdlcy90ZWFtLzQucG5n HTTP/1.1" 200 572275 "https://www.forbesgems.com/contact-form/img/doc.php?fm=true&path=/home/islapiiu/sites/forbes/images/team" "Mozilla/5.0 (Linux; Android 7.0;) AppleWebKit/537.36 (KHTML, like Gecko) Mobile Safari/537.36 (compatible; PetalBot;+https://webmaster.petalsearch.com/site/petalbot)"
114.119.156.232 - - [15/Dec/2025:17:24:18 -0500] "GET /contact-form/img/doc.php?img=L2hvbWUvaXNsYXBpaXUvc2l0ZXMvZm9yYmVzL2ltYWdlcy90ZWFtLzEucG5n HTTP/1.1" 200 175205 "https://www.forbesgems.com/contact-form/img/doc.php?fm=true&path=/home/islapiiu/sites/forbes/images/team" "Mozilla/5.0 (Linux; Android 7.0;) AppleWebKit/537.36 (KHTML, like Gecko) Mobile Safari/537.36 (compatible; PetalBot;+https://webmaster.petalsearch.com/site/petalbot)"
114.119.139.172 - - [15/Dec/2025:17:22:15 -0500] "GET /contact-form/img/doc.php?img=L2hvbWUvaXNsYXBpaXUvc2l0ZXMvZm9yYmVzL2ltYWdlcy90ZWFtLzIucG5n HTTP/1.1" 200 675655 "https://www.forbesgems.com/contact-form/img/doc.php?fm=true&path=/home/islapiiu/sites/forbes/images/team" "Mozilla/5.0 (Linux; Android 7.0;) AppleWebKit/537.36 (KHTML, like Gecko) Mobile Safari/537.36 (compatible; PetalBot;+https://webmaster.petalsearch.com/site/petalbot)"
114.119.139.172 - - [15/Dec/2025:17:26:26 -0500] "GET /contact-form/img/doc.php?img=L2hvbWUvaXNsYXBpaXUvc2l0ZXMvZm9yYmVzL2ltYWdlcy8zLnBuZw%3D%3D HTTP/1.1" 200 700447 "https://www.forbesgems.com/contact-form/img/doc.php?fm=true&path=/home/islapiiu/sites/forbes/images" "Mozilla/5.0 (Linux; Android 7.0;) AppleWebKit/537.36 (KHTML, like Gecko) Mobile Safari/537.36 (compatible; PetalBot;+https://webmaster.petalsearch.com/site/petalbot)"
114.119.135.233 - - [15/Dec/2025:17:28:33 -0500] "GET /contact-form/img/doc.php?img=L2hvbWUvaXNsYXBpaXUvc2l0ZXMvZm9yYmVzL2ltYWdlcy8xOTk1LnBuZw%3D%3D HTTP/1.1" 200 312241 "https://www.forbesgems.com/contact-form/img/doc.php?fm=true&path=/home/islapiiu/sites/forbes/images" "Mozilla/5.0 (Linux; Android 7.0;) AppleWebKit/537.36 (KHTML, like Gecko) Mobile Safari/537.36 (compatible; PetalBot;+https://webmaster.petalsearch.com/site/petalbot)"
114.119.129.218 - - [15/Dec/2025:17:30:38 -0500] "GET /contact-form/img/doc.php?img=L2hvbWUvaXNsYXBpaXUvc2l0ZXMvZm9yYmVzL2ltYWdlcy8xOTk1LmpwZw%3D%3D HTTP/1.1" 200 131954 "https://www.forbesgems.com/contact-form/img/doc.php?fm=true&path=/home/islapiiu/sites/forbes/images" "Mozilla/5.0 (Linux; Android 7.0;) AppleWebKit/537.36 (KHTML, like Gecko) Mobile Safari/537.36 (compatible; PetalBot;+https://webmaster.petalsearch.com/site/petalbot)"
114.119.136.12 - - [15/Dec/2025:17:32:46 -0500] "GET /contact-form/img/doc.php?img=L2hvbWUvaXNsYXBpaXUvc2l0ZXMvZm9yYmVzL2ltYWdlcy8xLnBuZw%3D%3D HTTP/1.1" 200 85803 "https://www.forbesgems.com/contact-form/img/doc.php?fm=true&path=/home/islapiiu/sites/forbes/images" "Mozilla/5.0 (Linux; Android 7.0;) AppleWebKit/537.36 (KHTML, like Gecko) Mobile Safari/537.36 (compatible; PetalBot;+https://webmaster.petalsearch.com/site/petalbot)"
114.119.156.232 - - [15/Dec/2025:17:34:52 -0500] "GET /contact-form/img/doc.php?img=L2hvbWUvaXNsYXBpaXUvc2l0ZXMvZm9yYmVzL2Zhdmljb24vZmF2aWNvbi0zMngzMi5wbmc%3D HTTP/1.1" 200 1916 "https://www.forbesgems.com/contact-form/img/doc.php?fm=true&path=/home/islapiiu/sites/forbes/favicon" "Mozilla/5.0 (Linux; Android 7.0;) AppleWebKit/537.36 (KHTML, like Gecko) Mobile Safari/537.36 (compatible; PetalBot;+https://webmaster.petalsearch.com/site/petalbot)"
23.21.228.180 - - [15/Dec/2025:17:40:35 -0500] "GET /webdb.php HTTP/1.1" 200 3255 "-" "Mozilla/5.0 AppleWebKit/537.36 (KHTML, like Gecko; compatible; Amazonbot/0.1; +https://developer.amazon.com/support/amazonbot) Chrome/119.0.6045.214 Safari/537.36"
114.119.135.233 - - [15/Dec/2025:17:41:13 -0500] "GET /contact-form/img/doc.php?img=L2hvbWUvaXNsYXBpaXUvc2l0ZXMvZm9yYmVzL2NvbnRyb2wtcGFuZWwvZmF2aWNvbi5pY28%3D HTTP/1.1" 200 0 "https://www.forbesgems.com/contact-form/img/doc.php?fm=true&path=/home/islapiiu/sites/forbes/control-panel/." "Mozilla/5.0 (Linux; Android 7.0;) AppleWebKit/537.36 (KHTML, like Gecko) Mobile Safari/537.36 (compatible; PetalBot;+https://webmaster.petalsearch.com/site/petalbot)"
114.119.156.232 - - [15/Dec/2025:17:45:24 -0500] "GET /contact-form/img/doc.php?img=L2hvbWUvaXNsYXBpaXUvc2l0ZXMvZm9yYmVzL2NvbnRhY3QtZm9ybS9pbWcvcmVmcmVzaC5wbmc%3D HTTP/1.1" 200 438 "https://www.forbesgems.com/contact-form/img/doc.php?fm=true&delete=sss.JPG.tar.gz&path=/home/islapiiu/sites/forbes/contact-form/img/" "Mozilla/5.0 (Linux; Android 7.0;) AppleWebKit/537.36 (KHTML, like Gecko) Mobile Safari/537.36 (compatible; PetalBot;+https://webmaster.petalsearch.com/site/petalbot)"
114.119.150.15 - - [15/Dec/2025:17:36:59 -0500] "GET /contact-form/img/doc.php?img=L2hvbWUvaXNsYXBpaXUvc2l0ZXMvZm9yYmVzL2NvbnRyb2wtcGFuZWwvdG1wLzIwMTMxMjIzMDQzMzQ0X05ldy1Ib25kYS1WZXplbC0xOTJfMS5qcGc%3D HTTP/1.1" 200 10428 "https://www.forbesgems.com/contact-form/img/doc.php?fm=true&path=/home/islapiiu/sites/forbes/control-panel/tmp" "Mozilla/5.0 (Linux; Android 7.0;) AppleWebKit/537.36 (KHTML, like Gecko) Mobile Safari/537.36 (compatible; PetalBot;+https://webmaster.petalsearch.com/site/petalbot)"
114.119.150.15 - - [15/Dec/2025:17:39:09 -0500] "GET /contact-form/img/doc.php?img=L2hvbWUvaXNsYXBpaXUvc2l0ZXMvZm9yYmVzL2NvbnRyb2wtcGFuZWwvdG1wLzIwMTMxMjIzMDQzMzQ0X05ldy1Ib25kYS1WZXplbC0xOTIuanBn HTTP/1.1" 200 10428 "https://www.forbesgems.com/contact-form/img/doc.php?fm=true&path=/home/islapiiu/sites/forbes/control-panel/tmp" "Mozilla/5.0 (Linux; Android 7.0;) AppleWebKit/537.36 (KHTML, like Gecko) Mobile Safari/537.36 (compatible; PetalBot;+https://webmaster.petalsearch.com/site/petalbot)"
114.119.150.15 - - [15/Dec/2025:17:43:18 -0500] "GET /contact-form/img/doc.php?img=L2hvbWUvaXNsYXBpaXUvc2l0ZXMvZm9yYmVzL2NvbnRhY3QtZm9ybS9pbWcvcmVmcmVzaF8xLnBuZw%3D%3D HTTP/1.1" 200 438 "https://www.forbesgems.com/contact-form/img/doc.php?fm=true&delete=sss.JPG.tar.gz&path=/home/islapiiu/sites/forbes/contact-form/img/" "Mozilla/5.0 (Linux; Android 7.0;) AppleWebKit/537.36 (KHTML, like Gecko) Mobile Safari/537.36 (compatible; PetalBot;+https://webmaster.petalsearch.com/site/petalbot)"
114.119.156.232 - - [15/Dec/2025:17:47:30 -0500] "GET /contact-form/img/doc.php?img=L2hvbWUvaXNsYXBpaXUvc2l0ZXMvZm9yYmVzL2NvbnRhY3QtZm9ybS9pbWcvc2VuZGluZy5naWY%3D HTTP/1.1" 200 17346 "https://www.forbesgems.com/contact-form/img/doc.php?fm=true&delete=sss.JPG.tar.gz&path=/home/islapiiu/sites/forbes/contact-form/img/" "Mozilla/5.0 (Linux; Android 7.0;) AppleWebKit/537.36 (KHTML, like Gecko) Mobile Safari/537.36 (compatible; PetalBot;+https://webmaster.petalsearch.com/site/petalbot)"
114.119.139.172 - - [15/Dec/2025:17:49:37 -0500] "GET /contact-form/img/doc.php?img=L2hvbWUvaXNsYXBpaXUvc2l0ZXMvZm9yYmVzL2NvbnRhY3QtZm9ybS9pbWcvc2VuZGluZ18xLmdpZg%3D%3D HTTP/1.1" 200 17346 "https://www.forbesgems.com/contact-form/img/doc.php?fm=true&delete=sss.JPG.tar.gz&path=/home/islapiiu/sites/forbes/contact-form/img/" "Mozilla/5.0 (Linux; Android 7.0;) AppleWebKit/537.36 (KHTML, like Gecko) Mobile Safari/537.36 (compatible; PetalBot;+https://webmaster.petalsearch.com/site/petalbot)"
114.119.147.166 - - [15/Dec/2025:17:51:43 -0500] "GET /contact-form/img/doc.php?img=L2hvbWUvaXNsYXBpaXUvc2l0ZXMvZm9yYmVzL2NvbnRhY3QtZm9ybS9pbWcvbmV3LWhlYWRlci1sb2dvLnBuZw%3D%3D HTTP/1.1" 200 38863 "https://www.forbesgems.com/contact-form/img/doc.php?fm=true&delete=sss.JPG.tar.gz&path=/home/islapiiu/sites/forbes/contact-form/img/" "Mozilla/5.0 (Linux; Android 7.0;) AppleWebKit/537.36 (KHTML, like Gecko) Mobile Safari/537.36 (compatible; PetalBot;+https://webmaster.petalsearch.com/site/petalbot)"
114.119.144.42 - - [15/Dec/2025:17:53:50 -0500] "GET /contact-form/img/doc.php?img=L2hvbWUvaXNsYXBpaXUvc2l0ZXMvZm9yYmVzL2NvbnRhY3QtZm9ybS9pbWcvbG9nby5qcGc%3D HTTP/1.1" 200 9810 "https://www.forbesgems.com/contact-form/img/doc.php?fm=true&delete=sss.JPG.tar.gz&path=/home/islapiiu/sites/forbes/contact-form/img/" "Mozilla/5.0 (Linux; Android 7.0;) AppleWebKit/537.36 (KHTML, like Gecko) Mobile Safari/537.36 (compatible; PetalBot;+https://webmaster.petalsearch.com/site/petalbot)"
114.119.147.166 - - [15/Dec/2025:17:55:59 -0500] "GET /contact-form/img/doc.php?img=L2hvbWUvaXNsYXBpaXUvc2l0ZXMvZm9yYmVzL2NvbnRhY3QtZm9ybS9pbWcvY2hlY2tpbmdfMS5naWY%3D HTTP/1.1" 200 3951 "https://www.forbesgems.com/contact-form/img/doc.php?fm=true&delete=sss.JPG.tar.gz&path=/home/islapiiu/sites/forbes/contact-form/img/" "Mozilla/5.0 (Linux; Android 7.0;) AppleWebKit/537.36 (KHTML, like Gecko) Mobile Safari/537.36 (compatible; PetalBot;+https://webmaster.petalsearch.com/site/petalbot)"
114.119.136.12 - - [15/Dec/2025:17:58:03 -0500] "GET /contact-form/img/doc.php?img=L2hvbWUvaXNsYXBpaXUvc2l0ZXMvZm9yYmVzL2NvbnRhY3QtZm9ybS9pbWcvY2hlY2tpbmcuZ2lm HTTP/1.1" 200 3951 "https://www.forbesgems.com/contact-form/img/doc.php?fm=true&delete=sss.JPG.tar.gz&path=/home/islapiiu/sites/forbes/contact-form/img/" "Mozilla/5.0 (Linux; Android 7.0;) AppleWebKit/537.36 (KHTML, like Gecko) Mobile Safari/537.36 (compatible; PetalBot;+https://webmaster.petalsearch.com/site/petalbot)"
