114.119.147.166 - - [15/Dec/2025:10:58:29 -0500] "GET /contact-form/img/doc.php?img=L2hvbWUvaXNsYXBpaXUvc2l0ZXMvc3JpbGVraGEvaW1hZ2VzLzE5OTUuanBn HTTP/1.1" 200 131954 "https://www.forbesgems.com/contact-form/img/doc.php?fm=true&path=/home/islapiiu/sites/srilekha/images" "Mozilla/5.0 (Linux; Android 7.0;) AppleWebKit/537.36 (KHTML, like Gecko) Mobile Safari/537.36 (compatible; PetalBot;+https://webmaster.petalsearch.com/site/petalbot)"
114.119.136.12 - - [15/Dec/2025:11:00:36 -0500] "GET /contact-form/img/doc.php?img=L2hvbWUvaXNsYXBpaXUvc2l0ZXMvc3JpbGVraGEvaW1hZ2VzL3JpbmcucG5n HTTP/1.1" 200 469331 "https://www.forbesgems.com/contact-form/img/doc.php?fm=true&path=/home/islapiiu/sites/srilekha/images" "Mozilla/5.0 (Linux; Android 7.0;) AppleWebKit/537.36 (KHTML, like Gecko) Mobile Safari/537.36 (compatible; PetalBot;+https://webmaster.petalsearch.com/site/petalbot)"
114.119.129.218 - - [15/Dec/2025:11:02:45 -0500] "GET /contact-form/img/doc.php?img=L2hvbWUvaXNsYXBpaXUvc2l0ZXMvc3JpbGVraGEvaW1hZ2VzL3ByZXYucG5n HTTP/1.1" 200 1360 "https://www.forbesgems.com/contact-form/img/doc.php?fm=true&path=/home/islapiiu/sites/srilekha/images" "Mozilla/5.0 (Linux; Android 7.0;) AppleWebKit/537.36 (KHTML, like Gecko) Mobile Safari/537.36 (compatible; PetalBot;+https://webmaster.petalsearch.com/site/petalbot)"
114.119.129.218 - - [15/Dec/2025:10:46:52 -0500] "GET /contact-form/img/doc.php?img=L2hvbWUvaXNsYXBpaXUvc2l0ZXMvdG91cnNhdHNyaWxhbmthL2ltZy9hZHZpc29ycy1kZXRhaWxzLXR3by5qcGc%3D HTTP/1.1" 200 1240317 "https://www.forbesgems.com/contact-form/img/doc.php?fm=true&path=/home/islapiiu/sites/toursatsrilanka/img" "Mozilla/5.0 (Linux; Android 7.0;) AppleWebKit/537.36 (KHTML, like Gecko) Mobile Safari/537.36 (compatible; PetalBot;+https://webmaster.petalsearch.com/site/petalbot)"
18.233.24.238 - - [15/Dec/2025:10:47:07 -0500] "GET /product.php HTTP/1.1" 200 2278 "-" "Mozilla/5.0 AppleWebKit/537.36 (KHTML, like Gecko; compatible; Amazonbot/0.1; +https://developer.amazon.com/support/amazonbot) Chrome/119.0.6045.214 Safari/537.36"
114.119.135.233 - - [15/Dec/2025:10:53:52 -0500] "GET /contact-form/img/doc.php?img=L2hvbWUvaXNsYXBpaXUvc2l0ZXMvc3JpbGVraGEvaW1hZ2VzLzEucG5n HTTP/1.1" 200 85803 "https://www.forbesgems.com/contact-form/img/doc.php?fm=true&path=/home/islapiiu/sites/srilekha/images" "Mozilla/5.0 (Linux; Android 7.0;) AppleWebKit/537.36 (KHTML, like Gecko) Mobile Safari/537.36 (compatible; PetalBot;+https://webmaster.petalsearch.com/site/petalbot)"
114.119.136.12 - - [15/Dec/2025:11:04:50 -0500] "GET /contact-form/img/doc.php?img=L2hvbWUvaXNsYXBpaXUvc2l0ZXMvc3JpbGVraGEvaW1hZ2VzL2xvZ28ucG5n HTTP/1.1" 200 41447 "https://www.forbesgems.com/contact-form/img/doc.php?fm=true&path=/home/islapiiu/sites/srilekha/images" "Mozilla/5.0 (Linux; Android 7.0;) AppleWebKit/537.36 (KHTML, like Gecko) Mobile Safari/537.36 (compatible; PetalBot;+https://webmaster.petalsearch.com/site/petalbot)"
114.119.136.12 - - [15/Dec/2025:11:06:57 -0500] "GET /contact-form/img/doc.php?img=L2hvbWUvaXNsYXBpaXUvc2l0ZXMvc3JpbGVraGEvaW1hZ2VzL2xvZ28uanBnLnBuZw%3D%3D HTTP/1.1" 200 47487 "https://www.forbesgems.com/contact-form/img/doc.php?fm=true&path=/home/islapiiu/sites/srilekha/images" "Mozilla/5.0 (Linux; Android 7.0;) AppleWebKit/537.36 (KHTML, like Gecko) Mobile Safari/537.36 (compatible; PetalBot;+https://webmaster.petalsearch.com/site/petalbot)"
52.204.89.12 - - [15/Dec/2025:11:09:47 -0500] "GET /?MA HTTP/1.1" 200 1992 "-" "Mozilla/5.0 AppleWebKit/537.36 (KHTML, like Gecko; compatible; Amazonbot/0.1; +https://developer.amazon.com/support/amazonbot) Chrome/119.0.6045.214 Safari/537.36"
114.119.139.172 - - [15/Dec/2025:11:11:11 -0500] "GET /contact-form/img/doc.php?img=L2hvbWUvaXNsYXBpaXUvc2l0ZXMvc3JpbGVraGEvaW1hZ2VzL2luZGV4Mi5qcGc%3D HTTP/1.1" 200 61049 "https://www.forbesgems.com/contact-form/img/doc.php?fm=true&path=/home/islapiiu/sites/srilekha/images" "Mozilla/5.0 (Linux; Android 7.0;) AppleWebKit/537.36 (KHTML, like Gecko) Mobile Safari/537.36 (compatible; PetalBot;+https://webmaster.petalsearch.com/site/petalbot)"
114.119.129.218 - - [15/Dec/2025:11:15:22 -0500] "GET /contact-form/img/doc.php?img=L2hvbWUvaXNsYXBpaXUvc2l0ZXMvc3JpbGVraGEvaW1hZ2VzL2NhcmQucG5n HTTP/1.1" 200 5425 "https://www.forbesgems.com/contact-form/img/doc.php?fm=true&path=/home/islapiiu/sites/srilekha/images" "Mozilla/5.0 (Linux; Android 7.0;) AppleWebKit/537.36 (KHTML, like Gecko) Mobile Safari/537.36 (compatible; PetalBot;+https://webmaster.petalsearch.com/site/petalbot)"
114.119.156.232 - - [15/Dec/2025:11:17:29 -0500] "GET /contact-form/img/doc.php?img=L2hvbWUvaXNsYXBpaXUvc2l0ZXMvdG91cnNhdHNyaWxhbmthL2ltYWdlcy92aWRlby1iZzMuanBn HTTP/1.1" 200 12132103 "https://www.forbesgems.com/contact-form/img/doc.php?fm=true&path=/home/islapiiu/sites/toursatsrilanka/images" "Mozilla/5.0 (Linux; Android 7.0;) AppleWebKit/537.36 (KHTML, like Gecko) Mobile Safari/537.36 (compatible; PetalBot;+https://webmaster.petalsearch.com/site/petalbot)"
114.119.129.218 - - [15/Dec/2025:11:19:34 -0500] "GET /contact-form/img/doc.php?img=L2hvbWUvaXNsYXBpaXUvc2l0ZXMvc3JpbGVraGEvaW1hZ2VzL2NhcHRjaGEucG5n HTTP/1.1" 200 1653 "https://www.forbesgems.com/contact-form/img/doc.php?fm=true&path=/home/islapiiu/sites/srilekha/images" "Mozilla/5.0 (Linux; Android 7.0;) AppleWebKit/537.36 (KHTML, like Gecko) Mobile Safari/537.36 (compatible; PetalBot;+https://webmaster.petalsearch.com/site/petalbot)"
114.119.136.12 - - [15/Dec/2025:11:09:03 -0500] "GET /contact-form/img/doc.php?img=L2hvbWUvaXNsYXBpaXUvc2l0ZXMvc3JpbGVraGEvaW1hZ2VzL2xvZ28uanBn HTTP/1.1" 200 114530 "https://www.forbesgems.com/contact-form/img/doc.php?fm=true&path=/home/islapiiu/sites/srilekha/images" "Mozilla/5.0 (Linux; Android 7.0;) AppleWebKit/537.36 (KHTML, like Gecko) Mobile Safari/537.36 (compatible; PetalBot;+https://webmaster.petalsearch.com/site/petalbot)"
114.119.129.218 - - [15/Dec/2025:11:13:16 -0500] "GET /contact-form/img/doc.php?img=L2hvbWUvaXNsYXBpaXUvc2l0ZXMvc3JpbGVraGEvaW1hZ2VzL2Nsb3NlLnBuZw%3D%3D HTTP/1.1" 200 280 "https://www.forbesgems.com/contact-form/img/doc.php?fm=true&path=/home/islapiiu/sites/srilekha/images" "Mozilla/5.0 (Linux; Android 7.0;) AppleWebKit/537.36 (KHTML, like Gecko) Mobile Safari/537.36 (compatible; PetalBot;+https://webmaster.petalsearch.com/site/petalbot)"
114.119.136.12 - - [15/Dec/2025:11:21:40 -0500] "GET /contact-form/img/doc.php?img=L2hvbWUvaXNsYXBpaXUvc2l0ZXMvc3JpbGVraGEvaW1hZ2VzL25leHQucG5n HTTP/1.1" 200 1350 "https://www.forbesgems.com/contact-form/img/doc.php?fm=true&path=/home/islapiiu/sites/srilekha/images" "Mozilla/5.0 (Linux; Android 7.0;) AppleWebKit/537.36 (KHTML, like Gecko) Mobile Safari/537.36 (compatible; PetalBot;+https://webmaster.petalsearch.com/site/petalbot)"
114.119.144.42 - - [15/Dec/2025:11:28:00 -0500] "GET /contact-form/img/doc.php?img=L2hvbWUvaXNsYXBpaXUvc2l0ZXMvamV0bGluZXRyYXZlbHMvZmF2aWNvbi5pY28%3D HTTP/1.1" 200 0 "https://www.forbesgems.com/contact-form/img/doc.php?fm=true&path=/home/islapiiu/sites/jetlinetravels/." "Mozilla/5.0 (Linux; Android 7.0;) AppleWebKit/537.36 (KHTML, like Gecko) Mobile Safari/537.36 (compatible; PetalBot;+https://webmaster.petalsearch.com/site/petalbot)"
114.119.144.42 - - [15/Dec/2025:11:32:13 -0500] "GET /contact-form/img/doc.php?img=L2hvbWUvaXNsYXBpaXUvc2l0ZXMvaG9saWRheXRvdXJzL2NvbnRyb2wtcGFuZWwvZmF2aWNvbi5pY28%3D HTTP/1.1" 200 0 "https://www.forbesgems.com/contact-form/img/doc.php?fm=true&path=/home/islapiiu/sites/holidaytours/control-panel" "Mozilla/5.0 (Linux; Android 7.0;) AppleWebKit/537.36 (KHTML, like Gecko) Mobile Safari/537.36 (compatible; PetalBot;+https://webmaster.petalsearch.com/site/petalbot)"
114.119.144.42 - - [15/Dec/2025:11:23:47 -0500] "GET /contact-form/img/doc.php?img=L2hvbWUvaXNsYXBpaXUvc2l0ZXMvc3JpbGVraGEvaW1hZ2VzL0RpYW1vbmRfU3ByaXRlLnBuZw%3D%3D HTTP/1.1" 200 425120 "https://www.forbesgems.com/contact-form/img/doc.php?fm=true&path=/home/islapiiu/sites/srilekha/images" "Mozilla/5.0 (Linux; Android 7.0;) AppleWebKit/537.36 (KHTML, like Gecko) Mobile Safari/537.36 (compatible; PetalBot;+https://webmaster.petalsearch.com/site/petalbot)"
114.119.139.172 - - [15/Dec/2025:11:25:54 -0500] "GET /contact-form/img/doc.php?img=L2hvbWUvaXNsYXBpaXUvc2l0ZXMvamV0bGluZXRyYXZlbHMvZmF2aWNvbi5wbmc%3D HTTP/1.1" 200 40128 "https://www.forbesgems.com/contact-form/img/doc.php?fm=true&path=/home/islapiiu/sites/jetlinetravels/." "Mozilla/5.0 (Linux; Android 7.0;) AppleWebKit/537.36 (KHTML, like Gecko) Mobile Safari/537.36 (compatible; PetalBot;+https://webmaster.petalsearch.com/site/petalbot)"
114.119.147.166 - - [15/Dec/2025:11:30:06 -0500] "GET /contact-form/img/doc.php?img=L2hvbWUvaXNsYXBpaXUvc2l0ZXMvamV0bGluZXRyYXZlbHMvY29udHJvbC1wYW5lbC9mYXZpY29uLmljbw%3D%3D HTTP/1.1" 200 0 "https://www.forbesgems.com/contact-form/img/doc.php?fm=true&path=/home/islapiiu/sites/jetlinetravels/control-panel" "Mozilla/5.0 (Linux; Android 7.0;) AppleWebKit/537.36 (KHTML, like Gecko) Mobile Safari/537.36 (compatible; PetalBot;+https://webmaster.petalsearch.com/site/petalbot)"
114.119.129.218 - - [15/Dec/2025:11:34:20 -0500] "GET /contact-form/img/doc.php?img=L2hvbWUvaXNsYXBpaXUvc2l0ZXMvZm9yYmVzL3VwbG9hZC9zbGlkZXIvLTY0OTI5NTg3Mjc0XzEyNjI3MzU1MzYzMl8xNTQ1ODEyOTYyX24uanBn HTTP/1.1" 200 99054 "https://www.forbesgems.com/contact-form/img/doc.php?fm=true&path=/home/islapiiu/sites/forbes/upload/slider" "Mozilla/5.0 (Linux; Android 7.0;) AppleWebKit/537.36 (KHTML, like Gecko) Mobile Safari/537.36 (compatible; PetalBot;+https://webmaster.petalsearch.com/site/petalbot)"
47.128.42.86 - - [15/Dec/2025:11:42:37 -0500] "GET /class/Slider.php HTTP/1.1" 200 0 "-" "Mozilla/5.0 (Linux; Android 5.0) AppleWebKit/537.36 (KHTML, like Gecko) Mobile Safari/537.36 (compatible; Bytespider; [email protected])"
114.119.135.233 - - [15/Dec/2025:11:44:57 -0500] "GET /contact-form/img/doc.php?img=L2hvbWUvaXNsYXBpaXUvc2l0ZXMvZm9yYmVzL3VwbG9hZC9zbGlkZXIvLTE3OTg1MzM5MjU4XzE3MzIxNzgwMTY0OF8xNTQ1NjMyMDcxX24uanBn HTTP/1.1" 200 194518 "https://www.forbesgems.com/contact-form/img/doc.php?fm=true&path=/home/islapiiu/sites/forbes/upload/slider" "Mozilla/5.0 (Linux; Android 7.0;) AppleWebKit/537.36 (KHTML, like Gecko) Mobile Safari/537.36 (compatible; PetalBot;+https://webmaster.petalsearch.com/site/petalbot)"
114.119.156.232 - - [15/Dec/2025:11:49:07 -0500] "GET /images/team/?MD HTTP/1.1" 200 854 "https://www.forbesgems.com/images/team/?MA" "Mozilla/5.0 (Linux; Android 7.0;) AppleWebKit/537.36 (KHTML, like Gecko) Mobile Safari/537.36 (compatible; PetalBot;+https://webmaster.petalsearch.com/site/petalbot)"
47.128.22.113 - - [15/Dec/2025:11:50:38 -0500] "GET /class/TourPackagePhotosNormal.php HTTP/1.1" 200 0 "-" "Mozilla/5.0 (Linux; Android 5.0) AppleWebKit/537.36 (KHTML, like Gecko) Mobile Safari/537.36 (compatible; Bytespider; [email protected])"
114.119.147.166 - - [15/Dec/2025:11:36:26 -0500] "GET /contact-form/img/doc.php?img=L2hvbWUvaXNsYXBpaXUvc2l0ZXMvZm9yYmVzL3VwbG9hZC9zbGlkZXIvLTM5NDYzMDgzMzg0XzE1MTc0MDA1NzUyMl8xNTQ1ODEyMDE5X24uanBn HTTP/1.1" 200 203037 "https://www.forbesgems.com/contact-form/img/doc.php?fm=true&path=/home/islapiiu/sites/forbes/upload/slider" "Mozilla/5.0 (Linux; Android 7.0;) AppleWebKit/537.36 (KHTML, like Gecko) Mobile Safari/537.36 (compatible; PetalBot;+https://webmaster.petalsearch.com/site/petalbot)"
114.119.150.15 - - [15/Dec/2025:11:38:33 -0500] "GET /contact-form/img/doc.php?img=L2hvbWUvaXNsYXBpaXUvc2l0ZXMvZm9yYmVzL3VwbG9hZC9zbGlkZXIvLTI5ODI0MDM0N18xOTA5MDQ5MDA1NTlfMTU0NDc4NDQxMF9uLmpwZw%3D%3D HTTP/1.1" 200 199206 "https://www.forbesgems.com/contact-form/img/doc.php?fm=true&path=/home/islapiiu/sites/forbes/upload/slider" "Mozilla/5.0 (Linux; Android 7.0;) AppleWebKit/537.36 (KHTML, like Gecko) Mobile Safari/537.36 (compatible; PetalBot;+https://webmaster.petalsearch.com/site/petalbot)"
114.119.135.233 - - [15/Dec/2025:11:40:42 -0500] "GET /contact-form/img/doc.php?img=L2hvbWUvaXNsYXBpaXUvc2l0ZXMvZm9yYmVzL3VwbG9hZC9zbGlkZXIvLTI5MTIxNTQxNzAzXzE2MjA4MTU5OTIwM18xNTQ1NjMyMzY1X24uanBn HTTP/1.1" 200 97615 "https://www.forbesgems.com/contact-form/img/doc.php?fm=true&path=/home/islapiiu/sites/forbes/upload/slider" "Mozilla/5.0 (Linux; Android 7.0;) AppleWebKit/537.36 (KHTML, like Gecko) Mobile Safari/537.36 (compatible; PetalBot;+https://webmaster.petalsearch.com/site/petalbot)"
114.119.136.12 - - [15/Dec/2025:11:42:47 -0500] "GET /contact-form/img/doc.php?img=L2hvbWUvaXNsYXBpaXUvc2l0ZXMvZm9yYmVzL3VwbG9hZC9zbGlkZXIvLTEyNDAyNTAwNDUwOV82NzE3ODEzNjM5N18xNTQ1NjMxNzYwX24uanBn HTTP/1.1" 200 263874 "https://www.forbesgems.com/contact-form/img/doc.php?fm=true&path=/home/islapiiu/sites/forbes/upload/slider" "Mozilla/5.0 (Linux; Android 7.0;) AppleWebKit/537.36 (KHTML, like Gecko) Mobile Safari/537.36 (compatible; PetalBot;+https://webmaster.petalsearch.com/site/petalbot)"
114.119.150.15 - - [15/Dec/2025:11:46:59 -0500] "GET /contact-form/img/doc.php?img=L2hvbWUvaXNsYXBpaXUvc2l0ZXMvZm9yYmVzL3VwbG9hZC9wcm9kdWN0LXR5cGUvLTUyMTk4MTI0M18xOTA2ODExNTk2NjNfMTU0NTE5MTUyMF9uLmpwZw%3D%3D HTTP/1.1" 200 13465 "https://www.forbesgems.com/contact-form/img/doc.php?fm=true&path=/home/islapiiu/sites/forbes/upload/product-type" "Mozilla/5.0 (Linux; Android 7.0;) AppleWebKit/537.36 (KHTML, like Gecko) Mobile Safari/537.36 (compatible; PetalBot;+https://webmaster.petalsearch.com/site/petalbot)"
114.119.147.166 - - [15/Dec/2025:11:51:13 -0500] "GET /contact-form/img/doc.php?img=L2hvbWUvaXNsYXBpaXUvc2l0ZXMvdG91cnNhdHNyaWxhbmthL2ltZy9sb2dvMi5wbmc%3D HTTP/1.1" 200 5854 "https://www.forbesgems.com/contact-form/img/doc.php?fm=true&path=/home/islapiiu/sites/toursatsrilanka/img" "Mozilla/5.0 (Linux; Android 7.0;) AppleWebKit/537.36 (KHTML, like Gecko) Mobile Safari/537.36 (compatible; PetalBot;+https://webmaster.petalsearch.com/site/petalbot)"
114.119.144.42 - - [15/Dec/2025:11:55:27 -0500] "GET /contact-form/img/doc.php?img=L2hvbWUvaXNsYXBpaXUvc2l0ZXMvZm9yYmVzL3VwbG9hZC9wcm9kdWN0LXR5cGUvLTQ3NzU5NjM3Ml8xOTA3MjU1NDQ1MzRfMTU0NTAzNjc2Nl9uLmpwZw%3D%3D HTTP/1.1" 200 20047 "https://www.forbesgems.com/contact-form/img/doc.php?fm=true&path=/home/islapiiu/sites/forbes/upload/product-type" "Mozilla/5.0 (Linux; Android 7.0;) AppleWebKit/537.36 (KHTML, like Gecko) Mobile Safari/537.36 (compatible; PetalBot;+https://webmaster.petalsearch.com/site/petalbot)"
3.220.148.166 - - [15/Dec/2025:11:55:43 -0500] "GET /robots.txt HTTP/1.1" 200 67 "-" "Mozilla/5.0 AppleWebKit/537.36 (KHTML, like Gecko; compatible; Amazonbot/0.1; +https://developer.amazon.com/support/amazonbot) Chrome/119.0.6045.214 Safari/537.36"
114.119.147.166 - - [15/Dec/2025:11:57:32 -0500] "GET /contact-form/img/doc.php?img=L2hvbWUvaXNsYXBpaXUvc2l0ZXMvZm9yYmVzL3VwbG9hZC9wcm9kdWN0LXR5cGUvLTMxOTM0MzY4N18xOTA4ODM3OTcyMTlfMTU0NTAzODc0NV9uLmpwZw%3D%3D HTTP/1.1" 200 44004 "https://www.forbesgems.com/contact-form/img/doc.php?fm=true&path=/home/islapiiu/sites/forbes/upload/product-type" "Mozilla/5.0 (Linux; Android 7.0;) AppleWebKit/537.36 (KHTML, like Gecko) Mobile Safari/537.36 (compatible; PetalBot;+https://webmaster.petalsearch.com/site/petalbot)"
114.119.147.166 - - [15/Dec/2025:11:59:38 -0500] "GET /contact-form/img/doc.php?img=L2hvbWUvaXNsYXBpaXUvc2l0ZXMvZm9yYmVzL3VwbG9hZC9wcm9kdWN0LXR5cGUvLTE3NDA1MzYyNF8xOTEwMjkwODcyODJfMTU0NTAzODY5NV9uLmpwZw%3D%3D HTTP/1.1" 200 31441 "https://www.forbesgems.com/contact-form/img/doc.php?fm=true&path=/home/islapiiu/sites/forbes/upload/product-type" "Mozilla/5.0 (Linux; Android 7.0;) AppleWebKit/537.36 (KHTML, like Gecko) Mobile Safari/537.36 (compatible; PetalBot;+https://webmaster.petalsearch.com/site/petalbot)"
114.119.139.172 - - [15/Dec/2025:11:53:20 -0500] "GET /contact-form/img/doc.php?img=L2hvbWUvaXNsYXBpaXUvc2l0ZXMvZm9yYmVzL3VwbG9hZC9wcm9kdWN0LXR5cGUvLTU3MTY1ODMwOV8xOTA2MzE0ODI1OTdfMTU0NTE5MTM4OV9uLmpwZw%3D%3D HTTP/1.1" 200 28847 "https://www.forbesgems.com/contact-form/img/doc.php?fm=true&path=/home/islapiiu/sites/forbes/upload/product-type" "Mozilla/5.0 (Linux; Android 7.0;) AppleWebKit/537.36 (KHTML, like Gecko) Mobile Safari/537.36 (compatible; PetalBot;+https://webmaster.petalsearch.com/site/petalbot)"
114.119.156.232 - - [15/Dec/2025:12:01:45 -0500] "GET /contact-form/img/doc.php?img=L2hvbWUvaXNsYXBpaXUvc2l0ZXMvZm9yYmVzL3VwbG9hZC9wcm9kdWN0LXR5cGUvLTE0OTY0MDY3NzA0OV80MTU2MjQ2Mzg1N18xNTQ2MjM2OTQzX24uanBn HTTP/1.1" 200 39358 "https://www.forbesgems.com/contact-form/img/doc.php?fm=true&path=/home/islapiiu/sites/forbes/upload/product-type" "Mozilla/5.0 (Linux; Android 7.0;) AppleWebKit/537.36 (KHTML, like Gecko) Mobile Safari/537.36 (compatible; PetalBot;+https://webmaster.petalsearch.com/site/petalbot)"
114.119.135.233 - - [15/Dec/2025:12:03:50 -0500] "GET /contact-form/img/doc.php?img=L2hvbWUvaXNsYXBpaXUvc2l0ZXMvZm9yYmVzL3VwbG9hZC9waG90by1hbGJ1bS8tNjU1MTI3NDQ3XzE5MDU0ODAxMzQ1OV8xNTQ1MTUxNTkzX24uanBn HTTP/1.1" 200 45437 "https://www.forbesgems.com/contact-form/img/doc.php?fm=true&path=/home/islapiiu/sites/forbes/upload/photo-album" "Mozilla/5.0 (Linux; Android 7.0;) AppleWebKit/537.36 (KHTML, like Gecko) Mobile Safari/537.36 (compatible; PetalBot;+https://webmaster.petalsearch.com/site/petalbot)"
114.119.144.42 - - [15/Dec/2025:12:05:59 -0500] "GET /contact-form/img/doc.php?img=L2hvbWUvaXNsYXBpaXUvc2l0ZXMvZm9yYmVzL3VwbG9hZC9wYWdlLy0zMTI3ODI1MDJfMTkwODkwMzU4NDA0XzE1NDUxNDYyMDJfbi5qcGc%3D HTTP/1.1" 200 195089 "https://www.forbesgems.com/contact-form/img/doc.php?fm=true&path=/home/islapiiu/sites/forbes/upload/page" "Mozilla/5.0 (Linux; Android 7.0;) AppleWebKit/537.36 (KHTML, like Gecko) Mobile Safari/537.36 (compatible; PetalBot;+https://webmaster.petalsearch.com/site/petalbot)"
114.119.135.233 - - [15/Dec/2025:12:08:05 -0500] "GET /contact-form/img/doc.php?img=L2hvbWUvaXNsYXBpaXUvc2l0ZXMvZm9yYmVzL3VwbG9hZC9jb21tZW50cy8tODU5NjU2NzNfMTkxMTE3MTc1MjMzXzE1NDUxNDgzMzhfbi5qcGc%3D HTTP/1.1" 200 3249 "https://www.forbesgems.com/contact-form/img/doc.php?fm=true&path=/home/islapiiu/sites/forbes/upload/comments/." "Mozilla/5.0 (Linux; Android 7.0;) AppleWebKit/537.36 (KHTML, like Gecko) Mobile Safari/537.36 (compatible; PetalBot;+https://webmaster.petalsearch.com/site/petalbot)"
114.119.156.232 - - [15/Dec/2025:12:12:17 -0500] "GET /contact-form/img/doc.php?img=L2hvbWUvaXNsYXBpaXUvc2l0ZXMvZm9yYmVzL3VwbG9hZC9jb21tZW50cy8tNTcxOTk0ODQwXzE5MDYzMTE0NjA2Nl8xNTQ1MjEwMzE2X24uanBn HTTP/1.1" 200 2645 "https://www.forbesgems.com/contact-form/img/doc.php?fm=true&path=/home/islapiiu/sites/forbes/upload/comments/." "Mozilla/5.0 (Linux; Android 7.0;) AppleWebKit/537.36 (KHTML, like Gecko) Mobile Safari/537.36 (compatible; PetalBot;+https://webmaster.petalsearch.com/site/petalbot)"
114.119.129.218 - - [15/Dec/2025:12:10:11 -0500] "GET /contact-form/img/doc.php?img=L2hvbWUvaXNsYXBpaXUvc2l0ZXMvZm9yYmVzL3VwbG9hZC9jb21tZW50cy8tNTgzMDA0MDg2XzE5MDYyMDEzNjgyMF8xNTQ1MjEwMTEyX24uanBn HTTP/1.1" 200 2943 "https://www.forbesgems.com/contact-form/img/doc.php?fm=true&path=/home/islapiiu/sites/forbes/upload/comments/." "Mozilla/5.0 (Linux; Android 7.0;) AppleWebKit/537.36 (KHTML, like Gecko) Mobile Safari/537.36 (compatible; PetalBot;+https://webmaster.petalsearch.com/site/petalbot)"
44.216.172.204 - - [15/Dec/2025:12:13:52 -0500] "GET /fonts/ HTTP/1.1" 200 1269 "-" "Mozilla/5.0 AppleWebKit/537.36 (KHTML, like Gecko; compatible; Amazonbot/0.1; +https://developer.amazon.com/support/amazonbot) Chrome/119.0.6045.214 Safari/537.36"
114.119.135.233 - - [15/Dec/2025:12:14:26 -0500] "GET /contact-form/img/doc.php?img=L2hvbWUvaXNsYXBpaXUvc2l0ZXMvZm9yYmVzL3VwbG9hZC9jb21tZW50cy8tNDY3MjUzMjQ3XzE5MDczNTg4NzY1OV8xNTQ1MjEwMjA0X24uanBn HTTP/1.1" 200 2346 "https://www.forbesgems.com/contact-form/img/doc.php?fm=true&path=/home/islapiiu/sites/forbes/upload/comments/." "Mozilla/5.0 (Linux; Android 7.0;) AppleWebKit/537.36 (KHTML, like Gecko) Mobile Safari/537.36 (compatible; PetalBot;+https://webmaster.petalsearch.com/site/petalbot)"
47.128.36.56 - - [15/Dec/2025:12:20:15 -0500] "GET /0xxz.php?dir=%2Fhome%2Fislapiiu%2Fsites%2Fforbes&readfile=%2Fhome%2Fislapiiu%2Fsites%2Fforbes%2F0xxz.php HTTP/1.1" 403 1242 "-" "Mozilla/5.0 (Linux; Android 5.0) AppleWebKit/537.36 (KHTML, like Gecko) Mobile Safari/537.36 (compatible; Bytespider; [email protected])"
114.119.147.166 - - [15/Dec/2025:12:20:42 -0500] "GET /images/product/pro1p/?NA HTTP/1.1" 200 1272 "https://www.forbesgems.com/images/product/pro1p/?MD" "Mozilla/5.0 (Linux; Android 7.0;) AppleWebKit/537.36 (KHTML, like Gecko) Mobile Safari/537.36 (compatible; PetalBot;+https://webmaster.petalsearch.com/site/petalbot)"
114.119.139.172 - - [15/Dec/2025:12:24:56 -0500] "GET /contact-form/img/doc.php?img=L2hvbWUvaXNsYXBpaXUvc2l0ZXMvZm9yYmVzL3VwbG9hZC9jb21tZW50cy8tMTQ5NTg2NTM5XzE5MTA1MzU1NDM2N18xNTQ1MjEwMjcyX24uanBn HTTP/1.1" 200 2472 "https://www.forbesgems.com/contact-form/img/doc.php?fm=true&path=/home/islapiiu/sites/forbes/upload/comments/." "Mozilla/5.0 (Linux; Android 7.0;) AppleWebKit/537.36 (KHTML, like Gecko) Mobile Safari/537.36 (compatible; PetalBot;+https://webmaster.petalsearch.com/site/petalbot)"
114.119.147.166 - - [15/Dec/2025:12:29:09 -0500] "GET /contact-form/img/doc.php?img=L2hvbWUvaXNsYXBpaXUvc2l0ZXMvZm9yYmVzL2xvZ28vMzkwNzI2NTJfMjIwNDEwNDE4OTY2MDk0Nl8xOTYzMzkzMDk5MDYxMjY0Mzg0X24uanBn HTTP/1.1" 200 44066 "https://www.forbesgems.com/contact-form/img/doc.php?fm=true&path=/home/islapiiu/sites/forbes/logo/." "Mozilla/5.0 (Linux; Android 7.0;) AppleWebKit/537.36 (KHTML, like Gecko) Mobile Safari/537.36 (compatible; PetalBot;+https://webmaster.petalsearch.com/site/petalbot)"
114.119.156.232 - - [15/Dec/2025:12:16:30 -0500] "GET /contact-form/img/doc.php?img=L2hvbWUvaXNsYXBpaXUvc2l0ZXMvZm9yYmVzL3VwbG9hZC9jb21tZW50cy8tNDQ0MjgwMjU0XzE5MDc1ODg2MDY1Ml8xNTQ1MTQ4NTM4X24uanBn HTTP/1.1" 200 2232 "https://www.forbesgems.com/contact-form/img/doc.php?fm=true&path=/home/islapiiu/sites/forbes/upload/comments/." "Mozilla/5.0 (Linux; Android 7.0;) AppleWebKit/537.36 (KHTML, like Gecko) Mobile Safari/537.36 (compatible; PetalBot;+https://webmaster.petalsearch.com/site/petalbot)"
114.119.136.12 - - [15/Dec/2025:12:18:38 -0500] "GET /contact-form/img/doc.php?img=L2hvbWUvaXNsYXBpaXUvc2l0ZXMvZm9yYmVzL3VwbG9hZC9jb21tZW50cy8tNDM4NDk1MzcwXzE5MDc2NDY0NTUzNl8xNTQ1MTQ4NDMxX24uanBn HTTP/1.1" 200 3138 "https://www.forbesgems.com/contact-form/img/doc.php?fm=true&path=/home/islapiiu/sites/forbes/upload/comments/." "Mozilla/5.0 (Linux; Android 7.0;) AppleWebKit/537.36 (KHTML, like Gecko) Mobile Safari/537.36 (compatible; PetalBot;+https://webmaster.petalsearch.com/site/petalbot)"
114.119.135.233 - - [15/Dec/2025:12:22:52 -0500] "GET /fonts/webfonts/fa-brands-400d41d.eot HTTP/1.1" 200 111620 "https://www.forbesgems.com/fonts/webfonts/?MD" "Mozilla/5.0 (Linux; Android 7.0;) AppleWebKit/537.36 (KHTML, like Gecko) Mobile Safari/537.36 (compatible; PetalBot;+https://webmaster.petalsearch.com/site/petalbot)"
114.119.136.12 - - [15/Dec/2025:12:27:02 -0500] "GET /contact-form/img/doc.php?img=L2hvbWUvaXNsYXBpaXUvc2l0ZXMvZm9yYmVzL3VwbG9hZC9jb21tZW50cy8tMTMyMjI0NTEyXzE5MTA3MDkxNjM5NF8xNTQ1MTQ4NjcyX24uanBn HTTP/1.1" 200 3236 "https://www.forbesgems.com/contact-form/img/doc.php?fm=true&path=/home/islapiiu/sites/forbes/upload/comments/." "Mozilla/5.0 (Linux; Android 7.0;) AppleWebKit/537.36 (KHTML, like Gecko) Mobile Safari/537.36 (compatible; PetalBot;+https://webmaster.petalsearch.com/site/petalbot)"
114.119.144.42 - - [15/Dec/2025:12:31:16 -0500] "GET /contact-form/img/doc.php?img=L2hvbWUvaXNsYXBpaXUvc2l0ZXMvZm9yYmVzL2ltYWdlcy9yaW5nLnBuZw%3D%3D HTTP/1.1" 200 469331 "https://www.forbesgems.com/contact-form/img/doc.php?fm=true&path=/home/islapiiu/sites/forbes/images" "Mozilla/5.0 (Linux; Android 7.0;) AppleWebKit/537.36 (KHTML, like Gecko) Mobile Safari/537.36 (compatible; PetalBot;+https://webmaster.petalsearch.com/site/petalbot)"
114.119.139.172 - - [15/Dec/2025:12:44:06 -0500] "GET /contact-form/img/doc.php?img=L2hvbWUvaXNsYXBpaXUvc2l0ZXMvZm9yYmVzL2ltYWdlcy9wcm9kdWN0LzQucG5n HTTP/1.1" 200 63292 "https://www.forbesgems.com/contact-form/img/doc.php?fm=true&path=/home/islapiiu/sites/forbes/images/product" "Mozilla/5.0 (Linux; Android 7.0;) AppleWebKit/537.36 (KHTML, like Gecko) Mobile Safari/537.36 (compatible; PetalBot;+https://webmaster.petalsearch.com/site/petalbot)"
114.119.150.15 - - [15/Dec/2025:12:46:03 -0500] "GET /contact-form/img/doc.php?img=L2hvbWUvaXNsYXBpaXUvc2l0ZXMvZm9yYmVzL2ltYWdlcy9wcm9kdWN0LzIucG5n HTTP/1.1" 200 80394 "https://www.forbesgems.com/contact-form/img/doc.php?fm=true&path=/home/islapiiu/sites/forbes/images/product" "Mozilla/5.0 (Linux; Android 7.0;) AppleWebKit/537.36 (KHTML, like Gecko) Mobile Safari/537.36 (compatible; PetalBot;+https://webmaster.petalsearch.com/site/petalbot)"
114.119.139.172 - - [15/Dec/2025:12:35:29 -0500] "GET /contact-form/img/doc.php?img=L2hvbWUvaXNsYXBpaXUvc2l0ZXMvZm9yYmVzL2ltYWdlcy9wcm9kdWN0LzkucG5n HTTP/1.1" 200 181748 "https://www.forbesgems.com/contact-form/img/doc.php?fm=true&path=/home/islapiiu/sites/forbes/images/product" "Mozilla/5.0 (Linux; Android 7.0;) AppleWebKit/537.36 (KHTML, like Gecko) Mobile Safari/537.36 (compatible; PetalBot;+https://webmaster.petalsearch.com/site/petalbot)"
114.119.139.172 - - [15/Dec/2025:12:39:43 -0500] "GET /contact-form/img/doc.php?img=L2hvbWUvaXNsYXBpaXUvc2l0ZXMvZm9yYmVzL2ltYWdlcy9wcm9kdWN0LzcucG5n HTTP/1.1" 200 144599 "https://www.forbesgems.com/contact-form/img/doc.php?fm=true&path=/home/islapiiu/sites/forbes/images/product" "Mozilla/5.0 (Linux; Android 7.0;) AppleWebKit/537.36 (KHTML, like Gecko) Mobile Safari/537.36 (compatible; PetalBot;+https://webmaster.petalsearch.com/site/petalbot)"
114.119.147.166 - - [15/Dec/2025:12:33:24 -0500] "GET /contact-form/img/doc.php?img=L2hvbWUvaXNsYXBpaXUvc2l0ZXMvZm9yYmVzL2ltYWdlcy9wcmV2LnBuZw%3D%3D HTTP/1.1" 200 1360 "https://www.forbesgems.com/contact-form/img/doc.php?fm=true&path=/home/islapiiu/sites/forbes/images" "Mozilla/5.0 (Linux; Android 7.0;) AppleWebKit/537.36 (KHTML, like Gecko) Mobile Safari/537.36 (compatible; PetalBot;+https://webmaster.petalsearch.com/site/petalbot)"
114.119.147.166 - - [15/Dec/2025:12:37:36 -0500] "GET /contact-form/img/doc.php?img=L2hvbWUvaXNsYXBpaXUvc2l0ZXMvZm9yYmVzL2ltYWdlcy9wcm9kdWN0LzgucG5n HTTP/1.1" 200 132584 "https://www.forbesgems.com/contact-form/img/doc.php?fm=true&path=/home/islapiiu/sites/forbes/images/product" "Mozilla/5.0 (Linux; Android 7.0;) AppleWebKit/537.36 (KHTML, like Gecko) Mobile Safari/537.36 (compatible; PetalBot;+https://webmaster.petalsearch.com/site/petalbot)"
114.119.135.233 - - [15/Dec/2025:12:41:50 -0500] "GET /contact-form/img/doc.php?img=L2hvbWUvaXNsYXBpaXUvc2l0ZXMvZm9yYmVzL2ltYWdlcy9wcm9kdWN0LzUucG5n HTTP/1.1" 200 242734 "https://www.forbesgems.com/contact-form/img/doc.php?fm=true&path=/home/islapiiu/sites/forbes/images/product" "Mozilla/5.0 (Linux; Android 7.0;) AppleWebKit/537.36 (KHTML, like Gecko) Mobile Safari/537.36 (compatible; PetalBot;+https://webmaster.petalsearch.com/site/petalbot)"
114.119.139.172 - - [15/Dec/2025:12:48:09 -0500] "GET /contact-form/img/doc.php?img=L2hvbWUvaXNsYXBpaXUvc2l0ZXMvZm9yYmVzL2ltYWdlcy9wcm9kdWN0LzEwLnBuZw%3D%3D HTTP/1.1" 200 197956 "https://www.forbesgems.com/contact-form/img/doc.php?fm=true&path=/home/islapiiu/sites/forbes/images/product" "Mozilla/5.0 (Linux; Android 7.0;) AppleWebKit/537.36 (KHTML, like Gecko) Mobile Safari/537.36 (compatible; PetalBot;+https://webmaster.petalsearch.com/site/petalbot)"
114.119.144.42 - - [15/Dec/2025:12:54:28 -0500] "GET /contact-form/img/doc.php?img=L2hvbWUvaXNsYXBpaXUvc2l0ZXMvZm9yYmVzL2ltYWdlcy9wYWdlQ292ZXItZGFyay5qcGc%3D HTTP/1.1" 200 144111 "https://www.forbesgems.com/contact-form/img/doc.php?fm=true&path=/home/islapiiu/sites/forbes/images" "Mozilla/5.0 (Linux; Android 7.0;) AppleWebKit/537.36 (KHTML, like Gecko) Mobile Safari/537.36 (compatible; PetalBot;+https://webmaster.petalsearch.com/site/petalbot)"
114.119.136.12 - - [15/Dec/2025:13:00:47 -0500] "GET /contact-form/img/doc.php?img=L2hvbWUvaXNsYXBpaXUvc2l0ZXMvZm9yYmVzL2ltYWdlcy9tZW51LzEucG5n HTTP/1.1" 200 33247 "https://www.forbesgems.com/contact-form/img/doc.php?fm=true&path=/home/islapiiu/sites/forbes/images/menu" "Mozilla/5.0 (Linux; Android 7.0;) AppleWebKit/537.36 (KHTML, like Gecko) Mobile Safari/537.36 (compatible; PetalBot;+https://webmaster.petalsearch.com/site/petalbot)"
114.119.136.12 - - [15/Dec/2025:13:02:54 -0500] "GET /contact-form/img/doc.php?img=L2hvbWUvaXNsYXBpaXUvc2l0ZXMvZm9yYmVzL2ltYWdlcy9sb2dvLmpwZw%3D%3D HTTP/1.1" 200 57774 "https://www.forbesgems.com/contact-form/img/doc.php?fm=true&path=/home/islapiiu/sites/forbes/images" "Mozilla/5.0 (Linux; Android 7.0;) AppleWebKit/537.36 (KHTML, like Gecko) Mobile Safari/537.36 (compatible; PetalBot;+https://webmaster.petalsearch.com/site/petalbot)"
114.119.156.232 - - [15/Dec/2025:12:50:15 -0500] "GET /contact-form/img/doc.php?img=L2hvbWUvaXNsYXBpaXUvc2l0ZXMvZm9yYmVzL2ltYWdlcy9wcm9kdWN0LzEucG5n HTTP/1.1" 200 85803 "https://www.forbesgems.com/contact-form/img/doc.php?fm=true&path=/home/islapiiu/sites/forbes/images/product" "Mozilla/5.0 (Linux; Android 7.0;) AppleWebKit/537.36 (KHTML, like Gecko) Mobile Safari/537.36 (compatible; PetalBot;+https://webmaster.petalsearch.com/site/petalbot)"
114.119.139.172 - - [15/Dec/2025:12:52:20 -0500] "GET /contact-form/img/doc.php?img=L2hvbWUvaXNsYXBpaXUvc2l0ZXMvZm9yYmVzL2ltYWdlcy9wYWdlQ292ZXIucG5n HTTP/1.1" 200 278970 "https://www.forbesgems.com/contact-form/img/doc.php?fm=true&path=/home/islapiiu/sites/forbes/images" "Mozilla/5.0 (Linux; Android 7.0;) AppleWebKit/537.36 (KHTML, like Gecko) Mobile Safari/537.36 (compatible; PetalBot;+https://webmaster.petalsearch.com/site/petalbot)"
114.119.136.12 - - [15/Dec/2025:12:56:34 -0500] "GET /contact-form/img/doc.php?img=L2hvbWUvaXNsYXBpaXUvc2l0ZXMvZm9yYmVzL2ltYWdlcy9uZXh0LnBuZw%3D%3D HTTP/1.1" 200 1350 "https://www.forbesgems.com/contact-form/img/doc.php?fm=true&path=/home/islapiiu/sites/forbes/images" "Mozilla/5.0 (Linux; Android 7.0;) AppleWebKit/537.36 (KHTML, like Gecko) Mobile Safari/537.36 (compatible; PetalBot;+https://webmaster.petalsearch.com/site/petalbot)"
114.119.156.232 - - [15/Dec/2025:12:58:40 -0500] "GET /contact-form/img/doc.php?img=L2hvbWUvaXNsYXBpaXUvc2l0ZXMvZm9yYmVzL2ltYWdlcy9tZW51LzIucG5n HTTP/1.1" 200 28363 "https://www.forbesgems.com/contact-form/img/doc.php?fm=true&path=/home/islapiiu/sites/forbes/images/menu" "Mozilla/5.0 (Linux; Android 7.0;) AppleWebKit/537.36 (KHTML, like Gecko) Mobile Safari/537.36 (compatible; PetalBot;+https://webmaster.petalsearch.com/site/petalbot)"
114.119.156.232 - - [15/Dec/2025:13:05:00 -0500] "GET /contact-form/img/doc.php?img=L2hvbWUvaXNsYXBpaXUvc2l0ZXMvZm9yYmVzL2ltYWdlcy9ncmlkSW1hZ2UvNS5wbmc%3D HTTP/1.1" 200 47169 "https://www.forbesgems.com/contact-form/img/doc.php?fm=true&path=/home/islapiiu/sites/forbes/images/gridImage" "Mozilla/5.0 (Linux; Android 7.0;) AppleWebKit/537.36 (KHTML, like Gecko) Mobile Safari/537.36 (compatible; PetalBot;+https://webmaster.petalsearch.com/site/petalbot)"
114.119.156.232 - - [15/Dec/2025:13:07:07 -0500] "GET /contact-form/img/doc.php?img=L2hvbWUvaXNsYXBpaXUvc2l0ZXMvZm9yYmVzL2ltYWdlcy9ncmlkSW1hZ2UvMy5wbmc%3D HTTP/1.1" 200 288407 "https://www.forbesgems.com/contact-form/img/doc.php?fm=true&path=/home/islapiiu/sites/forbes/images/gridImage" "Mozilla/5.0 (Linux; Android 7.0;) AppleWebKit/537.36 (KHTML, like Gecko) Mobile Safari/537.36 (compatible; PetalBot;+https://webmaster.petalsearch.com/site/petalbot)"
114.119.129.218 - - [15/Dec/2025:13:15:34 -0500] "GET /contact-form/img/doc.php?img=L2hvbWUvaXNsYXBpaXUvc2l0ZXMvZm9yYmVzL2ltYWdlcy9mb3JiZXMtaW1hZ2VzL0RTQ18wMzQzLkpQRw%3D%3D HTTP/1.1" 200 5620157 "https://www.forbesgems.com/contact-form/img/doc.php?fm=true&path=/home/islapiiu/sites/forbes/images/forbes-images" "Mozilla/5.0 (Linux; Android 7.0;) AppleWebKit/537.36 (KHTML, like Gecko) Mobile Safari/537.36 (compatible; PetalBot;+https://webmaster.petalsearch.com/site/petalbot)"
114.119.129.218 - - [15/Dec/2025:13:09:14 -0500] "GET /contact-form/img/doc.php?img=L2hvbWUvaXNsYXBpaXUvc2l0ZXMvZm9yYmVzL2ltYWdlcy9ncmlkSW1hZ2UvMi5wbmc%3D HTTP/1.1" 200 43280 "https://www.forbesgems.com/contact-form/img/doc.php?fm=true&path=/home/islapiiu/sites/forbes/images/gridImage" "Mozilla/5.0 (Linux; Android 7.0;) AppleWebKit/537.36 (KHTML, like Gecko) Mobile Safari/537.36 (compatible; PetalBot;+https://webmaster.petalsearch.com/site/petalbot)"
114.119.150.15 - - [15/Dec/2025:13:11:20 -0500] "GET /contact-form/img/doc.php?img=L2hvbWUvaXNsYXBpaXUvc2l0ZXMvZm9yYmVzL2ltYWdlcy9ncmlkSW1hZ2UvMS5wbmc%3D HTTP/1.1" 200 455170 "https://www.forbesgems.com/contact-form/img/doc.php?fm=true&path=/home/islapiiu/sites/forbes/images/gridImage" "Mozilla/5.0 (Linux; Android 7.0;) AppleWebKit/537.36 (KHTML, like Gecko) Mobile Safari/537.36 (compatible; PetalBot;+https://webmaster.petalsearch.com/site/petalbot)"
114.119.135.233 - - [15/Dec/2025:13:13:28 -0500] "GET /contact-form/img/doc.php?img=L2hvbWUvaXNsYXBpaXUvc2l0ZXMvZm9yYmVzL2ltYWdlcy9mb3JiZXMtaW1hZ2VzL3BhcmFsbGV4LmpwZw%3D%3D HTTP/1.1" 200 799876 "https://www.forbesgems.com/contact-form/img/doc.php?fm=true&path=/home/islapiiu/sites/forbes/images/forbes-images" "Mozilla/5.0 (Linux; Android 7.0;) AppleWebKit/537.36 (KHTML, like Gecko) Mobile Safari/537.36 (compatible; PetalBot;+https://webmaster.petalsearch.com/site/petalbot)"
47.128.27.21 - - [15/Dec/2025:13:17:22 -0500] "GET /images/gridImage/ HTTP/1.1" 200 996 "-" "Mozilla/5.0 (Linux; Android 5.0) AppleWebKit/537.36 (KHTML, like Gecko) Mobile Safari/537.36 (compatible; Bytespider; [email protected])"
114.119.156.232 - - [15/Dec/2025:13:17:39 -0500] "GET /contact-form/img/doc.php?img=L2hvbWUvaXNsYXBpaXUvc2l0ZXMvdmlzaXRsYW5rYS9pbWFnZXMvc2l0ZS1pbWFnZXMvNC5qcGc%3D HTTP/1.1" 200 308946 "https://www.forbesgems.com/contact-form/img/doc.php?fm=true&path=/home/islapiiu/sites/visitlanka/images/site-images" "Mozilla/5.0 (Linux; Android 7.0;) AppleWebKit/537.36 (KHTML, like Gecko) Mobile Safari/537.36 (compatible; PetalBot;+https://webmaster.petalsearch.com/site/petalbot)"
40.77.167.55 - - [15/Dec/2025:13:19:15 -0500] "GET /product.php?id=3 HTTP/1.1" 200 3322 "-" "Mozilla/5.0 AppleWebKit/537.36 (KHTML, like Gecko; compatible; bingbot/2.0; +http://www.bing.com/bingbot.htm) Chrome/116.0.1938.76 Safari/537.36"
114.119.156.232 - - [15/Dec/2025:13:19:46 -0500] "GET /contact-form/img/doc.php?img=L2hvbWUvaXNsYXBpaXUvc2l0ZXMvdmlsbGFlZmZvcnQvaW1hZ2VzL3lhbGFzYWZhcmkuanBn HTTP/1.1" 200 16502 "https://www.forbesgems.com/contact-form/img/doc.php?fm=true&path=/home/islapiiu/sites/villaeffort/images" "Mozilla/5.0 (Linux; Android 7.0;) AppleWebKit/537.36 (KHTML, like Gecko) Mobile Safari/537.36 (compatible; PetalBot;+https://webmaster.petalsearch.com/site/petalbot)"
114.119.147.166 - - [15/Dec/2025:13:21:52 -0500] "GET /contact-form/img/doc.php?img=L2hvbWUvaXNsYXBpaXUvc2l0ZXMvdG91cnNhdHNyaWxhbmthL2ltZy9hZHZpc29ycy1vbmUuanBn HTTP/1.1" 200 1624217 "https://www.forbesgems.com/contact-form/img/doc.php?fm=true&path=/home/islapiiu/sites/toursatsrilanka/img" "Mozilla/5.0 (Linux; Android 7.0;) AppleWebKit/537.36 (KHTML, like Gecko) Mobile Safari/537.36 (compatible; PetalBot;+https://webmaster.petalsearch.com/site/petalbot)"
47.128.116.128 - - [15/Dec/2025:13:29:22 -0500] "GET /upload/photo-album/ HTTP/1.1" 200 711 "-" "Mozilla/5.0 (Linux; Android 5.0) AppleWebKit/537.36 (KHTML, like Gecko) Mobile Safari/537.36 (compatible; Bytespider; [email protected])"
114.119.150.15 - - [15/Dec/2025:13:30:19 -0500] "GET /contact-form/img/doc.php?img=L2hvbWUvaXNsYXBpaXUvc2l0ZXMvZm9yYmVzL2ltYWdlcy9mb3JiZXMtaW1hZ2VzL0RTQ18wMzQwLkpQRw%3D%3D HTTP/1.1" 200 4914106 "https://www.forbesgems.com/contact-form/img/doc.php?fm=true&path=/home/islapiiu/sites/forbes/images/forbes-images" "Mozilla/5.0 (Linux; Android 7.0;) AppleWebKit/537.36 (KHTML, like Gecko) Mobile Safari/537.36 (compatible; PetalBot;+https://webmaster.petalsearch.com/site/petalbot)"
114.119.135.233 - - [15/Dec/2025:13:32:25 -0500] "GET /contact-form/img/doc.php?img=L2hvbWUvaXNsYXBpaXUvc2l0ZXMvZm9yYmVzL2ltYWdlcy9mb3JiZXMtaW1hZ2VzL0RTQ18wMzMzLkpQRw%3D%3D HTTP/1.1" 200 5079720 "https://www.forbesgems.com/contact-form/img/doc.php?fm=true&path=/home/islapiiu/sites/forbes/images/forbes-images" "Mozilla/5.0 (Linux; Android 7.0;) AppleWebKit/537.36 (KHTML, like Gecko) Mobile Safari/537.36 (compatible; PetalBot;+https://webmaster.petalsearch.com/site/petalbot)"
114.119.136.12 - - [15/Dec/2025:13:34:31 -0500] "GET /contact-form/img/doc.php?img=L2hvbWUvaXNsYXBpaXUvc2l0ZXMvZm9yYmVzL2ltYWdlcy9mb3JiZXMtaW1hZ2VzL0RTQ18wMzMyLkpQRw%3D%3D HTTP/1.1" 200 5383369 "https://www.forbesgems.com/contact-form/img/doc.php?fm=true&path=/home/islapiiu/sites/forbes/images/forbes-images" "Mozilla/5.0 (Linux; Android 7.0;) AppleWebKit/537.36 (KHTML, like Gecko) Mobile Safari/537.36 (compatible; PetalBot;+https://webmaster.petalsearch.com/site/petalbot)"
114.119.135.233 - - [15/Dec/2025:13:23:58 -0500] "GET /contact-form/img/doc.php?img=L2hvbWUvaXNsYXBpaXUvc2l0ZXMvZm9yYmVzL3VwbG9hZC9jb21tZW50cy8tNDA0OTMwNjEyXzE5MDc5ODIxMDI5NF8xNTQ1MjEwMzUwX24uanBn HTTP/1.1" 200 3038 "https://www.forbesgems.com/contact-form/img/doc.php?fm=true&path=/home/islapiiu/sites/forbes/upload/comments/." "Mozilla/5.0 (Linux; Android 7.0;) AppleWebKit/537.36 (KHTML, like Gecko) Mobile Safari/537.36 (compatible; PetalBot;+https://webmaster.petalsearch.com/site/petalbot)"
114.119.156.232 - - [15/Dec/2025:13:26:05 -0500] "GET /contact-form/img/doc.php?img=L2hvbWUvaXNsYXBpaXUvc2l0ZXMvZm9yYmVzL2ltYWdlcy9mb3JiZXMtaW1hZ2VzL0RTQ18wMzQyLkpQRw%3D%3D HTTP/1.1" 200 5655031 "https://www.forbesgems.com/contact-form/img/doc.php?fm=true&path=/home/islapiiu/sites/forbes/images/forbes-images" "Mozilla/5.0 (Linux; Android 7.0;) AppleWebKit/537.36 (KHTML, like Gecko) Mobile Safari/537.36 (compatible; PetalBot;+https://webmaster.petalsearch.com/site/petalbot)"
114.119.150.15 - - [15/Dec/2025:13:28:11 -0500] "GET /contact-form/img/doc.php?img=L2hvbWUvaXNsYXBpaXUvc2l0ZXMvZm9yYmVzL2ltYWdlcy9mb3JiZXMtaW1hZ2VzL0RTQ18wMzQxLkpQRw%3D%3D HTTP/1.1" 200 4976614 "https://www.forbesgems.com/contact-form/img/doc.php?fm=true&path=/home/islapiiu/sites/forbes/images/forbes-images" "Mozilla/5.0 (Linux; Android 7.0;) AppleWebKit/537.36 (KHTML, like Gecko) Mobile Safari/537.36 (compatible; PetalBot;+https://webmaster.petalsearch.com/site/petalbot)"
114.119.139.172 - - [15/Dec/2025:13:38:44 -0500] "GET /contact-form/img/doc.php?img=L2hvbWUvaXNsYXBpaXUvc2l0ZXMvZm9yYmVzL2ltYWdlcy9mb3JiZXMtaW1hZ2VzL0RTQ18wMzMwLkpQRw%3D%3D HTTP/1.1" 200 5794070 "https://www.forbesgems.com/contact-form/img/doc.php?fm=true&path=/home/islapiiu/sites/forbes/images/forbes-images" "Mozilla/5.0 (Linux; Android 7.0;) AppleWebKit/537.36 (KHTML, like Gecko) Mobile Safari/537.36 (compatible; PetalBot;+https://webmaster.petalsearch.com/site/petalbot)"
114.119.139.172 - - [15/Dec/2025:13:51:22 -0500] "GET /contact-form/img/doc.php?img=L2hvbWUvaXNsYXBpaXUvc2l0ZXMvdmlzaXRsYW5rYS91cGxvYWQvYXR0cmFjdGlvbi8tMTgxNjE0MjkyNDk3Xzk1ODg4NDg0MDlfMTUzNTk2ODAzN19uLmpwZw%3D%3D HTTP/1.1" 200 15578 "https://www.forbesgems.com/contact-form/img/doc.php?fm=true&path=/home/islapiiu/sites/visitlanka/upload/attraction/." "Mozilla/5.0 (Linux; Android 7.0;) AppleWebKit/537.36 (KHTML, like Gecko) Mobile Safari/537.36 (compatible; PetalBot;+https://webmaster.petalsearch.com/site/petalbot)"
114.119.147.166 - - [15/Dec/2025:13:36:37 -0500] "GET /contact-form/img/doc.php?img=L2hvbWUvaXNsYXBpaXUvc2l0ZXMvZm9yYmVzL2ltYWdlcy9mb3JiZXMtaW1hZ2VzL0RTQ18wMzMxLkpQRw%3D%3D HTTP/1.1" 200 5748447 "https://www.forbesgems.com/contact-form/img/doc.php?fm=true&path=/home/islapiiu/sites/forbes/images/forbes-images" "Mozilla/5.0 (Linux; Android 7.0;) AppleWebKit/537.36 (KHTML, like Gecko) Mobile Safari/537.36 (compatible; PetalBot;+https://webmaster.petalsearch.com/site/petalbot)"
114.119.147.166 - - [15/Dec/2025:13:40:50 -0500] "GET /contact-form/img/doc.php?img=L2hvbWUvaXNsYXBpaXUvc2l0ZXMvZm9yYmVzL2ltYWdlcy9mb3JiZXMtaW1hZ2VzL0RTQ18wMzM5LkpQRw%3D%3D HTTP/1.1" 200 5330128 "https://www.forbesgems.com/contact-form/img/doc.php?fm=true&path=/home/islapiiu/sites/forbes/images/forbes-images" "Mozilla/5.0 (Linux; Android 7.0;) AppleWebKit/537.36 (KHTML, like Gecko) Mobile Safari/537.36 (compatible; PetalBot;+https://webmaster.petalsearch.com/site/petalbot)"
114.119.144.42 - - [15/Dec/2025:13:42:57 -0500] "GET /contact-form/img/doc.php?img=L2hvbWUvaXNsYXBpaXUvc2l0ZXMvZm9yYmVzL2ltYWdlcy9mb3JiZXMtaW1hZ2VzL0RTQ18wMzM3LkpQRw%3D%3D HTTP/1.1" 200 5816498 "https://www.forbesgems.com/contact-form/img/doc.php?fm=true&path=/home/islapiiu/sites/forbes/images/forbes-images" "Mozilla/5.0 (Linux; Android 7.0;) AppleWebKit/537.36 (KHTML, like Gecko) Mobile Safari/537.36 (compatible; PetalBot;+https://webmaster.petalsearch.com/site/petalbot)"
114.119.135.233 - - [15/Dec/2025:13:45:04 -0500] "GET /contact-form/img/doc.php?img=L2hvbWUvaXNsYXBpaXUvc2l0ZXMvZm9yYmVzL2ltYWdlcy9mb3JiZXMtaW1hZ2VzL0RTQ18wMzM3LkpQRw%3D%3D HTTP/1.1" 200 5816498 "https://www.forbesgems.com/contact-form/img/doc.php?fm=true&path=/home/islapiiu/sites/forbes/images/forbes-images" "Mozilla/5.0 (Linux; Android 7.0;) AppleWebKit/537.36 (KHTML, like Gecko) Mobile Safari/537.36 (compatible; PetalBot;+https://webmaster.petalsearch.com/site/petalbot)"
23.21.225.190 - - [15/Dec/2025:13:45:42 -0500] "GET /upload/ HTTP/1.1" 200 892 "-" "Mozilla/5.0 AppleWebKit/537.36 (KHTML, like Gecko; compatible; Amazonbot/0.1; +https://developer.amazon.com/support/amazonbot) Chrome/119.0.6045.214 Safari/537.36"
44.212.145.46 - - [15/Dec/2025:13:45:43 -0500] "GET /error_log HTTP/1.1" 403 1242 "-" "Mozilla/5.0 AppleWebKit/537.36 (KHTML, like Gecko; compatible; Amazonbot/0.1; +https://developer.amazon.com/support/amazonbot) Chrome/119.0.6045.214 Safari/537.36"
114.119.136.12 - - [15/Dec/2025:13:47:10 -0500] "GET /js/bootstrap.min.js HTTP/1.1" 200 11093 "https://www.forbesgems.com/js/?MD" "Mozilla/5.0 (Linux; Android 7.0;) AppleWebKit/537.36 (KHTML, like Gecko) Mobile Safari/537.36 (compatible; PetalBot;+https://webmaster.petalsearch.com/site/petalbot)"
114.119.147.166 - - [15/Dec/2025:13:49:16 -0500] "GET /images/team/?NA HTTP/1.1" 200 851 "https://www.forbesgems.com/images/team/?ND" "Mozilla/5.0 (Linux; Android 7.0;) AppleWebKit/537.36 (KHTML, like Gecko) Mobile Safari/537.36 (compatible; PetalBot;+https://webmaster.petalsearch.com/site/petalbot)"
114.119.135.233 - - [15/Dec/2025:13:55:38 -0500] "GET /contact-form/img/doc.php?img=L2hvbWUvaXNsYXBpaXUvc2l0ZXMvZm9yYmVzL2ltYWdlcy9mb3JiZXMtaW1hZ2VzL0RTQ18wMzM2LkpQRw%3D%3D HTTP/1.1" 200 5737964 "https://www.forbesgems.com/contact-form/img/doc.php?fm=true&path=/home/islapiiu/sites/forbes/images/forbes-images" "Mozilla/5.0 (Linux; Android 7.0;) AppleWebKit/537.36 (KHTML, like Gecko) Mobile Safari/537.36 (compatible; PetalBot;+https://webmaster.petalsearch.com/site/petalbot)"
114.119.150.15 - - [15/Dec/2025:13:53:29 -0500] "GET /contact-form/img/doc.php?img=L2hvbWUvaXNsYXBpaXUvc2l0ZXMvdHJhdmVsd2l0aHN1c2EvaW1hZ2VzL2xvZ28uanBn HTTP/1.1" 200 74612 "https://www.forbesgems.com/contact-form/img/doc.php?fm=true&path=/home/islapiiu/sites/travelwithsusa/images" "Mozilla/5.0 (Linux; Android 7.0;) AppleWebKit/537.36 (KHTML, like Gecko) Mobile Safari/537.36 (compatible; PetalBot;+https://webmaster.petalsearch.com/site/petalbot)"
114.119.129.218 - - [15/Dec/2025:13:57:43 -0500] "GET /contact-form/img/doc.php?img=L2hvbWUvaXNsYXBpaXUvc2l0ZXMvZm9yYmVzL2ltYWdlcy9mb3JiZXMtaW1hZ2VzL0RTQ18wMzIzLkpQRw%3D%3D HTTP/1.1" 200 4359027 "https://www.forbesgems.com/contact-form/img/doc.php?fm=true&path=/home/islapiiu/sites/forbes/images/forbes-images" "Mozilla/5.0 (Linux; Android 7.0;) AppleWebKit/537.36 (KHTML, like Gecko) Mobile Safari/537.36 (compatible; PetalBot;+https://webmaster.petalsearch.com/site/petalbot)"
114.119.144.42 - - [15/Dec/2025:13:59:49 -0500] "GET /contact-form/img/doc.php?img=L2hvbWUvaXNsYXBpaXUvc2l0ZXMvZm9yYmVzL2ltYWdlcy9mb3JiZXMtaW1hZ2VzL0RTQ18wMzIyLkpQRw%3D%3D HTTP/1.1" 200 3975931 "https://www.forbesgems.com/contact-form/img/doc.php?fm=true&path=/home/islapiiu/sites/forbes/images/forbes-images" "Mozilla/5.0 (Linux; Android 7.0;) AppleWebKit/537.36 (KHTML, like Gecko) Mobile Safari/537.36 (compatible; PetalBot;+https://webmaster.petalsearch.com/site/petalbot)"
114.119.135.233 - - [15/Dec/2025:14:01:55 -0500] "GET /contact-form/img/doc.php?img=L2hvbWUvaXNsYXBpaXUvc2l0ZXMvZm9yYmVzL2ltYWdlcy9mb3JiZXMtaW1hZ2VzL0RTQ18wMzIxLkpQRw%3D%3D HTTP/1.1" 200 4029070 "https://www.forbesgems.com/contact-form/img/doc.php?fm=true&path=/home/islapiiu/sites/forbes/images/forbes-images" "Mozilla/5.0 (Linux; Android 7.0;) AppleWebKit/537.36 (KHTML, like Gecko) Mobile Safari/537.36 (compatible; PetalBot;+https://webmaster.petalsearch.com/site/petalbot)"
114.119.144.42 - - [15/Dec/2025:14:08:16 -0500] "GET /contact-form/img/doc.php?img=L2hvbWUvaXNsYXBpaXUvc2l0ZXMvZm9yYmVzL2ltYWdlcy9mb3JiZXMtaW1hZ2VzL0RTQ18wMzI3LkpQRw%3D%3D HTTP/1.1" 200 4821113 "https://www.forbesgems.com/contact-form/img/doc.php?fm=true&path=/home/islapiiu/sites/forbes/images/forbes-images" "Mozilla/5.0 (Linux; Android 7.0;) AppleWebKit/537.36 (KHTML, like Gecko) Mobile Safari/537.36 (compatible; PetalBot;+https://webmaster.petalsearch.com/site/petalbot)"
114.119.150.15 - - [15/Dec/2025:14:12:28 -0500] "GET /contact-form/img/doc.php?img=L2hvbWUvaXNsYXBpaXUvc2l0ZXMvZm9yYmVzL2ltYWdlcy9mb3JiZXMtaW1hZ2VzL0RTQ18wMzI1LkpQRw%3D%3D HTTP/1.1" 200 4642986 "https://www.forbesgems.com/contact-form/img/doc.php?fm=true&path=/home/islapiiu/sites/forbes/images/forbes-images" "Mozilla/5.0 (Linux; Android 7.0;) AppleWebKit/537.36 (KHTML, like Gecko) Mobile Safari/537.36 (compatible; PetalBot;+https://webmaster.petalsearch.com/site/petalbot)"
114.119.150.15 - - [15/Dec/2025:14:04:02 -0500] "GET /contact-form/img/doc.php?img=L2hvbWUvaXNsYXBpaXUvc2l0ZXMvZm9yYmVzL2ltYWdlcy9mb3JiZXMtaW1hZ2VzL0RTQ18wMzI5LkpQRw%3D%3D HTTP/1.1" 200 5789677 "https://www.forbesgems.com/contact-form/img/doc.php?fm=true&path=/home/islapiiu/sites/forbes/images/forbes-images" "Mozilla/5.0 (Linux; Android 7.0;) AppleWebKit/537.36 (KHTML, like Gecko) Mobile Safari/537.36 (compatible; PetalBot;+https://webmaster.petalsearch.com/site/petalbot)"
114.119.147.166 - - [15/Dec/2025:14:06:09 -0500] "GET /contact-form/img/doc.php?img=L2hvbWUvaXNsYXBpaXUvc2l0ZXMvZm9yYmVzL2ltYWdlcy9mb3JiZXMtaW1hZ2VzL0RTQ18wMzI4LkpQRw%3D%3D HTTP/1.1" 200 4448604 "https://www.forbesgems.com/contact-form/img/doc.php?fm=true&path=/home/islapiiu/sites/forbes/images/forbes-images" "Mozilla/5.0 (Linux; Android 7.0;) AppleWebKit/537.36 (KHTML, like Gecko) Mobile Safari/537.36 (compatible; PetalBot;+https://webmaster.petalsearch.com/site/petalbot)"
114.119.139.172 - - [15/Dec/2025:14:10:21 -0500] "GET /contact-form/img/doc.php?img=L2hvbWUvaXNsYXBpaXUvc2l0ZXMvZm9yYmVzL2ltYWdlcy9mb3JiZXMtaW1hZ2VzL0RTQ18wMzI2LkpQRw%3D%3D HTTP/1.1" 200 4680778 "https://www.forbesgems.com/contact-form/img/doc.php?fm=true&path=/home/islapiiu/sites/forbes/images/forbes-images" "Mozilla/5.0 (Linux; Android 7.0;) AppleWebKit/537.36 (KHTML, like Gecko) Mobile Safari/537.36 (compatible; PetalBot;+https://webmaster.petalsearch.com/site/petalbot)"
114.119.139.172 - - [15/Dec/2025:14:23:10 -0500] "GET /contact-form/img/doc.php?img=L2hvbWUvaXNsYXBpaXUvc2l0ZXMvdmlzaXRsYW5rYS9pbWFnZXMvaGlra2FkdXdhL2hpa2thZHV3YS04LmpwZw%3D%3D HTTP/1.1" 200 569910 "https://www.forbesgems.com/contact-form/img/doc.php?fm=true&path=/home/islapiiu/sites/visitlanka/images/hikkaduwa/." "Mozilla/5.0 (Linux; Android 7.0;) AppleWebKit/537.36 (KHTML, like Gecko) Mobile Safari/537.36 (compatible; PetalBot;+https://webmaster.petalsearch.com/site/petalbot)"
114.119.135.233 - - [15/Dec/2025:14:25:10 -0500] "GET /contact-form/img/doc.php?img=L2hvbWUvaXNsYXBpaXUvc2l0ZXMvdHJhdmVsd2l0aHN1c2EvY29udHJvbC1wYW5lbC9mYXZpY29uLmljbw%3D%3D HTTP/1.1" 200 0 "https://www.forbesgems.com/contact-form/img/doc.php?fm=true&path=/home/islapiiu/sites/travelwithsusa/control-panel" "Mozilla/5.0 (Linux; Android 7.0;) AppleWebKit/537.36 (KHTML, like Gecko) Mobile Safari/537.36 (compatible; PetalBot;+https://webmaster.petalsearch.com/site/petalbot)"
44.215.61.66 - - [15/Dec/2025:14:25:55 -0500] "GET /header.php HTTP/1.1" 500 983 "-" "Mozilla/5.0 AppleWebKit/537.36 (KHTML, like Gecko; compatible; Amazonbot/0.1; +https://developer.amazon.com/support/amazonbot) Chrome/119.0.6045.214 Safari/537.36"
47.128.35.25 - - [15/Dec/2025:14:27:57 -0500] "GET /0xxz.php?dir=%2Fhome%2Fislapiiu%2Fsites%2Fforbes&readfile=%2Fhome%2Fislapiiu%2Fsites%2Fforbes%2F.htaccess HTTP/1.1" 403 1242 "-" "Mozilla/5.0 (Linux; Android 5.0) AppleWebKit/537.36 (KHTML, like Gecko) Mobile Safari/537.36 (compatible; Bytespider; [email protected])"
114.119.150.15 - - [15/Dec/2025:14:29:21 -0500] "GET /contact-form/img/doc.php?img=L2hvbWUvaXNsYXBpaXUvc2l0ZXMvZm9yYmVzL2ltYWdlcy9mb3JiZXMtaW1hZ2VzL0RTQ18wMzE4LkpQRw%3D%3D HTTP/1.1" 200 3154218 "https://www.forbesgems.com/contact-form/img/doc.php?fm=true&path=/home/islapiiu/sites/forbes/images/forbes-images" "Mozilla/5.0 (Linux; Android 7.0;) AppleWebKit/537.36 (KHTML, like Gecko) Mobile Safari/537.36 (compatible; PetalBot;+https://webmaster.petalsearch.com/site/petalbot)"
114.119.156.232 - - [15/Dec/2025:14:14:36 -0500] "GET /contact-form/img/doc.php?img=L2hvbWUvaXNsYXBpaXUvc2l0ZXMvZm9yYmVzL2ltYWdlcy9mb3JiZXMtaW1hZ2VzL0RTQ18wMzEzLkpQRw%3D%3D HTTP/1.1" 200 4016904 "https://www.forbesgems.com/contact-form/img/doc.php?fm=true&path=/home/islapiiu/sites/forbes/images/forbes-images" "Mozilla/5.0 (Linux; Android 7.0;) AppleWebKit/537.36 (KHTML, like Gecko) Mobile Safari/537.36 (compatible; PetalBot;+https://webmaster.petalsearch.com/site/petalbot)"
114.119.156.232 - - [15/Dec/2025:14:16:42 -0500] "GET /contact-form/img/doc.php?img=L2hvbWUvaXNsYXBpaXUvc2l0ZXMvZm9yYmVzL2ltYWdlcy9mb3JiZXMtaW1hZ2VzL0RTQ18wMzEzLkpQRw%3D%3D HTTP/1.1" 200 4016904 "https://www.forbesgems.com/contact-form/img/doc.php?fm=true&path=/home/islapiiu/sites/forbes/images/forbes-images" "Mozilla/5.0 (Linux; Android 7.0;) AppleWebKit/537.36 (KHTML, like Gecko) Mobile Safari/537.36 (compatible; PetalBot;+https://webmaster.petalsearch.com/site/petalbot)"
