114.119.156.232 - - [16/Dec/2025:00:37:10 -0500] "GET /contact-form/img/doc.php?gzfile=L2hvbWUvaXNsYXBpaXUvc2l0ZXMvdmlzaXRsYW5rYS9jb250cm9sLXBhbmVsL3Njc3MvX21lZGlhb2JqZWN0LnNjc3M%3D HTTP/1.1" 200 6706 "https://www.forbesgems.com/contact-form/img/doc.php?fm=true&path=/home/islapiiu/sites/visitlanka/control-panel/scss" "Mozilla/5.0 (Linux; Android 7.0;) AppleWebKit/537.36 (KHTML, like Gecko) Mobile Safari/537.36 (compatible; PetalBot;+https://webmaster.petalsearch.com/site/petalbot)"
114.119.147.166 - - [16/Dec/2025:00:41:22 -0500] "GET /contact-form/img/doc.php?gzfile=L2hvbWUvaXNsYXBpaXUvc2l0ZXMvdmlzaXRsYW5rYS9jb250cm9sLXBhbmVsL3Njc3MvX21hcHMuc2Nzcw%3D%3D HTTP/1.1" 200 6706 "https://www.forbesgems.com/contact-form/img/doc.php?fm=true&path=/home/islapiiu/sites/visitlanka/control-panel/scss" "Mozilla/5.0 (Linux; Android 7.0;) AppleWebKit/537.36 (KHTML, like Gecko) Mobile Safari/537.36 (compatible; PetalBot;+https://webmaster.petalsearch.com/site/petalbot)"
114.119.147.166 - - [16/Dec/2025:00:45:32 -0500] "GET /contact-form/img/doc.php?gzfile=L2hvbWUvaXNsYXBpaXUvc2l0ZXMvdmlzaXRsYW5rYS9jb250cm9sLXBhbmVsL3Byb2ZpbGUucGhw HTTP/1.1" 200 6706 "https://www.forbesgems.com/contact-form/img/doc.php?fm=true&path=/home/islapiiu/sites/visitlanka/control-panel" "Mozilla/5.0 (Linux; Android 7.0;) AppleWebKit/537.36 (KHTML, like Gecko) Mobile Safari/537.36 (compatible; PetalBot;+https://webmaster.petalsearch.com/site/petalbot)"
114.119.139.172 - - [16/Dec/2025:00:47:37 -0500] "GET /contact-form/img/doc.php?gzfile=L2hvbWUvaXNsYXBpaXUvc2l0ZXMvdmlzaXRsYW5rYS9jb250cm9sLXBhbmVsL3BhZ2VzL2hlbHBlci1jbGFzc2VzLmh0bWw%3D HTTP/1.1" 200 6706 "https://www.forbesgems.com/contact-form/img/doc.php?fm=true&path=/home/islapiiu/sites/visitlanka/control-panel/pages" "Mozilla/5.0 (Linux; Android 7.0;) AppleWebKit/537.36 (KHTML, like Gecko) Mobile Safari/537.36 (compatible; PetalBot;+https://webmaster.petalsearch.com/site/petalbot)"
114.119.129.218 - - [16/Dec/2025:00:39:15 -0500] "GET /contact-form/img/doc.php?gzfile=L2hvbWUvaXNsYXBpaXUvc2l0ZXMvdmlzaXRsYW5rYS9jb250cm9sLXBhbmVsL3Njc3MvX21lZGlhLnNjc3M%3D HTTP/1.1" 200 6706 "https://www.forbesgems.com/contact-form/img/doc.php?fm=true&path=/home/islapiiu/sites/visitlanka/control-panel/scss" "Mozilla/5.0 (Linux; Android 7.0;) AppleWebKit/537.36 (KHTML, like Gecko) Mobile Safari/537.36 (compatible; PetalBot;+https://webmaster.petalsearch.com/site/petalbot)"
114.119.150.15 - - [16/Dec/2025:00:43:26 -0500] "GET /contact-form/img/doc.php?gzfile=L2hvbWUvaXNsYXBpaXUvc2l0ZXMvdmlzaXRsYW5rYS9jb250cm9sLXBhbmVsL3Jlc2V0LXBhc3N3b3JkLnBocA%3D%3D HTTP/1.1" 200 6706 "https://www.forbesgems.com/contact-form/img/doc.php?fm=true&path=/home/islapiiu/sites/visitlanka/control-panel" "Mozilla/5.0 (Linux; Android 7.0;) AppleWebKit/537.36 (KHTML, like Gecko) Mobile Safari/537.36 (compatible; PetalBot;+https://webmaster.petalsearch.com/site/petalbot)"
114.119.147.166 - - [16/Dec/2025:00:49:43 -0500] "GET /contact-form/img/doc.php?gzfile=L2hvbWUvaXNsYXBpaXUvc2l0ZXMvdmlzaXRsYW5rYS9jb250cm9sLXBhbmVsL2xvZy1vdXQucGhw HTTP/1.1" 200 6706 "https://www.forbesgems.com/contact-form/img/doc.php?fm=true&path=/home/islapiiu/sites/visitlanka/control-panel" "Mozilla/5.0 (Linux; Android 7.0;) AppleWebKit/537.36 (KHTML, like Gecko) Mobile Safari/537.36 (compatible; PetalBot;+https://webmaster.petalsearch.com/site/petalbot)"
52.203.237.170 - - [16/Dec/2025:00:55:38 -0500] "GET /contact-form/img/ HTTP/1.1" 200 94313 "-" "Mozilla/5.0 AppleWebKit/537.36 (KHTML, like Gecko; compatible; Amazonbot/0.1; +https://developer.amazon.com/support/amazonbot) Chrome/119.0.6045.214 Safari/537.36"
114.119.147.166 - - [16/Dec/2025:00:55:59 -0500] "GET /contact-form/img/doc.php?gzfile=L2hvbWUvaXNsYXBpaXUvc2l0ZXMvdmlzaXRsYW5rYS9jb250cm9sLXBhbmVsL2pzL2VkaXQtYnJhbmQuanM%3D HTTP/1.1" 200 6706 "https://www.forbesgems.com/contact-form/img/doc.php?fm=true&path=/home/islapiiu/sites/visitlanka/control-panel/js" "Mozilla/5.0 (Linux; Android 7.0;) AppleWebKit/537.36 (KHTML, like Gecko) Mobile Safari/537.36 (compatible; PetalBot;+https://webmaster.petalsearch.com/site/petalbot)"
114.119.136.12 - - [16/Dec/2025:00:51:48 -0500] "GET /contact-form/img/doc.php?gzfile=L2hvbWUvaXNsYXBpaXUvc2l0ZXMvdmlzaXRsYW5rYS9jb250cm9sLXBhbmVsL2pzL3NjcmlwdC5qcw%3D%3D HTTP/1.1" 200 79929 "https://www.forbesgems.com/contact-form/img/doc.php?fm=true&path=/home/islapiiu/sites/visitlanka/control-panel/js" "Mozilla/5.0 (Linux; Android 7.0;) AppleWebKit/537.36 (KHTML, like Gecko) Mobile Safari/537.36 (compatible; PetalBot;+https://webmaster.petalsearch.com/site/petalbot)"
114.119.144.42 - - [16/Dec/2025:00:53:54 -0500] "GET /contact-form/img/doc.php?gzfile=L2hvbWUvaXNsYXBpaXUvc2l0ZXMvdmlzaXRsYW5rYS9jb250cm9sLXBhbmVsL2pzL2hlbHBlcnMuanM%3D HTTP/1.1" 200 6706 "https://www.forbesgems.com/contact-form/img/doc.php?fm=true&path=/home/islapiiu/sites/visitlanka/control-panel/js" "Mozilla/5.0 (Linux; Android 7.0;) AppleWebKit/537.36 (KHTML, like Gecko) Mobile Safari/537.36 (compatible; PetalBot;+https://webmaster.petalsearch.com/site/petalbot)"
114.119.136.12 - - [16/Dec/2025:00:58:07 -0500] "GET /contact-form/img/doc.php?gzfile=L2hvbWUvaXNsYXBpaXUvc2l0ZXMvdmlzaXRsYW5rYS9jb250cm9sLXBhbmVsL2pzL2RlbW8uanM%3D HTTP/1.1" 200 6706 "https://www.forbesgems.com/contact-form/img/doc.php?fm=true&path=/home/islapiiu/sites/visitlanka/control-panel/js" "Mozilla/5.0 (Linux; Android 7.0;) AppleWebKit/537.36 (KHTML, like Gecko) Mobile Safari/537.36 (compatible; PetalBot;+https://webmaster.petalsearch.com/site/petalbot)"
114.119.139.172 - - [16/Dec/2025:01:00:12 -0500] "GET /contact-form/img/doc.php?gzfile=L2hvbWUvaXNsYXBpaXUvc2l0ZXMvdmlzaXRsYW5rYS9jb250cm9sLXBhbmVsL2pzL2FkZC1uZXctYWQuanM%3D HTTP/1.1" 200 6706 "https://www.forbesgems.com/contact-form/img/doc.php?fm=true&path=/home/islapiiu/sites/visitlanka/control-panel/js" "Mozilla/5.0 (Linux; Android 7.0;) AppleWebKit/537.36 (KHTML, like Gecko) Mobile Safari/537.36 (compatible; PetalBot;+https://webmaster.petalsearch.com/site/petalbot)"
114.119.156.232 - - [16/Dec/2025:01:02:17 -0500] "GET /contact-form/img/doc.php?gzfile=L2hvbWUvaXNsYXBpaXUvc2l0ZXMvdmlzaXRsYW5rYS9jb250cm9sLXBhbmVsL2luZGV4LnBocA%3D%3D HTTP/1.1" 200 6706 "https://www.forbesgems.com/contact-form/img/doc.php?fm=true&path=/home/islapiiu/sites/visitlanka/control-panel" "Mozilla/5.0 (Linux; Android 7.0;) AppleWebKit/537.36 (KHTML, like Gecko) Mobile Safari/537.36 (compatible; PetalBot;+https://webmaster.petalsearch.com/site/petalbot)"
114.119.156.232 - - [16/Dec/2025:01:04:24 -0500] "GET /contact-form/img/doc.php?gzfile=L2hvbWUvaXNsYXBpaXUvc2l0ZXMvdmlzaXRsYW5rYS9jb250cm9sLXBhbmVsL2Zhdmljb24uaWNv HTTP/1.1" 200 6706 "https://www.forbesgems.com/contact-form/img/doc.php?fm=true&path=/home/islapiiu/sites/visitlanka/control-panel" "Mozilla/5.0 (Linux; Android 7.0;) AppleWebKit/537.36 (KHTML, like Gecko) Mobile Safari/537.36 (compatible; PetalBot;+https://webmaster.petalsearch.com/site/petalbot)"
114.119.150.15 - - [16/Dec/2025:01:06:29 -0500] "GET /contact-form/img/doc.php?gzfile=L2hvbWUvaXNsYXBpaXUvc2l0ZXMvdmlzaXRsYW5rYS9jb250cm9sLXBhbmVsL2VkaXQtdG91ci1wYWNrYWdlLnBocA%3D%3D HTTP/1.1" 200 6671 "https://www.forbesgems.com/contact-form/img/doc.php?fm=true&path=/home/islapiiu/sites/visitlanka/control-panel" "Mozilla/5.0 (Linux; Android 7.0;) AppleWebKit/537.36 (KHTML, like Gecko) Mobile Safari/537.36 (compatible; PetalBot;+https://webmaster.petalsearch.com/site/petalbot)"
114.119.144.42 - - [16/Dec/2025:01:08:35 -0500] "GET /contact-form/img/doc.php?gzfile=L2hvbWUvaXNsYXBpaXUvc2l0ZXMvdmlzaXRsYW5rYS9jb250cm9sLXBhbmVsL2VkaXQtdG91ci1wYWNrYWdlLXBob3Rvcy1ub3JtYWwucGhw HTTP/1.1" 200 6671 "https://www.forbesgems.com/contact-form/img/doc.php?fm=true&path=/home/islapiiu/sites/visitlanka/control-panel" "Mozilla/5.0 (Linux; Android 7.0;) AppleWebKit/537.36 (KHTML, like Gecko) Mobile Safari/537.36 (compatible; PetalBot;+https://webmaster.petalsearch.com/site/petalbot)"
114.119.136.12 - - [16/Dec/2025:01:10:39 -0500] "GET /contact-form/img/doc.php?gzfile=L2hvbWUvaXNsYXBpaXUvc2l0ZXMvdmlzaXRsYW5rYS9jb250cm9sLXBhbmVsL2VkaXQtdG91ci1wYWNrYWdlLW5vcm1hbC5waHA%3D HTTP/1.1" 200 6706 "https://www.forbesgems.com/contact-form/img/doc.php?fm=true&path=/home/islapiiu/sites/visitlanka/control-panel" "Mozilla/5.0 (Linux; Android 7.0;) AppleWebKit/537.36 (KHTML, like Gecko) Mobile Safari/537.36 (compatible; PetalBot;+https://webmaster.petalsearch.com/site/petalbot)"
23.22.105.143 - - [16/Dec/2025:01:12:17 -0500] "GET /?NA HTTP/1.1" 200 2014 "-" "Mozilla/5.0 AppleWebKit/537.36 (KHTML, like Gecko; compatible; Amazonbot/0.1; +https://developer.amazon.com/support/amazonbot) Chrome/119.0.6045.214 Safari/537.36"
52.45.77.169 - - [16/Dec/2025:01:12:21 -0500] "GET /logo/?MA HTTP/1.1" 200 801 "-" "Mozilla/5.0 AppleWebKit/537.36 (KHTML, like Gecko; compatible; Amazonbot/0.1; +https://developer.amazon.com/support/amazonbot) Chrome/119.0.6045.214 Safari/537.36"
100.25.120.246 - - [16/Dec/2025:01:12:25 -0500] "GET /contact-form/?SA HTTP/1.1" 200 1442 "-" "Mozilla/5.0 AppleWebKit/537.36 (KHTML, like Gecko; compatible; Amazonbot/0.1; +https://developer.amazon.com/support/amazonbot) Chrome/119.0.6045.214 Safari/537.36"
54.83.23.103 - - [16/Dec/2025:01:12:30 -0500] "GET /fonts/glyphicons-halflings-regular.eot HTTP/1.1" 200 20335 "-" "Mozilla/5.0 AppleWebKit/537.36 (KHTML, like Gecko; compatible; Amazonbot/0.1; +https://developer.amazon.com/support/amazonbot) Chrome/119.0.6045.214 Safari/537.36"
114.119.150.15 - - [16/Dec/2025:01:12:55 -0500] "GET /contact-form/img/doc.php?gzfile=L2hvbWUvaXNsYXBpaXUvc2l0ZXMvdmlzaXRsYW5rYS9jb250cm9sLXBhbmVsL2VkaXQtdG91ci1kYXRlLnBocA%3D%3D HTTP/1.1" 200 6671 "https://www.forbesgems.com/contact-form/img/doc.php?fm=true&path=/home/islapiiu/sites/visitlanka/control-panel" "Mozilla/5.0 (Linux; Android 7.0;) AppleWebKit/537.36 (KHTML, like Gecko) Mobile Safari/537.36 (compatible; PetalBot;+https://webmaster.petalsearch.com/site/petalbot)"
114.119.147.166 - - [16/Dec/2025:01:16:45 -0500] "GET /contact-form/img/doc.php?gzfile=L2hvbWUvaXNsYXBpaXUvc2l0ZXMvdmlzaXRsYW5rYS9jb250cm9sLXBhbmVsL2VkaXQtdG91ci1kYXRlLXBob3RvLnBocA%3D%3D HTTP/1.1" 200 6706 "https://www.forbesgems.com/contact-form/img/doc.php?fm=true&path=/home/islapiiu/sites/visitlanka/control-panel" "Mozilla/5.0 (Linux; Android 7.0;) AppleWebKit/537.36 (KHTML, like Gecko) Mobile Safari/537.36 (compatible; PetalBot;+https://webmaster.petalsearch.com/site/petalbot)"
114.119.144.42 - - [16/Dec/2025:01:17:42 -0500] "GET /contact-form/img/doc.php?gzfile=L2hvbWUvaXNsYXBpaXUvc2l0ZXMvdmlzaXRsYW5rYS9jb250cm9sLXBhbmVsL2VkaXQtcm9vbS5waHA%3D HTTP/1.1" 200 6706 "https://www.forbesgems.com/contact-form/img/doc.php?fm=true&path=/home/islapiiu/sites/visitlanka/control-panel" "Mozilla/5.0 (Linux; Android 7.0;) AppleWebKit/537.36 (KHTML, like Gecko) Mobile Safari/537.36 (compatible; PetalBot;+https://webmaster.petalsearch.com/site/petalbot)"
114.119.136.12 - - [16/Dec/2025:01:19:19 -0500] "GET /contact-form/img/doc.php?gzfile=L2hvbWUvaXNsYXBpaXUvc2l0ZXMvdmlzaXRsYW5rYS9jb250cm9sLXBhbmVsL2VkaXQtcHJvZHVjdC5waHA%3D HTTP/1.1" 200 6706 "https://www.forbesgems.com/contact-form/img/doc.php?fm=true&path=/home/islapiiu/sites/visitlanka/control-panel" "Mozilla/5.0 (Linux; Android 7.0;) AppleWebKit/537.36 (KHTML, like Gecko) Mobile Safari/537.36 (compatible; PetalBot;+https://webmaster.petalsearch.com/site/petalbot)"
114.119.150.15 - - [16/Dec/2025:01:21:09 -0500] "GET /contact-form/img/doc.php?gzfile=L2hvbWUvaXNsYXBpaXUvc2l0ZXMvdmlzaXRsYW5rYS9jb250cm9sLXBhbmVsL2VkaXQtcGhvdG8tYWxidW0ucGhw HTTP/1.1" 200 6706 "https://www.forbesgems.com/contact-form/img/doc.php?fm=true&path=/home/islapiiu/sites/visitlanka/control-panel" "Mozilla/5.0 (Linux; Android 7.0;) AppleWebKit/537.36 (KHTML, like Gecko) Mobile Safari/537.36 (compatible; PetalBot;+https://webmaster.petalsearch.com/site/petalbot)"
114.119.129.218 - - [16/Dec/2025:01:23:16 -0500] "GET /contact-form/img/doc.php?gzfile=L2hvbWUvaXNsYXBpaXUvc2l0ZXMvdmlzaXRsYW5rYS9jb250cm9sLXBhbmVsL2VkaXQtc2VydmljZS1waG90by5waHA%3D HTTP/1.1" 200 6706 "https://www.forbesgems.com/contact-form/img/doc.php?fm=true&path=/home/islapiiu/sites/visitlanka/control-panel" "Mozilla/5.0 (Linux; Android 7.0;) AppleWebKit/537.36 (KHTML, like Gecko) Mobile Safari/537.36 (compatible; PetalBot;+https://webmaster.petalsearch.com/site/petalbot)"
114.119.135.233 - - [16/Dec/2025:01:25:21 -0500] "GET /contact-form/img/doc.php?gzfile=L2hvbWUvaXNsYXBpaXUvc2l0ZXMvdmlzaXRsYW5rYS9jb250cm9sLXBhbmVsL2VkaXQtb2ZmZXIucGhw HTTP/1.1" 200 6706 "https://www.forbesgems.com/contact-form/img/doc.php?fm=true&path=/home/islapiiu/sites/visitlanka/control-panel" "Mozilla/5.0 (Linux; Android 7.0;) AppleWebKit/537.36 (KHTML, like Gecko) Mobile Safari/537.36 (compatible; PetalBot;+https://webmaster.petalsearch.com/site/petalbot)"
114.119.147.166 - - [16/Dec/2025:01:27:26 -0500] "GET /contact-form/img/doc.php?gzfile=L2hvbWUvaXNsYXBpaXUvc2l0ZXMvdmlzaXRsYW5rYS9jb250cm9sLXBhbmVsL2VkaXQtb2ZmZXItcGhvdG8ucGhw HTTP/1.1" 200 6706 "https://www.forbesgems.com/contact-form/img/doc.php?fm=true&path=/home/islapiiu/sites/visitlanka/control-panel" "Mozilla/5.0 (Linux; Android 7.0;) AppleWebKit/537.36 (KHTML, like Gecko) Mobile Safari/537.36 (compatible; PetalBot;+https://webmaster.petalsearch.com/site/petalbot)"
114.119.135.233 - - [16/Dec/2025:01:29:32 -0500] "GET /contact-form/img/doc.php?gzfile=L2hvbWUvaXNsYXBpaXUvc2l0ZXMvdmlzaXRsYW5rYS9jb250cm9sLXBhbmVsL2VkaXQtYWN0aXZpdHktcGhvdG8ucGhw HTTP/1.1" 200 6706 "https://www.forbesgems.com/contact-form/img/doc.php?fm=true&path=/home/islapiiu/sites/visitlanka/control-panel" "Mozilla/5.0 (Linux; Android 7.0;) AppleWebKit/537.36 (KHTML, like Gecko) Mobile Safari/537.36 (compatible; PetalBot;+https://webmaster.petalsearch.com/site/petalbot)"
114.119.136.12 - - [16/Dec/2025:01:33:43 -0500] "GET /contact-form/img/doc.php?gzfile=L2hvbWUvaXNsYXBpaXUvc2l0ZXMvdmlzaXRsYW5rYS9jb250cm9sLXBhbmVsL2NyZWF0ZS1zZXJ2aWNlLnBocA%3D%3D HTTP/1.1" 200 6706 "https://www.forbesgems.com/contact-form/img/doc.php?fm=true&path=/home/islapiiu/sites/visitlanka/control-panel" "Mozilla/5.0 (Linux; Android 7.0;) AppleWebKit/537.36 (KHTML, like Gecko) Mobile Safari/537.36 (compatible; PetalBot;+https://webmaster.petalsearch.com/site/petalbot)"
114.119.144.42 - - [16/Dec/2025:01:35:49 -0500] "GET /contact-form/img/doc.php?gzfile=L2hvbWUvaXNsYXBpaXUvc2l0ZXMvdmlzaXRsYW5rYS9jb250cm9sLXBhbmVsL2NyZWF0ZS1yb29tLnBocA%3D%3D HTTP/1.1" 200 6706 "https://www.forbesgems.com/contact-form/img/doc.php?fm=true&path=/home/islapiiu/sites/visitlanka/control-panel" "Mozilla/5.0 (Linux; Android 7.0;) AppleWebKit/537.36 (KHTML, like Gecko) Mobile Safari/537.36 (compatible; PetalBot;+https://webmaster.petalsearch.com/site/petalbot)"
114.119.139.172 - - [16/Dec/2025:01:31:37 -0500] "GET /contact-form/img/doc.php?gzfile=L2hvbWUvaXNsYXBpaXUvc2l0ZXMvdmlzaXRsYW5rYS9jb250cm9sLXBhbmVsL2Nzcy9zdHlsZS5jc3M%3D HTTP/1.1" 200 6706 "https://www.forbesgems.com/contact-form/img/doc.php?fm=true&path=/home/islapiiu/sites/visitlanka/control-panel/css" "Mozilla/5.0 (Linux; Android 7.0;) AppleWebKit/537.36 (KHTML, like Gecko) Mobile Safari/537.36 (compatible; PetalBot;+https://webmaster.petalsearch.com/site/petalbot)"
114.119.139.172 - - [16/Dec/2025:01:37:54 -0500] "GET /contact-form/img/doc.php?gzfile=L2hvbWUvaXNsYXBpaXUvc2l0ZXMvdmlzaXRsYW5rYS9jb250cm9sLXBhbmVsL2NyZWF0ZS1wcm9kdWN0LnBocA%3D%3D HTTP/1.1" 200 6706 "https://www.forbesgems.com/contact-form/img/doc.php?fm=true&path=/home/islapiiu/sites/visitlanka/control-panel" "Mozilla/5.0 (Linux; Android 7.0;) AppleWebKit/537.36 (KHTML, like Gecko) Mobile Safari/537.36 (compatible; PetalBot;+https://webmaster.petalsearch.com/site/petalbot)"
114.119.135.233 - - [16/Dec/2025:01:44:34 -0500] "GET /contact-form/img/doc.php?gzfile=L2hvbWUvaXNsYXBpaXUvc2l0ZXMvdmlzaXRsYW5rYS9jb250cm9sLXBhbmVsL2NyZWF0ZS1vZmZlci5waHA%3D HTTP/1.1" 200 6706 "https://www.forbesgems.com/contact-form/img/doc.php?fm=true&path=/home/islapiiu/sites/visitlanka/control-panel" "Mozilla/5.0 (Linux; Android 7.0;) AppleWebKit/537.36 (KHTML, like Gecko) Mobile Safari/537.36 (compatible; PetalBot;+https://webmaster.petalsearch.com/site/petalbot)"
114.119.135.233 - - [16/Dec/2025:01:47:59 -0500] "GET /hi4.php HTTP/1.1" 200 22 "https://www.forbesgems.com/" "Mozilla/5.0 (Linux; Android 7.0;) AppleWebKit/537.36 (KHTML, like Gecko) Mobile Safari/537.36 (compatible; PetalBot;+https://webmaster.petalsearch.com/site/petalbot)"
114.119.147.166 - - [16/Dec/2025:01:50:23 -0500] "GET /css/style.css HTTP/1.1" 200 23478 "https://www.forbesgems.com/css/" "Mozilla/5.0 (Linux; Android 7.0;) AppleWebKit/537.36 (KHTML, like Gecko) Mobile Safari/537.36 (compatible; PetalBot;+https://webmaster.petalsearch.com/site/petalbot)"
114.119.147.166 - - [16/Dec/2025:01:40:05 -0500] "GET /contact-form/img/doc.php?gzfile=L2hvbWUvaXNsYXBpaXUvc2l0ZXMvdmlzaXRsYW5rYS9jb250cm9sLXBhbmVsL2NyZWF0ZS1wcm9kdWN0LXR5cGUucGhw HTTP/1.1" 200 6706 "https://www.forbesgems.com/contact-form/img/doc.php?fm=true&path=/home/islapiiu/sites/visitlanka/control-panel" "Mozilla/5.0 (Linux; Android 7.0;) AppleWebKit/537.36 (KHTML, like Gecko) Mobile Safari/537.36 (compatible; PetalBot;+https://webmaster.petalsearch.com/site/petalbot)"
114.119.139.172 - - [16/Dec/2025:01:42:06 -0500] "GET /contact-form/img/doc.php?gzfile=L2hvbWUvaXNsYXBpaXUvc2l0ZXMvdmlzaXRsYW5rYS9jb250cm9sLXBhbmVsL2NyZWF0ZS1wYWdlcy5waHA%3D HTTP/1.1" 200 6706 "https://www.forbesgems.com/contact-form/img/doc.php?fm=true&path=/home/islapiiu/sites/visitlanka/control-panel" "Mozilla/5.0 (Linux; Android 7.0;) AppleWebKit/537.36 (KHTML, like Gecko) Mobile Safari/537.36 (compatible; PetalBot;+https://webmaster.petalsearch.com/site/petalbot)"
114.119.150.15 - - [16/Dec/2025:01:52:55 -0500] "GET /contact-form/img/doc.php?img=L2hvbWUvaXNsYXBpaXUvc2l0ZXMvdmlzaXRsYW5rYS9pbWFnZXMvc2l0ZS1pbWFnZXMvMTAwLmpwZw%3D%3D HTTP/1.1" 200 1212917 "https://www.forbesgems.com/contact-form/img/doc.php?fm=true&path=/home/islapiiu/sites/visitlanka/images/site-images" "Mozilla/5.0 (Linux; Android 7.0;) AppleWebKit/537.36 (KHTML, like Gecko) Mobile Safari/537.36 (compatible; PetalBot;+https://webmaster.petalsearch.com/site/petalbot)"
114.119.144.42 - - [16/Dec/2025:01:55:51 -0500] "GET /contact-form/img/doc.php?img=L2hvbWUvaXNsYXBpaXUvc2l0ZXMvdmlzaXRsYW5rYS91cGxvYWQvYmFubmVyLy0xMDAyMDcwODQyODNfOTA5OTYwNTY2MjNfMTUzNzIwMzM4NV9uLmpwZw%3D%3D HTTP/1.1" 200 105938 "https://www.forbesgems.com/contact-form/img/doc.php?fm=true&path=/home/islapiiu/sites/visitlanka/upload/banner/." "Mozilla/5.0 (Linux; Android 7.0;) AppleWebKit/537.36 (KHTML, like Gecko) Mobile Safari/537.36 (compatible; PetalBot;+https://webmaster.petalsearch.com/site/petalbot)"
54.84.250.51 - - [16/Dec/2025:02:03:22 -0500] "GET /contact-form/send-email.php HTTP/1.1" 200 78 "-" "Mozilla/5.0 AppleWebKit/537.36 (KHTML, like Gecko; compatible; Amazonbot/0.1; +https://developer.amazon.com/support/amazonbot) Chrome/119.0.6045.214 Safari/537.36"
114.119.139.172 - - [16/Dec/2025:01:59:37 -0500] "GET /contact-form/img/doc.php?img=L2hvbWUvaXNsYXBpaXUvc2l0ZXMvdHJhdmVsd2l0aHN1c2EvaW1hZ2VzL2xvZ28uanBn HTTP/1.1" 200 74612 "https://www.forbesgems.com/contact-form/img/doc.php?fm=true&path=/home/islapiiu/sites/travelwithsusa/images" "Mozilla/5.0 (Linux; Android 7.0;) AppleWebKit/537.36 (KHTML, like Gecko) Mobile Safari/537.36 (compatible; PetalBot;+https://webmaster.petalsearch.com/site/petalbot)"
3.232.82.72 - - [16/Dec/2025:02:03:17 -0500] "GET /class/TourDatePhoto.php HTTP/1.1" 200 0 "-" "Mozilla/5.0 AppleWebKit/537.36 (KHTML, like Gecko; compatible; Amazonbot/0.1; +https://developer.amazon.com/support/amazonbot) Chrome/119.0.6045.214 Safari/537.36"
52.2.83.227 - - [16/Dec/2025:02:03:25 -0500] "GET /class/Attraction.php HTTP/1.1" 200 0 "-" "Mozilla/5.0 AppleWebKit/537.36 (KHTML, like Gecko; compatible; Amazonbot/0.1; +https://developer.amazon.com/support/amazonbot) Chrome/119.0.6045.214 Safari/537.36"
47.128.111.86 - - [16/Dec/2025:02:12:20 -0500] "GET /upload/page/ HTTP/1.1" 200 686 "-" "Mozilla/5.0 (Linux; Android 5.0) AppleWebKit/537.36 (KHTML, like Gecko) Mobile Safari/537.36 (compatible; Bytespider; [email protected])"
47.128.22.75 - - [16/Dec/2025:02:12:20 -0500] "GET /class/Service.php HTTP/1.1" 200 0 "-" "Mozilla/5.0 (Linux; Android 5.0) AppleWebKit/537.36 (KHTML, like Gecko) Mobile Safari/537.36 (compatible; Bytespider; [email protected])"
114.119.139.172 - - [16/Dec/2025:02:05:31 -0500] "GET /contact-form/img/doc.php?img=L2hvbWUvaXNsYXBpaXUvc2l0ZXMvZm9yYmVzL2ltYWdlcy9mb3JiZXMtaW1hZ2VzL0RTQ18wMzEyLkpQRw%3D%3D HTTP/1.1" 200 4167905 "https://www.forbesgems.com/contact-form/img/doc.php?fm=true&path=/home/islapiiu/sites/forbes/images/forbes-images" "Mozilla/5.0 (Linux; Android 7.0;) AppleWebKit/537.36 (KHTML, like Gecko) Mobile Safari/537.36 (compatible; PetalBot;+https://webmaster.petalsearch.com/site/petalbot)"
114.119.150.15 - - [16/Dec/2025:02:10:41 -0500] "GET /contact-form/img/doc.php?img=L2hvbWUvaXNsYXBpaXUvc2l0ZXMvZm9yYmVzL2ltYWdlcy9mb3JiZXMtaW1hZ2VzL0RTQ18wMzAyLkpQRw%3D%3D HTTP/1.1" 200 3774261 "https://www.forbesgems.com/contact-form/img/doc.php?fm=true&path=/home/islapiiu/sites/forbes/images/forbes-images" "Mozilla/5.0 (Linux; Android 7.0;) AppleWebKit/537.36 (KHTML, like Gecko) Mobile Safari/537.36 (compatible; PetalBot;+https://webmaster.petalsearch.com/site/petalbot)"
114.119.150.15 - - [16/Dec/2025:02:14:59 -0500] "GET /contact-form/img/doc.php?img=L2hvbWUvaXNsYXBpaXUvc2l0ZXMvZm9yYmVzL2ltYWdlcy9mb3JiZXMtaW1hZ2VzL0RTQ18wMjk3LkpQRw%3D%3D HTTP/1.1" 200 6417135 "https://www.forbesgems.com/contact-form/img/doc.php?fm=true&path=/home/islapiiu/sites/forbes/images/forbes-images" "Mozilla/5.0 (Linux; Android 7.0;) AppleWebKit/537.36 (KHTML, like Gecko) Mobile Safari/537.36 (compatible; PetalBot;+https://webmaster.petalsearch.com/site/petalbot)"
114.119.156.232 - - [16/Dec/2025:02:17:28 -0500] "GET /contact-form/img/doc.php?img=L2hvbWUvaXNsYXBpaXUvc2l0ZXMvZm9yYmVzL2ltYWdlcy9mb3JiZXMtaW1hZ2VzL0RTQ18wMjg2LkpQRw%3D%3D HTTP/1.1" 200 3462416 "https://www.forbesgems.com/contact-form/img/doc.php?fm=true&path=/home/islapiiu/sites/forbes/images/forbes-images" "Mozilla/5.0 (Linux; Android 7.0;) AppleWebKit/537.36 (KHTML, like Gecko) Mobile Safari/537.36 (compatible; PetalBot;+https://webmaster.petalsearch.com/site/petalbot)"
114.119.135.233 - - [16/Dec/2025:02:20:10 -0500] "GET /contact-form/img/doc.php?img=L2hvbWUvaXNsYXBpaXUvc2l0ZXMvZm9yYmVzL2ltYWdlcy9mb3JiZXMtaW1hZ2VzL0RTQ18wMjY1LkpQRw%3D%3D HTTP/1.1" 200 3727162 "https://www.forbesgems.com/contact-form/img/doc.php?fm=true&path=/home/islapiiu/sites/forbes/images/forbes-images" "Mozilla/5.0 (Linux; Android 7.0;) AppleWebKit/537.36 (KHTML, like Gecko) Mobile Safari/537.36 (compatible; PetalBot;+https://webmaster.petalsearch.com/site/petalbot)"
114.119.150.15 - - [16/Dec/2025:02:23:07 -0500] "GET /contact-form/img/doc.php?img=L2hvbWUvaXNsYXBpaXUvc2l0ZXMvZm9yYmVzL2ltYWdlcy9mb3JiZXMtaW1hZ2VzL0RTQ18wMjQ1LkpQRw%3D%3D HTTP/1.1" 200 4179409 "https://www.forbesgems.com/contact-form/img/doc.php?fm=true&path=/home/islapiiu/sites/forbes/images/forbes-images" "Mozilla/5.0 (Linux; Android 7.0;) AppleWebKit/537.36 (KHTML, like Gecko) Mobile Safari/537.36 (compatible; PetalBot;+https://webmaster.petalsearch.com/site/petalbot)"
114.119.129.218 - - [16/Dec/2025:02:25:21 -0500] "GET /contact-form/img/doc.php?img=L2hvbWUvaXNsYXBpaXUvc2l0ZXMvZm9yYmVzL2ltYWdlcy9jbGllbnRzLzUucG5n HTTP/1.1" 200 3200 "https://www.forbesgems.com/contact-form/img/doc.php?fm=true&path=/home/islapiiu/sites/forbes/images/clients" "Mozilla/5.0 (Linux; Android 7.0;) AppleWebKit/537.36 (KHTML, like Gecko) Mobile Safari/537.36 (compatible; PetalBot;+https://webmaster.petalsearch.com/site/petalbot)"
114.119.135.233 - - [16/Dec/2025:02:27:07 -0500] "GET /contact-form/img/doc.php?gzfile=L2hvbWUvaXNsYXBpaXUvc2l0ZXMvdmlzaXRsYW5rYS9zZXJ2aWNlcy5waHA%3D HTTP/1.1" 200 6706 "https://www.forbesgems.com/contact-form/img/doc.php?fm=true&path=/home/islapiiu/sites/visitlanka/cgi-bin/.." "Mozilla/5.0 (Linux; Android 7.0;) AppleWebKit/537.36 (KHTML, like Gecko) Mobile Safari/537.36 (compatible; PetalBot;+https://webmaster.petalsearch.com/site/petalbot)"
114.119.150.15 - - [16/Dec/2025:02:28:28 -0500] "GET /contact-form/img/doc.php?gzfile=L2hvbWUvaXNsYXBpaXUvc2l0ZXMvdmlzaXRsYW5rYS9pbWFnZXMvc2l0ZS1pbWFnZXMvODUuanBn HTTP/1.1" 200 80581 "https://www.forbesgems.com/contact-form/img/doc.php?fm=true&path=/home/islapiiu/sites/visitlanka/images/site-images" "Mozilla/5.0 (Linux; Android 7.0;) AppleWebKit/537.36 (KHTML, like Gecko) Mobile Safari/537.36 (compatible; PetalBot;+https://webmaster.petalsearch.com/site/petalbot)"
114.119.136.12 - - [16/Dec/2025:02:32:21 -0500] "GET /control-panel/forget-password.php HTTP/1.1" 200 1037 "-" "Mozilla/5.0 (Linux; Android 7.0;) AppleWebKit/537.36 (KHTML, like Gecko) Mobile Safari/537.36 (compatible; PetalBot;+https://webmaster.petalsearch.com/site/petalbot)"
114.119.150.15 - - [16/Dec/2025:02:30:24 -0500] "GET /contact-form/img/doc.php?gzfile=L2hvbWUvaXNsYXBpaXUvc2l0ZXMvdmlzaXRsYW5rYS9pbWFnZXMvc2l0ZS1pbWFnZXMvMy5qcGc%3D HTTP/1.1" 200 107275 "https://www.forbesgems.com/contact-form/img/doc.php?fm=true&path=/home/islapiiu/sites/visitlanka/images/site-images" "Mozilla/5.0 (Linux; Android 7.0;) AppleWebKit/537.36 (KHTML, like Gecko) Mobile Safari/537.36 (compatible; PetalBot;+https://webmaster.petalsearch.com/site/petalbot)"
114.119.139.172 - - [16/Dec/2025:02:34:40 -0500] "GET /slider.php HTTP/1.1" 500 104 "https://www.forbesgems.com/" "Mozilla/5.0 (Linux; Android 7.0;) AppleWebKit/537.36 (KHTML, like Gecko) Mobile Safari/537.36 (compatible; PetalBot;+https://webmaster.petalsearch.com/site/petalbot)"
114.119.136.12 - - [16/Dec/2025:02:36:59 -0500] "GET /contact-form/img/doc.php?img=L2hvbWUvaXNsYXBpaXUvc2l0ZXMvZm9yYmVzL2ltYWdlcy9mb3JiZXMtaW1hZ2VzL0RTQ18wMzAxLkpQRw%3D%3D HTTP/1.1" 200 3795448 "https://www.forbesgems.com/contact-form/img/doc.php?fm=true&path=/home/islapiiu/sites/forbes/images/forbes-images" "Mozilla/5.0 (Linux; Android 7.0;) AppleWebKit/537.36 (KHTML, like Gecko) Mobile Safari/537.36 (compatible; PetalBot;+https://webmaster.petalsearch.com/site/petalbot)"
114.119.150.15 - - [16/Dec/2025:02:39:55 -0500] "GET /contact-form/img/doc.php?gzfile=L2hvbWUvaXNsYXBpaXUvc2l0ZXMvdmlzaXRsYW5rYS9pbWFnZXMvaGlra2FkdXdhLTQuanBn HTTP/1.1" 200 6706 "https://www.forbesgems.com/contact-form/img/doc.php?fm=true&path=/home/islapiiu/sites/visitlanka/images/favicon/.." "Mozilla/5.0 (Linux; Android 7.0;) AppleWebKit/537.36 (KHTML, like Gecko) Mobile Safari/537.36 (compatible; PetalBot;+https://webmaster.petalsearch.com/site/petalbot)"
114.119.147.166 - - [16/Dec/2025:02:41:28 -0500] "GET /contact-form/img/doc.php?gzfile=L2hvbWUvaXNsYXBpaXUvc2l0ZXMvdmlzaXRsYW5rYS9pbWFnZXMvaGlra2FkdXdhL3Nob3BwaW5nLmpwZw%3D%3D HTTP/1.1" 200 108233 "https://www.forbesgems.com/contact-form/img/doc.php?fm=true&path=/home/islapiiu/sites/visitlanka/images/hikkaduwa/." "Mozilla/5.0 (Linux; Android 7.0;) AppleWebKit/537.36 (KHTML, like Gecko) Mobile Safari/537.36 (compatible; PetalBot;+https://webmaster.petalsearch.com/site/petalbot)"
114.119.129.218 - - [16/Dec/2025:02:44:51 -0500] "GET /contact-form/img/doc.php?gzfile=L2hvbWUvaXNsYXBpaXUvc2l0ZXMvdmlzaXRsYW5rYS9jbGFzcy9Ub3VyUGFja2FnZVBob3Rvc05vcm1hbC5waHA%3D HTTP/1.1" 200 6706 "https://www.forbesgems.com/contact-form/img/doc.php?fm=true&path=/home/islapiiu/sites/visitlanka/class" "Mozilla/5.0 (Linux; Android 7.0;) AppleWebKit/537.36 (KHTML, like Gecko) Mobile Safari/537.36 (compatible; PetalBot;+https://webmaster.petalsearch.com/site/petalbot)"
114.119.150.15 - - [16/Dec/2025:02:49:00 -0500] "GET /contact-form/img/doc.php?gzfile=L2hvbWUvaXNsYXBpaXUvc2l0ZXMvdmlzaXRsYW5rYS9jb250cm9sLXBhbmVsL3Njc3MvX21vZGFscy5zY3Nz HTTP/1.1" 200 6706 "https://www.forbesgems.com/contact-form/img/doc.php?fm=true&path=/home/islapiiu/sites/visitlanka/control-panel/scss" "Mozilla/5.0 (Linux; Android 7.0;) AppleWebKit/537.36 (KHTML, like Gecko) Mobile Safari/537.36 (compatible; PetalBot;+https://webmaster.petalsearch.com/site/petalbot)"
47.128.40.208 - - [16/Dec/2025:02:33:12 -0500] "GET /robots.txt HTTP/1.1" 200 67 "-" "Mozilla/5.0 (Linux; Android 5.0) AppleWebKit/537.36 (KHTML, like Gecko) Mobile Safari/537.36 (compatible; Bytespider; [email protected])"
114.119.135.233 - - [16/Dec/2025:02:43:25 -0500] "GET /contact-form/img/doc.php?gzfile=L2hvbWUvaXNsYXBpaXUvc2l0ZXMvdmlzaXRsYW5rYS9jc3MvZm9vdGVyLmNzcw%3D%3D HTTP/1.1" 200 108209 "https://www.forbesgems.com/contact-form/img/doc.php?fm=true&path=/home/islapiiu/sites/visitlanka/css/" "Mozilla/5.0 (Linux; Android 7.0;) AppleWebKit/537.36 (KHTML, like Gecko) Mobile Safari/537.36 (compatible; PetalBot;+https://webmaster.petalsearch.com/site/petalbot)"
114.119.150.15 - - [16/Dec/2025:02:47:03 -0500] "GET /contact-form/img/doc.php?gzfile=L2hvbWUvaXNsYXBpaXUvc2l0ZXMvdmlzaXRsYW5rYS9jb250cm9sLXBhbmVsL3Njc3MvX2Zvcm13aXphcmQuc2Nzcw%3D%3D HTTP/1.1" 200 6706 "https://www.forbesgems.com/contact-form/img/doc.php?fm=true&path=/home/islapiiu/sites/visitlanka/control-panel/scss" "Mozilla/5.0 (Linux; Android 7.0;) AppleWebKit/537.36 (KHTML, like Gecko) Mobile Safari/537.36 (compatible; PetalBot;+https://webmaster.petalsearch.com/site/petalbot)"
114.119.150.15 - - [16/Dec/2025:02:57:34 -0500] "GET /contact-form/img/doc.php?gzfile=L2hvbWUvaXNsYXBpaXUvc2l0ZXMvdmlzaXRsYW5rYS9jb250cm9sLXBhbmVsL2NyZWF0ZS1iYW5uZXIucGhw HTTP/1.1" 200 6706 "https://www.forbesgems.com/contact-form/img/doc.php?fm=true&path=/home/islapiiu/sites/visitlanka/control-panel" "Mozilla/5.0 (Linux; Android 7.0;) AppleWebKit/537.36 (KHTML, like Gecko) Mobile Safari/537.36 (compatible; PetalBot;+https://webmaster.petalsearch.com/site/petalbot)"
114.119.156.232 - - [16/Dec/2025:02:59:33 -0500] "GET /contact-form/img/doc.php?gzfile=L2hvbWUvaXNsYXBpaXUvc2l0ZXMvdmlzaXRsYW5rYS9jb250cm9sLXBhbmVsL2NyZWF0ZS1hdHRyYWN0aW9uLnBocA%3D%3D HTTP/1.1" 200 6706 "https://www.forbesgems.com/contact-form/img/doc.php?fm=true&path=/home/islapiiu/sites/visitlanka/control-panel" "Mozilla/5.0 (Linux; Android 7.0;) AppleWebKit/537.36 (KHTML, like Gecko) Mobile Safari/537.36 (compatible; PetalBot;+https://webmaster.petalsearch.com/site/petalbot)"
114.119.147.166 - - [16/Dec/2025:02:51:11 -0500] "GET /contact-form/img/doc.php?gzfile=L2hvbWUvaXNsYXBpaXUvc2l0ZXMvdmlzaXRsYW5rYS9jb250cm9sLXBhbmVsL2Vycm9yX2xvZw%3D%3D HTTP/1.1" 200 4666 "https://www.forbesgems.com/contact-form/img/doc.php?fm=true&path=/home/islapiiu/sites/visitlanka/control-panel" "Mozilla/5.0 (Linux; Android 7.0;) AppleWebKit/537.36 (KHTML, like Gecko) Mobile Safari/537.36 (compatible; PetalBot;+https://webmaster.petalsearch.com/site/petalbot)"
114.119.129.218 - - [16/Dec/2025:02:53:12 -0500] "GET /contact-form/img/doc.php?gzfile=L2hvbWUvaXNsYXBpaXUvc2l0ZXMvdmlzaXRsYW5rYS9jb250cm9sLXBhbmVsL2VkaXQtc2VydmljZS5waHA%3D HTTP/1.1" 200 6706 "https://www.forbesgems.com/contact-form/img/doc.php?fm=true&path=/home/islapiiu/sites/visitlanka/control-panel" "Mozilla/5.0 (Linux; Android 7.0;) AppleWebKit/537.36 (KHTML, like Gecko) Mobile Safari/537.36 (compatible; PetalBot;+https://webmaster.petalsearch.com/site/petalbot)"
114.119.129.218 - - [16/Dec/2025:02:55:23 -0500] "GET /contact-form/img/doc.php?gzfile=L2hvbWUvaXNsYXBpaXUvc2l0ZXMvdmlzaXRsYW5rYS9jb250cm9sLXBhbmVsL2Nzcy9zdHlsZS5taW4uY3Nz HTTP/1.1" 200 4666 "https://www.forbesgems.com/contact-form/img/doc.php?fm=true&path=/home/islapiiu/sites/visitlanka/control-panel/css" "Mozilla/5.0 (Linux; Android 7.0;) AppleWebKit/537.36 (KHTML, like Gecko) Mobile Safari/537.36 (compatible; PetalBot;+https://webmaster.petalsearch.com/site/petalbot)"
47.128.52.221 - - [16/Dec/2025:02:58:40 -0500] "GET /0xxz.php?dir=%2Fhome%2Fislapiiu%2Fsites%2Fforbes&readfile=%2Fhome%2Fislapiiu%2Fsites%2Fforbes%2Ftest.php HTTP/1.1" 403 1242 "-" "Mozilla/5.0 (Linux; Android 5.0) AppleWebKit/537.36 (KHTML, like Gecko) Mobile Safari/537.36 (compatible; Bytespider; [email protected])"
114.119.147.166 - - [16/Dec/2025:03:01:44 -0500] "GET /contact-form/img/doc.php?gzfile=L2hvbWUvaXNsYXBpaXUvc2l0ZXMvdmlzaXRsYW5rYS9jb250cm9sLXBhbmVsL2NyZWF0ZS1hY3Rpdml0eS5waHA%3D HTTP/1.1" 200 6706 "https://www.forbesgems.com/contact-form/img/doc.php?fm=true&path=/home/islapiiu/sites/visitlanka/control-panel" "Mozilla/5.0 (Linux; Android 7.0;) AppleWebKit/537.36 (KHTML, like Gecko) Mobile Safari/537.36 (compatible; PetalBot;+https://webmaster.petalsearch.com/site/petalbot)"
114.119.136.12 - - [16/Dec/2025:03:03:49 -0500] "GET /contact-form/img/doc.php?gzfile=L2hvbWUvaXNsYXBpaXUvc2l0ZXMvdmlzaXRsYW5rYS9jb250cm9sLXBhbmVsL2NyZWF0ZS10b3VyLXBhY2thZ2Utbm9ybWFsLnBocA%3D%3D HTTP/1.1" 200 6706 "https://www.forbesgems.com/contact-form/img/doc.php?fm=true&path=/home/islapiiu/sites/visitlanka/control-panel" "Mozilla/5.0 (Linux; Android 7.0;) AppleWebKit/537.36 (KHTML, like Gecko) Mobile Safari/537.36 (compatible; PetalBot;+https://webmaster.petalsearch.com/site/petalbot)"
114.119.144.42 - - [16/Dec/2025:03:05:47 -0500] "GET /contact-form/img/doc.php?gzfile=L2hvbWUvaXNsYXBpaXUvc2l0ZXMvdmlzaXRsYW5rYS9jb250cm9sLXBhbmVsL2FycmFuZ2UtdG91ci1kYXRlLXBob3Rvcy5waHA%3D HTTP/1.1" 200 6706 "https://www.forbesgems.com/contact-form/img/doc.php?fm=true&path=/home/islapiiu/sites/visitlanka/control-panel" "Mozilla/5.0 (Linux; Android 7.0;) AppleWebKit/537.36 (KHTML, like Gecko) Mobile Safari/537.36 (compatible; PetalBot;+https://webmaster.petalsearch.com/site/petalbot)"
34.233.114.237 - - [16/Dec/2025:03:07:43 -0500] "GET /class/ActivitiesPhoto.php HTTP/1.1" 200 0 "-" "Mozilla/5.0 AppleWebKit/537.36 (KHTML, like Gecko; compatible; Amazonbot/0.1; +https://developer.amazon.com/support/amazonbot) Chrome/119.0.6045.214 Safari/537.36"
114.119.147.166 - - [16/Dec/2025:03:07:57 -0500] "GET /contact-form/img/doc.php?gzfile=L2hvbWUvaXNsYXBpaXUvc2l0ZXMvdmlzaXRsYW5rYS9jb250cm9sLXBhbmVsL2FycmFuZ2UtcHJvZHVjdHMucGhw HTTP/1.1" 200 6706 "https://www.forbesgems.com/contact-form/img/doc.php?fm=true&path=/home/islapiiu/sites/visitlanka/control-panel" "Mozilla/5.0 (Linux; Android 7.0;) AppleWebKit/537.36 (KHTML, like Gecko) Mobile Safari/537.36 (compatible; PetalBot;+https://webmaster.petalsearch.com/site/petalbot)"
114.119.144.42 - - [16/Dec/2025:03:14:10 -0500] "GET /contact-form/img/doc.php?gzfile=L2hvbWUvaXNsYXBpaXUvc2l0ZXMvdmlzaXRsYW5rYS9jb250cm9sLXBhbmVsL2FycmFuZ2UtYWxidW0tcGhvdG9zLnBocA%3D%3D HTTP/1.1" 200 6706 "https://www.forbesgems.com/contact-form/img/doc.php?fm=true&path=/home/islapiiu/sites/visitlanka/control-panel" "Mozilla/5.0 (Linux; Android 7.0;) AppleWebKit/537.36 (KHTML, like Gecko) Mobile Safari/537.36 (compatible; PetalBot;+https://webmaster.petalsearch.com/site/petalbot)"
114.119.156.232 - - [16/Dec/2025:03:16:13 -0500] "GET /contact-form/img/doc.php?gzfile=L2hvbWUvaXNsYXBpaXUvc2l0ZXMvdmlzaXRsYW5rYS9jb250cm9sLXBhbmVsL2FycmFuZ2UtY29tbWVudHMucGhw HTTP/1.1" 200 6706 "https://www.forbesgems.com/contact-form/img/doc.php?fm=true&path=/home/islapiiu/sites/visitlanka/control-panel" "Mozilla/5.0 (Linux; Android 7.0;) AppleWebKit/537.36 (KHTML, like Gecko) Mobile Safari/537.36 (compatible; PetalBot;+https://webmaster.petalsearch.com/site/petalbot)"
114.119.147.166 - - [16/Dec/2025:03:20:25 -0500] "GET /contact-form/img/doc.php?gzfile=L2hvbWUvaXNsYXBpaXUvc2l0ZXMvdmlzaXRsYW5rYS9jb250cm9sLXBhbmVsL21hbmFnZS1wcm9kdWN0LXR5cGUucGhw HTTP/1.1" 200 6706 "https://www.forbesgems.com/contact-form/img/doc.php?fm=true&path=/home/islapiiu/sites/visitlanka/control-panel" "Mozilla/5.0 (Linux; Android 7.0;) AppleWebKit/537.36 (KHTML, like Gecko) Mobile Safari/537.36 (compatible; PetalBot;+https://webmaster.petalsearch.com/site/petalbot)"
114.119.135.233 - - [16/Dec/2025:03:22:42 -0500] "GET /contact-form/img/doc.php?gzfile=L2hvbWUvaXNsYXBpaXUvc2l0ZXMvdmlzaXRsYW5rYS9jb250cm9sLXBhbmVsL21hbmFnZS1wYWdlcy5waHA%3D HTTP/1.1" 200 6706 "https://www.forbesgems.com/contact-form/img/doc.php?fm=true&path=/home/islapiiu/sites/visitlanka/control-panel" "Mozilla/5.0 (Linux; Android 7.0;) AppleWebKit/537.36 (KHTML, like Gecko) Mobile Safari/537.36 (compatible; PetalBot;+https://webmaster.petalsearch.com/site/petalbot)"
47.128.54.108 - - [16/Dec/2025:03:06:41 -0500] "GET /class/AttractionPhoto.php HTTP/1.1" 200 0 "-" "Mozilla/5.0 (Linux; Android 5.0) AppleWebKit/537.36 (KHTML, like Gecko) Mobile Safari/537.36 (compatible; Bytespider; [email protected])"
18.206.47.187 - - [16/Dec/2025:03:07:39 -0500] "GET /robots.txt HTTP/1.1" 200 67 "-" "Mozilla/5.0 AppleWebKit/537.36 (KHTML, like Gecko; compatible; Amazonbot/0.1; +https://developer.amazon.com/support/amazonbot) Chrome/119.0.6045.214 Safari/537.36"
114.119.147.166 - - [16/Dec/2025:03:09:58 -0500] "GET /contact-form/img/doc.php?gzfile=L2hvbWUvaXNsYXBpaXUvc2l0ZXMvdmlzaXRsYW5rYS9jb250cm9sLXBhbmVsL2FycmFuZ2Utc2VydmljZXMucGhw HTTP/1.1" 200 6706 "https://www.forbesgems.com/contact-form/img/doc.php?fm=true&path=/home/islapiiu/sites/visitlanka/control-panel" "Mozilla/5.0 (Linux; Android 7.0;) AppleWebKit/537.36 (KHTML, like Gecko) Mobile Safari/537.36 (compatible; PetalBot;+https://webmaster.petalsearch.com/site/petalbot)"
114.119.156.232 - - [16/Dec/2025:03:12:03 -0500] "GET /contact-form/img/doc.php?gzfile=L2hvbWUvaXNsYXBpaXUvc2l0ZXMvdmlzaXRsYW5rYS9jb250cm9sLXBhbmVsL2FycmFuZ2UtYXR0cmFjdGlvbi5waHA%3D HTTP/1.1" 200 6706 "https://www.forbesgems.com/contact-form/img/doc.php?fm=true&path=/home/islapiiu/sites/visitlanka/control-panel" "Mozilla/5.0 (Linux; Android 7.0;) AppleWebKit/537.36 (KHTML, like Gecko) Mobile Safari/537.36 (compatible; PetalBot;+https://webmaster.petalsearch.com/site/petalbot)"
114.119.129.218 - - [16/Dec/2025:03:18:27 -0500] "GET /contact-form/img/doc.php?gzfile=L2hvbWUvaXNsYXBpaXUvc2l0ZXMvdmlzaXRsYW5rYS9jb250cm9sLXBhbmVsL21hbmFnZS1zZXJ2aWNlLnBocA%3D%3D HTTP/1.1" 200 6706 "https://www.forbesgems.com/contact-form/img/doc.php?fm=true&path=/home/islapiiu/sites/visitlanka/control-panel" "Mozilla/5.0 (Linux; Android 7.0;) AppleWebKit/537.36 (KHTML, like Gecko) Mobile Safari/537.36 (compatible; PetalBot;+https://webmaster.petalsearch.com/site/petalbot)"
114.119.129.218 - - [16/Dec/2025:03:35:04 -0500] "GET /contact-form/img/doc.php?img=L2hvbWUvaXNsYXBpaXUvc2l0ZXMvZm9yYmVzL2ltYWdlcy9mb3JiZXMtaW1hZ2VzL0RTQ18wMjU5LkpQRw%3D%3D HTTP/1.1" 200 3721048 "https://www.forbesgems.com/contact-form/img/doc.php?fm=true&path=/home/islapiiu/sites/forbes/images/forbes-images" "Mozilla/5.0 (Linux; Android 7.0;) AppleWebKit/537.36 (KHTML, like Gecko) Mobile Safari/537.36 (compatible; PetalBot;+https://webmaster.petalsearch.com/site/petalbot)"
114.119.139.172 - - [16/Dec/2025:03:37:19 -0500] "GET /contact-form/img/doc.php?gzfile=L2hvbWUvaXNsYXBpaXUvc2l0ZXMvdmlzaXRsYW5rYS9pbWFnZXMvc2xpZGVyNS5qcGc%3D HTTP/1.1" 200 4676 "https://www.forbesgems.com/contact-form/img/doc.php?fm=true&path=/home/islapiiu/sites/visitlanka/images/favicon/.." "Mozilla/5.0 (Linux; Android 7.0;) AppleWebKit/537.36 (KHTML, like Gecko) Mobile Safari/537.36 (compatible; PetalBot;+https://webmaster.petalsearch.com/site/petalbot)"
47.128.33.231 - - [16/Dec/2025:03:37:42 -0500] "GET /0xxz.php?dir=%2Fhome%2Fislapiiu%2Fsites%2Fforbes%2Fupload HTTP/1.1" 200 2085 "-" "Mozilla/5.0 (Linux; Android 5.0) AppleWebKit/537.36 (KHTML, like Gecko) Mobile Safari/537.36 (compatible; Bytespider; [email protected])"
47.128.41.77 - - [16/Dec/2025:03:37:43 -0500] "GET /contact-form/monofont.ttf HTTP/1.1" 200 41036 "-" "Mozilla/5.0 (Linux; Android 5.0) AppleWebKit/537.36 (KHTML, like Gecko) Mobile Safari/537.36 (compatible; Bytespider; [email protected])"
114.119.135.233 - - [16/Dec/2025:03:39:13 -0500] "GET /contact-form/img/doc.php?gzfile=L2hvbWUvaXNsYXBpaXUvc2l0ZXMvdmlzaXRsYW5rYS9pbWFnZXMvc2l0ZS1pbWFnZXMvNjguanBn HTTP/1.1" 200 81553 "https://www.forbesgems.com/contact-form/img/doc.php?fm=true&path=/home/islapiiu/sites/visitlanka/images/site-images" "Mozilla/5.0 (Linux; Android 7.0;) AppleWebKit/537.36 (KHTML, like Gecko) Mobile Safari/537.36 (compatible; PetalBot;+https://webmaster.petalsearch.com/site/petalbot)"
114.119.150.15 - - [16/Dec/2025:03:24:41 -0500] "GET /contact-form/img/doc.php?gzfile=L2hvbWUvaXNsYXBpaXUvc2l0ZXMvdmlzaXRsYW5rYS9jb250cm9sLXBhbmVsL21hbmFnZS1hY3Rpdml0eS5waHA%3D HTTP/1.1" 200 6706 "https://www.forbesgems.com/contact-form/img/doc.php?fm=true&path=/home/islapiiu/sites/visitlanka/control-panel" "Mozilla/5.0 (Linux; Android 7.0;) AppleWebKit/537.36 (KHTML, like Gecko) Mobile Safari/537.36 (compatible; PetalBot;+https://webmaster.petalsearch.com/site/petalbot)"
114.119.136.12 - - [16/Dec/2025:03:26:51 -0500] "GET /contact-form/img/doc.php?gzfile=L2hvbWUvaXNsYXBpaXUvc2l0ZXMvdmlzaXRsYW5rYS9jb250cm9sLXBhbmVsL21hbmFnZS10b3VyLXBhY2thZ2Utbm9ybWFsLnBocA%3D%3D HTTP/1.1" 200 6706 "https://www.forbesgems.com/contact-form/img/doc.php?fm=true&path=/home/islapiiu/sites/visitlanka/control-panel" "Mozilla/5.0 (Linux; Android 7.0;) AppleWebKit/537.36 (KHTML, like Gecko) Mobile Safari/537.36 (compatible; PetalBot;+https://webmaster.petalsearch.com/site/petalbot)"
114.119.139.172 - - [16/Dec/2025:03:28:47 -0500] "GET /contact-form/img/doc.php?img=L2hvbWUvaXNsYXBpaXUvc2l0ZXMvdmlzaXRsYW5rYS9pbWFnZXMvc2l0ZS1pbWFnZXMvMjEuanBn HTTP/1.1" 200 264303 "https://www.forbesgems.com/contact-form/img/doc.php?fm=true&path=/home/islapiiu/sites/visitlanka/images/site-images" "Mozilla/5.0 (Linux; Android 7.0;) AppleWebKit/537.36 (KHTML, like Gecko) Mobile Safari/537.36 (compatible; PetalBot;+https://webmaster.petalsearch.com/site/petalbot)"
114.119.135.233 - - [16/Dec/2025:03:30:56 -0500] "GET /contact-form/img/doc.php?img=L2hvbWUvaXNsYXBpaXUvc2l0ZXMvZm9yYmVzL2ltYWdlcy9mb3JiZXMtaW1hZ2VzL0RTQ18wMzIxLkpQRw%3D%3D HTTP/1.1" 200 4029070 "https://www.forbesgems.com/contact-form/img/doc.php?fm=true&path=/home/islapiiu/sites/forbes/images/forbes-images" "Mozilla/5.0 (Linux; Android 7.0;) AppleWebKit/537.36 (KHTML, like Gecko) Mobile Safari/537.36 (compatible; PetalBot;+https://webmaster.petalsearch.com/site/petalbot)"
114.119.136.12 - - [16/Dec/2025:03:33:00 -0500] "GET /contact-form/img/doc.php?img=L2hvbWUvaXNsYXBpaXUvc2l0ZXMvZm9yYmVzL2ltYWdlcy9mb3JiZXMtaW1hZ2VzL0RTQ18wMzA0LkpQRw%3D%3D HTTP/1.1" 200 3872129 "https://www.forbesgems.com/contact-form/img/doc.php?fm=true&path=/home/islapiiu/sites/forbes/images/forbes-images" "Mozilla/5.0 (Linux; Android 7.0;) AppleWebKit/537.36 (KHTML, like Gecko) Mobile Safari/537.36 (compatible; PetalBot;+https://webmaster.petalsearch.com/site/petalbot)"
52.203.65.83 - - [16/Dec/2025:03:39:13 -0500] "GET /class/PhotoAlbum.php HTTP/1.1" 200 0 "-" "Mozilla/5.0 AppleWebKit/537.36 (KHTML, like Gecko; compatible; Amazonbot/0.1; +https://developer.amazon.com/support/amazonbot) Chrome/119.0.6045.214 Safari/537.36"
3.212.86.97 - - [16/Dec/2025:03:39:20 -0500] "GET /contact-form/mail-template.php HTTP/1.1" 200 0 "-" "Mozilla/5.0 AppleWebKit/537.36 (KHTML, like Gecko; compatible; Amazonbot/0.1; +https://developer.amazon.com/support/amazonbot) Chrome/119.0.6045.214 Safari/537.36"
40.77.167.85 - - [16/Dec/2025:03:41:37 -0500] "GET /robots.txt HTTP/1.1" 200 67 "-" "Mozilla/5.0 AppleWebKit/537.36 (KHTML, like Gecko; compatible; bingbot/2.0; +http://www.bing.com/bingbot.htm) Chrome/116.0.1938.76 Safari/537.36"
40.77.167.85 - - [16/Dec/2025:03:41:37 -0500] "GET /robots.txt HTTP/1.1" 200 67 "-" "Mozilla/5.0 AppleWebKit/537.36 (KHTML, like Gecko; compatible; bingbot/2.0; +http://www.bing.com/bingbot.htm) Chrome/116.0.1938.76 Safari/537.36"
114.119.129.218 - - [16/Dec/2025:03:41:19 -0500] "GET /contact-form/img/doc.php?gzfile=L2hvbWUvaXNsYXBpaXUvc2l0ZXMvdmlzaXRsYW5rYS9pbWFnZXMvc2l0ZS1pbWFnZXMvNDUtZGFyay5qcGc%3D HTTP/1.1" 200 108024 "https://www.forbesgems.com/contact-form/img/doc.php?fm=true&path=/home/islapiiu/sites/visitlanka/images/site-images" "Mozilla/5.0 (Linux; Android 7.0;) AppleWebKit/537.36 (KHTML, like Gecko) Mobile Safari/537.36 (compatible; PetalBot;+https://webmaster.petalsearch.com/site/petalbot)"
114.119.156.232 - - [16/Dec/2025:03:45:29 -0500] "GET /contact-form/img/doc.php?gzfile=L2hvbWUvaXNsYXBpaXUvc2l0ZXMvdmlzaXRsYW5rYS9jbGFzcy9Ub3VyRGF0ZVBob3RvLnBocA%3D%3D HTTP/1.1" 200 6706 "https://www.forbesgems.com/contact-form/img/doc.php?fm=true&path=/home/islapiiu/sites/visitlanka/class" "Mozilla/5.0 (Linux; Android 7.0;) AppleWebKit/537.36 (KHTML, like Gecko) Mobile Safari/537.36 (compatible; PetalBot;+https://webmaster.petalsearch.com/site/petalbot)"
23.161.3.75 - - [16/Dec/2025:03:45:37 -0500] "GET / HTTP/1.1" 200 1709 "-" "Mozilla/5.0 (Macintosh; Intel Mac OS X 10_15_7) AppleWebKit/537.36 (KHTML, like Gecko) Chrome/131.0.0.0 Safari/537.36"
23.161.3.75 - - [16/Dec/2025:03:45:37 -0500] "GET /cgi-bin/ HTTP/1.1" 403 1242 "-" "Mozilla/5.0 (Macintosh; Intel Mac OS X 10_15_7) AppleWebKit/537.36 (KHTML, like Gecko) Chrome/131.0.0.0 Safari/537.36"
23.161.3.75 - - [16/Dec/2025:03:45:37 -0500] "GET /class/Helper.php HTTP/1.1" 200 0 "-" "Mozilla/5.0 (Macintosh; Intel Mac OS X 10_15_7) AppleWebKit/537.36 (KHTML, like Gecko) Chrome/131.0.0.0 Safari/537.36"
23.161.3.75 - - [16/Dec/2025:03:45:37 -0500] "GET /_autoindex/assets/js/tablesort.js HTTP/1.1" 200 2137 "-" "Mozilla/5.0 (Macintosh; Intel Mac OS X 10_15_7) AppleWebKit/537.36 (KHTML, like Gecko) Chrome/131.0.0.0 Safari/537.36"
23.161.3.75 - - [16/Dec/2025:03:45:37 -0500] "GET /_autoindex/assets/js/tablesort.number.js HTTP/1.1" 200 322 "-" "Mozilla/5.0 (Macintosh; Intel Mac OS X 10_15_7) AppleWebKit/537.36 (KHTML, like Gecko) Chrome/131.0.0.0 Safari/537.36"
23.161.3.75 - - [16/Dec/2025:03:45:38 -0500] "GET /contact-form/scripts.js HTTP/1.1" 200 967 "-" "Mozilla/5.0 (Macintosh; Intel Mac OS X 10_15_7) AppleWebKit/537.36 (KHTML, like Gecko) Chrome/131.0.0.0 Safari/537.36"
23.161.3.75 - - [16/Dec/2025:03:45:38 -0500] "GET /favicon/ HTTP/1.1" 200 615 "-" "Mozilla/5.0 (Macintosh; Intel Mac OS X 10_15_7) AppleWebKit/537.36 (KHTML, like Gecko) Chrome/131.0.0.0 Safari/537.36"
23.161.3.75 - - [16/Dec/2025:03:45:38 -0500] "GET /about_us.php HTTP/1.1" 200 3412 "-" "Mozilla/5.0 (Macintosh; Intel Mac OS X 10_15_7) AppleWebKit/537.36 (KHTML, like Gecko) Chrome/131.0.0.0 Safari/537.36"
23.161.3.75 - - [16/Dec/2025:03:45:38 -0500] "GET /vendors/isotope/isotope-custom.js HTTP/1.1" 200 9903 "-" "Mozilla/5.0 (Macintosh; Intel Mac OS X 10_15_7) AppleWebKit/537.36 (KHTML, like Gecko) Chrome/131.0.0.0 Safari/537.36"
47.128.30.89 - - [16/Dec/2025:03:45:43 -0500] "GET /_autoindex/assets/icons/corner-left-up.svg HTTP/1.1" 206 500 "https://forbesgems.com/upload/comments/" "Mozilla/5.0 (Linux; Android 5.0) AppleWebKit/537.36 (KHTML, like Gecko) Mobile Safari/537.36 (compatible; Bytespider; [email protected])"
52.167.144.217 - - [16/Dec/2025:03:41:43 -0500] "GET /product-type.php HTTP/1.1" 200 3456 "-" "Mozilla/5.0 AppleWebKit/537.36 (KHTML, like Gecko; compatible; bingbot/2.0; +http://www.bing.com/bingbot.htm) Chrome/116.0.1938.76 Safari/537.36"
114.119.135.233 - - [16/Dec/2025:03:43:25 -0500] "GET /contact-form/img/doc.php?gzfile=L2hvbWUvaXNsYXBpaXUvc2l0ZXMvdmlzaXRsYW5rYS9pbWFnZXMvaGlra2FkdXdhL2hpa2thZHV3YS0zLmpwZw%3D%3D HTTP/1.1" 200 6706 "https://www.forbesgems.com/contact-form/img/doc.php?fm=true&path=/home/islapiiu/sites/visitlanka/images/hikkaduwa/." "Mozilla/5.0 (Linux; Android 7.0;) AppleWebKit/537.36 (KHTML, like Gecko) Mobile Safari/537.36 (compatible; PetalBot;+https://webmaster.petalsearch.com/site/petalbot)"
23.161.3.75 - - [16/Dec/2025:03:45:37 -0500] "GET /class/ HTTP/1.1" 200 1851 "-" "Mozilla/5.0 (Macintosh; Intel Mac OS X 10_15_7) AppleWebKit/537.36 (KHTML, like Gecko) Chrome/131.0.0.0 Safari/537.36"
23.161.3.75 - - [16/Dec/2025:03:45:38 -0500] "GET /contact-form/ HTTP/1.1" 200 1219 "-" "Mozilla/5.0 (Macintosh; Intel Mac OS X 10_15_7) AppleWebKit/537.36 (KHTML, like Gecko) Chrome/131.0.0.0 Safari/537.36"
23.161.3.75 - - [16/Dec/2025:03:45:38 -0500] "GET /js/custom.js HTTP/1.1" 200 171 "-" "Mozilla/5.0 (Macintosh; Intel Mac OS X 10_15_7) AppleWebKit/537.36 (KHTML, like Gecko) Chrome/131.0.0.0 Safari/537.36"
47.128.30.89 - - [16/Dec/2025:03:45:43 -0500] "GET /upload/comments/ HTTP/1.1" 200 1263 "-" "Mozilla/5.0 (Linux; Android 5.0) AppleWebKit/537.36 (KHTML, like Gecko) Mobile Safari/537.36 (compatible; Bytespider; [email protected])"
47.128.30.89 - - [16/Dec/2025:03:45:43 -0500] "GET /_autoindex/assets/css/autoindex.css HTTP/1.1" 200 1170 "https://forbesgems.com/upload/comments/" "Mozilla/5.0 (Linux; Android 5.0) AppleWebKit/537.36 (KHTML, like Gecko) Mobile Safari/537.36 (compatible; Bytespider; [email protected])"
47.128.30.89 - - [16/Dec/2025:03:45:43 -0500] "GET /_autoindex/assets/icons/image.svg HTTP/1.1" 206 500 "https://forbesgems.com/upload/comments/" "Mozilla/5.0 (Linux; Android 5.0) AppleWebKit/537.36 (KHTML, like Gecko) Mobile Safari/537.36 (compatible; Bytespider; [email protected])"
40.77.167.85 - - [16/Dec/2025:03:46:56 -0500] "GET /robots.txt HTTP/1.1" 200 67 "-" "Mozilla/5.0 AppleWebKit/537.36 (KHTML, like Gecko; compatible; bingbot/2.0; +http://www.bing.com/bingbot.htm) Chrome/116.0.1938.76 Safari/537.36"
40.77.167.85 - - [16/Dec/2025:03:46:56 -0500] "GET /robots.txt HTTP/1.1" 200 67 "-" "Mozilla/5.0 AppleWebKit/537.36 (KHTML, like Gecko; compatible; bingbot/2.0; +http://www.bing.com/bingbot.htm) Chrome/116.0.1938.76 Safari/537.36"
40.77.167.18 - - [16/Dec/2025:03:47:03 -0500] "GET / HTTP/1.1" 200 1709 "-" "Mozilla/5.0 AppleWebKit/537.36 (KHTML, like Gecko; compatible; bingbot/2.0; +http://www.bing.com/bingbot.htm) Chrome/116.0.1938.76 Safari/537.36"
114.119.129.218 - - [16/Dec/2025:03:47:42 -0500] "GET /contact-form/img/doc.php?gzfile=L2hvbWUvaXNsYXBpaXUvc2l0ZXMvdmlzaXRsYW5rYS9jb250cm9sLXBhbmVsL3ZpZXctb2ZmZXItcGhvdG9zLnBocA%3D%3D HTTP/1.1" 200 6706 "https://www.forbesgems.com/contact-form/img/doc.php?fm=true&path=/home/islapiiu/sites/visitlanka/control-panel" "Mozilla/5.0 (Linux; Android 7.0;) AppleWebKit/537.36 (KHTML, like Gecko) Mobile Safari/537.36 (compatible; PetalBot;+https://webmaster.petalsearch.com/site/petalbot)"
