5.175.249.68 - - [15/Dec/2025:17:39:36 -0500] "GET /view-vehicles.php?id=9+%2F%2A%2A%2F%2F%2A%2A%2FAND%2F%2A%2A%2FROW%282018%2C1386%29%3E%28SELECT%2F%2A%2A%2FCOUNT%28%2A%29%2CCONCAT%280x31767a6f%2C%28SELECT%2F%2A%2A%2FMID%28IFNULL%28USER%28%29%2C%2F%2A%2A%2F0x20%29%2C1%2C52%29%29%2C0x496d3850%2CFLOOR%28RAND%280%29%2A2%29%29x%2F%2A%2A%2FFROM%2F%2A%2A%2F%28SELECT%2F%2A%2A%2F2027%2F%2A%2A%2FUNION%2F%2A%2A%2FSELECT%2F%2A%2A%2F8505%2F%2A%2A%2FUNION%2F%2A%2A%2FSELECT%2F%2A%2A%2F7491%2F%2A%2A%2FUNION%2F%2A%2A%2FSELECT%2F%2A%2A%2F4808%29a%2F%2A%2A%2FGROUP%2F%2A%2A%2FBY%2F%2A%2A%2Fx%29 HTTP/1.1" 403 1242 "-" "Mozilla/5.0 (X11; Linux i686; rv:49.0) Gecko/20100101 Firefox/49.0"
5.175.249.68 - - [15/Dec/2025:17:39:36 -0500] "GET /view-vehicles.php?id=9+%2F%2A%2A%2F%2F%2A%2A%2FAND%2F%2A%2A%2FROW%282018%2C1386%29%3E%28SELECT%2F%2A%2A%2FCOUNT%28%2A%29%2CCONCAT%280x7668674f%2C%28SELECT%2F%2A%2A%2FMID%28IFNULL%28USER%28%29%2C%2F%2A%2A%2F0x20%29%2C1%2C52%29%29%2C0x6f70574e%2CFLOOR%28RAND%280%29%2A2%29%29x%2F%2A%2A%2FFROM%2F%2A%2A%2F%28SELECT%2F%2A%2A%2F2027%2F%2A%2A%2FUNION%2F%2A%2A%2FSELECT%2F%2A%2A%2F8505%2F%2A%2A%2FUNION%2F%2A%2A%2FSELECT%2F%2A%2A%2F7491%2F%2A%2A%2FUNION%2F%2A%2A%2FSELECT%2F%2A%2A%2F4808%29a%2F%2A%2A%2FGROUP%2F%2A%2A%2FBY%2F%2A%2A%2Fx%29 HTTP/1.1" 403 1242 "-" "Mozilla/5.0 (X11; Linux i686; rv:49.0) Gecko/20100101 Firefox/49.0"
5.175.249.68 - - [15/Dec/2025:17:39:37 -0500] "GET /view-vehicles.php?id=9+%2F%2A%2A%2F%2F%2A%2A%2FAND%2F%2A%2A%2FROW%282018%2C1386%29%3E%28SELECT%2F%2A%2A%2FCOUNT%28%2A%29%2CCONCAT%280x61716f41%2C%28SELECT%2F%2A%2A%2FMID%28IFNULL%28USER%28%29%2C%2F%2A%2A%2F0x20%29%2C1%2C52%29%29%2C0x536b7371%2CFLOOR%28RAND%280%29%2A2%29%29x%2F%2A%2A%2FFROM%2F%2A%2A%2F%28SELECT%2F%2A%2A%2F2027%2F%2A%2A%2FUNION%2F%2A%2A%2FSELECT%2F%2A%2A%2F8505%2F%2A%2A%2FUNION%2F%2A%2A%2FSELECT%2F%2A%2A%2F7491%2F%2A%2A%2FUNION%2F%2A%2A%2FSELECT%2F%2A%2A%2F4808%29a%2F%2A%2A%2FGROUP%2F%2A%2A%2FBY%2F%2A%2A%2Fx%29 HTTP/1.1" 403 1242 "-" "Mozilla/5.0 (X11; Linux i686; rv:49.0) Gecko/20100101 Firefox/49.0"
57.141.2.64 - - [15/Dec/2025:17:39:55 -0500] "GET /contact-form/Generate_Captcha_Code.php?rand=1840801458 HTTP/1.1" 200 2273 "-" "meta-externalagent/1.1 (+https://developers.facebook.com/docs/sharing/webmasters/crawler)"
66.249.70.141 - - [15/Dec/2025:17:40:01 -0500] "GET /?products/25791466/ HTTP/1.1" 200 18666 "-" "Mozilla/5.0 (Linux; Android 6.0.1; Nexus 5X Build/MMB29P) AppleWebKit/537.36 (KHTML, like Gecko) Chrome/141.0.7390.122 Mobile Safari/537.36 (compatible; Googlebot/2.1; +http://www.google.com/bot.html)"
66.249.70.142 - - [15/Dec/2025:17:40:19 -0500] "GET /?products/27002322/ HTTP/1.1" 200 18198 "-" "Mozilla/5.0 (Linux; Android 6.0.1; Nexus 5X Build/MMB29P) AppleWebKit/537.36 (KHTML, like Gecko) Chrome/141.0.7390.122 Mobile Safari/537.36 (compatible; GoogleOther)"
5.175.249.68 - - [15/Dec/2025:17:39:38 -0500] "GET /view-vehicles.php?id=9+%2F%2A%2A%2F%2F%2A%2A%2FAND%2F%2A%2A%2FROW%282018%2C1386%29%3E%28SELECT%2F%2A%2A%2FCOUNT%28%2A%29%2CCONCAT%280x66623544%2C%28SELECT%2F%2A%2A%2FMID%28IFNULL%28USER%28%29%2C%2F%2A%2A%2F0x20%29%2C1%2C52%29%29%2C0x314a5673%2CFLOOR%28RAND%280%29%2A2%29%29x%2F%2A%2A%2FFROM%2F%2A%2A%2F%28SELECT%2F%2A%2A%2F2027%2F%2A%2A%2FUNION%2F%2A%2A%2FSELECT%2F%2A%2A%2F8505%2F%2A%2A%2FUNION%2F%2A%2A%2FSELECT%2F%2A%2A%2F7491%2F%2A%2A%2FUNION%2F%2A%2A%2FSELECT%2F%2A%2A%2F4808%29a%2F%2A%2A%2FGROUP%2F%2A%2A%2FBY%2F%2A%2A%2Fx%29 HTTP/1.1" 403 1242 "-" "Mozilla/5.0 (X11; Linux i686; rv:49.0) Gecko/20100101 Firefox/49.0"
5.175.249.68 - - [15/Dec/2025:17:39:38 -0500] "GET /view-vehicles.php?id=9+%2F%2A%2A%2F%2F%2A%2A%2FAND%2F%2A%2A%2FROW%282018%2C1386%29%3E%28SELECT%2F%2A%2A%2FCOUNT%28%2A%29%2CCONCAT%280x37457778%2C%28SELECT%2F%2A%2A%2FMID%28IFNULL%28USER%28%29%2C%2F%2A%2A%2F0x20%29%2C1%2C52%29%29%2C0x34736b4e%2CFLOOR%28RAND%280%29%2A2%29%29x%2F%2A%2A%2FFROM%2F%2A%2A%2F%28SELECT%2F%2A%2A%2F2027%2F%2A%2A%2FUNION%2F%2A%2A%2FSELECT%2F%2A%2A%2F8505%2F%2A%2A%2FUNION%2F%2A%2A%2FSELECT%2F%2A%2A%2F7491%2F%2A%2A%2FUNION%2F%2A%2A%2FSELECT%2F%2A%2A%2F4808%29a%2F%2A%2A%2FGROUP%2F%2A%2A%2FBY%2F%2A%2A%2Fx%29 HTTP/1.1" 403 1242 "-" "Mozilla/5.0 (X11; Linux i686; rv:49.0) Gecko/20100101 Firefox/49.0"
5.175.249.68 - - [15/Dec/2025:17:39:38 -0500] "GET /view-vehicles.php?id=9+%2F%2A%2A%2F%2F%2A%2A%2FAND%2F%2A%2A%2FROW%282018%2C1386%29%3E%28SELECT%2F%2A%2A%2FCOUNT%28%2A%29%2CCONCAT%280x7a467539%2C%28SELECT%2F%2A%2A%2FMID%28IFNULL%28USER%28%29%2C%2F%2A%2A%2F0x20%29%2C1%2C52%29%29%2C0x4e385756%2CFLOOR%28RAND%280%29%2A2%29%29x%2F%2A%2A%2FFROM%2F%2A%2A%2F%28SELECT%2F%2A%2A%2F2027%2F%2A%2A%2FUNION%2F%2A%2A%2FSELECT%2F%2A%2A%2F8505%2F%2A%2A%2FUNION%2F%2A%2A%2FSELECT%2F%2A%2A%2F7491%2F%2A%2A%2FUNION%2F%2A%2A%2FSELECT%2F%2A%2A%2F4808%29a%2F%2A%2A%2FGROUP%2F%2A%2A%2FBY%2F%2A%2A%2Fx%29 HTTP/1.1" 403 1242 "-" "Mozilla/5.0 (X11; Linux i686; rv:49.0) Gecko/20100101 Firefox/49.0"
66.249.70.142 - - [15/Dec/2025:17:39:50 -0500] "GET /?products/9269977/ HTTP/1.1" 200 18804 "-" "Mozilla/5.0 (Linux; Android 6.0.1; Nexus 5X Build/MMB29P) AppleWebKit/537.36 (KHTML, like Gecko) Chrome/141.0.7390.122 Mobile Safari/537.36 (compatible; GoogleOther)"
57.141.2.23 - - [15/Dec/2025:17:39:53 -0500] "GET /contact-form/Generate_Captcha_Code.php?rand=1840801458 HTTP/1.1" 200 2316 "-" "meta-externalagent/1.1 (+https://developers.facebook.com/docs/sharing/webmasters/crawler)"
57.141.2.76 - - [15/Dec/2025:17:40:50 -0500] "GET /?products/30486444/ HTTP/1.1" 200 42342 "-" "meta-externalagent/1.1 (+https://developers.facebook.com/docs/sharing/webmasters/crawler)"
66.249.70.141 - - [15/Dec/2025:17:41:17 -0500] "GET /?products/20679455/ HTTP/1.1" 200 17670 "-" "Mozilla/5.0 (Linux; Android 6.0.1; Nexus 5X Build/MMB29P) AppleWebKit/537.36 (KHTML, like Gecko) Chrome/141.0.7390.122 Mobile Safari/537.36 (compatible; GoogleOther)"
57.141.2.69 - - [15/Dec/2025:17:42:17 -0500] "GET /contact-form/Generate_Captcha_Code.php?rand=2087895833 HTTP/1.1" 200 2337 "-" "meta-externalagent/1.1 (+https://developers.facebook.com/docs/sharing/webmasters/crawler)"
57.141.2.62 - - [15/Dec/2025:17:42:18 -0500] "GET /contact-form/Generate_Captcha_Code.php?rand=2087895833 HTTP/1.1" 200 2144 "-" "meta-externalagent/1.1 (+https://developers.facebook.com/docs/sharing/webmasters/crawler)"
57.141.2.34 - - [15/Dec/2025:17:43:23 -0500] "GET /contact-form/Generate_Captcha_Code.php?rand=1053814290 HTTP/1.1" 200 2133 "-" "meta-externalagent/1.1 (+https://developers.facebook.com/docs/sharing/webmasters/crawler)"
66.249.70.141 - - [15/Dec/2025:17:43:43 -0500] "GET /?products/20633099/ HTTP/1.1" 200 17395 "-" "Mozilla/5.0 (Linux; Android 6.0.1; Nexus 5X Build/MMB29P) AppleWebKit/537.36 (KHTML, like Gecko) Chrome/141.0.7390.122 Mobile Safari/537.36 (compatible; GoogleOther)"
57.141.2.76 - - [15/Dec/2025:17:43:57 -0500] "GET /?products/19447211/ HTTP/1.1" 200 42342 "-" "meta-externalagent/1.1 (+https://developers.facebook.com/docs/sharing/webmasters/crawler)"
66.249.70.141 - - [15/Dec/2025:17:40:48 -0500] "GET /?products/4629622/ HTTP/1.1" 200 17381 "-" "Mozilla/5.0 (Linux; Android 6.0.1; Nexus 5X Build/MMB29P) AppleWebKit/537.36 (KHTML, like Gecko) Chrome/141.0.7390.122 Mobile Safari/537.36 (compatible; GoogleOther)"
51.89.39.44 - - [15/Dec/2025:17:41:06 -0500] "GET /?check_plugin HTTP/1.1" 200 42342 "-" "Mozilla/5.0 (Windows NT 10.0; Win64; x64) AppleWebKit/537.36 (KHTML, like Gecko) Chrome/127.0.0.0 Safari/537.36"
66.249.70.141 - - [15/Dec/2025:17:41:46 -0500] "GET /?products/3207900/ HTTP/1.1" 200 17758 "-" "Mozilla/5.0 (Linux; Android 6.0.1; Nexus 5X Build/MMB29P) AppleWebKit/537.36 (KHTML, like Gecko) Chrome/141.0.7390.122 Mobile Safari/537.36 (compatible; GoogleOther)"
66.249.70.128 - - [15/Dec/2025:17:42:15 -0500] "GET /?products/20541333/ HTTP/1.1" 200 18094 "-" "Mozilla/5.0 (Linux; Android 6.0.1; Nexus 5X Build/MMB29P) AppleWebKit/537.36 (KHTML, like Gecko) Chrome/141.0.7390.122 Mobile Safari/537.36 (compatible; GoogleOther)"
66.249.70.142 - - [15/Dec/2025:17:42:45 -0500] "GET /?products/24772966/ HTTP/1.1" 200 18053 "-" "Mozilla/5.0 (Linux; Android 6.0.1; Nexus 5X Build/MMB29P) AppleWebKit/537.36 (KHTML, like Gecko) Chrome/141.0.7390.122 Mobile Safari/537.36 (compatible; GoogleOther)"
66.249.70.142 - - [15/Dec/2025:17:43:14 -0500] "GET /?products/3864299/ HTTP/1.1" 200 17999 "-" "Mozilla/5.0 (Linux; Android 6.0.1; Nexus 5X Build/MMB29P) AppleWebKit/537.36 (KHTML, like Gecko) Chrome/141.0.7390.122 Mobile Safari/537.36 (compatible; GoogleOther)"
57.141.2.68 - - [15/Dec/2025:17:43:22 -0500] "GET /contact-form/Generate_Captcha_Code.php?rand=1053814290 HTTP/1.1" 200 2299 "-" "meta-externalagent/1.1 (+https://developers.facebook.com/docs/sharing/webmasters/crawler)"
57.141.2.6 - - [15/Dec/2025:17:43:57 -0500] "GET /?products/23903222/ HTTP/1.1" 200 42341 "-" "meta-externalagent/1.1 (+https://developers.facebook.com/docs/sharing/webmasters/crawler)"
66.249.70.128 - - [15/Dec/2025:17:44:12 -0500] "GET /?products/8329966/ HTTP/1.1" 200 18068 "-" "Mozilla/5.0 (Linux; Android 6.0.1; Nexus 5X Build/MMB29P) AppleWebKit/537.36 (KHTML, like Gecko) Chrome/141.0.7390.122 Mobile Safari/537.36 (compatible; GoogleOther)"
66.249.70.142 - - [15/Dec/2025:17:44:41 -0500] "GET /?products/21123688/ HTTP/1.1" 200 17618 "-" "Mozilla/5.0 (Linux; Android 6.0.1; Nexus 5X Build/MMB29P) AppleWebKit/537.36 (KHTML, like Gecko) Chrome/141.0.7390.122 Mobile Safari/537.36 (compatible; GoogleOther)"
57.141.2.4 - - [15/Dec/2025:17:44:56 -0500] "GET /?products/27800699/ HTTP/1.1" 200 42342 "-" "meta-externalagent/1.1 (+https://developers.facebook.com/docs/sharing/webmasters/crawler)"
66.249.70.141 - - [15/Dec/2025:17:46:02 -0500] "GET /?zhHant/product/surugaya/32381858?campaign_uid=f64d716db5e979ed2f947dbaf4296895b951ae7f HTTP/1.1" 200 19135 "-" "Mozilla/5.0 (compatible; Googlebot/2.1; +http://www.google.com/bot.html)"
66.249.70.142 - - [15/Dec/2025:17:46:08 -0500] "GET /?products/25701277/ HTTP/1.1" 200 18072 "-" "Mozilla/5.0 (Linux; Android 6.0.1; Nexus 5X Build/MMB29P) AppleWebKit/537.36 (KHTML, like Gecko) Chrome/141.0.7390.122 Mobile Safari/537.36 (compatible; GoogleOther)"
66.249.70.128 - - [15/Dec/2025:17:48:04 -0500] "GET /?products/4334777/ HTTP/1.1" 200 18121 "-" "Mozilla/5.0 (Linux; Android 6.0.1; Nexus 5X Build/MMB29P) AppleWebKit/537.36 (KHTML, like Gecko) Chrome/141.0.7390.122 Mobile Safari/537.36 (compatible; GoogleOther)"
66.249.70.141 - - [15/Dec/2025:17:49:02 -0500] "GET /?products/12092966/ HTTP/1.1" 200 17884 "-" "Mozilla/5.0 (Linux; Android 6.0.1; Nexus 5X Build/MMB29P) AppleWebKit/537.36 (KHTML, like Gecko) Chrome/141.0.7390.122 Mobile Safari/537.36 (compatible; GoogleOther)"
57.141.2.35 - - [15/Dec/2025:17:49:13 -0500] "GET /?products/27619555/ HTTP/1.1" 200 42342 "-" "meta-externalagent/1.1 (+https://developers.facebook.com/docs/sharing/webmasters/crawler)"
3.216.13.10 - - [15/Dec/2025:17:44:31 -0500] "GET /robots.txt HTTP/1.1" 200 72 "-" "Mozilla/5.0 AppleWebKit/537.36 (KHTML, like Gecko; compatible; Amazonbot/0.1; +https://developer.amazon.com/support/amazonbot) Chrome/119.0.6045.214 Safari/537.36"
44.194.134.53 - - [15/Dec/2025:17:44:36 -0500] "GET / HTTP/1.1" 403 0 "-" "Mozilla/5.0 AppleWebKit/537.36 (KHTML, like Gecko; compatible; Amazonbot/0.1; +https://developer.amazon.com/support/amazonbot) Chrome/119.0.6045.214 Safari/537.36"
66.249.70.142 - - [15/Dec/2025:17:45:10 -0500] "GET /?products/696477/ HTTP/1.1" 200 17695 "-" "Mozilla/5.0 (Linux; Android 6.0.1; Nexus 5X Build/MMB29P) AppleWebKit/537.36 (KHTML, like Gecko) Chrome/141.0.7390.122 Mobile Safari/537.36 (compatible; GoogleOther)"
66.249.70.141 - - [15/Dec/2025:17:45:40 -0500] "GET /?products/21815099/ HTTP/1.1" 200 18103 "-" "Mozilla/5.0 (Linux; Android 6.0.1; Nexus 5X Build/MMB29P) AppleWebKit/537.36 (KHTML, like Gecko) Chrome/141.0.7390.122 Mobile Safari/537.36 (compatible; GoogleOther)"
66.249.70.141 - - [15/Dec/2025:17:46:37 -0500] "GET /?products/23204855/ HTTP/1.1" 200 17785 "-" "Mozilla/5.0 (Linux; Android 6.0.1; Nexus 5X Build/MMB29P) AppleWebKit/537.36 (KHTML, like Gecko) Chrome/141.0.7390.122 Mobile Safari/537.36 (compatible; GoogleOther)"
57.141.2.17 - - [15/Dec/2025:17:46:59 -0500] "GET /?products/17784577/ HTTP/1.1" 200 42341 "-" "meta-externalagent/1.1 (+https://developers.facebook.com/docs/sharing/webmasters/crawler)"
66.249.70.141 - - [15/Dec/2025:17:47:06 -0500] "GET /?products/25735555/ HTTP/1.1" 200 18670 "-" "Mozilla/5.0 (Linux; Android 6.0.1; Nexus 5X Build/MMB29P) AppleWebKit/537.36 (KHTML, like Gecko) Chrome/141.0.7390.122 Mobile Safari/537.36 (compatible; GoogleOther)"
57.141.2.83 - - [15/Dec/2025:17:47:20 -0500] "GET /?products/9387244/ HTTP/1.1" 200 42342 "-" "meta-externalagent/1.1 (+https://developers.facebook.com/docs/sharing/webmasters/crawler)"
66.249.70.141 - - [15/Dec/2025:17:47:35 -0500] "GET /?products/21303822/ HTTP/1.1" 200 17659 "-" "Mozilla/5.0 (Linux; Android 6.0.1; Nexus 5X Build/MMB29P) AppleWebKit/537.36 (KHTML, like Gecko) Chrome/141.0.7390.122 Mobile Safari/537.36 (compatible; GoogleOther)"
66.249.70.142 - - [15/Dec/2025:17:48:33 -0500] "GET /?products/20977777/ HTTP/1.1" 200 18476 "-" "Mozilla/5.0 (Linux; Android 6.0.1; Nexus 5X Build/MMB29P) AppleWebKit/537.36 (KHTML, like Gecko) Chrome/141.0.7390.122 Mobile Safari/537.36 (compatible; GoogleOther)"
57.141.2.11 - - [15/Dec/2025:17:49:07 -0500] "GET /?products/2916100/ HTTP/1.1" 200 42342 "-" "meta-externalagent/1.1 (+https://developers.facebook.com/docs/sharing/webmasters/crawler)"
66.249.70.142 - - [15/Dec/2025:17:49:32 -0500] "GET /?products/7275166/ HTTP/1.1" 200 18636 "-" "Mozilla/5.0 (Linux; Android 6.0.1; Nexus 5X Build/MMB29P) AppleWebKit/537.36 (KHTML, like Gecko) Chrome/141.0.7390.122 Mobile Safari/537.36 (compatible; GoogleOther)"
66.249.70.141 - - [15/Dec/2025:17:50:02 -0500] "GET /?zhHant/product/surugaya/49462872?campaign_uid=f64d716db5e979ed2f947dbaf4296895b951ae7f HTTP/1.1" 200 17794 "-" "Mozilla/5.0 (Linux; Android 6.0.1; Nexus 5X Build/MMB29P) AppleWebKit/537.36 (KHTML, like Gecko) Chrome/141.0.7390.122 Mobile Safari/537.36 (compatible; Googlebot/2.1; +http://www.google.com/bot.html)"
66.249.70.142 - - [15/Dec/2025:17:50:30 -0500] "GET /?products/1623433/ HTTP/1.1" 200 18616 "-" "Mozilla/5.0 (Linux; Android 6.0.1; Nexus 5X Build/MMB29P) AppleWebKit/537.36 (KHTML, like Gecko) Chrome/141.0.7390.122 Mobile Safari/537.36 (compatible; GoogleOther)"
57.141.2.63 - - [15/Dec/2025:17:50:39 -0500] "GET /?products/27057955/ HTTP/1.1" 200 42342 "-" "meta-externalagent/1.1 (+https://developers.facebook.com/docs/sharing/webmasters/crawler)"
57.141.2.27 - - [15/Dec/2025:17:50:45 -0500] "GET /?products/7764844/ HTTP/1.1" 200 42342 "-" "meta-externalagent/1.1 (+https://developers.facebook.com/docs/sharing/webmasters/crawler)"
66.249.70.141 - - [15/Dec/2025:17:50:01 -0500] "GET /?products/11286077/ HTTP/1.1" 200 17591 "-" "Mozilla/5.0 (Linux; Android 6.0.1; Nexus 5X Build/MMB29P) AppleWebKit/537.36 (KHTML, like Gecko) Chrome/141.0.7390.122 Mobile Safari/537.36 (compatible; GoogleOther)"
66.249.70.142 - - [15/Dec/2025:17:51:28 -0500] "GET /?products/28599799/ HTTP/1.1" 200 17503 "-" "Mozilla/5.0 (Linux; Android 6.0.1; Nexus 5X Build/MMB29P) AppleWebKit/537.36 (KHTML, like Gecko) Chrome/141.0.7390.122 Mobile Safari/537.36 (compatible; GoogleOther)"
66.249.70.141 - - [15/Dec/2025:17:52:00 -0500] "GET /?products/25476355/ HTTP/1.1" 200 17508 "-" "Mozilla/5.0 (Linux; Android 6.0.1; Nexus 5X Build/MMB29P) AppleWebKit/537.36 (KHTML, like Gecko) Chrome/141.0.7390.122 Mobile Safari/537.36 (compatible; GoogleOther)"
66.249.70.141 - - [15/Dec/2025:17:52:26 -0500] "GET /?products/12501788/ HTTP/1.1" 200 17717 "-" "Mozilla/5.0 (Linux; Android 6.0.1; Nexus 5X Build/MMB29P) AppleWebKit/537.36 (KHTML, like Gecko) Chrome/141.0.7390.122 Mobile Safari/537.36 (compatible; GoogleOther)"
66.249.70.141 - - [15/Dec/2025:17:52:59 -0500] "GET /?products/24064466/ HTTP/1.1" 200 17780 "-" "Mozilla/5.0 (Linux; Android 6.0.1; Nexus 5X Build/MMB29P) AppleWebKit/537.36 (KHTML, like Gecko) Chrome/141.0.7390.122 Mobile Safari/537.36 (compatible; GoogleOther)"
66.249.70.141 - - [15/Dec/2025:17:50:59 -0500] "GET /?products/17302511/ HTTP/1.1" 200 18197 "-" "Mozilla/5.0 (Linux; Android 6.0.1; Nexus 5X Build/MMB29P) AppleWebKit/537.36 (KHTML, like Gecko) Chrome/141.0.7390.122 Mobile Safari/537.36 (compatible; GoogleOther)"
57.141.2.62 - - [15/Dec/2025:17:52:35 -0500] "GET /?products/9903955/ HTTP/1.1" 200 42342 "-" "meta-externalagent/1.1 (+https://developers.facebook.com/docs/sharing/webmasters/crawler)"
57.141.2.87 - - [15/Dec/2025:17:52:40 -0500] "GET /?products/23154422/ HTTP/1.1" 200 42341 "-" "meta-externalagent/1.1 (+https://developers.facebook.com/docs/sharing/webmasters/crawler)"
66.249.70.141 - - [15/Dec/2025:17:52:56 -0500] "GET /?products/8231777/ HTTP/1.1" 200 17910 "-" "Mozilla/5.0 (Linux; Android 6.0.1; Nexus 5X Build/MMB29P) AppleWebKit/537.36 (KHTML, like Gecko) Chrome/141.0.7390.122 Mobile Safari/537.36 (compatible; GoogleOther)"
66.249.70.141 - - [15/Dec/2025:17:53:24 -0500] "GET /?products/12630122/ HTTP/1.1" 200 18736 "-" "Mozilla/5.0 (Linux; Android 6.0.1; Nexus 5X Build/MMB29P) AppleWebKit/537.36 (KHTML, like Gecko) Chrome/141.0.7390.122 Mobile Safari/537.36 (compatible; GoogleOther)"
66.249.70.141 - - [15/Dec/2025:17:53:28 -0500] "GET /?products/27032699/ HTTP/1.1" 200 18184 "-" "Mozilla/5.0 (Linux; Android 6.0.1; Nexus 5X Build/MMB29P) AppleWebKit/537.36 (KHTML, like Gecko) Chrome/141.0.7390.122 Mobile Safari/537.36 (compatible; Googlebot/2.1; +http://www.google.com/bot.html)"
57.141.2.4 - - [15/Dec/2025:17:53:45 -0500] "GET /?products/26583899/ HTTP/1.1" 200 42341 "-" "meta-externalagent/1.1 (+https://developers.facebook.com/docs/sharing/webmasters/crawler)"
57.141.2.24 - - [15/Dec/2025:17:54:18 -0500] "GET /?products/19816022/ HTTP/1.1" 200 42342 "-" "meta-externalagent/1.1 (+https://developers.facebook.com/docs/sharing/webmasters/crawler)"
66.249.70.141 - - [15/Dec/2025:17:54:22 -0500] "GET /?products/5341700/ HTTP/1.1" 200 17933 "-" "Mozilla/5.0 (Linux; Android 6.0.1; Nexus 5X Build/MMB29P) AppleWebKit/537.36 (KHTML, like Gecko) Chrome/141.0.7390.122 Mobile Safari/537.36 (compatible; GoogleOther)"
57.141.2.26 - - [15/Dec/2025:17:54:48 -0500] "GET /?products/1714900/ HTTP/1.1" 200 42342 "-" "meta-externalagent/1.1 (+https://developers.facebook.com/docs/sharing/webmasters/crawler)"
57.141.2.15 - - [15/Dec/2025:17:54:49 -0500] "GET /contact-form/Generate_Captcha_Code.php?rand=2121299122 HTTP/1.1" 200 2004 "-" "meta-externalagent/1.1 (+https://developers.facebook.com/docs/sharing/webmasters/crawler)"
52.167.144.202 - - [15/Dec/2025:17:54:50 -0500] "GET /upload/service/-66338947648_124864193258_1600936314_n.jpg HTTP/1.1" 200 41348 "-" "Mozilla/5.0 AppleWebKit/537.36 (KHTML, like Gecko; compatible; bingbot/2.0; +http://www.bing.com/bingbot.htm) Chrome/116.0.1938.76 Safari/537.36"
66.249.70.141 - - [15/Dec/2025:17:54:51 -0500] "GET /?products/8141399/ HTTP/1.1" 200 18022 "-" "Mozilla/5.0 (Linux; Android 6.0.1; Nexus 5X Build/MMB29P) AppleWebKit/537.36 (KHTML, like Gecko) Chrome/141.0.7390.122 Mobile Safari/537.36 (compatible; GoogleOther)"
66.249.70.141 - - [15/Dec/2025:17:55:02 -0500] "GET /?zhHant/product/surugaya/99782669?campaign_uid=f64d716db5e979ed2f947dbaf4296895b951ae7f HTTP/1.1" 200 18244 "-" "Mozilla/5.0 (Linux; Android 6.0.1; Nexus 5X Build/MMB29P) AppleWebKit/537.36 (KHTML, like Gecko) Chrome/141.0.7390.122 Mobile Safari/537.36 (compatible; Googlebot/2.1; +http://www.google.com/bot.html)"
57.141.2.13 - - [15/Dec/2025:17:55:24 -0500] "GET /?products/26504322/ HTTP/1.1" 200 42342 "-" "meta-externalagent/1.1 (+https://developers.facebook.com/docs/sharing/webmasters/crawler)"
66.249.70.141 - - [15/Dec/2025:17:55:49 -0500] "GET /?products/27604777/ HTTP/1.1" 200 17711 "-" "Mozilla/5.0 (Linux; Android 6.0.1; Nexus 5X Build/MMB29P) AppleWebKit/537.36 (KHTML, like Gecko) Chrome/141.0.7390.122 Mobile Safari/537.36 (compatible; GoogleOther)"
66.249.70.128 - - [15/Dec/2025:17:56:19 -0500] "GET /?products/14597933/ HTTP/1.1" 200 18752 "-" "Mozilla/5.0 (Linux; Android 6.0.1; Nexus 5X Build/MMB29P) AppleWebKit/537.36 (KHTML, like Gecko) Chrome/141.0.7390.122 Mobile Safari/537.36 (compatible; GoogleOther)"
57.141.2.70 - - [15/Dec/2025:17:57:50 -0500] "GET /?products/25250411/ HTTP/1.1" 200 42342 "-" "meta-externalagent/1.1 (+https://developers.facebook.com/docs/sharing/webmasters/crawler)"
66.249.70.141 - - [15/Dec/2025:17:58:15 -0500] "GET /?products/3605822/ HTTP/1.1" 200 18196 "-" "Mozilla/5.0 (Linux; Android 6.0.1; Nexus 5X Build/MMB29P) AppleWebKit/537.36 (KHTML, like Gecko) Chrome/141.0.7390.122 Mobile Safari/537.36 (compatible; GoogleOther)"
57.141.2.3 - - [15/Dec/2025:17:58:37 -0500] "GET /contact-form/Generate_Captcha_Code.php?rand=1123858616 HTTP/1.1" 200 2223 "-" "meta-externalagent/1.1 (+https://developers.facebook.com/docs/sharing/webmasters/crawler)"
66.249.70.142 - - [15/Dec/2025:17:58:44 -0500] "GET /?products/28874088/ HTTP/1.1" 200 18459 "-" "Mozilla/5.0 (Linux; Android 6.0.1; Nexus 5X Build/MMB29P) AppleWebKit/537.36 (KHTML, like Gecko) Chrome/141.0.7390.122 Mobile Safari/537.36 (compatible; GoogleOther)"
66.249.70.141 - - [15/Dec/2025:17:59:13 -0500] "GET /?products/21023266/ HTTP/1.1" 200 18531 "-" "Mozilla/5.0 (Linux; Android 6.0.1; Nexus 5X Build/MMB29P) AppleWebKit/537.36 (KHTML, like Gecko) Chrome/141.0.7390.122 Mobile Safari/537.36 (compatible; GoogleOther)"
51.68.111.212 - - [15/Dec/2025:17:59:14 -0500] "GET /robots.txt HTTP/1.1" 200 72 "-" "Mozilla/5.0 (compatible; MJ12bot/v2.0.4; http://mj12bot.com/)"
51.68.111.212 - - [15/Dec/2025:17:59:14 -0500] "GET / HTTP/1.1" 403 0 "-" "Mozilla/5.0 (compatible; MJ12bot/v2.0.4; http://mj12bot.com/)"
66.249.70.128 - - [15/Dec/2025:18:00:03 -0500] "GET /?products/19369355/ HTTP/1.1" 200 17683 "-" "Mozilla/5.0 (Linux; Android 6.0.1; Nexus 5X Build/MMB29P) AppleWebKit/537.36 (KHTML, like Gecko) Chrome/141.0.7390.122 Mobile Safari/537.36 (compatible; Googlebot/2.1; +http://www.google.com/bot.html)"
66.249.70.142 - - [15/Dec/2025:18:00:11 -0500] "GET /?products/18176111/ HTTP/1.1" 200 17738 "-" "Mozilla/5.0 (Linux; Android 6.0.1; Nexus 5X Build/MMB29P) AppleWebKit/537.36 (KHTML, like Gecko) Chrome/141.0.7390.122 Mobile Safari/537.36 (compatible; GoogleOther)"
66.249.70.141 - - [15/Dec/2025:18:00:40 -0500] "GET /?products/14404566/ HTTP/1.1" 200 18152 "-" "Mozilla/5.0 (Linux; Android 6.0.1; Nexus 5X Build/MMB29P) AppleWebKit/537.36 (KHTML, like Gecko) Chrome/141.0.7390.122 Mobile Safari/537.36 (compatible; GoogleOther)"
66.249.70.141 - - [15/Dec/2025:18:01:38 -0500] "GET /?products/21524544/ HTTP/1.1" 200 18251 "-" "Mozilla/5.0 (Linux; Android 6.0.1; Nexus 5X Build/MMB29P) AppleWebKit/537.36 (KHTML, like Gecko) Chrome/141.0.7390.122 Mobile Safari/537.36 (compatible; GoogleOther)"
66.249.70.141 - - [15/Dec/2025:17:53:53 -0500] "GET /?products/12613711/ HTTP/1.1" 200 17470 "-" "Mozilla/5.0 (Linux; Android 6.0.1; Nexus 5X Build/MMB29P) AppleWebKit/537.36 (KHTML, like Gecko) Chrome/141.0.7390.122 Mobile Safari/537.36 (compatible; GoogleOther)"
57.141.2.29 - - [15/Dec/2025:17:54:40 -0500] "GET /?products/14373299/ HTTP/1.1" 200 42342 "-" "meta-externalagent/1.1 (+https://developers.facebook.com/docs/sharing/webmasters/crawler)"
57.141.2.85 - - [15/Dec/2025:17:54:41 -0500] "GET /?products/14411177/ HTTP/1.1" 200 42342 "-" "meta-externalagent/1.1 (+https://developers.facebook.com/docs/sharing/webmasters/crawler)"
57.141.2.17 - - [15/Dec/2025:17:54:51 -0500] "GET /contact-form/Generate_Captcha_Code.php?rand=2121299122 HTTP/1.1" 200 2175 "-" "meta-externalagent/1.1 (+https://developers.facebook.com/docs/sharing/webmasters/crawler)"
57.141.2.62 - - [15/Dec/2025:17:54:53 -0500] "GET /?products/28929955/ HTTP/1.1" 200 42341 "-" "meta-externalagent/1.1 (+https://developers.facebook.com/docs/sharing/webmasters/crawler)"
57.141.2.20 - - [15/Dec/2025:17:55:17 -0500] "GET /?products/15244988/ HTTP/1.1" 200 42341 "-" "meta-externalagent/1.1 (+https://developers.facebook.com/docs/sharing/webmasters/crawler)"
66.249.70.141 - - [15/Dec/2025:17:55:20 -0500] "GET /?products/20184022/ HTTP/1.1" 200 18415 "-" "Mozilla/5.0 (Linux; Android 6.0.1; Nexus 5X Build/MMB29P) AppleWebKit/537.36 (KHTML, like Gecko) Chrome/141.0.7390.122 Mobile Safari/537.36 (compatible; GoogleOther)"
57.141.2.92 - - [15/Dec/2025:17:56:32 -0500] "GET /?products/26496066/ HTTP/1.1" 200 42342 "-" "meta-externalagent/1.1 (+https://developers.facebook.com/docs/sharing/webmasters/crawler)"
66.249.70.142 - - [15/Dec/2025:17:56:48 -0500] "GET /?products/27584800/ HTTP/1.1" 200 18411 "-" "Mozilla/5.0 (Linux; Android 6.0.1; Nexus 5X Build/MMB29P) AppleWebKit/537.36 (KHTML, like Gecko) Chrome/141.0.7390.122 Mobile Safari/537.36 (compatible; GoogleOther)"
66.249.70.128 - - [15/Dec/2025:17:57:17 -0500] "GET /?products/27728766/ HTTP/1.1" 200 18747 "-" "Mozilla/5.0 (Linux; Android 6.0.1; Nexus 5X Build/MMB29P) AppleWebKit/537.36 (KHTML, like Gecko) Chrome/141.0.7390.122 Mobile Safari/537.36 (compatible; GoogleOther)"
57.141.2.28 - - [15/Dec/2025:17:57:20 -0500] "GET /contact-form/Generate_Captcha_Code.php?rand=1123858616 HTTP/1.1" 200 2017 "-" "meta-externalagent/1.1 (+https://developers.facebook.com/docs/sharing/webmasters/crawler)"
66.249.70.141 - - [15/Dec/2025:17:57:46 -0500] "GET /?products/9000433/ HTTP/1.1" 200 18708 "-" "Mozilla/5.0 (Linux; Android 6.0.1; Nexus 5X Build/MMB29P) AppleWebKit/537.36 (KHTML, like Gecko) Chrome/141.0.7390.122 Mobile Safari/537.36 (compatible; GoogleOther)"
66.249.70.141 - - [15/Dec/2025:17:59:07 -0500] "GET /?products/3217644/ HTTP/1.1" 200 18087 "-" "Mozilla/5.0 (Linux; Android 6.0.1; Nexus 5X Build/MMB29P) AppleWebKit/537.36 (KHTML, like Gecko) Chrome/141.0.7390.122 Mobile Safari/537.36 (compatible; GoogleOther)"
66.249.70.141 - - [15/Dec/2025:17:59:42 -0500] "GET /?products/12723922/ HTTP/1.1" 200 18067 "-" "Mozilla/5.0 (Linux; Android 6.0.1; Nexus 5X Build/MMB29P) AppleWebKit/537.36 (KHTML, like Gecko) Chrome/141.0.7390.122 Mobile Safari/537.36 (compatible; GoogleOther)"
66.249.70.142 - - [15/Dec/2025:18:01:09 -0500] "GET /?products/20287799/ HTTP/1.1" 200 18024 "-" "Mozilla/5.0 (Linux; Android 6.0.1; Nexus 5X Build/MMB29P) AppleWebKit/537.36 (KHTML, like Gecko) Chrome/141.0.7390.122 Mobile Safari/537.36 (compatible; GoogleOther)"
57.141.2.1 - - [15/Dec/2025:18:01:57 -0500] "GET /?products/16141488/ HTTP/1.1" 200 42341 "-" "meta-externalagent/1.1 (+https://developers.facebook.com/docs/sharing/webmasters/crawler)"
66.249.70.141 - - [15/Dec/2025:18:02:37 -0500] "GET /?products/25627233/ HTTP/1.1" 200 18225 "-" "Mozilla/5.0 (Linux; Android 6.0.1; Nexus 5X Build/MMB29P) AppleWebKit/537.36 (KHTML, like Gecko) Chrome/141.0.7390.122 Mobile Safari/537.36 (compatible; GoogleOther)"
74.125.151.141 - - [15/Dec/2025:18:02:47 -0500] "GET /?products/25983722/ HTTP/1.1" 200 6940 "-" "Mozilla/5.0 (X11; Linux x86_64) AppleWebKit/537.36 (KHTML, like Gecko) Chrome/141.0.7390.122 Safari/537.36"
74.125.151.141 - - [15/Dec/2025:18:02:47 -0500] "GET /common/owl-carousel/css/owl.carousel.min.css HTTP/1.1" 200 917 "https://www.taxigalle.com/?products/25983722/" "Mozilla/5.0 (X11; Linux x86_64) AppleWebKit/537.36 (KHTML, like Gecko) Chrome/141.0.7390.122 Safari/537.36"
74.125.151.141 - - [15/Dec/2025:18:02:47 -0500] "GET /css/style.css HTTP/1.1" 200 8669 "https://www.taxigalle.com/?products/25983722/" "Mozilla/5.0 (X11; Linux x86_64) AppleWebKit/537.36 (KHTML, like Gecko) Chrome/141.0.7390.122 Safari/537.36"
74.125.151.141 - - [15/Dec/2025:18:02:48 -0500] "GET /css/custom.css HTTP/1.1" 200 31 "https://www.taxigalle.com/?products/25983722/" "Mozilla/5.0 (X11; Linux x86_64) AppleWebKit/537.36 (KHTML, like Gecko) Chrome/141.0.7390.122 Safari/537.36"
74.125.151.141 - - [15/Dec/2025:18:02:48 -0500] "GET /upload/service/-110206705_191092934201_1600335573_n.jpg HTTP/1.1" 200 26301 "https://www.taxigalle.com/?products/25983722/" "Mozilla/5.0 (X11; Linux x86_64) AppleWebKit/537.36 (KHTML, like Gecko) Chrome/141.0.7390.122 Safari/537.36"
74.125.151.141 - - [15/Dec/2025:18:02:49 -0500] "GET /upload/service/-379846424_190823294482_1600335554_n.jpg HTTP/1.1" 200 178399 "https://www.taxigalle.com/?products/25983722/" "Mozilla/5.0 (X11; Linux x86_64) AppleWebKit/537.36 (KHTML, like Gecko) Chrome/141.0.7390.122 Safari/537.36"
74.125.151.141 - - [15/Dec/2025:18:02:50 -0500] "GET /images/iconbus-01-01.png HTTP/1.1" 200 1175 "https://www.taxigalle.com/?products/25983722/" "Mozilla/5.0 (X11; Linux x86_64) AppleWebKit/537.36 (KHTML, like Gecko) Chrome/141.0.7390.122 Safari/537.36"
74.125.151.141 - - [15/Dec/2025:18:02:50 -0500] "GET /contact-form/Generate_Captcha_Code.php?rand=1932044771 HTTP/1.1" 200 2734 "https://www.taxigalle.com/?products/25983722/" "Mozilla/5.0 (X11; Linux x86_64) AppleWebKit/537.36 (KHTML, like Gecko) Chrome/141.0.7390.122 Safari/537.36"
74.125.151.141 - - [15/Dec/2025:18:02:51 -0500] "GET /upload/service/-66338947648_124864193258_1600936314_n.jpg HTTP/1.1" 200 41348 "https://www.taxigalle.com/?products/25983722/" "Mozilla/5.0 (X11; Linux x86_64) AppleWebKit/537.36 (KHTML, like Gecko) Chrome/141.0.7390.122 Safari/537.36"
74.125.151.141 - - [15/Dec/2025:18:02:51 -0500] "GET /images/vehicles/Bus-01.png HTTP/1.1" 200 224169 "https://www.taxigalle.com/?products/25983722/" "Mozilla/5.0 (X11; Linux x86_64) AppleWebKit/537.36 (KHTML, like Gecko) Chrome/141.0.7390.122 Safari/537.36"
74.125.151.141 - - [15/Dec/2025:18:02:51 -0500] "GET /images/iconcar-01.png HTTP/1.1" 200 1464 "https://www.taxigalle.com/?products/25983722/" "Mozilla/5.0 (X11; Linux x86_64) AppleWebKit/537.36 (KHTML, like Gecko) Chrome/141.0.7390.122 Safari/537.36"
74.125.151.141 - - [15/Dec/2025:18:02:52 -0500] "GET /images/bonuse--for-ride.png HTTP/1.1" 200 6342 "https://www.taxigalle.com/?products/25983722/" "Mozilla/5.0 (X11; Linux x86_64) AppleWebKit/537.36 (KHTML, like Gecko) Chrome/141.0.7390.122 Safari/537.36"
74.125.151.141 - - [15/Dec/2025:18:02:52 -0500] "GET /js/custom.js HTTP/1.1" 200 674 "https://www.taxigalle.com/?products/25983722/" "Mozilla/5.0 (X11; Linux x86_64) AppleWebKit/537.36 (KHTML, like Gecko) Chrome/141.0.7390.122 Safari/537.36"
74.125.151.141 - - [15/Dec/2025:18:02:53 -0500] "GET /images/no-fee.png HTTP/1.1" 200 5994 "https://www.taxigalle.com/?products/25983722/" "Mozilla/5.0 (X11; Linux x86_64) AppleWebKit/537.36 (KHTML, like Gecko) Chrome/141.0.7390.122 Safari/537.36"
66.249.70.141 - - [15/Dec/2025:18:02:07 -0500] "GET /?products/24765299/ HTTP/1.1" 200 18435 "-" "Mozilla/5.0 (Linux; Android 6.0.1; Nexus 5X Build/MMB29P) AppleWebKit/537.36 (KHTML, like Gecko) Chrome/141.0.7390.122 Mobile Safari/537.36 (compatible; GoogleOther)"
66.249.70.141 - - [15/Dec/2025:18:02:38 -0500] "GET /?products/1917699/ HTTP/1.1" 200 17839 "-" "Mozilla/5.0 (Linux; Android 6.0.1; Nexus 5X Build/MMB29P) AppleWebKit/537.36 (KHTML, like Gecko) Chrome/141.0.7390.122 Mobile Safari/537.36 (compatible; Googlebot/2.1; +http://www.google.com/bot.html)"
74.125.151.141 - - [15/Dec/2025:18:02:48 -0500] "GET /common/bootstrap/css/bootstrap.min.css HTTP/1.1" 200 21469 "https://www.taxigalle.com/?products/25983722/" "Mozilla/5.0 (X11; Linux x86_64) AppleWebKit/537.36 (KHTML, like Gecko) Chrome/141.0.7390.122 Safari/537.36"
74.125.151.141 - - [15/Dec/2025:18:02:48 -0500] "GET /images/iconsuv-01.png HTTP/1.1" 200 1382 "https://www.taxigalle.com/?products/25983722/" "Mozilla/5.0 (X11; Linux x86_64) AppleWebKit/537.36 (KHTML, like Gecko) Chrome/141.0.7390.122 Safari/537.36"
74.125.151.141 - - [15/Dec/2025:18:02:48 -0500] "GET /common/fancybox/jquery.fancybox.min.css HTTP/1.1" 200 2897 "https://www.taxigalle.com/?products/25983722/" "Mozilla/5.0 (X11; Linux x86_64) AppleWebKit/537.36 (KHTML, like Gecko) Chrome/141.0.7390.122 Safari/537.36"
74.125.151.141 - - [15/Dec/2025:18:02:48 -0500] "GET /images/vehicles/peugeot-5008.png HTTP/1.1" 200 211176 "https://www.taxigalle.com/?products/25983722/" "Mozilla/5.0 (X11; Linux x86_64) AppleWebKit/537.36 (KHTML, like Gecko) Chrome/141.0.7390.122 Safari/537.36"
74.125.151.141 - - [15/Dec/2025:18:02:49 -0500] "GET /images/vehicles/tperius.png HTTP/1.1" 200 131551 "https://www.taxigalle.com/?products/25983722/" "Mozilla/5.0 (X11; Linux x86_64) AppleWebKit/537.36 (KHTML, like Gecko) Chrome/141.0.7390.122 Safari/537.36"
74.125.151.141 - - [15/Dec/2025:18:02:49 -0500] "GET /images/vehicles/KDH%20townAce1.png HTTP/1.1" 200 161499 "https://www.taxigalle.com/?products/25983722/" "Mozilla/5.0 (X11; Linux x86_64) AppleWebKit/537.36 (KHTML, like Gecko) Chrome/141.0.7390.122 Safari/537.36"
74.125.151.141 - - [15/Dec/2025:18:02:49 -0500] "GET /images/iconvan-01.png HTTP/1.1" 200 1533 "https://www.taxigalle.com/?products/25983722/" "Mozilla/5.0 (X11; Linux x86_64) AppleWebKit/537.36 (KHTML, like Gecko) Chrome/141.0.7390.122 Safari/537.36"
74.125.151.141 - - [15/Dec/2025:18:02:50 -0500] "GET /images/logo07.png HTTP/1.1" 200 10758 "https://www.taxigalle.com/?products/25983722/" "Mozilla/5.0 (X11; Linux x86_64) AppleWebKit/537.36 (KHTML, like Gecko) Chrome/141.0.7390.122 Safari/537.36"
74.125.151.141 - - [15/Dec/2025:18:02:52 -0500] "GET /upload/service/-149748172078_41454968828_1669011857_n.jpg HTTP/1.1" 200 37230 "https://www.taxigalle.com/?products/25983722/" "Mozilla/5.0 (X11; Linux x86_64) AppleWebKit/537.36 (KHTML, like Gecko) Chrome/141.0.7390.122 Safari/537.36"
74.125.151.141 - - [15/Dec/2025:18:02:53 -0500] "GET /upload/product-type/product/-139833547621_51369593285_1601548234_n.jpg HTTP/1.1" 200 13491 "https://www.taxigalle.com/?products/25983722/" "Mozilla/5.0 (X11; Linux x86_64) AppleWebKit/537.36 (KHTML, like Gecko) Chrome/141.0.7390.122 Safari/537.36"
74.125.151.141 - - [15/Dec/2025:18:02:53 -0500] "GET /upload/product-type/product/-122263015934_68940124972_1669019526_n.jpg HTTP/1.1" 200 64727 "https://www.taxigalle.com/?products/25983722/" "Mozilla/5.0 (X11; Linux x86_64) AppleWebKit/537.36 (KHTML, like Gecko) Chrome/141.0.7390.122 Safari/537.36"
74.125.151.141 - - [15/Dec/2025:18:02:53 -0500] "GET /upload/product-type/product/-51519754273_139683386633_1601548839_n.jpg HTTP/1.1" 200 80672 "https://www.taxigalle.com/?products/25983722/" "Mozilla/5.0 (X11; Linux x86_64) AppleWebKit/537.36 (KHTML, like Gecko) Chrome/141.0.7390.122 Safari/537.36"
74.125.151.141 - - [15/Dec/2025:18:02:53 -0500] "GET /common/owl-carousel/js/owl.carousel.js HTTP/1.1" 200 19365 "https://www.taxigalle.com/?products/25983722/" "Mozilla/5.0 (X11; Linux x86_64) AppleWebKit/537.36 (KHTML, like Gecko) Chrome/141.0.7390.122 Safari/537.36"
74.125.151.141 - - [15/Dec/2025:18:02:54 -0500] "GET /images/pleasure.png HTTP/1.1" 200 5712 "https://www.taxigalle.com/?products/25983722/" "Mozilla/5.0 (X11; Linux x86_64) AppleWebKit/537.36 (KHTML, like Gecko) Chrome/141.0.7390.122 Safari/537.36"
74.125.151.141 - - [15/Dec/2025:18:02:54 -0500] "GET /contact-form/img/refresh.png HTTP/1.1" 200 438 "https://www.taxigalle.com/?products/25983722/" "Mozilla/5.0 (X11; Linux x86_64) AppleWebKit/537.36 (KHTML, like Gecko) Chrome/141.0.7390.122 Safari/537.36"
74.125.151.141 - - [15/Dec/2025:18:02:55 -0500] "GET /images/easy-to-use.png HTTP/1.1" 200 6302 "https://www.taxigalle.com/?products/25983722/" "Mozilla/5.0 (X11; Linux x86_64) AppleWebKit/537.36 (KHTML, like Gecko) Chrome/141.0.7390.122 Safari/537.36"
74.125.151.141 - - [15/Dec/2025:18:02:56 -0500] "GET /booking/style.css HTTP/1.1" 200 1160 "https://www.taxigalle.com/?products/25983722/" "Mozilla/5.0 (X11; Linux x86_64) AppleWebKit/537.36 (KHTML, like Gecko) Chrome/141.0.7390.122 Safari/537.36"
74.125.151.141 - - [15/Dec/2025:18:02:56 -0500] "GET /upload/tour-type/-477215162_190725925744_1600332917_n.jpg HTTP/1.1" 200 21250 "https://www.taxigalle.com/?products/25983722/" "Mozilla/5.0 (X11; Linux x86_64) AppleWebKit/537.36 (KHTML, like Gecko) Chrome/141.0.7390.122 Safari/537.36"
74.125.151.141 - - [15/Dec/2025:18:02:56 -0500] "GET /upload/comments/-294463194_190908677712_1600333912_n.jpg HTTP/1.1" 200 7337 "https://www.taxigalle.com/?products/25983722/" "Mozilla/5.0 (X11; Linux x86_64) AppleWebKit/537.36 (KHTML, like Gecko) Chrome/141.0.7390.122 Safari/537.36"
74.125.151.141 - - [15/Dec/2025:18:02:57 -0500] "GET /upload/tour-type/-435799268_190767341638_1600333053_n.jpg HTTP/1.1" 200 22114 "https://www.taxigalle.com/?products/25983722/" "Mozilla/5.0 (X11; Linux x86_64) AppleWebKit/537.36 (KHTML, like Gecko) Chrome/141.0.7390.122 Safari/537.36"
74.125.151.141 - - [15/Dec/2025:18:02:57 -0500] "GET /upload/product-type/product/-146267739950_44935400956_1669110085_n.jpg HTTP/1.1" 200 13266 "https://www.taxigalle.com/?products/25983722/" "Mozilla/5.0 (X11; Linux x86_64) AppleWebKit/537.36 (KHTML, like Gecko) Chrome/141.0.7390.122 Safari/537.36"
74.125.151.141 - - [15/Dec/2025:18:02:57 -0500] "GET /js/jquery.min.js HTTP/1.1" 200 30278 "https://www.taxigalle.com/?products/25983722/" "Mozilla/5.0 (X11; Linux x86_64) AppleWebKit/537.36 (KHTML, like Gecko) Chrome/141.0.7390.122 Safari/537.36"
74.125.151.141 - - [15/Dec/2025:18:02:57 -0500] "GET /upload/product-type/product/-166571169534_24631971372_1601548411_n.jpg HTTP/1.1" 200 73836 "https://www.taxigalle.com/?products/25983722/" "Mozilla/5.0 (X11; Linux x86_64) AppleWebKit/537.36 (KHTML, like Gecko) Chrome/141.0.7390.122 Safari/537.36"
74.125.151.141 - - [15/Dec/2025:18:02:58 -0500] "GET /images/nationwide.png HTTP/1.1" 200 6517 "https://www.taxigalle.com/?products/25983722/" "Mozilla/5.0 (X11; Linux x86_64) AppleWebKit/537.36 (KHTML, like Gecko) Chrome/141.0.7390.122 Safari/537.36"
74.125.151.141 - - [15/Dec/2025:18:02:58 -0500] "GET /upload/service/-61020435315_130182705591_1600936969_n.jpg HTTP/1.1" 200 29515 "https://www.taxigalle.com/?products/25983722/" "Mozilla/5.0 (X11; Linux x86_64) AppleWebKit/537.36 (KHTML, like Gecko) Chrome/141.0.7390.122 Safari/537.36"
74.125.151.141 - - [15/Dec/2025:18:03:01 -0500] "GET /images/banner/back_dark.jpg HTTP/1.1" 200 631757 "https://www.taxigalle.com/?products/25983722/" "Mozilla/5.0 (X11; Linux x86_64) AppleWebKit/537.36 (KHTML, like Gecko) Chrome/141.0.7390.122 Safari/537.36"
74.125.151.142 - - [15/Dec/2025:18:03:01 -0500] "GET /images/right-shadow.png HTTP/1.1" 200 5669 "https://www.taxigalle.com/css/style.css" "Mozilla/5.0 (X11; Linux x86_64) AppleWebKit/537.36 (KHTML, like Gecko) Chrome/141.0.7390.122 Safari/537.36"
74.125.151.141 - - [15/Dec/2025:18:02:54 -0500] "GET /images/fixed-price.png HTTP/1.1" 200 6041 "https://www.taxigalle.com/?products/25983722/" "Mozilla/5.0 (X11; Linux x86_64) AppleWebKit/537.36 (KHTML, like Gecko) Chrome/141.0.7390.122 Safari/537.36"
74.125.151.141 - - [15/Dec/2025:18:02:55 -0500] "GET /upload/service/-10144527978_181058612928_1669012464_n.jpg HTTP/1.1" 200 33980 "https://www.taxigalle.com/?products/25983722/" "Mozilla/5.0 (X11; Linux x86_64) AppleWebKit/537.36 (KHTML, like Gecko) Chrome/141.0.7390.122 Safari/537.36"
74.125.151.141 - - [15/Dec/2025:18:02:55 -0500] "GET /upload/product-type/product/-128663770754_62539370152_1601547897_n.jpg HTTP/1.1" 200 74587 "https://www.taxigalle.com/?products/25983722/" "Mozilla/5.0 (X11; Linux x86_64) AppleWebKit/537.36 (KHTML, like Gecko) Chrome/141.0.7390.122 Safari/537.36"
74.125.151.141 - - [15/Dec/2025:18:02:55 -0500] "GET /booking/scripts.js HTTP/1.1" 200 1026 "https://www.taxigalle.com/?products/25983722/" "Mozilla/5.0 (X11; Linux x86_64) AppleWebKit/537.36 (KHTML, like Gecko) Chrome/141.0.7390.122 Safari/537.36"
74.125.151.141 - - [15/Dec/2025:18:02:56 -0500] "GET /images/whatsapp.png HTTP/1.1" 200 8120 "https://www.taxigalle.com/?products/25983722/" "Mozilla/5.0 (X11; Linux x86_64) AppleWebKit/537.36 (KHTML, like Gecko) Chrome/141.0.7390.122 Safari/537.36"
74.125.151.141 - - [15/Dec/2025:18:02:56 -0500] "GET /js/all.min.js HTTP/1.1" 200 452938 "https://www.taxigalle.com/?products/25983722/" "Mozilla/5.0 (X11; Linux x86_64) AppleWebKit/537.36 (KHTML, like Gecko) Chrome/141.0.7390.122 Safari/537.36"
74.125.151.141 - - [15/Dec/2025:18:02:57 -0500] "GET /common/fancybox/jquery.fancybox.min.js HTTP/1.1" 200 20983 "https://www.taxigalle.com/?products/25983722/" "Mozilla/5.0 (X11; Linux x86_64) AppleWebKit/537.36 (KHTML, like Gecko) Chrome/141.0.7390.122 Safari/537.36"
74.125.151.141 - - [15/Dec/2025:18:02:57 -0500] "GET /common/bootstrap/js/bootstrap.min.js HTTP/1.1" 200 14242 "https://www.taxigalle.com/?products/25983722/" "Mozilla/5.0 (X11; Linux x86_64) AppleWebKit/537.36 (KHTML, like Gecko) Chrome/141.0.7390.122 Safari/537.36"
57.141.2.72 - - [15/Dec/2025:18:02:58 -0500] "GET /?products/14586777/ HTTP/1.1" 200 42341 "-" "meta-externalagent/1.1 (+https://developers.facebook.com/docs/sharing/webmasters/crawler)"
74.125.151.142 - - [15/Dec/2025:18:03:01 -0500] "GET /images/left-shadow.png HTTP/1.1" 200 5711 "https://www.taxigalle.com/css/style.css" "Mozilla/5.0 (X11; Linux x86_64) AppleWebKit/537.36 (KHTML, like Gecko) Chrome/141.0.7390.122 Safari/537.36"
74.125.151.128 - - [15/Dec/2025:18:03:02 -0500] "GET /images/testimonial-icon.png HTTP/1.1" 200 4019 "https://www.taxigalle.com/css/style.css" "Mozilla/5.0 (X11; Linux x86_64) AppleWebKit/537.36 (KHTML, like Gecko) Chrome/141.0.7390.122 Safari/537.36"
74.125.151.141 - - [15/Dec/2025:18:03:02 -0500] "GET /images/testimonial-qoute.png HTTP/1.1" 200 4119 "https://www.taxigalle.com/css/style.css" "Mozilla/5.0 (X11; Linux x86_64) AppleWebKit/537.36 (KHTML, like Gecko) Chrome/141.0.7390.122 Safari/537.36"
66.249.70.141 - - [15/Dec/2025:18:03:35 -0500] "GET /?products/29180266/ HTTP/1.1" 200 18535 "-" "Mozilla/5.0 (Linux; Android 6.0.1; Nexus 5X Build/MMB29P) AppleWebKit/537.36 (KHTML, like Gecko) Chrome/141.0.7390.122 Mobile Safari/537.36 (compatible; GoogleOther)"
66.249.70.141 - - [15/Dec/2025:18:04:04 -0500] "GET /?products/27711611/ HTTP/1.1" 200 18913 "-" "Mozilla/5.0 (Linux; Android 6.0.1; Nexus 5X Build/MMB29P) AppleWebKit/537.36 (KHTML, like Gecko) Chrome/141.0.7390.122 Mobile Safari/537.36 (compatible; GoogleOther)"
66.249.70.128 - - [15/Dec/2025:18:05:01 -0500] "GET /?products/8650244/ HTTP/1.1" 200 17534 "-" "Mozilla/5.0 (Linux; Android 6.0.1; Nexus 5X Build/MMB29P) AppleWebKit/537.36 (KHTML, like Gecko) Chrome/141.0.7390.122 Mobile Safari/537.36 (compatible; Googlebot/2.1; +http://www.google.com/bot.html)"
74.125.151.128 - - [15/Dec/2025:18:03:02 -0500] "GET /images/banner/index.png HTTP/1.1" 200 1744907 "https://www.taxigalle.com/css/style.css" "Mozilla/5.0 (X11; Linux x86_64) AppleWebKit/537.36 (KHTML, like Gecko) Chrome/141.0.7390.122 Safari/537.36"
66.249.70.142 - - [15/Dec/2025:18:03:06 -0500] "GET /?products/27240988/ HTTP/1.1" 200 18250 "-" "Mozilla/5.0 (Linux; Android 6.0.1; Nexus 5X Build/MMB29P) AppleWebKit/537.36 (KHTML, like Gecko) Chrome/141.0.7390.122 Mobile Safari/537.36 (compatible; GoogleOther)"
57.141.2.49 - - [15/Dec/2025:18:03:29 -0500] "GET /?products/29449299/ HTTP/1.1" 200 42341 "-" "meta-externalagent/1.1 (+https://developers.facebook.com/docs/sharing/webmasters/crawler)"
66.249.70.141 - - [15/Dec/2025:18:04:33 -0500] "GET /?products/5069811/ HTTP/1.1" 200 18710 "-" "Mozilla/5.0 (Linux; Android 6.0.1; Nexus 5X Build/MMB29P) AppleWebKit/537.36 (KHTML, like Gecko) Chrome/141.0.7390.122 Mobile Safari/537.36 (compatible; GoogleOther)"
57.141.2.82 - - [15/Dec/2025:18:04:40 -0500] "GET /?products/8944499/ HTTP/1.1" 200 42341 "-" "meta-externalagent/1.1 (+https://developers.facebook.com/docs/sharing/webmasters/crawler)"
66.249.70.128 - - [15/Dec/2025:18:05:02 -0500] "GET /?products/12446666/ HTTP/1.1" 200 17653 "-" "Mozilla/5.0 (Linux; Android 6.0.1; Nexus 5X Build/MMB29P) AppleWebKit/537.36 (KHTML, like Gecko) Chrome/141.0.7390.122 Mobile Safari/537.36 (compatible; GoogleOther)"
57.141.2.63 - - [15/Dec/2025:18:05:54 -0500] "GET /contact-form/Generate_Captcha_Code.php?rand=696430068 HTTP/1.1" 200 2491 "-" "meta-externalagent/1.1 (+https://developers.facebook.com/docs/sharing/webmasters/crawler)"
66.249.70.141 - - [15/Dec/2025:18:06:29 -0500] "GET /?products/13830511/ HTTP/1.1" 200 18661 "-" "Mozilla/5.0 (Linux; Android 6.0.1; Nexus 5X Build/MMB29P) AppleWebKit/537.36 (KHTML, like Gecko) Chrome/141.0.7390.122 Mobile Safari/537.36 (compatible; GoogleOther)"
57.141.2.80 - - [15/Dec/2025:18:07:12 -0500] "GET /contact-form/Generate_Captcha_Code.php?rand=1602795249 HTTP/1.1" 200 2409 "-" "meta-externalagent/1.1 (+https://developers.facebook.com/docs/sharing/webmasters/crawler)"
57.141.2.17 - - [15/Dec/2025:18:07:12 -0500] "GET /contact-form/Generate_Captcha_Code.php?rand=2134153467 HTTP/1.1" 200 2185 "-" "meta-externalagent/1.1 (+https://developers.facebook.com/docs/sharing/webmasters/crawler)"
66.249.70.141 - - [15/Dec/2025:18:07:56 -0500] "GET /?products/12939655/ HTTP/1.1" 200 18950 "-" "Mozilla/5.0 (Linux; Android 6.0.1; Nexus 5X Build/MMB29P) AppleWebKit/537.36 (KHTML, like Gecko) Chrome/141.0.7390.122 Mobile Safari/537.36 (compatible; GoogleOther)"
66.249.70.141 - - [15/Dec/2025:18:08:35 -0500] "GET /?products/4540877/ HTTP/1.1" 200 18844 "-" "Mozilla/5.0 (Linux; Android 6.0.1; Nexus 5X Build/MMB29P) AppleWebKit/537.36 (KHTML, like Gecko) Chrome/141.0.7390.122 Mobile Safari/537.36 (compatible; GoogleOther)"
57.141.2.7 - - [15/Dec/2025:18:08:53 -0500] "GET /contact-form/Generate_Captcha_Code.php?rand=1871173292 HTTP/1.1" 200 2539 "-" "meta-externalagent/1.1 (+https://developers.facebook.com/docs/sharing/webmasters/crawler)"
57.141.2.80 - - [15/Dec/2025:18:08:53 -0500] "GET /contact-form/Generate_Captcha_Code.php?rand=1871173292 HTTP/1.1" 200 2263 "-" "meta-externalagent/1.1 (+https://developers.facebook.com/docs/sharing/webmasters/crawler)"
66.249.70.141 - - [15/Dec/2025:18:09:07 -0500] "GET /?products/14140777/ HTTP/1.1" 200 18174 "-" "Mozilla/5.0 (Linux; Android 6.0.1; Nexus 5X Build/MMB29P) AppleWebKit/537.36 (KHTML, like Gecko) Chrome/141.0.7390.122 Mobile Safari/537.36 (compatible; GoogleOther)"
66.249.70.141 - - [15/Dec/2025:18:09:25 -0500] "GET /?products/18164388/ HTTP/1.1" 200 17471 "-" "Mozilla/5.0 (Linux; Android 6.0.1; Nexus 5X Build/MMB29P) AppleWebKit/537.36 (KHTML, like Gecko) Chrome/141.0.7390.122 Mobile Safari/537.36 (compatible; GoogleOther)"
66.249.70.141 - - [15/Dec/2025:18:05:31 -0500] "GET /?products/26097944/ HTTP/1.1" 200 18039 "-" "Mozilla/5.0 (Linux; Android 6.0.1; Nexus 5X Build/MMB29P) AppleWebKit/537.36 (KHTML, like Gecko) Chrome/141.0.7390.122 Mobile Safari/537.36 (compatible; GoogleOther)"
57.141.2.85 - - [15/Dec/2025:18:05:55 -0500] "GET /contact-form/Generate_Captcha_Code.php?rand=696430068 HTTP/1.1" 200 2300 "-" "meta-externalagent/1.1 (+https://developers.facebook.com/docs/sharing/webmasters/crawler)"
66.249.70.128 - - [15/Dec/2025:18:06:01 -0500] "GET /?products/21453433/ HTTP/1.1" 200 18176 "-" "Mozilla/5.0 (Linux; Android 6.0.1; Nexus 5X Build/MMB29P) AppleWebKit/537.36 (KHTML, like Gecko) Chrome/141.0.7390.122 Mobile Safari/537.36 (compatible; GoogleOther)"
66.249.70.141 - - [15/Dec/2025:18:06:58 -0500] "GET /?products/8188066/ HTTP/1.1" 200 18178 "-" "Mozilla/5.0 (Linux; Android 6.0.1; Nexus 5X Build/MMB29P) AppleWebKit/537.36 (KHTML, like Gecko) Chrome/141.0.7390.122 Mobile Safari/537.36 (compatible; GoogleOther)"
57.141.2.20 - - [15/Dec/2025:18:07:14 -0500] "GET /contact-form/Generate_Captcha_Code.php?rand=1602795249 HTTP/1.1" 200 2450 "-" "meta-externalagent/1.1 (+https://developers.facebook.com/docs/sharing/webmasters/crawler)"
57.141.2.5 - - [15/Dec/2025:18:07:17 -0500] "GET /contact-form/Generate_Captcha_Code.php?rand=2134153467 HTTP/1.1" 200 2294 "-" "meta-externalagent/1.1 (+https://developers.facebook.com/docs/sharing/webmasters/crawler)"
66.249.70.128 - - [15/Dec/2025:18:07:27 -0500] "GET /?products/18399155/ HTTP/1.1" 200 18164 "-" "Mozilla/5.0 (Linux; Android 6.0.1; Nexus 5X Build/MMB29P) AppleWebKit/537.36 (KHTML, like Gecko) Chrome/141.0.7390.122 Mobile Safari/537.36 (compatible; GoogleOther)"
66.249.70.142 - - [15/Dec/2025:18:07:35 -0500] "GET /?products/20765777/ HTTP/1.1" 200 18466 "-" "Mozilla/5.0 (Linux; Android 6.0.1; Nexus 5X Build/MMB29P) AppleWebKit/537.36 (KHTML, like Gecko) Chrome/141.0.7390.122 Mobile Safari/537.36 (compatible; Googlebot/2.1; +http://www.google.com/bot.html)"
66.249.70.128 - - [15/Dec/2025:18:08:26 -0500] "GET /?products/8368299/ HTTP/1.1" 200 18616 "-" "Mozilla/5.0 (Linux; Android 6.0.1; Nexus 5X Build/MMB29P) AppleWebKit/537.36 (KHTML, like Gecko) Chrome/141.0.7390.122 Mobile Safari/537.36 (compatible; GoogleOther)"
66.249.70.141 - - [15/Dec/2025:18:08:50 -0500] "GET /?products/22479199/ HTTP/1.1" 200 17645 "-" "Mozilla/5.0 (Linux; Android 6.0.1; Nexus 5X Build/MMB29P) AppleWebKit/537.36 (KHTML, like Gecko) Chrome/141.0.7390.122 Mobile Safari/537.36 (compatible; GoogleOther)"
66.249.70.141 - - [15/Dec/2025:18:10:36 -0500] "GET /?products/22093433/ HTTP/1.1" 200 18677 "-" "Mozilla/5.0 (Linux; Android 6.0.1; Nexus 5X Build/MMB29P) AppleWebKit/537.36 (KHTML, like Gecko) Chrome/141.0.7390.122 Mobile Safari/537.36 (compatible; GoogleOther)"
57.141.2.75 - - [15/Dec/2025:18:10:41 -0500] "GET /?products/14308988/ HTTP/1.1" 200 42341 "-" "meta-externalagent/1.1 (+https://developers.facebook.com/docs/sharing/webmasters/crawler)"
66.249.70.141 - - [15/Dec/2025:18:11:30 -0500] "GET /?products/21856499/ HTTP/1.1" 200 17898 "-" "Mozilla/5.0 (Linux; Android 6.0.1; Nexus 5X Build/MMB29P) AppleWebKit/537.36 (KHTML, like Gecko) Chrome/141.0.7390.122 Mobile Safari/537.36 (compatible; GoogleOther)"
57.141.2.88 - - [15/Dec/2025:18:11:33 -0500] "GET /?products/7027766/ HTTP/1.1" 200 42342 "-" "meta-externalagent/1.1 (+https://developers.facebook.com/docs/sharing/webmasters/crawler)"
66.249.70.141 - - [15/Dec/2025:18:11:48 -0500] "GET /?products/22475011/ HTTP/1.1" 200 17303 "-" "Mozilla/5.0 (Linux; Android 6.0.1; Nexus 5X Build/MMB29P) AppleWebKit/537.36 (KHTML, like Gecko) Chrome/141.0.7390.122 Mobile Safari/537.36 (compatible; GoogleOther)"
66.249.70.142 - - [15/Dec/2025:18:12:06 -0500] "GET /?products/29526411/ HTTP/1.1" 200 17968 "-" "Mozilla/5.0 (Linux; Android 6.0.1; Nexus 5X Build/MMB29P) AppleWebKit/537.36 (KHTML, like Gecko) Chrome/141.0.7390.122 Mobile Safari/537.36 (compatible; GoogleOther)"
