66.249.70.128 - - [15/Dec/2025:20:51:26 -0500] "GET /?products/11102677/ HTTP/1.1" 200 18125 "-" "Mozilla/5.0 (Linux; Android 6.0.1; Nexus 5X Build/MMB29P) AppleWebKit/537.36 (KHTML, like Gecko) Chrome/141.0.7390.122 Mobile Safari/537.36 (compatible; GoogleOther)"
66.249.70.128 - - [15/Dec/2025:20:52:27 -0500] "GET /?products/19783166/ HTTP/1.1" 200 18330 "-" "Mozilla/5.0 (Linux; Android 6.0.1; Nexus 5X Build/MMB29P) AppleWebKit/537.36 (KHTML, like Gecko) Chrome/141.0.7390.122 Mobile Safari/537.36 (compatible; GoogleOther)"
57.141.2.14 - - [15/Dec/2025:20:52:39 -0500] "GET /?products/22692011/ HTTP/1.1" 200 42341 "-" "meta-externalagent/1.1 (+https://developers.facebook.com/docs/sharing/webmasters/crawler)"
66.249.70.141 - - [15/Dec/2025:20:52:57 -0500] "GET /?products/12034577/ HTTP/1.1" 200 18726 "-" "Mozilla/5.0 (Linux; Android 6.0.1; Nexus 5X Build/MMB29P) AppleWebKit/537.36 (KHTML, like Gecko) Chrome/141.0.7390.122 Mobile Safari/537.36 (compatible; GoogleOther)"
57.141.2.76 - - [15/Dec/2025:20:53:34 -0500] "GET /?products/15733222/ HTTP/1.1" 200 42342 "-" "meta-externalagent/1.1 (+https://developers.facebook.com/docs/sharing/webmasters/crawler)"
57.141.2.18 - - [15/Dec/2025:20:53:53 -0500] "GET /?products/19606877/ HTTP/1.1" 200 42341 "-" "meta-externalagent/1.1 (+https://developers.facebook.com/docs/sharing/webmasters/crawler)"
66.249.70.141 - - [15/Dec/2025:20:53:57 -0500] "GET /?products/9191622/ HTTP/1.1" 200 18315 "-" "Mozilla/5.0 (Linux; Android 6.0.1; Nexus 5X Build/MMB29P) AppleWebKit/537.36 (KHTML, like Gecko) Chrome/141.0.7390.122 Mobile Safari/537.36 (compatible; GoogleOther)"
66.249.70.141 - - [15/Dec/2025:20:54:27 -0500] "GET /?products/22538400/ HTTP/1.1" 200 18002 "-" "Mozilla/5.0 (Linux; Android 6.0.1; Nexus 5X Build/MMB29P) AppleWebKit/537.36 (KHTML, like Gecko) Chrome/141.0.7390.122 Mobile Safari/537.36 (compatible; GoogleOther)"
57.141.2.19 - - [15/Dec/2025:20:54:29 -0500] "GET /?products/24753344/ HTTP/1.1" 200 42341 "-" "meta-externalagent/1.1 (+https://developers.facebook.com/docs/sharing/webmasters/crawler)"
57.141.2.73 - - [15/Dec/2025:20:54:50 -0500] "GET /view-destinations.php?type=25 HTTP/1.1" 200 21769 "-" "meta-externalagent/1.1 (+https://developers.facebook.com/docs/sharing/webmasters/crawler)"
57.141.2.75 - - [15/Dec/2025:20:54:54 -0500] "GET /?products/7562044/ HTTP/1.1" 200 42342 "-" "meta-externalagent/1.1 (+https://developers.facebook.com/docs/sharing/webmasters/crawler)"
66.249.70.142 - - [15/Dec/2025:20:54:57 -0500] "GET /?products/19732377/ HTTP/1.1" 200 18123 "-" "Mozilla/5.0 (Linux; Android 6.0.1; Nexus 5X Build/MMB29P) AppleWebKit/537.36 (KHTML, like Gecko) Chrome/141.0.7390.122 Mobile Safari/537.36 (compatible; GoogleOther)"
57.141.2.61 - - [15/Dec/2025:20:55:16 -0500] "GET /?products/28592033/ HTTP/1.1" 200 42342 "-" "meta-externalagent/1.1 (+https://developers.facebook.com/docs/sharing/webmasters/crawler)"
66.249.70.128 - - [15/Dec/2025:20:55:27 -0500] "GET /?products/11206366/ HTTP/1.1" 200 17648 "-" "Mozilla/5.0 (Linux; Android 6.0.1; Nexus 5X Build/MMB29P) AppleWebKit/537.36 (KHTML, like Gecko) Chrome/141.0.7390.122 Mobile Safari/537.36 (compatible; GoogleOther)"
66.249.70.141 - - [15/Dec/2025:20:55:43 -0500] "GET /?products/12877877/ HTTP/1.1" 200 18324 "-" "Mozilla/5.0 (Linux; Android 6.0.1; Nexus 5X Build/MMB29P) AppleWebKit/537.36 (KHTML, like Gecko) Chrome/141.0.7390.122 Mobile Safari/537.36 (compatible; Googlebot/2.1; +http://www.google.com/bot.html)"
66.249.70.141 - - [15/Dec/2025:20:55:58 -0500] "GET /?products/9315655/ HTTP/1.1" 200 18389 "-" "Mozilla/5.0 (Linux; Android 6.0.1; Nexus 5X Build/MMB29P) AppleWebKit/537.36 (KHTML, like Gecko) Chrome/141.0.7390.122 Mobile Safari/537.36 (compatible; GoogleOther)"
57.141.2.77 - - [15/Dec/2025:20:56:25 -0500] "GET /?products/3649122/ HTTP/1.1" 200 42342 "-" "meta-externalagent/1.1 (+https://developers.facebook.com/docs/sharing/webmasters/crawler)"
57.141.2.16 - - [15/Dec/2025:20:56:29 -0500] "GET /contact-form/Generate_Captcha_Code.php?rand=175719409 HTTP/1.1" 200 2468 "-" "meta-externalagent/1.1 (+https://developers.facebook.com/docs/sharing/webmasters/crawler)"
66.249.70.142 - - [15/Dec/2025:20:56:58 -0500] "GET /?products/10824155/ HTTP/1.1" 200 17380 "-" "Mozilla/5.0 (Linux; Android 6.0.1; Nexus 5X Build/MMB29P) AppleWebKit/537.36 (KHTML, like Gecko) Chrome/141.0.7390.122 Mobile Safari/537.36 (compatible; GoogleOther)"
66.249.70.128 - - [15/Dec/2025:20:57:28 -0500] "GET /?products/10368888/ HTTP/1.1" 200 18694 "-" "Mozilla/5.0 (Linux; Android 6.0.1; Nexus 5X Build/MMB29P) AppleWebKit/537.36 (KHTML, like Gecko) Chrome/141.0.7390.122 Mobile Safari/537.36 (compatible; GoogleOther)"
57.141.2.30 - - [15/Dec/2025:20:57:29 -0500] "GET /?products/17543799/ HTTP/1.1" 200 42342 "-" "meta-externalagent/1.1 (+https://developers.facebook.com/docs/sharing/webmasters/crawler)"
66.249.70.142 - - [15/Dec/2025:20:57:30 -0500] "GET /?products/2163255/ HTTP/1.1" 200 17874 "-" "Mozilla/5.0 (Linux; Android 6.0.1; Nexus 5X Build/MMB29P) AppleWebKit/537.36 (KHTML, like Gecko) Chrome/141.0.7390.122 Mobile Safari/537.36 (compatible; Googlebot/2.1; +http://www.google.com/bot.html)"
66.249.70.141 - - [15/Dec/2025:20:57:58 -0500] "GET /?products/10949155/ HTTP/1.1" 200 19203 "-" "Mozilla/5.0 (Linux; Android 6.0.1; Nexus 5X Build/MMB29P) AppleWebKit/537.36 (KHTML, like Gecko) Chrome/141.0.7390.122 Mobile Safari/537.36 (compatible; GoogleOther)"
66.249.70.128 - - [15/Dec/2025:20:58:28 -0500] "GET /?products/9572333/ HTTP/1.1" 200 18015 "-" "Mozilla/5.0 (Linux; Android 6.0.1; Nexus 5X Build/MMB29P) AppleWebKit/537.36 (KHTML, like Gecko) Chrome/141.0.7390.122 Mobile Safari/537.36 (compatible; GoogleOther)"
57.141.2.92 - - [15/Dec/2025:20:56:27 -0500] "GET /contact-form/Generate_Captcha_Code.php?rand=175719409 HTTP/1.1" 200 2226 "-" "meta-externalagent/1.1 (+https://developers.facebook.com/docs/sharing/webmasters/crawler)"
66.249.70.142 - - [15/Dec/2025:20:56:27 -0500] "GET /?products/11632099/ HTTP/1.1" 200 17803 "-" "Mozilla/5.0 (Linux; Android 6.0.1; Nexus 5X Build/MMB29P) AppleWebKit/537.36 (KHTML, like Gecko) Chrome/141.0.7390.122 Mobile Safari/537.36 (compatible; GoogleOther)"
57.141.2.35 - - [15/Dec/2025:20:56:58 -0500] "GET /?products/14898322/ HTTP/1.1" 200 42342 "-" "meta-externalagent/1.1 (+https://developers.facebook.com/docs/sharing/webmasters/crawler)"
57.141.2.68 - - [15/Dec/2025:20:57:13 -0500] "GET /?products/27670544/ HTTP/1.1" 200 42342 "-" "meta-externalagent/1.1 (+https://developers.facebook.com/docs/sharing/webmasters/crawler)"
66.249.70.141 - - [15/Dec/2025:20:58:42 -0500] "GET /?products/6292499/ HTTP/1.1" 200 17578 "-" "Mozilla/5.0 (Linux; Android 6.0.1; Nexus 5X Build/MMB29P) AppleWebKit/537.36 (KHTML, like Gecko) Chrome/141.0.7390.122 Mobile Safari/537.36 (compatible; Googlebot/2.1; +http://www.google.com/bot.html)"
66.249.70.141 - - [15/Dec/2025:20:58:58 -0500] "GET /?products/10103433/ HTTP/1.1" 200 18549 "-" "Mozilla/5.0 (Linux; Android 6.0.1; Nexus 5X Build/MMB29P) AppleWebKit/537.36 (KHTML, like Gecko) Chrome/141.0.7390.122 Mobile Safari/537.36 (compatible; GoogleOther)"
66.249.70.142 - - [15/Dec/2025:20:59:58 -0500] "GET /?products/12501088/ HTTP/1.1" 200 18157 "-" "Mozilla/5.0 (Linux; Android 6.0.1; Nexus 5X Build/MMB29P) AppleWebKit/537.36 (KHTML, like Gecko) Chrome/141.0.7390.122 Mobile Safari/537.36 (compatible; GoogleOther)"
57.141.2.25 - - [15/Dec/2025:21:00:07 -0500] "GET /?products/1650077/ HTTP/1.1" 200 42341 "-" "meta-externalagent/1.1 (+https://developers.facebook.com/docs/sharing/webmasters/crawler)"
57.141.2.20 - - [15/Dec/2025:21:00:18 -0500] "GET /?products/22637099/ HTTP/1.1" 200 42342 "-" "meta-externalagent/1.1 (+https://developers.facebook.com/docs/sharing/webmasters/crawler)"
66.249.70.142 - - [15/Dec/2025:21:00:58 -0500] "GET /?products/19713433/ HTTP/1.1" 200 18344 "-" "Mozilla/5.0 (Linux; Android 6.0.1; Nexus 5X Build/MMB29P) AppleWebKit/537.36 (KHTML, like Gecko) Chrome/141.0.7390.122 Mobile Safari/537.36 (compatible; GoogleOther)"
57.141.2.62 - - [15/Dec/2025:21:01:20 -0500] "GET /?products/23846411/ HTTP/1.1" 200 42342 "-" "meta-externalagent/1.1 (+https://developers.facebook.com/docs/sharing/webmasters/crawler)"
66.249.70.141 - - [15/Dec/2025:21:01:29 -0500] "GET /?products/12279899/ HTTP/1.1" 200 17696 "-" "Mozilla/5.0 (Linux; Android 6.0.1; Nexus 5X Build/MMB29P) AppleWebKit/537.36 (KHTML, like Gecko) Chrome/141.0.7390.122 Mobile Safari/537.36 (compatible; GoogleOther)"
66.249.70.141 - - [15/Dec/2025:21:01:59 -0500] "GET /?products/10402133/ HTTP/1.1" 200 17586 "-" "Mozilla/5.0 (Linux; Android 6.0.1; Nexus 5X Build/MMB29P) AppleWebKit/537.36 (KHTML, like Gecko) Chrome/141.0.7390.122 Mobile Safari/537.36 (compatible; GoogleOther)"
66.249.70.128 - - [15/Dec/2025:21:02:29 -0500] "GET /?products/10625599/ HTTP/1.1" 200 18179 "-" "Mozilla/5.0 (Linux; Android 6.0.1; Nexus 5X Build/MMB29P) AppleWebKit/537.36 (KHTML, like Gecko) Chrome/141.0.7390.122 Mobile Safari/537.36 (compatible; GoogleOther)"
57.141.2.26 - - [15/Dec/2025:21:02:57 -0500] "GET /?products/11424899/ HTTP/1.1" 200 42341 "-" "meta-externalagent/1.1 (+https://developers.facebook.com/docs/sharing/webmasters/crawler)"
66.249.70.141 - - [15/Dec/2025:21:03:59 -0500] "GET /?products/11777155/ HTTP/1.1" 200 17790 "-" "Mozilla/5.0 (Linux; Android 6.0.1; Nexus 5X Build/MMB29P) AppleWebKit/537.36 (KHTML, like Gecko) Chrome/141.0.7390.122 Mobile Safari/537.36 (compatible; GoogleOther)"
66.249.70.141 - - [15/Dec/2025:20:59:28 -0500] "GET /?products/9171111/ HTTP/1.1" 200 18224 "-" "Mozilla/5.0 (Linux; Android 6.0.1; Nexus 5X Build/MMB29P) AppleWebKit/537.36 (KHTML, like Gecko) Chrome/141.0.7390.122 Mobile Safari/537.36 (compatible; GoogleOther)"
57.141.2.36 - - [15/Dec/2025:20:59:47 -0500] "GET /?products/7480166/ HTTP/1.1" 200 42342 "-" "meta-externalagent/1.1 (+https://developers.facebook.com/docs/sharing/webmasters/crawler)"
57.141.2.9 - - [15/Dec/2025:21:00:02 -0500] "GET /?products/21161155/ HTTP/1.1" 200 42341 "-" "meta-externalagent/1.1 (+https://developers.facebook.com/docs/sharing/webmasters/crawler)"
66.249.70.141 - - [15/Dec/2025:21:00:07 -0500] "GET /?products/10155599/ HTTP/1.1" 200 17457 "-" "Mozilla/5.0 (Linux; Android 6.0.1; Nexus 5X Build/MMB29P) AppleWebKit/537.36 (KHTML, like Gecko) Chrome/141.0.7390.122 Mobile Safari/537.36 (compatible; Googlebot/2.1; +http://www.google.com/bot.html)"
57.141.2.76 - - [15/Dec/2025:21:00:29 -0500] "GET /?products/28782100/ HTTP/1.1" 200 42342 "-" "meta-externalagent/1.1 (+https://developers.facebook.com/docs/sharing/webmasters/crawler)"
57.141.2.77 - - [15/Dec/2025:21:00:12 -0500] "GET /?products/14214700/ HTTP/1.1" 200 42341 "-" "meta-externalagent/1.1 (+https://developers.facebook.com/docs/sharing/webmasters/crawler)"
66.249.70.142 - - [15/Dec/2025:21:00:28 -0500] "GET /?products/9380200/ HTTP/1.1" 200 17473 "-" "Mozilla/5.0 (Linux; Android 6.0.1; Nexus 5X Build/MMB29P) AppleWebKit/537.36 (KHTML, like Gecko) Chrome/141.0.7390.122 Mobile Safari/537.36 (compatible; GoogleOther)"
57.141.2.22 - - [15/Dec/2025:21:01:11 -0500] "GET /?products/18620199/ HTTP/1.1" 200 42342 "-" "meta-externalagent/1.1 (+https://developers.facebook.com/docs/sharing/webmasters/crawler)"
66.249.70.141 - - [15/Dec/2025:21:01:35 -0500] "GET /?products/16351088/ HTTP/1.1" 200 18288 "-" "Mozilla/5.0 (Linux; Android 6.0.1; Nexus 5X Build/MMB29P) AppleWebKit/537.36 (KHTML, like Gecko) Chrome/141.0.7390.122 Mobile Safari/537.36 (compatible; Googlebot/2.1; +http://www.google.com/bot.html)"
57.141.2.88 - - [15/Dec/2025:21:01:55 -0500] "GET /?products/17381422/ HTTP/1.1" 200 42341 "-" "meta-externalagent/1.1 (+https://developers.facebook.com/docs/sharing/webmasters/crawler)"
66.249.70.142 - - [15/Dec/2025:21:02:59 -0500] "GET /?products/22679022/ HTTP/1.1" 200 18994 "-" "Mozilla/5.0 (Linux; Android 6.0.1; Nexus 5X Build/MMB29P) AppleWebKit/537.36 (KHTML, like Gecko) Chrome/141.0.7390.122 Mobile Safari/537.36 (compatible; GoogleOther)"
57.141.2.17 - - [15/Dec/2025:21:02:59 -0500] "GET /contact-form/Generate_Captcha_Code.php?rand=1921158485 HTTP/1.1" 200 2155 "-" "meta-externalagent/1.1 (+https://developers.facebook.com/docs/sharing/webmasters/crawler)"
57.141.2.25 - - [15/Dec/2025:21:03:01 -0500] "GET /contact-form/Generate_Captcha_Code.php?rand=1921158485 HTTP/1.1" 200 2273 "-" "meta-externalagent/1.1 (+https://developers.facebook.com/docs/sharing/webmasters/crawler)"
66.249.70.141 - - [15/Dec/2025:21:03:29 -0500] "GET /?products/9066944/ HTTP/1.1" 200 18519 "-" "Mozilla/5.0 (Linux; Android 6.0.1; Nexus 5X Build/MMB29P) AppleWebKit/537.36 (KHTML, like Gecko) Chrome/141.0.7390.122 Mobile Safari/537.36 (compatible; GoogleOther)"
57.141.2.25 - - [15/Dec/2025:21:04:12 -0500] "GET /?products/4128999/ HTTP/1.1" 200 42342 "-" "meta-externalagent/1.1 (+https://developers.facebook.com/docs/sharing/webmasters/crawler)"
66.249.70.141 - - [15/Dec/2025:21:04:29 -0500] "GET /?products/11940333/ HTTP/1.1" 200 17964 "-" "Mozilla/5.0 (Linux; Android 6.0.1; Nexus 5X Build/MMB29P) AppleWebKit/537.36 (KHTML, like Gecko) Chrome/141.0.7390.122 Mobile Safari/537.36 (compatible; GoogleOther)"
57.141.2.68 - - [15/Dec/2025:21:04:31 -0500] "GET /?products/6747055/ HTTP/1.1" 200 42341 "-" "meta-externalagent/1.1 (+https://developers.facebook.com/docs/sharing/webmasters/crawler)"
66.249.70.141 - - [15/Dec/2025:21:04:59 -0500] "GET /?products/10527433/ HTTP/1.1" 200 17314 "-" "Mozilla/5.0 (Linux; Android 6.0.1; Nexus 5X Build/MMB29P) AppleWebKit/537.36 (KHTML, like Gecko) Chrome/141.0.7390.122 Mobile Safari/537.36 (compatible; GoogleOther)"
57.141.2.73 - - [15/Dec/2025:21:05:25 -0500] "GET /?products/6004900/ HTTP/1.1" 200 42341 "-" "meta-externalagent/1.1 (+https://developers.facebook.com/docs/sharing/webmasters/crawler)"
66.249.70.141 - - [15/Dec/2025:21:05:29 -0500] "GET /?products/10905344/ HTTP/1.1" 200 17702 "-" "Mozilla/5.0 (Linux; Android 6.0.1; Nexus 5X Build/MMB29P) AppleWebKit/537.36 (KHTML, like Gecko) Chrome/141.0.7390.122 Mobile Safari/537.36 (compatible; GoogleOther)"
57.141.2.49 - - [15/Dec/2025:21:05:30 -0500] "GET /?products/25296444/ HTTP/1.1" 200 42342 "-" "meta-externalagent/1.1 (+https://developers.facebook.com/docs/sharing/webmasters/crawler)"
57.141.2.14 - - [15/Dec/2025:21:05:32 -0500] "GET /?products/27759955/ HTTP/1.1" 200 42340 "-" "meta-externalagent/1.1 (+https://developers.facebook.com/docs/sharing/webmasters/crawler)"
57.141.2.33 - - [15/Dec/2025:21:07:27 -0500] "GET /?products/4200188/ HTTP/1.1" 200 42341 "-" "meta-externalagent/1.1 (+https://developers.facebook.com/docs/sharing/webmasters/crawler)"
66.249.70.141 - - [15/Dec/2025:21:07:30 -0500] "GET /?products/10865577/ HTTP/1.1" 200 18934 "-" "Mozilla/5.0 (Linux; Android 6.0.1; Nexus 5X Build/MMB29P) AppleWebKit/537.36 (KHTML, like Gecko) Chrome/141.0.7390.122 Mobile Safari/537.36 (compatible; GoogleOther)"
66.249.70.128 - - [15/Dec/2025:21:08:01 -0500] "GET /?products/11169455/ HTTP/1.1" 200 18397 "-" "Mozilla/5.0 (Linux; Android 6.0.1; Nexus 5X Build/MMB29P) AppleWebKit/537.36 (KHTML, like Gecko) Chrome/141.0.7390.122 Mobile Safari/537.36 (compatible; GoogleOther)"
57.141.2.86 - - [15/Dec/2025:21:08:10 -0500] "GET /?products/13860566/ HTTP/1.1" 200 42342 "-" "meta-externalagent/1.1 (+https://developers.facebook.com/docs/sharing/webmasters/crawler)"
57.141.2.3 - - [15/Dec/2025:21:08:15 -0500] "GET /?products/22804877/ HTTP/1.1" 200 42341 "-" "meta-externalagent/1.1 (+https://developers.facebook.com/docs/sharing/webmasters/crawler)"
57.141.2.63 - - [15/Dec/2025:21:08:15 -0500] "GET /?products/10249777/ HTTP/1.1" 200 42341 "-" "meta-externalagent/1.1 (+https://developers.facebook.com/docs/sharing/webmasters/crawler)"
66.249.70.142 - - [15/Dec/2025:21:08:30 -0500] "GET /?products/12797566/ HTTP/1.1" 200 18361 "-" "Mozilla/5.0 (Linux; Android 6.0.1; Nexus 5X Build/MMB29P) AppleWebKit/537.36 (KHTML, like Gecko) Chrome/141.0.7390.122 Mobile Safari/537.36 (compatible; GoogleOther)"
57.141.2.81 - - [15/Dec/2025:21:08:35 -0500] "GET /?products/17526355/ HTTP/1.1" 200 42342 "-" "meta-externalagent/1.1 (+https://developers.facebook.com/docs/sharing/webmasters/crawler)"
57.141.2.18 - - [15/Dec/2025:21:08:45 -0500] "GET /?products/18894622/ HTTP/1.1" 200 42342 "-" "meta-externalagent/1.1 (+https://developers.facebook.com/docs/sharing/webmasters/crawler)"
57.141.2.72 - - [15/Dec/2025:21:08:57 -0500] "GET /?products/17711699/ HTTP/1.1" 200 42342 "-" "meta-externalagent/1.1 (+https://developers.facebook.com/docs/sharing/webmasters/crawler)"
66.249.70.142 - - [15/Dec/2025:21:09:01 -0500] "GET /?products/13402366/ HTTP/1.1" 200 17526 "-" "Mozilla/5.0 (Linux; Android 6.0.1; Nexus 5X Build/MMB29P) AppleWebKit/537.36 (KHTML, like Gecko) Chrome/141.0.7390.122 Mobile Safari/537.36 (compatible; GoogleOther)"
66.249.70.141 - - [15/Dec/2025:21:04:34 -0500] "GET /?products/11033066/ HTTP/1.1" 200 17674 "-" "Mozilla/5.0 (Linux; Android 6.0.1; Nexus 5X Build/MMB29P) AppleWebKit/537.36 (KHTML, like Gecko) Chrome/141.0.7390.122 Mobile Safari/537.36 (compatible; Googlebot/2.1; +http://www.google.com/bot.html)"
57.141.2.16 - - [15/Dec/2025:21:04:38 -0500] "GET /?products/1664499/ HTTP/1.1" 200 42342 "-" "meta-externalagent/1.1 (+https://developers.facebook.com/docs/sharing/webmasters/crawler)"
66.249.70.141 - - [15/Dec/2025:21:05:59 -0500] "GET /?products/9567500/ HTTP/1.1" 200 18178 "-" "Mozilla/5.0 (Linux; Android 6.0.1; Nexus 5X Build/MMB29P) AppleWebKit/537.36 (KHTML, like Gecko) Chrome/141.0.7390.122 Mobile Safari/537.36 (compatible; GoogleOther)"
66.249.70.141 - - [15/Dec/2025:21:06:30 -0500] "GET /?products/12376766/ HTTP/1.1" 200 18834 "-" "Mozilla/5.0 (Linux; Android 6.0.1; Nexus 5X Build/MMB29P) AppleWebKit/537.36 (KHTML, like Gecko) Chrome/141.0.7390.122 Mobile Safari/537.36 (compatible; GoogleOther)"
66.249.70.141 - - [15/Dec/2025:21:07:00 -0500] "GET /?products/19744000/ HTTP/1.1" 200 17485 "-" "Mozilla/5.0 (Linux; Android 6.0.1; Nexus 5X Build/MMB29P) AppleWebKit/537.36 (KHTML, like Gecko) Chrome/141.0.7390.122 Mobile Safari/537.36 (compatible; GoogleOther)"
66.249.70.141 - - [15/Dec/2025:21:07:31 -0500] "GET /?products/14167155/ HTTP/1.1" 200 18473 "-" "Mozilla/5.0 (Linux; Android 6.0.1; Nexus 5X Build/MMB29P) AppleWebKit/537.36 (KHTML, like Gecko) Chrome/141.0.7390.122 Mobile Safari/537.36 (compatible; Googlebot/2.1; +http://www.google.com/bot.html)"
57.141.2.69 - - [15/Dec/2025:21:08:23 -0500] "GET /?products/23555722/ HTTP/1.1" 200 42340 "-" "meta-externalagent/1.1 (+https://developers.facebook.com/docs/sharing/webmasters/crawler)"
66.249.70.142 - - [15/Dec/2025:21:10:02 -0500] "GET /?products/18464755/ HTTP/1.1" 200 17567 "-" "Mozilla/5.0 (Linux; Android 6.0.1; Nexus 5X Build/MMB29P) AppleWebKit/537.36 (KHTML, like Gecko) Chrome/141.0.7390.122 Mobile Safari/537.36 (compatible; GoogleOther)"
66.249.70.141 - - [15/Dec/2025:21:10:28 -0500] "GET /?products/28874544/ HTTP/1.1" 200 17783 "-" "Mozilla/5.0 (Linux; Android 6.0.1; Nexus 5X Build/MMB29P) AppleWebKit/537.36 (KHTML, like Gecko) Chrome/141.0.7390.122 Mobile Safari/537.36 (compatible; Googlebot/2.1; +http://www.google.com/bot.html)"
66.249.70.141 - - [15/Dec/2025:21:10:30 -0500] "GET /?products/4995722/ HTTP/1.1" 200 17792 "-" "Mozilla/5.0 (Linux; Android 6.0.1; Nexus 5X Build/MMB29P) AppleWebKit/537.36 (KHTML, like Gecko) Chrome/141.0.7390.122 Mobile Safari/537.36 (compatible; GoogleOther)"
66.249.70.128 - - [15/Dec/2025:21:11:00 -0500] "GET /?products/18457855/ HTTP/1.1" 200 17681 "-" "Mozilla/5.0 (Linux; Android 6.0.1; Nexus 5X Build/MMB29P) AppleWebKit/537.36 (KHTML, like Gecko) Chrome/141.0.7390.122 Mobile Safari/537.36 (compatible; GoogleOther)"
66.249.70.141 - - [15/Dec/2025:21:11:31 -0500] "GET /?products/18411400/ HTTP/1.1" 200 18011 "-" "Mozilla/5.0 (Linux; Android 6.0.1; Nexus 5X Build/MMB29P) AppleWebKit/537.36 (KHTML, like Gecko) Chrome/141.0.7390.122 Mobile Safari/537.36 (compatible; GoogleOther)"
57.141.2.16 - - [15/Dec/2025:21:11:39 -0500] "GET /?products/20095822/ HTTP/1.1" 200 42342 "-" "meta-externalagent/1.1 (+https://developers.facebook.com/docs/sharing/webmasters/crawler)"
57.141.2.36 - - [15/Dec/2025:21:11:45 -0500] "GET /?products/13618644/ HTTP/1.1" 200 42342 "-" "meta-externalagent/1.1 (+https://developers.facebook.com/docs/sharing/webmasters/crawler)"
66.249.70.142 - - [15/Dec/2025:21:12:31 -0500] "GET /?products/22534522/ HTTP/1.1" 200 18231 "-" "Mozilla/5.0 (Linux; Android 6.0.1; Nexus 5X Build/MMB29P) AppleWebKit/537.36 (KHTML, like Gecko) Chrome/141.0.7390.122 Mobile Safari/537.36 (compatible; GoogleOther)"
66.249.70.128 - - [15/Dec/2025:21:13:01 -0500] "GET /?products/27681355/ HTTP/1.1" 200 18927 "-" "Mozilla/5.0 (Linux; Android 6.0.1; Nexus 5X Build/MMB29P) AppleWebKit/537.36 (KHTML, like Gecko) Chrome/141.0.7390.122 Mobile Safari/537.36 (compatible; GoogleOther)"
66.249.70.142 - - [15/Dec/2025:21:13:31 -0500] "GET /?products/27950211/ HTTP/1.1" 200 18696 "-" "Mozilla/5.0 (Linux; Android 6.0.1; Nexus 5X Build/MMB29P) AppleWebKit/537.36 (KHTML, like Gecko) Chrome/141.0.7390.122 Mobile Safari/537.36 (compatible; GoogleOther)"
57.141.2.71 - - [15/Dec/2025:21:13:51 -0500] "GET /?products/1510044/ HTTP/1.1" 200 42342 "-" "meta-externalagent/1.1 (+https://developers.facebook.com/docs/sharing/webmasters/crawler)"
66.249.70.128 - - [15/Dec/2025:21:14:01 -0500] "GET /?products/22266099/ HTTP/1.1" 200 18113 "-" "Mozilla/5.0 (Linux; Android 6.0.1; Nexus 5X Build/MMB29P) AppleWebKit/537.36 (KHTML, like Gecko) Chrome/141.0.7390.122 Mobile Safari/537.36 (compatible; GoogleOther)"
66.249.70.142 - - [15/Dec/2025:21:15:01 -0500] "GET /?products/13234722/ HTTP/1.1" 200 17536 "-" "Mozilla/5.0 (Linux; Android 6.0.1; Nexus 5X Build/MMB29P) AppleWebKit/537.36 (KHTML, like Gecko) Chrome/141.0.7390.122 Mobile Safari/537.36 (compatible; GoogleOther)"
66.249.70.141 - - [15/Dec/2025:21:15:31 -0500] "GET /?products/27352855/ HTTP/1.1" 200 18004 "-" "Mozilla/5.0 (Linux; Android 6.0.1; Nexus 5X Build/MMB29P) AppleWebKit/537.36 (KHTML, like Gecko) Chrome/141.0.7390.122 Mobile Safari/537.36 (compatible; GoogleOther)"
57.141.2.31 - - [15/Dec/2025:21:15:52 -0500] "GET /?products/25050099/ HTTP/1.1" 200 42341 "-" "meta-externalagent/1.1 (+https://developers.facebook.com/docs/sharing/webmasters/crawler)"
57.141.2.15 - - [15/Dec/2025:21:16:25 -0500] "GET /?products/17760355/ HTTP/1.1" 200 42342 "-" "meta-externalagent/1.1 (+https://developers.facebook.com/docs/sharing/webmasters/crawler)"
57.141.2.23 - - [15/Dec/2025:21:16:27 -0500] "GET /?products/24168422/ HTTP/1.1" 200 42341 "-" "meta-externalagent/1.1 (+https://developers.facebook.com/docs/sharing/webmasters/crawler)"
66.249.70.141 - - [15/Dec/2025:21:16:28 -0500] "GET /?products/17568577/ HTTP/1.1" 200 18215 "-" "Mozilla/5.0 (Linux; Android 6.0.1; Nexus 5X Build/MMB29P) AppleWebKit/537.36 (KHTML, like Gecko) Chrome/141.0.7390.122 Mobile Safari/537.36 (compatible; Googlebot/2.1; +http://www.google.com/bot.html)"
66.249.70.142 - - [15/Dec/2025:21:16:32 -0500] "GET /?products/18037644/ HTTP/1.1" 200 18154 "-" "Mozilla/5.0 (Linux; Android 6.0.1; Nexus 5X Build/MMB29P) AppleWebKit/537.36 (KHTML, like Gecko) Chrome/141.0.7390.122 Mobile Safari/537.36 (compatible; GoogleOther)"
66.249.70.142 - - [15/Dec/2025:21:17:32 -0500] "GET /?products/7682599/ HTTP/1.1" 200 17577 "-" "Mozilla/5.0 (Linux; Android 6.0.1; Nexus 5X Build/MMB29P) AppleWebKit/537.36 (KHTML, like Gecko) Chrome/141.0.7390.122 Mobile Safari/537.36 (compatible; GoogleOther)"
57.141.2.93 - - [15/Dec/2025:21:17:41 -0500] "GET /?products/21064022/ HTTP/1.1" 200 42342 "-" "meta-externalagent/1.1 (+https://developers.facebook.com/docs/sharing/webmasters/crawler)"
66.249.70.141 - - [15/Dec/2025:21:17:48 -0500] "GET /?products/18689999/ HTTP/1.1" 200 17661 "-" "Mozilla/5.0 (Linux; Android 6.0.1; Nexus 5X Build/MMB29P) AppleWebKit/537.36 (KHTML, like Gecko) Chrome/141.0.7390.122 Mobile Safari/537.36 (compatible; Googlebot/2.1; +http://www.google.com/bot.html)"
66.249.70.141 - - [15/Dec/2025:21:18:02 -0500] "GET /?products/27867233/ HTTP/1.1" 200 18709 "-" "Mozilla/5.0 (Linux; Android 6.0.1; Nexus 5X Build/MMB29P) AppleWebKit/537.36 (KHTML, like Gecko) Chrome/141.0.7390.122 Mobile Safari/537.36 (compatible; GoogleOther)"
74.7.244.7 - - [15/Dec/2025:21:18:16 -0500] "GET /robots.txt HTTP/1.1" 200 72 "-" "Mozilla/5.0 (Macintosh; Intel Mac OS X 10_15_7) AppleWebKit/537.36 (KHTML, like Gecko) Chrome/131.0.0.0 Safari/537.36; compatible; OAI-SearchBot/1.3; robots.txt; +https://openai.com/searchbot"
66.249.70.141 - - [15/Dec/2025:21:18:32 -0500] "GET /?products/20927333/ HTTP/1.1" 200 18513 "-" "Mozilla/5.0 (Linux; Android 6.0.1; Nexus 5X Build/MMB29P) AppleWebKit/537.36 (KHTML, like Gecko) Chrome/141.0.7390.122 Mobile Safari/537.36 (compatible; GoogleOther)"
57.141.2.25 - - [15/Dec/2025:21:09:07 -0500] "GET /?products/23783244/ HTTP/1.1" 200 42342 "-" "meta-externalagent/1.1 (+https://developers.facebook.com/docs/sharing/webmasters/crawler)"
66.249.70.142 - - [15/Dec/2025:21:09:30 -0500] "GET /?products/12872199/ HTTP/1.1" 200 18143 "-" "Mozilla/5.0 (Linux; Android 6.0.1; Nexus 5X Build/MMB29P) AppleWebKit/537.36 (KHTML, like Gecko) Chrome/141.0.7390.122 Mobile Safari/537.36 (compatible; GoogleOther)"
57.141.2.86 - - [15/Dec/2025:21:10:03 -0500] "GET /?products/19426466/ HTTP/1.1" 200 42342 "-" "meta-externalagent/1.1 (+https://developers.facebook.com/docs/sharing/webmasters/crawler)"
66.249.70.142 - - [15/Dec/2025:21:12:02 -0500] "GET /?products/18505088/ HTTP/1.1" 200 17899 "-" "Mozilla/5.0 (Linux; Android 6.0.1; Nexus 5X Build/MMB29P) AppleWebKit/537.36 (KHTML, like Gecko) Chrome/141.0.7390.122 Mobile Safari/537.36 (compatible; GoogleOther)"
66.249.70.141 - - [15/Dec/2025:21:13:35 -0500] "GET /?products/12408455/ HTTP/1.1" 200 18874 "-" "Mozilla/5.0 (Linux; Android 6.0.1; Nexus 5X Build/MMB29P) AppleWebKit/537.36 (KHTML, like Gecko) Chrome/141.0.7390.122 Mobile Safari/537.36 (compatible; Googlebot/2.1; +http://www.google.com/bot.html)"
57.141.2.82 - - [15/Dec/2025:21:13:42 -0500] "GET /contact-form/Generate_Captcha_Code.php?rand=293255370 HTTP/1.1" 200 2065 "-" "meta-externalagent/1.1 (+https://developers.facebook.com/docs/sharing/webmasters/crawler)"
57.141.2.7 - - [15/Dec/2025:21:13:44 -0500] "GET /contact-form/Generate_Captcha_Code.php?rand=293255370 HTTP/1.1" 200 2411 "-" "meta-externalagent/1.1 (+https://developers.facebook.com/docs/sharing/webmasters/crawler)"
57.141.2.88 - - [15/Dec/2025:21:13:52 -0500] "GET /?products/27953577/ HTTP/1.1" 200 42341 "-" "meta-externalagent/1.1 (+https://developers.facebook.com/docs/sharing/webmasters/crawler)"
66.249.70.141 - - [15/Dec/2025:21:14:31 -0500] "GET /?products/21554322/ HTTP/1.1" 200 17376 "-" "Mozilla/5.0 (Linux; Android 6.0.1; Nexus 5X Build/MMB29P) AppleWebKit/537.36 (KHTML, like Gecko) Chrome/141.0.7390.122 Mobile Safari/537.36 (compatible; GoogleOther)"
57.141.2.16 - - [15/Dec/2025:21:15:01 -0500] "GET /?products/4145199/ HTTP/1.1" 200 42341 "-" "meta-externalagent/1.1 (+https://developers.facebook.com/docs/sharing/webmasters/crawler)"
66.249.70.141 - - [15/Dec/2025:21:15:37 -0500] "GET /?product_archives HTTP/1.1" 200 17680 "-" "Mozilla/5.0 (Linux; Android 6.0.1; Nexus 5X Build/MMB29P) AppleWebKit/537.36 (KHTML, like Gecko) Chrome/141.0.7390.122 Mobile Safari/537.36 (compatible; Googlebot/2.1; +http://www.google.com/bot.html)"
66.249.70.141 - - [15/Dec/2025:21:16:02 -0500] "GET /?products/22000777/ HTTP/1.1" 200 18437 "-" "Mozilla/5.0 (Linux; Android 6.0.1; Nexus 5X Build/MMB29P) AppleWebKit/537.36 (KHTML, like Gecko) Chrome/141.0.7390.122 Mobile Safari/537.36 (compatible; GoogleOther)"
57.141.2.17 - - [15/Dec/2025:21:16:15 -0500] "GET /?products/30168077/ HTTP/1.1" 200 42342 "-" "meta-externalagent/1.1 (+https://developers.facebook.com/docs/sharing/webmasters/crawler)"
66.249.70.128 - - [15/Dec/2025:21:17:02 -0500] "GET /?products/22535999/ HTTP/1.1" 200 17552 "-" "Mozilla/5.0 (Linux; Android 6.0.1; Nexus 5X Build/MMB29P) AppleWebKit/537.36 (KHTML, like Gecko) Chrome/141.0.7390.122 Mobile Safari/537.36 (compatible; GoogleOther)"
57.141.2.68 - - [15/Dec/2025:21:20:01 -0500] "GET /?products/22522899/ HTTP/1.1" 200 42342 "-" "meta-externalagent/1.1 (+https://developers.facebook.com/docs/sharing/webmasters/crawler)"
57.141.2.62 - - [15/Dec/2025:21:20:46 -0500] "GET /?products/3974044/ HTTP/1.1" 200 42342 "-" "meta-externalagent/1.1 (+https://developers.facebook.com/docs/sharing/webmasters/crawler)"
74.7.227.175 - - [15/Dec/2025:21:18:55 -0500] "GET / HTTP/1.1" 403 0 "-" "Mozilla/5.0 AppleWebKit/537.36 (KHTML, like Gecko; compatible; GPTBot/1.3; +https://openai.com/gptbot)"
74.7.227.175 - - [15/Dec/2025:21:18:58 -0500] "GET / HTTP/1.1" 403 0 "-" "Mozilla/5.0 AppleWebKit/537.36 (KHTML, like Gecko; compatible; GPTBot/1.3; +https://openai.com/gptbot)"
66.249.70.141 - - [15/Dec/2025:21:19:02 -0500] "GET /?products/28367699/ HTTP/1.1" 200 18805 "-" "Mozilla/5.0 (Linux; Android 6.0.1; Nexus 5X Build/MMB29P) AppleWebKit/537.36 (KHTML, like Gecko) Chrome/141.0.7390.122 Mobile Safari/537.36 (compatible; GoogleOther)"
57.141.2.25 - - [15/Dec/2025:21:19:09 -0500] "GET /?products/20969422/ HTTP/1.1" 200 42341 "-" "meta-externalagent/1.1 (+https://developers.facebook.com/docs/sharing/webmasters/crawler)"
57.141.2.26 - - [15/Dec/2025:21:19:20 -0500] "GET /?products/8389977/ HTTP/1.1" 200 42341 "-" "meta-externalagent/1.1 (+https://developers.facebook.com/docs/sharing/webmasters/crawler)"
57.141.2.6 - - [15/Dec/2025:21:19:26 -0500] "GET /?products/3455455/ HTTP/1.1" 200 42341 "-" "meta-externalagent/1.1 (+https://developers.facebook.com/docs/sharing/webmasters/crawler)"
66.249.70.142 - - [15/Dec/2025:21:19:28 -0500] "GET /?products/10257455/ HTTP/1.1" 200 17719 "-" "Mozilla/5.0 (Linux; Android 6.0.1; Nexus 5X Build/MMB29P) AppleWebKit/537.36 (KHTML, like Gecko) Chrome/141.0.7390.122 Mobile Safari/537.36 (compatible; Googlebot/2.1; +http://www.google.com/bot.html)"
66.249.70.141 - - [15/Dec/2025:21:19:32 -0500] "GET /?products/20717633/ HTTP/1.1" 200 18728 "-" "Mozilla/5.0 (Linux; Android 6.0.1; Nexus 5X Build/MMB29P) AppleWebKit/537.36 (KHTML, like Gecko) Chrome/141.0.7390.122 Mobile Safari/537.36 (compatible; GoogleOther)"
57.141.2.1 - - [15/Dec/2025:21:21:12 -0500] "GET /contact-form/Generate_Captcha_Code.php?rand=417113749 HTTP/1.1" 200 2044 "-" "meta-externalagent/1.1 (+https://developers.facebook.com/docs/sharing/webmasters/crawler)"
57.141.2.64 - - [15/Dec/2025:21:21:29 -0500] "GET /?products/19317266/ HTTP/1.1" 200 42342 "-" "meta-externalagent/1.1 (+https://developers.facebook.com/docs/sharing/webmasters/crawler)"
66.249.70.142 - - [15/Dec/2025:21:22:45 -0500] "GET /?products/25260111/ HTTP/1.1" 200 17897 "-" "Mozilla/5.0 (Linux; Android 6.0.1; Nexus 5X Build/MMB29P) AppleWebKit/537.36 (KHTML, like Gecko) Chrome/141.0.7390.122 Mobile Safari/537.36 (compatible; GoogleOther)"
66.249.70.142 - - [15/Dec/2025:21:22:48 -0500] "GET /?products/9664911/ HTTP/1.1" 200 18116 "-" "Mozilla/5.0 (Linux; Android 6.0.1; Nexus 5X Build/MMB29P) AppleWebKit/537.36 (KHTML, like Gecko) Chrome/141.0.7390.122 Mobile Safari/537.36 (compatible; GoogleOther)"
66.249.70.142 - - [15/Dec/2025:21:22:49 -0500] "GET /?products/25252700/ HTTP/1.1" 200 17663 "-" "Mozilla/5.0 (Linux; Android 6.0.1; Nexus 5X Build/MMB29P) AppleWebKit/537.36 (KHTML, like Gecko) Chrome/141.0.7390.122 Mobile Safari/537.36 (compatible; GoogleOther)"
66.249.70.142 - - [15/Dec/2025:21:22:50 -0500] "GET /?products/9585288/ HTTP/1.1" 200 17569 "-" "Mozilla/5.0 (Linux; Android 6.0.1; Nexus 5X Build/MMB29P) AppleWebKit/537.36 (KHTML, like Gecko) Chrome/141.0.7390.122 Mobile Safari/537.36 (compatible; GoogleOther)"
57.141.2.75 - - [15/Dec/2025:21:22:54 -0500] "GET /?products/3116044/ HTTP/1.1" 200 42341 "-" "meta-externalagent/1.1 (+https://developers.facebook.com/docs/sharing/webmasters/crawler)"
66.249.70.128 - - [15/Dec/2025:21:23:03 -0500] "GET /?products/10639544/ HTTP/1.1" 200 18177 "-" "Mozilla/5.0 (Linux; Android 6.0.1; Nexus 5X Build/MMB29P) AppleWebKit/537.36 (KHTML, like Gecko) Chrome/141.0.7390.122 Mobile Safari/537.36 (compatible; GoogleOther)"
66.249.70.141 - - [15/Dec/2025:21:23:26 -0500] "GET /?game.html HTTP/1.1" 200 17443 "-" "Mozilla/5.0 (compatible; Googlebot/2.1; +http://www.google.com/bot.html)"
57.141.2.13 - - [15/Dec/2025:21:23:33 -0500] "GET /?products/9718644/ HTTP/1.1" 200 42342 "-" "meta-externalagent/1.1 (+https://developers.facebook.com/docs/sharing/webmasters/crawler)"
57.141.2.19 - - [15/Dec/2025:21:23:53 -0500] "GET /?products/16311611/ HTTP/1.1" 200 42342 "-" "meta-externalagent/1.1 (+https://developers.facebook.com/docs/sharing/webmasters/crawler)"
57.141.2.25 - - [15/Dec/2025:21:24:15 -0500] "GET /?products/9495399/ HTTP/1.1" 200 42342 "-" "meta-externalagent/1.1 (+https://developers.facebook.com/docs/sharing/webmasters/crawler)"
66.249.70.142 - - [15/Dec/2025:21:24:33 -0500] "GET /?products/11048133/ HTTP/1.1" 200 17908 "-" "Mozilla/5.0 (Linux; Android 6.0.1; Nexus 5X Build/MMB29P) AppleWebKit/537.36 (KHTML, like Gecko) Chrome/141.0.7390.122 Mobile Safari/537.36 (compatible; GoogleOther)"
57.141.2.62 - - [15/Dec/2025:21:24:33 -0500] "GET /?products/20219099/ HTTP/1.1" 200 42341 "-" "meta-externalagent/1.1 (+https://developers.facebook.com/docs/sharing/webmasters/crawler)"
66.249.70.141 - - [15/Dec/2025:21:25:04 -0500] "GET /?products/10300211/ HTTP/1.1" 200 18680 "-" "Mozilla/5.0 (Linux; Android 6.0.1; Nexus 5X Build/MMB29P) AppleWebKit/537.36 (KHTML, like Gecko) Chrome/141.0.7390.122 Mobile Safari/537.36 (compatible; GoogleOther)"
57.141.2.22 - - [15/Dec/2025:21:25:04 -0500] "GET /?products/10447488/ HTTP/1.1" 200 42341 "-" "meta-externalagent/1.1 (+https://developers.facebook.com/docs/sharing/webmasters/crawler)"
57.141.2.58 - - [15/Dec/2025:21:25:12 -0500] "GET /?products/17870422/ HTTP/1.1" 200 42340 "-" "meta-externalagent/1.1 (+https://developers.facebook.com/docs/sharing/webmasters/crawler)"
66.249.70.141 - - [15/Dec/2025:21:25:33 -0500] "GET /?products/10956177/ HTTP/1.1" 200 18389 "-" "Mozilla/5.0 (Linux; Android 6.0.1; Nexus 5X Build/MMB29P) AppleWebKit/537.36 (KHTML, like Gecko) Chrome/141.0.7390.122 Mobile Safari/537.36 (compatible; GoogleOther)"
57.141.2.68 - - [15/Dec/2025:21:21:10 -0500] "GET /contact-form/Generate_Captcha_Code.php?rand=417113749 HTTP/1.1" 200 2032 "-" "meta-externalagent/1.1 (+https://developers.facebook.com/docs/sharing/webmasters/crawler)"
57.141.2.80 - - [15/Dec/2025:21:21:22 -0500] "GET /?products/3270944/ HTTP/1.1" 200 42341 "-" "meta-externalagent/1.1 (+https://developers.facebook.com/docs/sharing/webmasters/crawler)"
57.141.2.30 - - [15/Dec/2025:21:21:38 -0500] "GET /?products/8694899/ HTTP/1.1" 200 42342 "-" "meta-externalagent/1.1 (+https://developers.facebook.com/docs/sharing/webmasters/crawler)"
66.249.70.142 - - [15/Dec/2025:21:22:43 -0500] "GET /?products/29899277/ HTTP/1.1" 200 17791 "-" "Mozilla/5.0 (Linux; Android 6.0.1; Nexus 5X Build/MMB29P) AppleWebKit/537.36 (KHTML, like Gecko) Chrome/141.0.7390.122 Mobile Safari/537.36 (compatible; GoogleOther)"
66.249.70.141 - - [15/Dec/2025:21:22:46 -0500] "GET /?products/10041233/ HTTP/1.1" 200 17702 "-" "Mozilla/5.0 (Linux; Android 6.0.1; Nexus 5X Build/MMB29P) AppleWebKit/537.36 (KHTML, like Gecko) Chrome/141.0.7390.122 Mobile Safari/537.36 (compatible; GoogleOther)"
66.249.70.141 - - [15/Dec/2025:21:23:33 -0500] "GET /?products/27249799/ HTTP/1.1" 200 18061 "-" "Mozilla/5.0 (Linux; Android 6.0.1; Nexus 5X Build/MMB29P) AppleWebKit/537.36 (KHTML, like Gecko) Chrome/141.0.7390.122 Mobile Safari/537.36 (compatible; GoogleOther)"
66.249.70.142 - - [15/Dec/2025:21:24:04 -0500] "GET /?products/9632244/ HTTP/1.1" 200 18122 "-" "Mozilla/5.0 (Linux; Android 6.0.1; Nexus 5X Build/MMB29P) AppleWebKit/537.36 (KHTML, like Gecko) Chrome/141.0.7390.122 Mobile Safari/537.36 (compatible; GoogleOther)"
57.141.2.71 - - [15/Dec/2025:21:24:22 -0500] "GET /?products/23677299/ HTTP/1.1" 200 42342 "-" "meta-externalagent/1.1 (+https://developers.facebook.com/docs/sharing/webmasters/crawler)"
57.141.2.58 - - [15/Dec/2025:21:24:30 -0500] "GET /?products/8551900/ HTTP/1.1" 200 42341 "-" "meta-externalagent/1.1 (+https://developers.facebook.com/docs/sharing/webmasters/crawler)"
66.249.70.128 - - [15/Dec/2025:21:26:04 -0500] "GET /?products/9877222/ HTTP/1.1" 200 18469 "-" "Mozilla/5.0 (Linux; Android 6.0.1; Nexus 5X Build/MMB29P) AppleWebKit/537.36 (KHTML, like Gecko) Chrome/141.0.7390.122 Mobile Safari/537.36 (compatible; GoogleOther)"
66.249.70.141 - - [15/Dec/2025:21:26:34 -0500] "GET /?products/10647544/ HTTP/1.1" 200 17489 "-" "Mozilla/5.0 (Linux; Android 6.0.1; Nexus 5X Build/MMB29P) AppleWebKit/537.36 (KHTML, like Gecko) Chrome/141.0.7390.122 Mobile Safari/537.36 (compatible; GoogleOther)"
66.249.70.141 - - [15/Dec/2025:21:27:04 -0500] "GET /?products/9756666/ HTTP/1.1" 200 18425 "-" "Mozilla/5.0 (Linux; Android 6.0.1; Nexus 5X Build/MMB29P) AppleWebKit/537.36 (KHTML, like Gecko) Chrome/141.0.7390.122 Mobile Safari/537.36 (compatible; GoogleOther)"
66.249.70.141 - - [15/Dec/2025:21:27:34 -0500] "GET /?products/10510711/ HTTP/1.1" 200 18502 "-" "Mozilla/5.0 (Linux; Android 6.0.1; Nexus 5X Build/MMB29P) AppleWebKit/537.36 (KHTML, like Gecko) Chrome/141.0.7390.122 Mobile Safari/537.36 (compatible; GoogleOther)"
57.141.2.85 - - [15/Dec/2025:21:27:47 -0500] "GET /?products/23875555/ HTTP/1.1" 200 42342 "-" "meta-externalagent/1.1 (+https://developers.facebook.com/docs/sharing/webmasters/crawler)"
66.249.70.141 - - [15/Dec/2025:21:28:04 -0500] "GET /?products/9563600/ HTTP/1.1" 200 17723 "-" "Mozilla/5.0 (Linux; Android 6.0.1; Nexus 5X Build/MMB29P) AppleWebKit/537.36 (KHTML, like Gecko) Chrome/141.0.7390.122 Mobile Safari/537.36 (compatible; GoogleOther)"
66.249.70.141 - - [15/Dec/2025:21:28:30 -0500] "GET /?products/14494044/ HTTP/1.1" 200 17902 "-" "Mozilla/5.0 (Linux; Android 6.0.1; Nexus 5X Build/MMB29P) AppleWebKit/537.36 (KHTML, like Gecko) Chrome/141.0.7390.122 Mobile Safari/537.36 (compatible; Googlebot/2.1; +http://www.google.com/bot.html)"
57.141.2.27 - - [15/Dec/2025:21:25:36 -0500] "GET /?products/16125888/ HTTP/1.1" 200 42341 "-" "meta-externalagent/1.1 (+https://developers.facebook.com/docs/sharing/webmasters/crawler)"
57.141.2.57 - - [15/Dec/2025:21:25:38 -0500] "GET /?products/9040255/ HTTP/1.1" 200 42342 "-" "meta-externalagent/1.1 (+https://developers.facebook.com/docs/sharing/webmasters/crawler)"
57.141.2.12 - - [15/Dec/2025:21:25:56 -0500] "GET /contact-form/Generate_Captcha_Code.php?rand=688259366 HTTP/1.1" 200 2171 "-" "meta-externalagent/1.1 (+https://developers.facebook.com/docs/sharing/webmasters/crawler)"
57.141.2.26 - - [15/Dec/2025:21:25:58 -0500] "GET /contact-form/Generate_Captcha_Code.php?rand=688259366 HTTP/1.1" 200 2335 "-" "meta-externalagent/1.1 (+https://developers.facebook.com/docs/sharing/webmasters/crawler)"
66.249.70.141 - - [15/Dec/2025:21:26:30 -0500] "GET /?products/15203522/ HTTP/1.1" 200 17543 "-" "Mozilla/5.0 (Linux; Android 6.0.1; Nexus 5X Build/MMB29P) AppleWebKit/537.36 (KHTML, like Gecko) Chrome/141.0.7390.122 Mobile Safari/537.36 (compatible; Googlebot/2.1; +http://www.google.com/bot.html)"
57.141.2.49 - - [15/Dec/2025:21:27:00 -0500] "GET /?products/26829677/ HTTP/1.1" 200 42342 "-" "meta-externalagent/1.1 (+https://developers.facebook.com/docs/sharing/webmasters/crawler)"
57.141.2.6 - - [15/Dec/2025:21:27:12 -0500] "GET /?products/21059722/ HTTP/1.1" 200 42342 "-" "meta-externalagent/1.1 (+https://developers.facebook.com/docs/sharing/webmasters/crawler)"
57.141.2.24 - - [15/Dec/2025:21:27:48 -0500] "GET /?products/25872066/ HTTP/1.1" 200 42341 "-" "meta-externalagent/1.1 (+https://developers.facebook.com/docs/sharing/webmasters/crawler)"
57.141.2.8 - - [15/Dec/2025:21:28:16 -0500] "GET /?products/10536800/ HTTP/1.1" 200 42341 "-" "meta-externalagent/1.1 (+https://developers.facebook.com/docs/sharing/webmasters/crawler)"
66.249.70.141 - - [15/Dec/2025:21:28:34 -0500] "GET /?products/10401577/ HTTP/1.1" 200 17808 "-" "Mozilla/5.0 (Linux; Android 6.0.1; Nexus 5X Build/MMB29P) AppleWebKit/537.36 (KHTML, like Gecko) Chrome/141.0.7390.122 Mobile Safari/537.36 (compatible; GoogleOther)"
66.249.70.141 - - [15/Dec/2025:21:29:43 -0500] "GET /?products/10294877/ HTTP/1.1" 200 18680 "-" "Mozilla/5.0 (Linux; Android 6.0.1; Nexus 5X Build/MMB29P) AppleWebKit/537.36 (KHTML, like Gecko) Chrome/141.0.7390.122 Mobile Safari/537.36 (compatible; Googlebot/2.1; +http://www.google.com/bot.html)"
57.141.2.80 - - [15/Dec/2025:21:30:30 -0500] "GET /contact-form/Generate_Captcha_Code.php?rand=1943150887 HTTP/1.1" 200 2215 "-" "meta-externalagent/1.1 (+https://developers.facebook.com/docs/sharing/webmasters/crawler)"
66.249.70.141 - - [15/Dec/2025:21:30:39 -0500] "GET /?products/3941322/ HTTP/1.1" 200 18769 "-" "Mozilla/5.0 (Linux; Android 6.0.1; Nexus 5X Build/MMB29P) AppleWebKit/537.36 (KHTML, like Gecko) Chrome/141.0.7390.122 Mobile Safari/537.36 (compatible; Googlebot/2.1; +http://www.google.com/bot.html)"
66.249.70.141 - - [15/Dec/2025:21:31:35 -0500] "GET /?products/1020955/ HTTP/1.1" 200 18308 "-" "Mozilla/5.0 (Linux; Android 6.0.1; Nexus 5X Build/MMB29P) AppleWebKit/537.36 (KHTML, like Gecko) Chrome/141.0.7390.122 Mobile Safari/537.36 (compatible; GoogleOther)"
57.141.2.23 - - [15/Dec/2025:21:31:52 -0500] "GET /contact-form/Generate_Captcha_Code.php?rand=361108099 HTTP/1.1" 200 2467 "-" "meta-externalagent/1.1 (+https://developers.facebook.com/docs/sharing/webmasters/crawler)"
66.249.70.141 - - [15/Dec/2025:21:32:07 -0500] "GET /?products/11457799/ HTTP/1.1" 200 18655 "-" "Mozilla/5.0 (Linux; Android 6.0.1; Nexus 5X Build/MMB29P) AppleWebKit/537.36 (KHTML, like Gecko) Chrome/141.0.7390.122 Mobile Safari/537.36 (compatible; GoogleOther)"
66.249.70.142 - - [15/Dec/2025:21:32:33 -0500] "GET /?products/4626277/ HTTP/1.1" 200 17723 "-" "Mozilla/5.0 (Linux; Android 6.0.1; Nexus 5X Build/MMB29P) AppleWebKit/537.36 (KHTML, like Gecko) Chrome/141.0.7390.122 Mobile Safari/537.36 (compatible; Googlebot/2.1; +http://www.google.com/bot.html)"
66.249.70.141 - - [15/Dec/2025:21:29:04 -0500] "GET /?products/9715977/ HTTP/1.1" 200 17758 "-" "Mozilla/5.0 (Linux; Android 6.0.1; Nexus 5X Build/MMB29P) AppleWebKit/537.36 (KHTML, like Gecko) Chrome/141.0.7390.122 Mobile Safari/537.36 (compatible; GoogleOther)"
66.249.70.141 - - [15/Dec/2025:21:29:34 -0500] "GET /?products/11741644/ HTTP/1.1" 200 17466 "-" "Mozilla/5.0 (Linux; Android 6.0.1; Nexus 5X Build/MMB29P) AppleWebKit/537.36 (KHTML, like Gecko) Chrome/141.0.7390.122 Mobile Safari/537.36 (compatible; GoogleOther)"
57.141.2.76 - - [15/Dec/2025:21:29:59 -0500] "GET /?products/22850422/ HTTP/1.1" 200 42342 "-" "meta-externalagent/1.1 (+https://developers.facebook.com/docs/sharing/webmasters/crawler)"
66.249.70.142 - - [15/Dec/2025:21:30:04 -0500] "GET /?products/10479355/ HTTP/1.1" 200 18857 "-" "Mozilla/5.0 (Linux; Android 6.0.1; Nexus 5X Build/MMB29P) AppleWebKit/537.36 (KHTML, like Gecko) Chrome/141.0.7390.122 Mobile Safari/537.36 (compatible; GoogleOther)"
57.141.2.34 - - [15/Dec/2025:21:30:28 -0500] "GET /contact-form/Generate_Captcha_Code.php?rand=1943150887 HTTP/1.1" 200 2183 "-" "meta-externalagent/1.1 (+https://developers.facebook.com/docs/sharing/webmasters/crawler)"
66.249.70.142 - - [15/Dec/2025:21:30:35 -0500] "GET /?products/10394644/ HTTP/1.1" 200 18795 "-" "Mozilla/5.0 (Linux; Android 6.0.1; Nexus 5X Build/MMB29P) AppleWebKit/537.36 (KHTML, like Gecko) Chrome/141.0.7390.122 Mobile Safari/537.36 (compatible; GoogleOther)"
66.249.70.141 - - [15/Dec/2025:21:31:05 -0500] "GET /?products/12018255/ HTTP/1.1" 200 18524 "-" "Mozilla/5.0 (Linux; Android 6.0.1; Nexus 5X Build/MMB29P) AppleWebKit/537.36 (KHTML, like Gecko) Chrome/141.0.7390.122 Mobile Safari/537.36 (compatible; GoogleOther)"
57.141.2.76 - - [15/Dec/2025:21:31:25 -0500] "GET /?products/689222/ HTTP/1.1" 200 42342 "-" "meta-externalagent/1.1 (+https://developers.facebook.com/docs/sharing/webmasters/crawler)"
66.249.70.141 - - [15/Dec/2025:21:31:28 -0500] "GET /?products/21992611/ HTTP/1.1" 200 17705 "-" "Mozilla/5.0 (Linux; Android 6.0.1; Nexus 5X Build/MMB29P) AppleWebKit/537.36 (KHTML, like Gecko) Chrome/141.0.7390.122 Mobile Safari/537.36 (compatible; Googlebot/2.1; +http://www.google.com/bot.html)"
57.141.2.89 - - [15/Dec/2025:21:31:55 -0500] "GET /contact-form/Generate_Captcha_Code.php?rand=361108099 HTTP/1.1" 200 2605 "-" "meta-externalagent/1.1 (+https://developers.facebook.com/docs/sharing/webmasters/crawler)"
66.249.70.142 - - [15/Dec/2025:21:32:35 -0500] "GET /?products/22823066/ HTTP/1.1" 200 18057 "-" "Mozilla/5.0 (Linux; Android 6.0.1; Nexus 5X Build/MMB29P) AppleWebKit/537.36 (KHTML, like Gecko) Chrome/141.0.7390.122 Mobile Safari/537.36 (compatible; GoogleOther)"
57.141.2.7 - - [15/Dec/2025:21:32:44 -0500] "GET /?products/1898199/ HTTP/1.1" 200 42342 "-" "meta-externalagent/1.1 (+https://developers.facebook.com/docs/sharing/webmasters/crawler)"
66.249.70.142 - - [15/Dec/2025:21:33:34 -0500] "GET /?products/16208588/ HTTP/1.1" 200 18448 "-" "Mozilla/5.0 (Linux; Android 6.0.1; Nexus 5X Build/MMB29P) AppleWebKit/537.36 (KHTML, like Gecko) Chrome/141.0.7390.122 Mobile Safari/537.36 (compatible; Googlebot/2.1; +http://www.google.com/bot.html)"
193.138.7.193 - - [15/Dec/2025:21:33:50 -0500] "GET /view-vehicles.php?id=9%2F%2A%2A%2F%2F%2A%2A%2FOR%2F%2A%2A%2FGTID_SUBSET%28CONCAT%280x6e335248%2C%28SELECT%2F%2A%2A%2F%28ELT%282836%3D2836%2C1%29%29%29%2C0x35796c68%29%2C6420%29 HTTP/1.1" 200 74 "-" "Mozilla/5.0 (iPhone; CPU iPhone OS 13_5_1 like Mac OS X) AppleWebKit/605.1.15 (KHTML, like Gecko) Version/13.1.1 Mobile/15E148 Safari/604.1"
193.138.7.193 - - [15/Dec/2025:21:33:50 -0500] "GET /view-vehicles.php?id=9%2F%2A%2A%2F%2F%2A%2A%2FOR%2F%2A%2A%2FUPDATEXML%285947%2CCONCAT%280x58423674%2C%28SELECT%2F%2A%2A%2F%28ELT%282836%3D2836%2C1%29%29%29%2C0x61684366%29%2C5431%29 HTTP/1.1" 200 4464 "-" "Mozilla/5.0 (iPhone; CPU iPhone OS 13_5_1 like Mac OS X) AppleWebKit/605.1.15 (KHTML, like Gecko) Version/13.1.1 Mobile/15E148 Safari/604.1"
57.141.2.53 - - [15/Dec/2025:21:32:42 -0500] "GET /contact-form/Generate_Captcha_Code.php?rand=1961203398 HTTP/1.1" 200 2464 "-" "meta-externalagent/1.1 (+https://developers.facebook.com/docs/sharing/webmasters/crawler)"
57.141.2.24 - - [15/Dec/2025:21:32:44 -0500] "GET /contact-form/Generate_Captcha_Code.php?rand=1961203398 HTTP/1.1" 200 2214 "-" "meta-externalagent/1.1 (+https://developers.facebook.com/docs/sharing/webmasters/crawler)"
57.141.2.13 - - [15/Dec/2025:21:32:59 -0500] "GET /?products/20713222/ HTTP/1.1" 200 42341 "-" "meta-externalagent/1.1 (+https://developers.facebook.com/docs/sharing/webmasters/crawler)"
66.249.70.142 - - [15/Dec/2025:21:33:05 -0500] "GET /?products/12551399/ HTTP/1.1" 200 17909 "-" "Mozilla/5.0 (Linux; Android 6.0.1; Nexus 5X Build/MMB29P) AppleWebKit/537.36 (KHTML, like Gecko) Chrome/141.0.7390.122 Mobile Safari/537.36 (compatible; GoogleOther)"
66.249.70.142 - - [15/Dec/2025:21:33:35 -0500] "GET /?products/20841511/ HTTP/1.1" 200 17904 "-" "Mozilla/5.0 (Linux; Android 6.0.1; Nexus 5X Build/MMB29P) AppleWebKit/537.36 (KHTML, like Gecko) Chrome/141.0.7390.122 Mobile Safari/537.36 (compatible; GoogleOther)"
193.138.7.193 - - [15/Dec/2025:21:33:47 -0500] "GET /view-vehicles.php?id=9 HTTP/1.1" 200 4396 "-" "Mozilla/5.0 (Linux; Android 12; SAMSUNG SM-G990E) AppleWebKit/537.36 (KHTML, like Gecko) SamsungBrowser/17.0 Chrome/96.0.4664.104 Mobile Safari/537.36"
193.138.7.193 - - [15/Dec/2025:21:33:49 -0500] "GET /view-vehicles.php?id=9%27 HTTP/1.1" 200 130 "-" "Mozilla/5.0 (iPad; CPU OS 15_4 like Mac OS X) AppleWebKit/605.1.15 (KHTML, like Gecko) CriOS/100.0.4896.85 Mobile/15E148 Safari/604.1"
193.138.7.193 - - [15/Dec/2025:21:33:49 -0500] "GET /view-vehicles.php?id=9%27%29+AND+1%3D1+UNION+ALL+SELECT+1%2CNULL%2C%27%3Cscript%3Ealert%28%22XSS%22%29%3C%2Fscript%3E%27%2Ctable_name+FROM+information_schema.tables+WHERE+2%3E1--%2F%2A%2A%2F%3B+EXEC+xp_cmdshell%28%27cat+..%2F..%2F..%2Fetc%2Fpasswd%27%29%23 HTTP/1.1" 403 1242 "-" "Mozilla/5.0 (X11; U; SunOS i86pc; en-US; rv:1.8.1.12) Gecko/20080303 SeaMonkey/1.1.8"
193.138.7.193 - - [15/Dec/2025:21:33:50 -0500] "GET /view-vehicles.php?id=9%2F%2A%2A%2F%2F%2A%2A%2FOR%2F%2A%2A%2F%28SELECT%2F%2A%2A%2F2%2A%28IF%28%28SELECT%2F%2A%2A%2F%2A%2F%2A%2A%2FFROM%2F%2A%2A%2F%28SELECT%2F%2A%2A%2FCONCAT%280x785a4138%2C%28SELECT%2F%2A%2A%2F%28ELT%282836%3D2836%2C1%29%29%29%2C0x4c367842%29%29s%29%2C%2F%2A%2A%2F8446744073709551610%2C%2F%2A%2A%2F8446744073709551610%29%29%29 HTTP/1.1" 200 95 "-" "Mozilla/5.0 (iPhone; CPU iPhone OS 13_5_1 like Mac OS X) AppleWebKit/605.1.15 (KHTML, like Gecko) Version/13.1.1 Mobile/15E148 Safari/604.1"
193.138.7.193 - - [15/Dec/2025:21:33:50 -0500] "GET /view-vehicles.php?id=9%2F%2A%2A%2F%2F%2A%2A%2FAND%2F%2A%2A%2F%28SELECT%2F%2A%2A%2F2%2A%28IF%28%28SELECT%2F%2A%2A%2F%2A%2F%2A%2A%2FFROM%2F%2A%2A%2F%28SELECT%2F%2A%2A%2FCONCAT%280x69714376%2C%28SELECT%2F%2A%2A%2F%28ELT%282836%3D2836%2C1%29%29%29%2C0x32745953%29%29s%29%2C%2F%2A%2A%2F8446744073709551610%2C%2F%2A%2A%2F8446744073709551610%29%29%29 HTTP/1.1" 200 95 "-" "Mozilla/5.0 (iPhone; CPU iPhone OS 13_5_1 like Mac OS X) AppleWebKit/605.1.15 (KHTML, like Gecko) Version/13.1.1 Mobile/15E148 Safari/604.1"
193.138.7.193 - - [15/Dec/2025:21:33:51 -0500] "GET /view-vehicles.php?id=9%2F%2A%2A%2F%2F%2A%2A%2FAND%2F%2A%2A%2FJSON_KEYS%28%28SELECT%2F%2A%2A%2FCONVERT%28%28SELECT%2F%2A%2A%2FCONCAT%280x69647456%2C%28SELECT%2F%2A%2A%2F%28ELT%282836%3D2836%2C1%29%29%29%2C0x32623972%29%29%2F%2A%2A%2FUSING%2F%2A%2A%2Futf8%29%29%29 HTTP/1.1" 200 1705 "-" "Mozilla/5.0 (iPhone; CPU iPhone OS 13_5_1 like Mac OS X) AppleWebKit/605.1.15 (KHTML, like Gecko) Version/13.1.1 Mobile/15E148 Safari/604.1"
193.138.7.193 - - [15/Dec/2025:21:33:51 -0500] "GET /view-vehicles.php?id=9%2F%2A%2A%2F%2F%2A%2A%2FAND%2F%2A%2A%2FEXTRACTVALUE%282030%2CCONCAT%280x73515530%2C%28SELECT%2F%2A%2A%2F%28ELT%282836%3D2836%2C1%29%29%29%2C0x63734d6a%29%29 HTTP/1.1" 200 1705 "-" "Mozilla/5.0 (iPhone; CPU iPhone OS 13_5_1 like Mac OS X) AppleWebKit/605.1.15 (KHTML, like Gecko) Version/13.1.1 Mobile/15E148 Safari/604.1"
