66.249.70.142 - - [15/Dec/2025:09:05:34 -0500] "GET /?products/6213100/ HTTP/1.1" 200 17849 "-" "Mozilla/5.0 (Linux; Android 6.0.1; Nexus 5X Build/MMB29P) AppleWebKit/537.36 (KHTML, like Gecko) Chrome/141.0.7390.122 Mobile Safari/537.36 (compatible; Googlebot/2.1; +http://www.google.com/bot.html)"
57.141.2.15 - - [15/Dec/2025:09:03:36 -0500] "GET /contact-form/Generate_Captcha_Code.php?rand=566773287 HTTP/1.1" 200 2247 "-" "meta-externalagent/1.1 (+https://developers.facebook.com/docs/sharing/webmasters/crawler)"
57.141.2.7 - - [15/Dec/2025:09:05:58 -0500] "GET /?products/16606633/ HTTP/1.1" 200 42342 "-" "meta-externalagent/1.1 (+https://developers.facebook.com/docs/sharing/webmasters/crawler)"
57.141.2.85 - - [15/Dec/2025:09:06:10 -0500] "GET /contact-form/Generate_Captcha_Code.php?rand=1667683472 HTTP/1.1" 200 2390 "-" "meta-externalagent/1.1 (+https://developers.facebook.com/docs/sharing/webmasters/crawler)"
57.141.2.64 - - [15/Dec/2025:09:07:57 -0500] "GET /?products/5690777/ HTTP/1.1" 200 42342 "-" "meta-externalagent/1.1 (+https://developers.facebook.com/docs/sharing/webmasters/crawler)"
57.141.2.66 - - [15/Dec/2025:09:08:32 -0500] "GET /contact-form/Generate_Captcha_Code.php?rand=612717016 HTTP/1.1" 200 2231 "-" "meta-externalagent/1.1 (+https://developers.facebook.com/docs/sharing/webmasters/crawler)"
57.141.2.9 - - [15/Dec/2025:09:08:46 -0500] "GET /contact-form/Generate_Captcha_Code.php?rand=1496634224 HTTP/1.1" 200 1999 "-" "meta-externalagent/1.1 (+https://developers.facebook.com/docs/sharing/webmasters/crawler)"
57.141.2.71 - - [15/Dec/2025:09:08:47 -0500] "GET /contact-form/Generate_Captcha_Code.php?rand=13867131 HTTP/1.1" 200 2337 "-" "meta-externalagent/1.1 (+https://developers.facebook.com/docs/sharing/webmasters/crawler)"
66.249.70.142 - - [15/Dec/2025:09:08:59 -0500] "GET /?products/15680100/ HTTP/1.1" 200 17857 "-" "Mozilla/5.0 (Linux; Android 6.0.1; Nexus 5X Build/MMB29P) AppleWebKit/537.36 (KHTML, like Gecko) Chrome/141.0.7390.122 Mobile Safari/537.36 (compatible; Googlebot/2.1; +http://www.google.com/bot.html)"
57.141.2.86 - - [15/Dec/2025:09:09:30 -0500] "GET /contact-form/Generate_Captcha_Code.php?rand=947450311 HTTP/1.1" 200 2352 "-" "meta-externalagent/1.1 (+https://developers.facebook.com/docs/sharing/webmasters/crawler)"
57.141.2.18 - - [15/Dec/2025:09:11:18 -0500] "GET /contact-form/Generate_Captcha_Code.php?rand=721222431 HTTP/1.1" 200 2378 "-" "meta-externalagent/1.1 (+https://developers.facebook.com/docs/sharing/webmasters/crawler)"
57.141.2.90 - - [15/Dec/2025:09:15:30 -0500] "GET /contact-form/Generate_Captcha_Code.php?rand=1974692207 HTTP/1.1" 200 2060 "-" "meta-externalagent/1.1 (+https://developers.facebook.com/docs/sharing/webmasters/crawler)"
66.249.70.128 - - [15/Dec/2025:09:18:15 -0500] "GET /?products/9731000/ HTTP/1.1" 200 17745 "-" "Mozilla/5.0 (Linux; Android 6.0.1; Nexus 5X Build/MMB29P) AppleWebKit/537.36 (KHTML, like Gecko) Chrome/141.0.7390.122 Mobile Safari/537.36 (compatible; Googlebot/2.1; +http://www.google.com/bot.html)"
57.141.2.15 - - [15/Dec/2025:09:18:30 -0500] "GET /contact-form/Generate_Captcha_Code.php?rand=701443130 HTTP/1.1" 200 2404 "-" "meta-externalagent/1.1 (+https://developers.facebook.com/docs/sharing/webmasters/crawler)"
57.141.2.85 - - [15/Dec/2025:09:19:04 -0500] "GET /?products/13326866/ HTTP/1.1" 200 42342 "-" "meta-externalagent/1.1 (+https://developers.facebook.com/docs/sharing/webmasters/crawler)"
57.141.2.12 - - [15/Dec/2025:09:19:32 -0500] "GET /?products/9769388/ HTTP/1.1" 200 42342 "-" "meta-externalagent/1.1 (+https://developers.facebook.com/docs/sharing/webmasters/crawler)"
66.249.70.128 - - [15/Dec/2025:09:06:30 -0500] "GET /?products/7913222/ HTTP/1.1" 200 17431 "-" "Mozilla/5.0 (Linux; Android 6.0.1; Nexus 5X Build/MMB29P) AppleWebKit/537.36 (KHTML, like Gecko) Chrome/141.0.7390.122 Mobile Safari/537.36 (compatible; Googlebot/2.1; +http://www.google.com/bot.html)"
57.141.2.69 - - [15/Dec/2025:09:06:33 -0500] "GET /?products/10263700/ HTTP/1.1" 200 42341 "-" "meta-externalagent/1.1 (+https://developers.facebook.com/docs/sharing/webmasters/crawler)"
57.141.2.23 - - [15/Dec/2025:09:06:37 -0500] "GET /?products/14675088/ HTTP/1.1" 200 42341 "-" "meta-externalagent/1.1 (+https://developers.facebook.com/docs/sharing/webmasters/crawler)"
66.249.66.168 - - [15/Dec/2025:09:06:54 -0500] "GET /?products/21095844/ HTTP/1.1" 200 18673 "-" "Mozilla/5.0 (Linux; Android 6.0.1; Nexus 5X Build/MMB29P) AppleWebKit/537.36 (KHTML, like Gecko) Chrome/141.0.7390.122 Mobile Safari/537.36 (compatible; Googlebot/2.1; +http://www.google.com/bot.html)"
66.249.70.142 - - [15/Dec/2025:09:07:36 -0500] "GET /?products/25828266/ HTTP/1.1" 200 18094 "-" "Mozilla/5.0 (Linux; Android 6.0.1; Nexus 5X Build/MMB29P) AppleWebKit/537.36 (KHTML, like Gecko) Chrome/141.0.7390.122 Mobile Safari/537.36 (compatible; Googlebot/2.1; +http://www.google.com/bot.html)"
57.141.2.36 - - [15/Dec/2025:09:08:33 -0500] "GET /contact-form/Generate_Captcha_Code.php?rand=227911316 HTTP/1.1" 200 2436 "-" "meta-externalagent/1.1 (+https://developers.facebook.com/docs/sharing/webmasters/crawler)"
66.249.70.128 - - [15/Dec/2025:09:08:39 -0500] "GET /?products/16799700/ HTTP/1.1" 200 17855 "-" "Mozilla/5.0 (Linux; Android 6.0.1; Nexus 5X Build/MMB29P) AppleWebKit/537.36 (KHTML, like Gecko) Chrome/141.0.7390.122 Mobile Safari/537.36 (compatible; Googlebot/2.1; +http://www.google.com/bot.html)"
57.141.2.82 - - [15/Dec/2025:09:09:03 -0500] "GET /contact-form/Generate_Captcha_Code.php?rand=1649095406 HTTP/1.1" 200 2121 "-" "meta-externalagent/1.1 (+https://developers.facebook.com/docs/sharing/webmasters/crawler)"
57.141.2.6 - - [15/Dec/2025:09:12:02 -0500] "GET /?products/25082844/ HTTP/1.1" 200 42342 "-" "meta-externalagent/1.1 (+https://developers.facebook.com/docs/sharing/webmasters/crawler)"
57.141.2.21 - - [15/Dec/2025:09:14:45 -0500] "GET /?products/22752066/ HTTP/1.1" 200 42342 "-" "meta-externalagent/1.1 (+https://developers.facebook.com/docs/sharing/webmasters/crawler)"
57.141.2.26 - - [15/Dec/2025:09:14:54 -0500] "GET /?products/4051299/ HTTP/1.1" 200 42341 "-" "meta-externalagent/1.1 (+https://developers.facebook.com/docs/sharing/webmasters/crawler)"
57.141.2.57 - - [15/Dec/2025:09:15:46 -0500] "GET /?products/10686777/ HTTP/1.1" 200 42342 "-" "meta-externalagent/1.1 (+https://developers.facebook.com/docs/sharing/webmasters/crawler)"
57.141.2.36 - - [15/Dec/2025:09:17:50 -0500] "GET /?products/18533377/ HTTP/1.1" 200 42341 "-" "meta-externalagent/1.1 (+https://developers.facebook.com/docs/sharing/webmasters/crawler)"
57.141.2.12 - - [15/Dec/2025:09:18:00 -0500] "GET /contact-form/Generate_Captcha_Code.php?rand=1974692207 HTTP/1.1" 200 2184 "-" "meta-externalagent/1.1 (+https://developers.facebook.com/docs/sharing/webmasters/crawler)"
57.141.2.15 - - [15/Dec/2025:09:18:02 -0500] "GET /?products/12761377/ HTTP/1.1" 200 42340 "-" "meta-externalagent/1.1 (+https://developers.facebook.com/docs/sharing/webmasters/crawler)"
57.141.2.4 - - [15/Dec/2025:09:18:29 -0500] "GET /contact-form/Generate_Captcha_Code.php?rand=701443130 HTTP/1.1" 200 2514 "-" "meta-externalagent/1.1 (+https://developers.facebook.com/docs/sharing/webmasters/crawler)"
66.249.70.142 - - [15/Dec/2025:09:20:51 -0500] "GET /?products/9923066/ HTTP/1.1" 200 17497 "-" "Mozilla/5.0 (Linux; Android 6.0.1; Nexus 5X Build/MMB29P) AppleWebKit/537.36 (KHTML, like Gecko) Chrome/141.0.7390.122 Mobile Safari/537.36 (compatible; Googlebot/2.1; +http://www.google.com/bot.html)"
66.249.70.141 - - [15/Dec/2025:09:21:30 -0500] "GET /?products/29622155/ HTTP/1.1" 200 18466 "-" "Mozilla/5.0 (Linux; Android 6.0.1; Nexus 5X Build/MMB29P) AppleWebKit/537.36 (KHTML, like Gecko) Chrome/141.0.7390.122 Mobile Safari/537.36 (compatible; Googlebot/2.1; +http://www.google.com/bot.html)"
66.249.70.141 - - [15/Dec/2025:09:22:25 -0500] "GET /?products/23231766/ HTTP/1.1" 200 17583 "-" "Mozilla/5.0 (Linux; Android 6.0.1; Nexus 5X Build/MMB29P) AppleWebKit/537.36 (KHTML, like Gecko) Chrome/141.0.7390.122 Mobile Safari/537.36 (compatible; Googlebot/2.1; +http://www.google.com/bot.html)"
66.249.70.142 - - [15/Dec/2025:09:22:35 -0500] "GET /?products/19357622/ HTTP/1.1" 200 17893 "-" "Mozilla/5.0 (Linux; Android 6.0.1; Nexus 5X Build/MMB29P) AppleWebKit/537.36 (KHTML, like Gecko) Chrome/141.0.7390.122 Mobile Safari/537.36 (compatible; Googlebot/2.1; +http://www.google.com/bot.html)"
66.249.70.128 - - [15/Dec/2025:09:23:01 -0500] "GET /?zhHant/product/surugaya/33144803?campaign_uid=f64d716db5e979ed2f947dbaf4296895b951ae7f HTTP/1.1" 200 17535 "-" "Mozilla/5.0 (Linux; Android 6.0.1; Nexus 5X Build/MMB29P) AppleWebKit/537.36 (KHTML, like Gecko) Chrome/141.0.7390.122 Mobile Safari/537.36 (compatible; Googlebot/2.1; +http://www.google.com/bot.html)"
57.141.2.27 - - [15/Dec/2025:09:23:19 -0500] "GET /contact-form/Generate_Captcha_Code.php?rand=349190198 HTTP/1.1" 200 2088 "-" "meta-externalagent/1.1 (+https://developers.facebook.com/docs/sharing/webmasters/crawler)"
57.141.2.31 - - [15/Dec/2025:09:23:20 -0500] "GET /contact-form/Generate_Captcha_Code.php?rand=1614906135 HTTP/1.1" 200 2265 "-" "meta-externalagent/1.1 (+https://developers.facebook.com/docs/sharing/webmasters/crawler)"
57.141.2.63 - - [15/Dec/2025:09:23:22 -0500] "GET /contact-form/Generate_Captcha_Code.php?rand=915253201 HTTP/1.1" 200 2252 "-" "meta-externalagent/1.1 (+https://developers.facebook.com/docs/sharing/webmasters/crawler)"
57.141.2.38 - - [15/Dec/2025:09:23:23 -0500] "GET /contact-form/Generate_Captcha_Code.php?rand=1771819437 HTTP/1.1" 200 2295 "-" "meta-externalagent/1.1 (+https://developers.facebook.com/docs/sharing/webmasters/crawler)"
57.141.2.9 - - [15/Dec/2025:09:23:24 -0500] "GET /contact-form/Generate_Captcha_Code.php?rand=1788018518 HTTP/1.1" 200 2184 "-" "meta-externalagent/1.1 (+https://developers.facebook.com/docs/sharing/webmasters/crawler)"
57.141.2.10 - - [15/Dec/2025:09:24:16 -0500] "GET /?products/16839200/ HTTP/1.1" 200 42342 "-" "meta-externalagent/1.1 (+https://developers.facebook.com/docs/sharing/webmasters/crawler)"
66.249.70.142 - - [15/Dec/2025:09:24:53 -0500] "GET /?products/1836499/ HTTP/1.1" 200 17571 "-" "Mozilla/5.0 (compatible; Googlebot/2.1; +http://www.google.com/bot.html)"
57.141.2.13 - - [15/Dec/2025:09:25:11 -0500] "GET /?products/19948822/ HTTP/1.1" 200 42341 "-" "meta-externalagent/1.1 (+https://developers.facebook.com/docs/sharing/webmasters/crawler)"
57.141.2.60 - - [15/Dec/2025:09:25:24 -0500] "GET /?products/17292066/ HTTP/1.1" 200 42342 "-" "meta-externalagent/1.1 (+https://developers.facebook.com/docs/sharing/webmasters/crawler)"
66.249.70.142 - - [15/Dec/2025:09:27:06 -0500] "GET /?products/7782744/ HTTP/1.1" 200 18540 "-" "Mozilla/5.0 (Linux; Android 6.0.1; Nexus 5X Build/MMB29P) AppleWebKit/537.36 (KHTML, like Gecko) Chrome/141.0.7390.122 Mobile Safari/537.36 (compatible; Googlebot/2.1; +http://www.google.com/bot.html)"
66.249.70.142 - - [15/Dec/2025:09:27:30 -0500] "GET /?products/27228666/ HTTP/1.1" 200 18184 "-" "Mozilla/5.0 (Linux; Android 6.0.1; Nexus 5X Build/MMB29P) AppleWebKit/537.36 (KHTML, like Gecko) Chrome/141.0.7390.122 Mobile Safari/537.36 (compatible; Googlebot/2.1; +http://www.google.com/bot.html)"
66.249.70.128 - - [15/Dec/2025:09:20:44 -0500] "GET /?products/26496311/ HTTP/1.1" 200 18494 "-" "Mozilla/5.0 (Linux; Android 6.0.1; Nexus 5X Build/MMB29P) AppleWebKit/537.36 (KHTML, like Gecko) Chrome/141.0.7390.122 Mobile Safari/537.36 (compatible; GoogleOther)"
57.141.2.29 - - [15/Dec/2025:09:20:50 -0500] "GET /contact-form/Generate_Captcha_Code.php?rand=349190198 HTTP/1.1" 200 2104 "-" "meta-externalagent/1.1 (+https://developers.facebook.com/docs/sharing/webmasters/crawler)"
57.141.2.53 - - [15/Dec/2025:09:20:51 -0500] "GET /contact-form/Generate_Captcha_Code.php?rand=1614906135 HTTP/1.1" 200 2382 "-" "meta-externalagent/1.1 (+https://developers.facebook.com/docs/sharing/webmasters/crawler)"
66.249.70.141 - - [15/Dec/2025:09:21:20 -0500] "GET /?products/6528366/ HTTP/1.1" 200 18585 "-" "Mozilla/5.0 (Linux; Android 6.0.1; Nexus 5X Build/MMB29P) AppleWebKit/537.36 (KHTML, like Gecko) Chrome/141.0.7390.122 Mobile Safari/537.36 (compatible; Googlebot/2.1; +http://www.google.com/bot.html)"
57.141.2.8 - - [15/Dec/2025:09:22:24 -0500] "GET /?products/29963988/ HTTP/1.1" 200 42341 "-" "meta-externalagent/1.1 (+https://developers.facebook.com/docs/sharing/webmasters/crawler)"
57.141.2.19 - - [15/Dec/2025:09:22:29 -0500] "GET /contact-form/Generate_Captcha_Code.php?rand=915253201 HTTP/1.1" 200 2217 "-" "meta-externalagent/1.1 (+https://developers.facebook.com/docs/sharing/webmasters/crawler)"
57.141.2.15 - - [15/Dec/2025:09:22:39 -0500] "GET /contact-form/Generate_Captcha_Code.php?rand=1771819437 HTTP/1.1" 200 2302 "-" "meta-externalagent/1.1 (+https://developers.facebook.com/docs/sharing/webmasters/crawler)"
57.141.2.38 - - [15/Dec/2025:09:22:47 -0500] "GET /contact-form/Generate_Captcha_Code.php?rand=1788018518 HTTP/1.1" 200 2261 "-" "meta-externalagent/1.1 (+https://developers.facebook.com/docs/sharing/webmasters/crawler)"
57.141.2.82 - - [15/Dec/2025:09:24:32 -0500] "GET /?products/9445855/ HTTP/1.1" 200 42341 "-" "meta-externalagent/1.1 (+https://developers.facebook.com/docs/sharing/webmasters/crawler)"
57.141.2.33 - - [15/Dec/2025:09:24:58 -0500] "GET /?products/27360777/ HTTP/1.1" 200 42342 "-" "meta-externalagent/1.1 (+https://developers.facebook.com/docs/sharing/webmasters/crawler)"
66.249.70.141 - - [15/Dec/2025:09:25:07 -0500] "GET /?products/17186199/ HTTP/1.1" 200 18065 "-" "Mozilla/5.0 (Linux; Android 6.0.1; Nexus 5X Build/MMB29P) AppleWebKit/537.36 (KHTML, like Gecko) Chrome/141.0.7390.122 Mobile Safari/537.36 (compatible; Googlebot/2.1; +http://www.google.com/bot.html)"
57.141.2.21 - - [15/Dec/2025:09:25:33 -0500] "GET /?products/6083844/ HTTP/1.1" 200 42342 "-" "meta-externalagent/1.1 (+https://developers.facebook.com/docs/sharing/webmasters/crawler)"
66.249.70.141 - - [15/Dec/2025:09:25:37 -0500] "GET /?products/6212377/ HTTP/1.1" 200 17926 "-" "Mozilla/5.0 (Linux; Android 6.0.1; Nexus 5X Build/MMB29P) AppleWebKit/537.36 (KHTML, like Gecko) Chrome/141.0.7390.122 Mobile Safari/537.36 (compatible; Googlebot/2.1; +http://www.google.com/bot.html)"
57.141.2.24 - - [15/Dec/2025:09:27:00 -0500] "GET /contact-form/Generate_Captcha_Code.php?rand=676322859 HTTP/1.1" 200 2243 "-" "meta-externalagent/1.1 (+https://developers.facebook.com/docs/sharing/webmasters/crawler)"
66.249.70.141 - - [15/Dec/2025:09:27:50 -0500] "GET /?products/29476377/ HTTP/1.1" 200 18145 "-" "Mozilla/5.0 (Linux; Android 6.0.1; Nexus 5X Build/MMB29P) AppleWebKit/537.36 (KHTML, like Gecko) Chrome/141.0.7390.122 Mobile Safari/537.36 (compatible; Googlebot/2.1; +http://www.google.com/bot.html)"
66.249.70.128 - - [15/Dec/2025:09:28:05 -0500] "GET /?products/24633811/ HTTP/1.1" 200 18539 "-" "Mozilla/5.0 (Linux; Android 6.0.1; Nexus 5X Build/MMB29P) AppleWebKit/537.36 (KHTML, like Gecko) Chrome/141.0.7390.122 Mobile Safari/537.36 (compatible; Googlebot/2.1; +http://www.google.com/bot.html)"
57.141.2.11 - - [15/Dec/2025:09:29:27 -0500] "GET /?products/17007022/ HTTP/1.1" 200 42342 "-" "meta-externalagent/1.1 (+https://developers.facebook.com/docs/sharing/webmasters/crawler)"
57.141.2.21 - - [15/Dec/2025:09:29:29 -0500] "GET /?products/12562466/ HTTP/1.1" 200 42341 "-" "meta-externalagent/1.1 (+https://developers.facebook.com/docs/sharing/webmasters/crawler)"
57.141.2.29 - - [15/Dec/2025:09:29:32 -0500] "GET /?products/26449555/ HTTP/1.1" 200 42342 "-" "meta-externalagent/1.1 (+https://developers.facebook.com/docs/sharing/webmasters/crawler)"
57.141.2.21 - - [15/Dec/2025:09:29:33 -0500] "GET /?products/17651833/ HTTP/1.1" 200 42342 "-" "meta-externalagent/1.1 (+https://developers.facebook.com/docs/sharing/webmasters/crawler)"
57.141.2.15 - - [15/Dec/2025:09:30:43 -0500] "GET /?products/11883244/ HTTP/1.1" 200 42342 "-" "meta-externalagent/1.1 (+https://developers.facebook.com/docs/sharing/webmasters/crawler)"
57.141.2.20 - - [15/Dec/2025:09:30:50 -0500] "GET /?products/6762566/ HTTP/1.1" 200 42342 "-" "meta-externalagent/1.1 (+https://developers.facebook.com/docs/sharing/webmasters/crawler)"
57.141.2.62 - - [15/Dec/2025:09:31:05 -0500] "GET /?products/1758833/ HTTP/1.1" 200 42342 "-" "meta-externalagent/1.1 (+https://developers.facebook.com/docs/sharing/webmasters/crawler)"
57.141.2.26 - - [15/Dec/2025:09:33:35 -0500] "GET /contact-form/Generate_Captcha_Code.php?rand=467217812 HTTP/1.1" 200 2432 "-" "meta-externalagent/1.1 (+https://developers.facebook.com/docs/sharing/webmasters/crawler)"
57.141.2.29 - - [15/Dec/2025:09:36:00 -0500] "GET /?products/25022322/ HTTP/1.1" 200 42341 "-" "meta-externalagent/1.1 (+https://developers.facebook.com/docs/sharing/webmasters/crawler)"
57.141.2.18 - - [15/Dec/2025:09:36:01 -0500] "GET /?products/12589977/ HTTP/1.1" 200 42342 "-" "meta-externalagent/1.1 (+https://developers.facebook.com/docs/sharing/webmasters/crawler)"
57.141.2.58 - - [15/Dec/2025:09:36:13 -0500] "GET /?products/28392100/ HTTP/1.1" 200 42342 "-" "meta-externalagent/1.1 (+https://developers.facebook.com/docs/sharing/webmasters/crawler)"
57.141.2.81 - - [15/Dec/2025:09:28:30 -0500] "GET /contact-form/Generate_Captcha_Code.php?rand=1186004204 HTTP/1.1" 200 2037 "-" "meta-externalagent/1.1 (+https://developers.facebook.com/docs/sharing/webmasters/crawler)"
57.141.2.60 - - [15/Dec/2025:09:29:28 -0500] "GET /?products/15805822/ HTTP/1.1" 200 42341 "-" "meta-externalagent/1.1 (+https://developers.facebook.com/docs/sharing/webmasters/crawler)"
57.141.2.5 - - [15/Dec/2025:09:29:32 -0500] "GET /?products/15198188/ HTTP/1.1" 200 42341 "-" "meta-externalagent/1.1 (+https://developers.facebook.com/docs/sharing/webmasters/crawler)"
57.141.2.26 - - [15/Dec/2025:09:29:35 -0500] "GET /?products/12072355/ HTTP/1.1" 200 42342 "-" "meta-externalagent/1.1 (+https://developers.facebook.com/docs/sharing/webmasters/crawler)"
57.141.2.11 - - [15/Dec/2025:09:29:50 -0500] "GET /?products/25191233/ HTTP/1.1" 200 42342 "-" "meta-externalagent/1.1 (+https://developers.facebook.com/docs/sharing/webmasters/crawler)"
57.141.2.21 - - [15/Dec/2025:09:30:53 -0500] "GET /?products/1617699/ HTTP/1.1" 200 42342 "-" "meta-externalagent/1.1 (+https://developers.facebook.com/docs/sharing/webmasters/crawler)"
57.141.2.89 - - [15/Dec/2025:09:31:39 -0500] "GET /?products/23782633/ HTTP/1.1" 200 42341 "-" "meta-externalagent/1.1 (+https://developers.facebook.com/docs/sharing/webmasters/crawler)"
57.141.2.64 - - [15/Dec/2025:09:32:59 -0500] "GET /?products/9911699/ HTTP/1.1" 200 42342 "-" "meta-externalagent/1.1 (+https://developers.facebook.com/docs/sharing/webmasters/crawler)"
57.141.2.18 - - [15/Dec/2025:09:35:59 -0500] "GET /?products/2397344/ HTTP/1.1" 200 42341 "-" "meta-externalagent/1.1 (+https://developers.facebook.com/docs/sharing/webmasters/crawler)"
57.141.2.77 - - [15/Dec/2025:09:36:02 -0500] "GET /?products/18595777/ HTTP/1.1" 200 42340 "-" "meta-externalagent/1.1 (+https://developers.facebook.com/docs/sharing/webmasters/crawler)"
57.141.2.21 - - [15/Dec/2025:09:36:44 -0500] "GET /?products/24505644/ HTTP/1.1" 200 42342 "-" "meta-externalagent/1.1 (+https://developers.facebook.com/docs/sharing/webmasters/crawler)"
57.141.2.63 - - [15/Dec/2025:09:36:51 -0500] "GET /?products/8770300/ HTTP/1.1" 200 42341 "-" "meta-externalagent/1.1 (+https://developers.facebook.com/docs/sharing/webmasters/crawler)"
57.141.2.85 - - [15/Dec/2025:09:38:03 -0500] "GET /?products/22951644/ HTTP/1.1" 200 42342 "-" "meta-externalagent/1.1 (+https://developers.facebook.com/docs/sharing/webmasters/crawler)"
57.141.2.24 - - [15/Dec/2025:09:36:36 -0500] "GET /?products/11978755/ HTTP/1.1" 200 42342 "-" "meta-externalagent/1.1 (+https://developers.facebook.com/docs/sharing/webmasters/crawler)"
57.141.2.15 - - [15/Dec/2025:09:37:45 -0500] "GET /contact-form/Generate_Captcha_Code.php?rand=1333468996 HTTP/1.1" 200 2070 "-" "meta-externalagent/1.1 (+https://developers.facebook.com/docs/sharing/webmasters/crawler)"
57.141.2.15 - - [15/Dec/2025:09:37:47 -0500] "GET /contact-form/Generate_Captcha_Code.php?rand=1333468996 HTTP/1.1" 200 2245 "-" "meta-externalagent/1.1 (+https://developers.facebook.com/docs/sharing/webmasters/crawler)"
57.141.2.11 - - [15/Dec/2025:09:37:49 -0500] "GET /?products/13454966/ HTTP/1.1" 200 42342 "-" "meta-externalagent/1.1 (+https://developers.facebook.com/docs/sharing/webmasters/crawler)"
57.141.2.12 - - [15/Dec/2025:09:40:57 -0500] "GET /?products/29016100/ HTTP/1.1" 200 42341 "-" "meta-externalagent/1.1 (+https://developers.facebook.com/docs/sharing/webmasters/crawler)"
57.141.2.82 - - [15/Dec/2025:09:40:59 -0500] "GET /?products/26297988/ HTTP/1.1" 200 42341 "-" "meta-externalagent/1.1 (+https://developers.facebook.com/docs/sharing/webmasters/crawler)"
111.225.148.18 - - [15/Dec/2025:09:42:55 -0500] "GET / HTTP/1.1" 403 0 "-" "Mozilla/5.0 (Linux; Android 5.0) AppleWebKit/537.36 (KHTML, like Gecko) Mobile Safari/537.36 (compatible; Bytespider; https://zhanzhang.toutiao.com/)"
57.141.2.75 - - [15/Dec/2025:09:44:36 -0500] "GET /?products/29761299/ HTTP/1.1" 200 42342 "-" "meta-externalagent/1.1 (+https://developers.facebook.com/docs/sharing/webmasters/crawler)"
57.141.2.26 - - [15/Dec/2025:09:45:54 -0500] "GET /?products/8469700/ HTTP/1.1" 200 42342 "-" "meta-externalagent/1.1 (+https://developers.facebook.com/docs/sharing/webmasters/crawler)"
57.141.2.4 - - [15/Dec/2025:09:46:01 -0500] "GET /?products/25825555/ HTTP/1.1" 200 42342 "-" "meta-externalagent/1.1 (+https://developers.facebook.com/docs/sharing/webmasters/crawler)"
57.141.2.69 - - [15/Dec/2025:09:46:02 -0500] "GET /?products/16609488/ HTTP/1.1" 200 42341 "-" "meta-externalagent/1.1 (+https://developers.facebook.com/docs/sharing/webmasters/crawler)"
57.141.2.25 - - [15/Dec/2025:09:46:26 -0500] "GET /?products/18240422/ HTTP/1.1" 200 42342 "-" "meta-externalagent/1.1 (+https://developers.facebook.com/docs/sharing/webmasters/crawler)"
57.141.2.68 - - [15/Dec/2025:09:46:32 -0500] "GET /?products/7623399/ HTTP/1.1" 200 42342 "-" "meta-externalagent/1.1 (+https://developers.facebook.com/docs/sharing/webmasters/crawler)"
57.141.2.38 - - [15/Dec/2025:09:46:55 -0500] "GET /?products/30088822/ HTTP/1.1" 200 42342 "-" "meta-externalagent/1.1 (+https://developers.facebook.com/docs/sharing/webmasters/crawler)"
57.141.2.89 - - [15/Dec/2025:09:47:11 -0500] "GET /?products/28614422/ HTTP/1.1" 200 42341 "-" "meta-externalagent/1.1 (+https://developers.facebook.com/docs/sharing/webmasters/crawler)"
57.141.2.57 - - [15/Dec/2025:09:48:14 -0500] "GET /?products/12632044/ HTTP/1.1" 200 42341 "-" "meta-externalagent/1.1 (+https://developers.facebook.com/docs/sharing/webmasters/crawler)"
66.249.70.141 - - [15/Dec/2025:09:48:19 -0500] "GET /?products/17153377/ HTTP/1.1" 200 17910 "-" "Mozilla/5.0 (Linux; Android 6.0.1; Nexus 5X Build/MMB29P) AppleWebKit/537.36 (KHTML, like Gecko) Chrome/141.0.7390.122 Mobile Safari/537.36 (compatible; Googlebot/2.1; +http://www.google.com/bot.html)"
66.249.70.141 - - [15/Dec/2025:09:49:38 -0500] "GET /?products/29383933/ HTTP/1.1" 200 17948 "-" "Mozilla/5.0 (compatible; Googlebot/2.1; +http://www.google.com/bot.html)"
57.141.2.70 - - [15/Dec/2025:09:49:50 -0500] "GET /?products/11583622/ HTTP/1.1" 200 42341 "-" "meta-externalagent/1.1 (+https://developers.facebook.com/docs/sharing/webmasters/crawler)"
57.141.2.81 - - [15/Dec/2025:09:39:33 -0500] "GET /contact-form/Generate_Captcha_Code.php?rand=1912028477 HTTP/1.1" 200 2462 "-" "meta-externalagent/1.1 (+https://developers.facebook.com/docs/sharing/webmasters/crawler)"
57.141.2.78 - - [15/Dec/2025:09:40:07 -0500] "GET /contact-form/Generate_Captcha_Code.php?rand=1912028477 HTTP/1.1" 200 2252 "-" "meta-externalagent/1.1 (+https://developers.facebook.com/docs/sharing/webmasters/crawler)"
57.141.2.69 - - [15/Dec/2025:09:40:43 -0500] "GET /?products/18599222/ HTTP/1.1" 200 42341 "-" "meta-externalagent/1.1 (+https://developers.facebook.com/docs/sharing/webmasters/crawler)"
66.249.70.128 - - [15/Dec/2025:09:41:02 -0500] "GET /?products/24706333/ HTTP/1.1" 200 17633 "-" "Mozilla/5.0 (Linux; Android 6.0.1; Nexus 5X Build/MMB29P) AppleWebKit/537.36 (KHTML, like Gecko) Chrome/141.0.7390.122 Mobile Safari/537.36 (compatible; Googlebot/2.1; +http://www.google.com/bot.html)"
57.141.2.16 - - [15/Dec/2025:09:42:18 -0500] "GET /?products/17971522/ HTTP/1.1" 200 42342 "-" "meta-externalagent/1.1 (+https://developers.facebook.com/docs/sharing/webmasters/crawler)"
57.141.2.28 - - [15/Dec/2025:09:44:40 -0500] "GET /?products/23033155/ HTTP/1.1" 200 42342 "-" "meta-externalagent/1.1 (+https://developers.facebook.com/docs/sharing/webmasters/crawler)"
66.249.79.163 - - [15/Dec/2025:09:49:38 -0500] "GET /?products/29383933/ HTTP/1.1" 200 17948 "-" "Mozilla/5.0 (Linux; Android 6.0.1; Nexus 5X Build/MMB29P) AppleWebKit/537.36 (KHTML, like Gecko) Chrome/141.0.7390.122 Mobile Safari/537.36 (compatible; Googlebot/2.1; +http://www.google.com/bot.html)"
57.141.2.21 - - [15/Dec/2025:09:50:05 -0500] "GET /?products/22452444/ HTTP/1.1" 200 42342 "-" "meta-externalagent/1.1 (+https://developers.facebook.com/docs/sharing/webmasters/crawler)"
57.141.2.76 - - [15/Dec/2025:09:51:09 -0500] "GET /contact-form/Generate_Captcha_Code.php?rand=169217759 HTTP/1.1" 200 2095 "-" "meta-externalagent/1.1 (+https://developers.facebook.com/docs/sharing/webmasters/crawler)"
57.141.2.16 - - [15/Dec/2025:09:51:10 -0500] "GET /contact-form/Generate_Captcha_Code.php?rand=169217759 HTTP/1.1" 200 2223 "-" "meta-externalagent/1.1 (+https://developers.facebook.com/docs/sharing/webmasters/crawler)"
57.141.2.63 - - [15/Dec/2025:09:51:33 -0500] "GET /?products/29544444/ HTTP/1.1" 200 42342 "-" "meta-externalagent/1.1 (+https://developers.facebook.com/docs/sharing/webmasters/crawler)"
57.141.2.68 - - [15/Dec/2025:09:55:30 -0500] "GET /?products/27713155/ HTTP/1.1" 200 42341 "-" "meta-externalagent/1.1 (+https://developers.facebook.com/docs/sharing/webmasters/crawler)"
57.141.2.22 - - [15/Dec/2025:09:57:20 -0500] "GET /?products/25281611/ HTTP/1.1" 200 42342 "-" "meta-externalagent/1.1 (+https://developers.facebook.com/docs/sharing/webmasters/crawler)"
57.141.2.21 - - [15/Dec/2025:09:58:35 -0500] "GET /?products/3629799/ HTTP/1.1" 200 42341 "-" "meta-externalagent/1.1 (+https://developers.facebook.com/docs/sharing/webmasters/crawler)"
57.141.2.27 - - [15/Dec/2025:09:59:38 -0500] "GET /?products/7157577/ HTTP/1.1" 200 42341 "-" "meta-externalagent/1.1 (+https://developers.facebook.com/docs/sharing/webmasters/crawler)"
57.141.2.22 - - [15/Dec/2025:10:00:14 -0500] "GET /?products/840922/ HTTP/1.1" 200 42341 "-" "meta-externalagent/1.1 (+https://developers.facebook.com/docs/sharing/webmasters/crawler)"
57.141.2.77 - - [15/Dec/2025:10:00:25 -0500] "GET /?products/29183799/ HTTP/1.1" 200 42341 "-" "meta-externalagent/1.1 (+https://developers.facebook.com/docs/sharing/webmasters/crawler)"
57.141.2.38 - - [15/Dec/2025:10:00:46 -0500] "GET /?products/28337155/ HTTP/1.1" 200 42341 "-" "meta-externalagent/1.1 (+https://developers.facebook.com/docs/sharing/webmasters/crawler)"
57.141.2.11 - - [15/Dec/2025:10:01:29 -0500] "GET /?products/1929999/ HTTP/1.1" 200 42342 "-" "meta-externalagent/1.1 (+https://developers.facebook.com/docs/sharing/webmasters/crawler)"
57.141.2.23 - - [15/Dec/2025:09:53:31 -0500] "GET /?products/20729633/ HTTP/1.1" 200 42341 "-" "meta-externalagent/1.1 (+https://developers.facebook.com/docs/sharing/webmasters/crawler)"
57.141.2.60 - - [15/Dec/2025:09:53:51 -0500] "GET /?products/27157644/ HTTP/1.1" 200 42341 "-" "meta-externalagent/1.1 (+https://developers.facebook.com/docs/sharing/webmasters/crawler)"
57.141.2.81 - - [15/Dec/2025:09:54:08 -0500] "GET /?products/25213644/ HTTP/1.1" 200 42341 "-" "meta-externalagent/1.1 (+https://developers.facebook.com/docs/sharing/webmasters/crawler)"
57.141.2.89 - - [15/Dec/2025:09:54:12 -0500] "GET /?products/16556066/ HTTP/1.1" 200 42342 "-" "meta-externalagent/1.1 (+https://developers.facebook.com/docs/sharing/webmasters/crawler)"
57.141.2.92 - - [15/Dec/2025:09:54:13 -0500] "GET /?products/13891766/ HTTP/1.1" 200 42342 "-" "meta-externalagent/1.1 (+https://developers.facebook.com/docs/sharing/webmasters/crawler)"
57.141.2.27 - - [15/Dec/2025:09:54:19 -0500] "GET /?products/8646188/ HTTP/1.1" 200 42342 "-" "meta-externalagent/1.1 (+https://developers.facebook.com/docs/sharing/webmasters/crawler)"
57.141.2.87 - - [15/Dec/2025:09:54:59 -0500] "GET /?products/27173244/ HTTP/1.1" 200 42341 "-" "meta-externalagent/1.1 (+https://developers.facebook.com/docs/sharing/webmasters/crawler)"
57.141.2.21 - - [15/Dec/2025:09:56:33 -0500] "GET /?products/23880377/ HTTP/1.1" 200 42341 "-" "meta-externalagent/1.1 (+https://developers.facebook.com/docs/sharing/webmasters/crawler)"
57.141.2.12 - - [15/Dec/2025:09:56:34 -0500] "GET /?products/18118866/ HTTP/1.1" 200 42341 "-" "meta-externalagent/1.1 (+https://developers.facebook.com/docs/sharing/webmasters/crawler)"
160.177.152.116 - - [15/Dec/2025:09:57:45 -0500] "GET / HTTP/1.1" 200 42341 "-" "Mozilla/5.0 (Windows NT 10.0; Win64; x64; rv:128.0) Gecko/20100101 Firefox/128.0"
57.141.2.64 - - [15/Dec/2025:09:59:38 -0500] "GET /?products/17803622/ HTTP/1.1" 200 42341 "-" "meta-externalagent/1.1 (+https://developers.facebook.com/docs/sharing/webmasters/crawler)"
66.249.70.141 - - [15/Dec/2025:09:59:53 -0500] "GET /?zhHant/product/surugaya/84316346?campaign_uid=f64d716db5e979ed2f947dbaf4296895b951ae7f HTTP/1.1" 200 18384 "-" "Mozilla/5.0 (Linux; Android 6.0.1; Nexus 5X Build/MMB29P) AppleWebKit/537.36 (KHTML, like Gecko) Chrome/141.0.7390.122 Mobile Safari/537.36 (compatible; Googlebot/2.1; +http://www.google.com/bot.html)"
57.141.2.63 - - [15/Dec/2025:10:00:04 -0500] "GET /?products/4300544/ HTTP/1.1" 200 42341 "-" "meta-externalagent/1.1 (+https://developers.facebook.com/docs/sharing/webmasters/crawler)"
57.141.2.88 - - [15/Dec/2025:10:00:37 -0500] "GET /?products/16721155/ HTTP/1.1" 200 42341 "-" "meta-externalagent/1.1 (+https://developers.facebook.com/docs/sharing/webmasters/crawler)"
66.249.70.128 - - [15/Dec/2025:10:01:18 -0500] "GET /?products/30568733/ HTTP/1.1" 200 17968 "-" "Mozilla/5.0 (Linux; Android 6.0.1; Nexus 5X Build/MMB29P) AppleWebKit/537.36 (KHTML, like Gecko) Chrome/141.0.7390.122 Mobile Safari/537.36 (compatible; Googlebot/2.1; +http://www.google.com/bot.html)"
57.141.2.36 - - [15/Dec/2025:10:02:00 -0500] "GET /?products/26863122/ HTTP/1.1" 200 42340 "-" "meta-externalagent/1.1 (+https://developers.facebook.com/docs/sharing/webmasters/crawler)"
57.141.2.5 - - [15/Dec/2025:10:02:14 -0500] "GET /?products/10057488/ HTTP/1.1" 200 42342 "-" "meta-externalagent/1.1 (+https://developers.facebook.com/docs/sharing/webmasters/crawler)"
74.125.151.128 - - [15/Dec/2025:10:04:59 -0500] "GET /contact.php HTTP/1.1" 200 4043 "-" "Mozilla/5.0 (X11; Linux x86_64) AppleWebKit/537.36 (KHTML, like Gecko; compatible; pageburst) Chrome/141.0.7390.122 Safari/537.36"
74.125.151.141 - - [15/Dec/2025:10:05:01 -0500] "GET /contact-form/scripts.js HTTP/1.1" 200 965 "https://www.taxigalle.com/contact.php" "Mozilla/5.0 (X11; Linux x86_64) AppleWebKit/537.36 (KHTML, like Gecko; compatible; pageburst) Chrome/141.0.7390.122 Safari/537.36"
74.125.151.141 - - [15/Dec/2025:10:05:01 -0500] "GET /js/all.min.js HTTP/1.1" 200 399481 "https://www.taxigalle.com/contact.php" "Mozilla/5.0 (X11; Linux x86_64) AppleWebKit/537.36 (KHTML, like Gecko; compatible; pageburst) Chrome/141.0.7390.122 Safari/537.36"
74.125.151.141 - - [15/Dec/2025:10:05:01 -0500] "GET /common/owl-carousel/css/owl.carousel.min.css HTTP/1.1" 200 917 "https://www.taxigalle.com/contact.php" "Mozilla/5.0 (X11; Linux x86_64) AppleWebKit/537.36 (KHTML, like Gecko; compatible; pageburst) Chrome/141.0.7390.122 Safari/537.36"
74.125.151.128 - - [15/Dec/2025:10:05:01 -0500] "GET /common/bootstrap/js/bootstrap.min.js HTTP/1.1" 200 14242 "https://www.taxigalle.com/contact.php" "Mozilla/5.0 (X11; Linux x86_64) AppleWebKit/537.36 (KHTML, like Gecko; compatible; pageburst) Chrome/141.0.7390.122 Safari/537.36"
74.125.151.142 - - [15/Dec/2025:10:05:02 -0500] "GET /contact-form/img/refresh.png HTTP/1.1" 200 438 "https://www.taxigalle.com/contact.php" "Mozilla/5.0 (X11; Linux x86_64) AppleWebKit/537.36 (KHTML, like Gecko; compatible; pageburst) Chrome/141.0.7390.122 Safari/537.36"
74.125.151.142 - - [15/Dec/2025:10:05:02 -0500] "GET /images/logo07.png HTTP/1.1" 200 10758 "https://www.taxigalle.com/contact.php" "Mozilla/5.0 (X11; Linux x86_64) AppleWebKit/537.36 (KHTML, like Gecko; compatible; pageburst) Chrome/141.0.7390.122 Safari/537.36"
74.125.151.142 - - [15/Dec/2025:10:05:02 -0500] "GET /css/style.css HTTP/1.1" 200 8669 "https://www.taxigalle.com/contact.php" "Mozilla/5.0 (X11; Linux x86_64) AppleWebKit/537.36 (KHTML, like Gecko; compatible; pageburst) Chrome/141.0.7390.122 Safari/537.36"
74.125.151.141 - - [15/Dec/2025:10:05:02 -0500] "GET /images/icon/4.png HTTP/1.1" 200 17825 "https://www.taxigalle.com/contact.php" "Mozilla/5.0 (X11; Linux x86_64) AppleWebKit/537.36 (KHTML, like Gecko; compatible; pageburst) Chrome/141.0.7390.122 Safari/537.36"
74.125.151.141 - - [15/Dec/2025:10:05:03 -0500] "GET /images/icon/1.png HTTP/1.1" 200 16186 "https://www.taxigalle.com/contact.php" "Mozilla/5.0 (X11; Linux x86_64) AppleWebKit/537.36 (KHTML, like Gecko; compatible; pageburst) Chrome/141.0.7390.122 Safari/537.36"
74.125.151.142 - - [15/Dec/2025:10:05:03 -0500] "GET /images/icon/phone.png HTTP/1.1" 200 2723 "https://www.taxigalle.com/contact.php" "Mozilla/5.0 (X11; Linux x86_64) AppleWebKit/537.36 (KHTML, like Gecko; compatible; pageburst) Chrome/141.0.7390.122 Safari/537.36"
74.125.151.142 - - [15/Dec/2025:10:05:04 -0500] "GET /contact-form/style.css HTTP/1.1" 200 1209 "https://www.taxigalle.com/contact.php" "Mozilla/5.0 (X11; Linux x86_64) AppleWebKit/537.36 (KHTML, like Gecko; compatible; pageburst) Chrome/141.0.7390.122 Safari/537.36"
74.125.151.141 - - [15/Dec/2025:10:05:04 -0500] "GET /css/custom.css HTTP/1.1" 200 31 "https://www.taxigalle.com/contact.php" "Mozilla/5.0 (X11; Linux x86_64) AppleWebKit/537.36 (KHTML, like Gecko; compatible; pageburst) Chrome/141.0.7390.122 Safari/537.36"
57.141.2.70 - - [15/Dec/2025:10:05:09 -0500] "GET /?products/5377188/ HTTP/1.1" 200 42342 "-" "meta-externalagent/1.1 (+https://developers.facebook.com/docs/sharing/webmasters/crawler)"
57.141.2.85 - - [15/Dec/2025:10:05:32 -0500] "GET /?products/22555277/ HTTP/1.1" 200 42341 "-" "meta-externalagent/1.1 (+https://developers.facebook.com/docs/sharing/webmasters/crawler)"
66.249.70.128 - - [15/Dec/2025:10:06:40 -0500] "GET /?oreka/plamodel_menu.html HTTP/1.1" 200 18041 "-" "Mozilla/5.0 (Linux; Android 6.0.1; Nexus 5X Build/MMB29P) AppleWebKit/537.36 (KHTML, like Gecko) Chrome/141.0.7390.122 Mobile Safari/537.36 (compatible; Googlebot/2.1; +http://www.google.com/bot.html)"
57.141.2.92 - - [15/Dec/2025:10:07:43 -0500] "GET /?products/22468022/ HTTP/1.1" 200 42341 "-" "meta-externalagent/1.1 (+https://developers.facebook.com/docs/sharing/webmasters/crawler)"
57.141.2.75 - - [15/Dec/2025:10:09:08 -0500] "GET /?products/19091633/ HTTP/1.1" 200 42342 "-" "meta-externalagent/1.1 (+https://developers.facebook.com/docs/sharing/webmasters/crawler)"
57.141.2.62 - - [15/Dec/2025:10:09:28 -0500] "GET /?products/20084466/ HTTP/1.1" 200 42342 "-" "meta-externalagent/1.1 (+https://developers.facebook.com/docs/sharing/webmasters/crawler)"
57.141.2.18 - - [15/Dec/2025:10:10:26 -0500] "GET /?products/25468044/ HTTP/1.1" 200 42341 "-" "meta-externalagent/1.1 (+https://developers.facebook.com/docs/sharing/webmasters/crawler)"
66.249.70.142 - - [15/Dec/2025:10:11:43 -0500] "GET /?products/26187833/ HTTP/1.1" 200 17559 "-" "Mozilla/5.0 (compatible; Googlebot/2.1; +http://www.google.com/bot.html)"
57.141.2.53 - - [15/Dec/2025:10:03:30 -0500] "GET /?products/19123555/ HTTP/1.1" 200 42341 "-" "meta-externalagent/1.1 (+https://developers.facebook.com/docs/sharing/webmasters/crawler)"
74.125.151.128 - - [15/Dec/2025:10:05:00 -0500] "GET /images/icon/facebook.png HTTP/1.1" 200 1481 "https://www.taxigalle.com/contact.php" "Mozilla/5.0 (X11; Linux x86_64) AppleWebKit/537.36 (KHTML, like Gecko; compatible; pageburst) Chrome/141.0.7390.122 Safari/537.36"
74.125.151.141 - - [15/Dec/2025:10:05:01 -0500] "GET /images/icon/gmail.png HTTP/1.1" 200 3206 "https://www.taxigalle.com/contact.php" "Mozilla/5.0 (X11; Linux x86_64) AppleWebKit/537.36 (KHTML, like Gecko; compatible; pageburst) Chrome/141.0.7390.122 Safari/537.36"
74.125.151.128 - - [15/Dec/2025:10:05:01 -0500] "GET /js/jquery.min.js HTTP/1.1" 200 30278 "https://www.taxigalle.com/contact.php" "Mozilla/5.0 (X11; Linux x86_64) AppleWebKit/537.36 (KHTML, like Gecko; compatible; pageburst) Chrome/141.0.7390.122 Safari/537.36"
74.125.151.142 - - [15/Dec/2025:10:05:02 -0500] "GET /common/bootstrap/css/bootstrap.min.css HTTP/1.1" 200 21469 "https://www.taxigalle.com/contact.php" "Mozilla/5.0 (X11; Linux x86_64) AppleWebKit/537.36 (KHTML, like Gecko; compatible; pageburst) Chrome/141.0.7390.122 Safari/537.36"
74.125.151.141 - - [15/Dec/2025:10:05:02 -0500] "GET /contact-form/Generate_Captcha_Code.php?rand=867807510 HTTP/1.1" 200 2191 "https://www.taxigalle.com/contact.php" "Mozilla/5.0 (X11; Linux x86_64) AppleWebKit/537.36 (KHTML, like Gecko; compatible; pageburst) Chrome/141.0.7390.122 Safari/537.36"
74.125.151.142 - - [15/Dec/2025:10:05:02 -0500] "GET /js/custom.js HTTP/1.1" 200 674 "https://www.taxigalle.com/contact.php" "Mozilla/5.0 (X11; Linux x86_64) AppleWebKit/537.36 (KHTML, like Gecko; compatible; pageburst) Chrome/141.0.7390.122 Safari/537.36"
74.125.151.141 - - [15/Dec/2025:10:05:03 -0500] "GET /common/fancybox/jquery.fancybox.min.css HTTP/1.1" 200 2897 "https://www.taxigalle.com/contact.php" "Mozilla/5.0 (X11; Linux x86_64) AppleWebKit/537.36 (KHTML, like Gecko; compatible; pageburst) Chrome/141.0.7390.122 Safari/537.36"
74.125.151.141 - - [15/Dec/2025:10:05:03 -0500] "GET /common/fancybox/jquery.fancybox.min.js HTTP/1.1" 200 20983 "https://www.taxigalle.com/contact.php" "Mozilla/5.0 (X11; Linux x86_64) AppleWebKit/537.36 (KHTML, like Gecko; compatible; pageburst) Chrome/141.0.7390.122 Safari/537.36"
74.125.151.142 - - [15/Dec/2025:10:05:04 -0500] "GET /images/icon/2.png HTTP/1.1" 200 7042 "https://www.taxigalle.com/contact.php" "Mozilla/5.0 (X11; Linux x86_64) AppleWebKit/537.36 (KHTML, like Gecko; compatible; pageburst) Chrome/141.0.7390.122 Safari/537.36"
74.125.151.141 - - [15/Dec/2025:10:05:04 -0500] "GET /images/whatsapp.png HTTP/1.1" 200 8120 "https://www.taxigalle.com/contact.php" "Mozilla/5.0 (X11; Linux x86_64) AppleWebKit/537.36 (KHTML, like Gecko; compatible; pageburst) Chrome/141.0.7390.122 Safari/537.36"
74.125.151.142 - - [15/Dec/2025:10:05:05 -0500] "GET /common/owl-carousel/js/owl.carousel.js HTTP/1.1" 200 19365 "https://www.taxigalle.com/contact.php" "Mozilla/5.0 (X11; Linux x86_64) AppleWebKit/537.36 (KHTML, like Gecko; compatible; pageburst) Chrome/141.0.7390.122 Safari/537.36"
74.125.151.141 - - [15/Dec/2025:10:05:05 -0500] "GET /images/contact-us-banner.jpg HTTP/1.1" 200 60685 "https://www.taxigalle.com/css/style.css" "Mozilla/5.0 (X11; Linux x86_64) AppleWebKit/537.36 (KHTML, like Gecko; compatible; pageburst) Chrome/141.0.7390.122 Safari/537.36"
57.141.2.1 - - [15/Dec/2025:10:05:20 -0500] "GET /?products/24815988/ HTTP/1.1" 200 42341 "-" "meta-externalagent/1.1 (+https://developers.facebook.com/docs/sharing/webmasters/crawler)"
57.141.2.12 - - [15/Dec/2025:10:08:18 -0500] "GET /?products/29356877/ HTTP/1.1" 200 42341 "-" "meta-externalagent/1.1 (+https://developers.facebook.com/docs/sharing/webmasters/crawler)"
57.141.2.70 - - [15/Dec/2025:10:11:22 -0500] "GET /?products/7063577/ HTTP/1.1" 200 42341 "-" "meta-externalagent/1.1 (+https://developers.facebook.com/docs/sharing/webmasters/crawler)"
57.141.2.73 - - [15/Dec/2025:10:17:07 -0500] "GET /contact-form/Generate_Captcha_Code.php?rand=1433475832 HTTP/1.1" 200 2334 "-" "meta-externalagent/1.1 (+https://developers.facebook.com/docs/sharing/webmasters/crawler)"
57.141.2.77 - - [15/Dec/2025:10:19:20 -0500] "GET /contact-form/Generate_Captcha_Code.php?rand=1433475832 HTTP/1.1" 200 2180 "-" "meta-externalagent/1.1 (+https://developers.facebook.com/docs/sharing/webmasters/crawler)"
57.141.2.19 - - [15/Dec/2025:10:19:34 -0500] "GET /?products/7046688/ HTTP/1.1" 200 42341 "-" "meta-externalagent/1.1 (+https://developers.facebook.com/docs/sharing/webmasters/crawler)"
57.141.2.64 - - [15/Dec/2025:10:22:22 -0500] "GET /?products/11388322/ HTTP/1.1" 200 42341 "-" "meta-externalagent/1.1 (+https://developers.facebook.com/docs/sharing/webmasters/crawler)"
57.141.2.4 - - [15/Dec/2025:10:25:09 -0500] "GET /?products/28497977/ HTTP/1.1" 200 42341 "-" "meta-externalagent/1.1 (+https://developers.facebook.com/docs/sharing/webmasters/crawler)"
66.249.70.141 - - [15/Dec/2025:10:25:25 -0500] "GET /?products/20959055/ HTTP/1.1" 200 19019 "-" "Mozilla/5.0 (Linux; Android 6.0.1; Nexus 5X Build/MMB29P) AppleWebKit/537.36 (KHTML, like Gecko) Chrome/141.0.7390.122 Mobile Safari/537.36 (compatible; Googlebot/2.1; +http://www.google.com/bot.html)"
66.249.70.141 - - [15/Dec/2025:10:25:36 -0500] "GET /?products/26496311/ HTTP/1.1" 200 18494 "-" "Mozilla/5.0 (Linux; Android 6.0.1; Nexus 5X Build/MMB29P) AppleWebKit/537.36 (KHTML, like Gecko) Chrome/141.0.7390.122 Mobile Safari/537.36 (compatible; Googlebot/2.1; +http://www.google.com/bot.html)"
66.249.70.142 - - [15/Dec/2025:10:26:09 -0500] "GET /?products/27978188/ HTTP/1.1" 200 17670 "-" "Mozilla/5.0 (Linux; Android 6.0.1; Nexus 5X Build/MMB29P) AppleWebKit/537.36 (KHTML, like Gecko) Chrome/141.0.7390.122 Mobile Safari/537.36 (compatible; Googlebot/2.1; +http://www.google.com/bot.html)"
66.249.70.141 - - [15/Dec/2025:10:26:19 -0500] "GET /?products/899877/ HTTP/1.1" 200 18771 "-" "Mozilla/5.0 (Linux; Android 6.0.1; Nexus 5X Build/MMB29P) AppleWebKit/537.36 (KHTML, like Gecko) Chrome/141.0.7390.122 Mobile Safari/537.36 (compatible; Googlebot/2.1; +http://www.google.com/bot.html)"
66.249.70.141 - - [15/Dec/2025:10:26:56 -0500] "GET /?products/22431700/ HTTP/1.1" 200 18112 "-" "Mozilla/5.0 (Linux; Android 6.0.1; Nexus 5X Build/MMB29P) AppleWebKit/537.36 (KHTML, like Gecko) Chrome/141.0.7390.122 Mobile Safari/537.36 (compatible; Googlebot/2.1; +http://www.google.com/bot.html)"
57.141.2.85 - - [15/Dec/2025:10:27:31 -0500] "GET /?products/21926233/ HTTP/1.1" 200 42342 "-" "meta-externalagent/1.1 (+https://developers.facebook.com/docs/sharing/webmasters/crawler)"
57.141.2.35 - - [15/Dec/2025:10:28:56 -0500] "GET /?products/27437177/ HTTP/1.1" 200 42342 "-" "meta-externalagent/1.1 (+https://developers.facebook.com/docs/sharing/webmasters/crawler)"
57.141.2.34 - - [15/Dec/2025:10:29:17 -0500] "GET /contact-form/Generate_Captcha_Code.php?rand=1845916190 HTTP/1.1" 200 2044 "-" "meta-externalagent/1.1 (+https://developers.facebook.com/docs/sharing/webmasters/crawler)"
66.249.70.141 - - [15/Dec/2025:10:29:27 -0500] "GET /?products/28703133/ HTTP/1.1" 200 17597 "-" "Mozilla/5.0 (Linux; Android 6.0.1; Nexus 5X Build/MMB29P) AppleWebKit/537.36 (KHTML, like Gecko) Chrome/141.0.7390.122 Mobile Safari/537.36 (compatible; Googlebot/2.1; +http://www.google.com/bot.html)"
57.141.2.36 - - [15/Dec/2025:10:12:58 -0500] "GET /?products/19648633/ HTTP/1.1" 200 42342 "-" "meta-externalagent/1.1 (+https://developers.facebook.com/docs/sharing/webmasters/crawler)"
57.141.2.6 - - [15/Dec/2025:10:13:11 -0500] "GET /?products/7875955/ HTTP/1.1" 200 42341 "-" "meta-externalagent/1.1 (+https://developers.facebook.com/docs/sharing/webmasters/crawler)"
66.249.70.142 - - [15/Dec/2025:10:15:22 -0500] "GET /?products/4316455/ HTTP/1.1" 200 18737 "-" "Mozilla/5.0 (Linux; Android 6.0.1; Nexus 5X Build/MMB29P) AppleWebKit/537.36 (KHTML, like Gecko) Chrome/141.0.7390.122 Mobile Safari/537.36 (compatible; Googlebot/2.1; +http://www.google.com/bot.html)"
57.141.2.82 - - [15/Dec/2025:10:16:14 -0500] "GET /?products/27974822/ HTTP/1.1" 200 42341 "-" "meta-externalagent/1.1 (+https://developers.facebook.com/docs/sharing/webmasters/crawler)"
57.141.2.86 - - [15/Dec/2025:10:18:41 -0500] "GET /?products/19477033/ HTTP/1.1" 200 42341 "-" "meta-externalagent/1.1 (+https://developers.facebook.com/docs/sharing/webmasters/crawler)"
57.141.2.27 - - [15/Dec/2025:10:19:14 -0500] "GET /?products/28468377/ HTTP/1.1" 200 42341 "-" "meta-externalagent/1.1 (+https://developers.facebook.com/docs/sharing/webmasters/crawler)"
57.141.2.25 - - [15/Dec/2025:10:22:44 -0500] "GET /?products/24956422/ HTTP/1.1" 200 42342 "-" "meta-externalagent/1.1 (+https://developers.facebook.com/docs/sharing/webmasters/crawler)"
15.235.59.82 - - [15/Dec/2025:10:22:51 -0500] "POST /xmlrpc.php HTTP/1.1" 200 42342 "-" "Mozilla/5.0 (Windows NT 10.0; Win64; x64) AppleWebKit/537.36 (KHTML, like Gecko) Chrome/127.0.0.0 Safari/537.36"
66.249.70.141 - - [15/Dec/2025:10:23:29 -0500] "GET /?products/28443888/ HTTP/1.1" 200 18954 "-" "Mozilla/5.0 (Linux; Android 6.0.1; Nexus 5X Build/MMB29P) AppleWebKit/537.36 (KHTML, like Gecko) Chrome/141.0.7390.122 Mobile Safari/537.36 (compatible; Googlebot/2.1; +http://www.google.com/bot.html)"
66.249.70.142 - - [15/Dec/2025:10:24:00 -0500] "GET /?products/14686355/ HTTP/1.1" 200 17610 "-" "Mozilla/5.0 (Linux; Android 6.0.1; Nexus 5X Build/MMB29P) AppleWebKit/537.36 (KHTML, like Gecko) Chrome/141.0.7390.122 Mobile Safari/537.36 (compatible; Googlebot/2.1; +http://www.google.com/bot.html)"
66.249.70.141 - - [15/Dec/2025:10:25:10 -0500] "GET /?products/19211166/ HTTP/1.1" 200 17588 "-" "Mozilla/5.0 (Linux; Android 6.0.1; Nexus 5X Build/MMB29P) AppleWebKit/537.36 (KHTML, like Gecko) Chrome/141.0.7390.122 Mobile Safari/537.36 (compatible; Googlebot/2.1; +http://www.google.com/bot.html)"
57.141.2.7 - - [15/Dec/2025:10:26:30 -0500] "GET /?products/18011244/ HTTP/1.1" 200 42342 "-" "meta-externalagent/1.1 (+https://developers.facebook.com/docs/sharing/webmasters/crawler)"
66.249.70.141 - - [15/Dec/2025:10:27:33 -0500] "GET /?products/25250866/ HTTP/1.1" 200 17749 "-" "Mozilla/5.0 (Linux; Android 6.0.1; Nexus 5X Build/MMB29P) AppleWebKit/537.36 (KHTML, like Gecko) Chrome/141.0.7390.122 Mobile Safari/537.36 (compatible; Googlebot/2.1; +http://www.google.com/bot.html)"
57.141.2.4 - - [15/Dec/2025:10:28:31 -0500] "GET /?products/12250466/ HTTP/1.1" 200 42341 "-" "meta-externalagent/1.1 (+https://developers.facebook.com/docs/sharing/webmasters/crawler)"
66.249.70.142 - - [15/Dec/2025:10:28:49 -0500] "GET /?products/25705811/ HTTP/1.1" 200 18691 "-" "Mozilla/5.0 (Linux; Android 6.0.1; Nexus 5X Build/MMB29P) AppleWebKit/537.36 (KHTML, like Gecko) Chrome/141.0.7390.122 Mobile Safari/537.36 (compatible; Googlebot/2.1; +http://www.google.com/bot.html)"
66.249.70.141 - - [15/Dec/2025:10:29:53 -0500] "GET /?products/29777500/ HTTP/1.1" 200 18946 "-" "Mozilla/5.0 (Linux; Android 6.0.1; Nexus 5X Build/MMB29P) AppleWebKit/537.36 (KHTML, like Gecko) Chrome/141.0.7390.122 Mobile Safari/537.36 (compatible; Googlebot/2.1; +http://www.google.com/bot.html)"
66.249.70.128 - - [15/Dec/2025:10:30:27 -0500] "GET /?products/21504366/ HTTP/1.1" 200 17652 "-" "Mozilla/5.0 (Linux; Android 6.0.1; Nexus 5X Build/MMB29P) AppleWebKit/537.36 (KHTML, like Gecko) Chrome/141.0.7390.122 Mobile Safari/537.36 (compatible; Googlebot/2.1; +http://www.google.com/bot.html)"
66.249.70.142 - - [15/Dec/2025:10:31:23 -0500] "GET /?products/17307299/ HTTP/1.1" 200 18257 "-" "Mozilla/5.0 (Linux; Android 6.0.1; Nexus 5X Build/MMB29P) AppleWebKit/537.36 (KHTML, like Gecko) Chrome/141.0.7390.122 Mobile Safari/537.36 (compatible; Googlebot/2.1; +http://www.google.com/bot.html)"
57.141.2.22 - - [15/Dec/2025:10:31:23 -0500] "GET /?products/9607555/ HTTP/1.1" 200 42341 "-" "meta-externalagent/1.1 (+https://developers.facebook.com/docs/sharing/webmasters/crawler)"
66.249.70.142 - - [15/Dec/2025:10:31:51 -0500] "GET /?products/29816011/ HTTP/1.1" 200 17947 "-" "Mozilla/5.0 (Linux; Android 6.0.1; Nexus 5X Build/MMB29P) AppleWebKit/537.36 (KHTML, like Gecko) Chrome/141.0.7390.122 Mobile Safari/537.36 (compatible; Googlebot/2.1; +http://www.google.com/bot.html)"
57.141.2.58 - - [15/Dec/2025:10:32:34 -0500] "GET /?products/12748222/ HTTP/1.1" 200 42341 "-" "meta-externalagent/1.1 (+https://developers.facebook.com/docs/sharing/webmasters/crawler)"
66.249.70.142 - - [15/Dec/2025:10:32:48 -0500] "GET /?products/10600000/ HTTP/1.1" 200 18489 "-" "Mozilla/5.0 (Linux; Android 6.0.1; Nexus 5X Build/MMB29P) AppleWebKit/537.36 (KHTML, like Gecko) Chrome/141.0.7390.122 Mobile Safari/537.36 (compatible; Googlebot/2.1; +http://www.google.com/bot.html)"
57.141.2.81 - - [15/Dec/2025:10:32:53 -0500] "GET /?products/12834844/ HTTP/1.1" 200 42342 "-" "meta-externalagent/1.1 (+https://developers.facebook.com/docs/sharing/webmasters/crawler)"
57.141.2.23 - - [15/Dec/2025:10:33:36 -0500] "GET /contact-form/Generate_Captcha_Code.php?rand=107509539 HTTP/1.1" 200 2340 "-" "meta-externalagent/1.1 (+https://developers.facebook.com/docs/sharing/webmasters/crawler)"
57.141.2.9 - - [15/Dec/2025:10:34:27 -0500] "GET /?products/20782222/ HTTP/1.1" 200 42342 "-" "meta-externalagent/1.1 (+https://developers.facebook.com/docs/sharing/webmasters/crawler)"
66.249.70.142 - - [15/Dec/2025:10:35:44 -0500] "GET /?products/17803188/ HTTP/1.1" 200 18308 "-" "Mozilla/5.0 (Linux; Android 6.0.1; Nexus 5X Build/MMB29P) AppleWebKit/537.36 (KHTML, like Gecko) Chrome/141.0.7390.122 Mobile Safari/537.36 (compatible; GoogleOther)"
57.141.2.72 - - [15/Dec/2025:10:36:45 -0500] "GET /?products/10049500/ HTTP/1.1" 200 42342 "-" "meta-externalagent/1.1 (+https://developers.facebook.com/docs/sharing/webmasters/crawler)"
57.141.2.6 - - [15/Dec/2025:10:39:07 -0500] "GET /?products/26648844/ HTTP/1.1" 200 42342 "-" "meta-externalagent/1.1 (+https://developers.facebook.com/docs/sharing/webmasters/crawler)"
57.141.2.7 - - [15/Dec/2025:10:43:04 -0500] "GET /?products/28864044/ HTTP/1.1" 200 42341 "-" "meta-externalagent/1.1 (+https://developers.facebook.com/docs/sharing/webmasters/crawler)"
