66.249.70.141 - - [15/Dec/2025:14:31:58 -0500] "GET /?products/1283933/ HTTP/1.1" 200 18243 "-" "Mozilla/5.0 (Linux; Android 6.0.1; Nexus 5X Build/MMB29P) AppleWebKit/537.36 (KHTML, like Gecko) Chrome/141.0.7390.122 Mobile Safari/537.36 (compatible; Googlebot/2.1; +http://www.google.com/bot.html)"
66.249.70.142 - - [15/Dec/2025:14:32:10 -0500] "GET /?products/30392788/ HTTP/1.1" 200 18538 "-" "Mozilla/5.0 (Linux; Android 6.0.1; Nexus 5X Build/MMB29P) AppleWebKit/537.36 (KHTML, like Gecko) Chrome/141.0.7390.122 Mobile Safari/537.36 (compatible; GoogleOther)"
66.249.70.142 - - [15/Dec/2025:14:32:34 -0500] "GET /?products/24076299/ HTTP/1.1" 200 18384 "-" "Mozilla/5.0 (Linux; Android 6.0.1; Nexus 5X Build/MMB29P) AppleWebKit/537.36 (KHTML, like Gecko) Chrome/141.0.7390.122 Mobile Safari/537.36 (compatible; Googlebot/2.1; +http://www.google.com/bot.html)"
66.249.70.141 - - [15/Dec/2025:14:32:41 -0500] "GET /?products/19875566/ HTTP/1.1" 200 18445 "-" "Mozilla/5.0 (Linux; Android 6.0.1; Nexus 5X Build/MMB29P) AppleWebKit/537.36 (KHTML, like Gecko) Chrome/141.0.7390.122 Mobile Safari/537.36 (compatible; GoogleOther)"
66.249.70.142 - - [15/Dec/2025:14:33:46 -0500] "GET /?products/19071833/ HTTP/1.1" 200 17698 "-" "Mozilla/5.0 (Linux; Android 6.0.1; Nexus 5X Build/MMB29P) AppleWebKit/537.36 (KHTML, like Gecko) Chrome/141.0.7390.122 Mobile Safari/537.36 (compatible; GoogleOther)"
66.249.70.141 - - [15/Dec/2025:14:35:23 -0500] "GET /?products/24891844/ HTTP/1.1" 200 18585 "-" "Mozilla/5.0 (Linux; Android 6.0.1; Nexus 5X Build/MMB29P) AppleWebKit/537.36 (KHTML, like Gecko) Chrome/141.0.7390.122 Mobile Safari/537.36 (compatible; GoogleOther)"
74.125.151.142 - - [15/Dec/2025:14:36:12 -0500] "GET /booking/style.css HTTP/1.1" 200 1160 "https://www.taxigalle.com/?products/17152611/" "Mozilla/5.0 (X11; Linux x86_64) AppleWebKit/537.36 (KHTML, like Gecko) Chrome/141.0.7390.122 Safari/537.36"
74.125.151.141 - - [15/Dec/2025:14:36:12 -0500] "GET /css/style.css HTTP/1.1" 200 8669 "https://www.taxigalle.com/?products/17152611/" "Mozilla/5.0 (X11; Linux x86_64) AppleWebKit/537.36 (KHTML, like Gecko) Chrome/141.0.7390.122 Safari/537.36"
74.125.151.128 - - [15/Dec/2025:14:36:13 -0500] "GET /images/vehicles/peugeot-5008.png HTTP/1.1" 200 211176 "https://www.taxigalle.com/?products/17152611/" "Mozilla/5.0 (X11; Linux x86_64) AppleWebKit/537.36 (KHTML, like Gecko) Chrome/141.0.7390.122 Safari/537.36"
74.125.151.141 - - [15/Dec/2025:14:36:13 -0500] "GET /images/iconsuv-01.png HTTP/1.1" 200 1382 "https://www.taxigalle.com/?products/17152611/" "Mozilla/5.0 (X11; Linux x86_64) AppleWebKit/537.36 (KHTML, like Gecko) Chrome/141.0.7390.122 Safari/537.36"
74.125.151.142 - - [15/Dec/2025:14:36:13 -0500] "GET /upload/service/-110206705_191092934201_1600335573_n.jpg HTTP/1.1" 200 26301 "https://www.taxigalle.com/?products/17152611/" "Mozilla/5.0 (X11; Linux x86_64) AppleWebKit/537.36 (KHTML, like Gecko) Chrome/141.0.7390.122 Safari/537.36"
74.125.151.141 - - [15/Dec/2025:14:36:13 -0500] "GET /upload/service/-379846424_190823294482_1600335554_n.jpg HTTP/1.1" 200 178399 "https://www.taxigalle.com/?products/17152611/" "Mozilla/5.0 (X11; Linux x86_64) AppleWebKit/537.36 (KHTML, like Gecko) Chrome/141.0.7390.122 Safari/537.36"
74.125.151.141 - - [15/Dec/2025:14:36:14 -0500] "GET /images/vehicles/tperius.png HTTP/1.1" 200 131551 "https://www.taxigalle.com/?products/17152611/" "Mozilla/5.0 (X11; Linux x86_64) AppleWebKit/537.36 (KHTML, like Gecko) Chrome/141.0.7390.122 Safari/537.36"
74.125.151.128 - - [15/Dec/2025:14:36:14 -0500] "GET /images/iconcar-01.png HTTP/1.1" 200 1464 "https://www.taxigalle.com/?products/17152611/" "Mozilla/5.0 (X11; Linux x86_64) AppleWebKit/537.36 (KHTML, like Gecko) Chrome/141.0.7390.122 Safari/537.36"
74.125.151.142 - - [15/Dec/2025:14:36:14 -0500] "GET /common/fancybox/jquery.fancybox.min.css HTTP/1.1" 200 2897 "https://www.taxigalle.com/?products/17152611/" "Mozilla/5.0 (X11; Linux x86_64) AppleWebKit/537.36 (KHTML, like Gecko) Chrome/141.0.7390.122 Safari/537.36"
74.125.151.128 - - [15/Dec/2025:14:36:15 -0500] "GET /upload/product-type/product/-166571169534_24631971372_1601548411_n.jpg HTTP/1.1" 200 73836 "https://www.taxigalle.com/?products/17152611/" "Mozilla/5.0 (X11; Linux x86_64) AppleWebKit/537.36 (KHTML, like Gecko) Chrome/141.0.7390.122 Safari/537.36"
74.125.151.142 - - [15/Dec/2025:14:36:15 -0500] "GET /upload/service/-149748172078_41454968828_1669011857_n.jpg HTTP/1.1" 200 37230 "https://www.taxigalle.com/?products/17152611/" "Mozilla/5.0 (X11; Linux x86_64) AppleWebKit/537.36 (KHTML, like Gecko) Chrome/141.0.7390.122 Safari/537.36"
74.125.151.128 - - [15/Dec/2025:14:36:15 -0500] "GET /images/vehicles/KDH%20townAce1.png HTTP/1.1" 200 161499 "https://www.taxigalle.com/?products/17152611/" "Mozilla/5.0 (X11; Linux x86_64) AppleWebKit/537.36 (KHTML, like Gecko) Chrome/141.0.7390.122 Safari/537.36"
74.125.151.128 - - [15/Dec/2025:14:36:16 -0500] "GET /upload/product-type/product/-51519754273_139683386633_1601548839_n.jpg HTTP/1.1" 200 80672 "https://www.taxigalle.com/?products/17152611/" "Mozilla/5.0 (X11; Linux x86_64) AppleWebKit/537.36 (KHTML, like Gecko) Chrome/141.0.7390.122 Safari/537.36"
74.125.151.142 - - [15/Dec/2025:14:36:16 -0500] "GET /upload/product-type/product/-146267739950_44935400956_1669110085_n.jpg HTTP/1.1" 200 13266 "https://www.taxigalle.com/?products/17152611/" "Mozilla/5.0 (X11; Linux x86_64) AppleWebKit/537.36 (KHTML, like Gecko) Chrome/141.0.7390.122 Safari/537.36"
74.125.151.142 - - [15/Dec/2025:14:36:17 -0500] "GET /upload/service/-10144527978_181058612928_1669012464_n.jpg HTTP/1.1" 200 33980 "https://www.taxigalle.com/?products/17152611/" "Mozilla/5.0 (X11; Linux x86_64) AppleWebKit/537.36 (KHTML, like Gecko) Chrome/141.0.7390.122 Safari/537.36"
74.125.151.141 - - [15/Dec/2025:14:36:17 -0500] "GET /upload/service/-66338947648_124864193258_1600936314_n.jpg HTTP/1.1" 200 41348 "https://www.taxigalle.com/?products/17152611/" "Mozilla/5.0 (X11; Linux x86_64) AppleWebKit/537.36 (KHTML, like Gecko) Chrome/141.0.7390.122 Safari/537.36"
74.125.151.141 - - [15/Dec/2025:14:36:17 -0500] "GET /images/bonuse--for-ride.png HTTP/1.1" 200 6342 "https://www.taxigalle.com/?products/17152611/" "Mozilla/5.0 (X11; Linux x86_64) AppleWebKit/537.36 (KHTML, like Gecko) Chrome/141.0.7390.122 Safari/537.36"
74.125.151.142 - - [15/Dec/2025:14:36:18 -0500] "GET /contact-form/Generate_Captcha_Code.php?rand=1210409282 HTTP/1.1" 200 2177 "https://www.taxigalle.com/?products/17152611/" "Mozilla/5.0 (X11; Linux x86_64) AppleWebKit/537.36 (KHTML, like Gecko) Chrome/141.0.7390.122 Safari/537.36"
74.125.151.128 - - [15/Dec/2025:14:36:14 -0500] "GET /images/iconvan-01.png HTTP/1.1" 200 1533 "https://www.taxigalle.com/?products/17152611/" "Mozilla/5.0 (X11; Linux x86_64) AppleWebKit/537.36 (KHTML, like Gecko) Chrome/141.0.7390.122 Safari/537.36"
74.125.151.141 - - [15/Dec/2025:14:36:14 -0500] "GET /images/vehicles/Bus-01.png HTTP/1.1" 200 224169 "https://www.taxigalle.com/?products/17152611/" "Mozilla/5.0 (X11; Linux x86_64) AppleWebKit/537.36 (KHTML, like Gecko) Chrome/141.0.7390.122 Safari/537.36"
74.125.151.141 - - [15/Dec/2025:14:36:14 -0500] "GET /contact-form/img/refresh.png HTTP/1.1" 200 438 "https://www.taxigalle.com/?products/17152611/" "Mozilla/5.0 (X11; Linux x86_64) AppleWebKit/537.36 (KHTML, like Gecko) Chrome/141.0.7390.122 Safari/537.36"
74.125.151.128 - - [15/Dec/2025:14:36:15 -0500] "GET /upload/service/-61020435315_130182705591_1600936969_n.jpg HTTP/1.1" 200 29515 "https://www.taxigalle.com/?products/17152611/" "Mozilla/5.0 (X11; Linux x86_64) AppleWebKit/537.36 (KHTML, like Gecko) Chrome/141.0.7390.122 Safari/537.36"
74.125.151.142 - - [15/Dec/2025:14:36:15 -0500] "GET /upload/product-type/product/-128663770754_62539370152_1601547897_n.jpg HTTP/1.1" 200 74587 "https://www.taxigalle.com/?products/17152611/" "Mozilla/5.0 (X11; Linux x86_64) AppleWebKit/537.36 (KHTML, like Gecko) Chrome/141.0.7390.122 Safari/537.36"
74.125.151.141 - - [15/Dec/2025:14:36:16 -0500] "GET /upload/product-type/product/-139833547621_51369593285_1601548234_n.jpg HTTP/1.1" 200 13491 "https://www.taxigalle.com/?products/17152611/" "Mozilla/5.0 (X11; Linux x86_64) AppleWebKit/537.36 (KHTML, like Gecko) Chrome/141.0.7390.122 Safari/537.36"
74.125.151.141 - - [15/Dec/2025:14:36:16 -0500] "GET /images/fixed-price.png HTTP/1.1" 200 6041 "https://www.taxigalle.com/?products/17152611/" "Mozilla/5.0 (X11; Linux x86_64) AppleWebKit/537.36 (KHTML, like Gecko) Chrome/141.0.7390.122 Safari/537.36"
74.125.151.142 - - [15/Dec/2025:14:36:17 -0500] "GET /images/iconbus-01-01.png HTTP/1.1" 200 1175 "https://www.taxigalle.com/?products/17152611/" "Mozilla/5.0 (X11; Linux x86_64) AppleWebKit/537.36 (KHTML, like Gecko) Chrome/141.0.7390.122 Safari/537.36"
74.125.151.141 - - [15/Dec/2025:14:36:17 -0500] "GET /upload/comments/-294463194_190908677712_1600333912_n.jpg HTTP/1.1" 200 7337 "https://www.taxigalle.com/?products/17152611/" "Mozilla/5.0 (X11; Linux x86_64) AppleWebKit/537.36 (KHTML, like Gecko) Chrome/141.0.7390.122 Safari/537.36"
74.125.151.142 - - [15/Dec/2025:14:36:18 -0500] "GET /common/bootstrap/js/bootstrap.min.js HTTP/1.1" 200 14242 "https://www.taxigalle.com/?products/17152611/" "Mozilla/5.0 (X11; Linux x86_64) AppleWebKit/537.36 (KHTML, like Gecko) Chrome/141.0.7390.122 Safari/537.36"
74.125.151.141 - - [15/Dec/2025:14:36:18 -0500] "GET /common/owl-carousel/js/owl.carousel.js HTTP/1.1" 200 19365 "https://www.taxigalle.com/?products/17152611/" "Mozilla/5.0 (X11; Linux x86_64) AppleWebKit/537.36 (KHTML, like Gecko) Chrome/141.0.7390.122 Safari/537.36"
74.125.151.142 - - [15/Dec/2025:14:36:19 -0500] "GET /images/easy-to-use.png HTTP/1.1" 200 6302 "https://www.taxigalle.com/?products/17152611/" "Mozilla/5.0 (X11; Linux x86_64) AppleWebKit/537.36 (KHTML, like Gecko) Chrome/141.0.7390.122 Safari/537.36"
74.125.151.141 - - [15/Dec/2025:14:36:19 -0500] "GET /upload/tour-type/-477215162_190725925744_1600332917_n.jpg HTTP/1.1" 200 21250 "https://www.taxigalle.com/?products/17152611/" "Mozilla/5.0 (X11; Linux x86_64) AppleWebKit/537.36 (KHTML, like Gecko) Chrome/141.0.7390.122 Safari/537.36"
74.125.151.142 - - [15/Dec/2025:14:36:19 -0500] "GET /upload/product-type/product/-122263015934_68940124972_1669019526_n.jpg HTTP/1.1" 200 64727 "https://www.taxigalle.com/?products/17152611/" "Mozilla/5.0 (X11; Linux x86_64) AppleWebKit/537.36 (KHTML, like Gecko) Chrome/141.0.7390.122 Safari/537.36"
74.125.151.141 - - [15/Dec/2025:14:36:18 -0500] "GET /images/whatsapp.png HTTP/1.1" 200 8120 "https://www.taxigalle.com/?products/17152611/" "Mozilla/5.0 (X11; Linux x86_64) AppleWebKit/537.36 (KHTML, like Gecko) Chrome/141.0.7390.122 Safari/537.36"
74.125.151.142 - - [15/Dec/2025:14:36:18 -0500] "GET /js/jquery.min.js HTTP/1.1" 200 30278 "https://www.taxigalle.com/?products/17152611/" "Mozilla/5.0 (X11; Linux x86_64) AppleWebKit/537.36 (KHTML, like Gecko) Chrome/141.0.7390.122 Safari/537.36"
74.125.151.142 - - [15/Dec/2025:14:36:19 -0500] "GET /images/nationwide.png HTTP/1.1" 200 6517 "https://www.taxigalle.com/?products/17152611/" "Mozilla/5.0 (X11; Linux x86_64) AppleWebKit/537.36 (KHTML, like Gecko) Chrome/141.0.7390.122 Safari/537.36"
74.125.151.142 - - [15/Dec/2025:14:36:19 -0500] "GET /booking/scripts.js HTTP/1.1" 200 1026 "https://www.taxigalle.com/?products/17152611/" "Mozilla/5.0 (X11; Linux x86_64) AppleWebKit/537.36 (KHTML, like Gecko) Chrome/141.0.7390.122 Safari/537.36"
74.125.151.141 - - [15/Dec/2025:14:36:19 -0500] "GET /js/custom.js HTTP/1.1" 200 674 "https://www.taxigalle.com/?products/17152611/" "Mozilla/5.0 (X11; Linux x86_64) AppleWebKit/537.36 (KHTML, like Gecko) Chrome/141.0.7390.122 Safari/537.36"
74.125.151.141 - - [15/Dec/2025:14:36:20 -0500] "GET /images/pleasure.png HTTP/1.1" 200 5712 "https://www.taxigalle.com/?products/17152611/" "Mozilla/5.0 (X11; Linux x86_64) AppleWebKit/537.36 (KHTML, like Gecko) Chrome/141.0.7390.122 Safari/537.36"
74.125.151.141 - - [15/Dec/2025:14:36:20 -0500] "GET /images/no-fee.png HTTP/1.1" 200 5994 "https://www.taxigalle.com/?products/17152611/" "Mozilla/5.0 (X11; Linux x86_64) AppleWebKit/537.36 (KHTML, like Gecko) Chrome/141.0.7390.122 Safari/537.36"
74.125.151.141 - - [15/Dec/2025:14:36:20 -0500] "GET /js/all.min.js HTTP/1.1" 200 399481 "https://www.taxigalle.com/?products/17152611/" "Mozilla/5.0 (X11; Linux x86_64) AppleWebKit/537.36 (KHTML, like Gecko) Chrome/141.0.7390.122 Safari/537.36"
74.125.151.141 - - [15/Dec/2025:14:36:21 -0500] "GET /images/left-shadow.png HTTP/1.1" 200 5711 "https://www.taxigalle.com/css/style.css" "Mozilla/5.0 (X11; Linux x86_64) AppleWebKit/537.36 (KHTML, like Gecko) Chrome/141.0.7390.122 Safari/537.36"
74.125.151.141 - - [15/Dec/2025:14:36:22 -0500] "GET /images/testimonial-icon.png HTTP/1.1" 200 4019 "https://www.taxigalle.com/css/style.css" "Mozilla/5.0 (X11; Linux x86_64) AppleWebKit/537.36 (KHTML, like Gecko) Chrome/141.0.7390.122 Safari/537.36"
74.125.151.141 - - [15/Dec/2025:14:36:22 -0500] "GET /images/testimonial-qoute.png HTTP/1.1" 200 4119 "https://www.taxigalle.com/css/style.css" "Mozilla/5.0 (X11; Linux x86_64) AppleWebKit/537.36 (KHTML, like Gecko) Chrome/141.0.7390.122 Safari/537.36"
57.141.2.12 - - [15/Dec/2025:14:36:25 -0500] "GET /?products/15000999/ HTTP/1.1" 200 42341 "-" "meta-externalagent/1.1 (+https://developers.facebook.com/docs/sharing/webmasters/crawler)"
66.249.70.141 - - [15/Dec/2025:14:37:00 -0500] "GET /?products/19517422/ HTTP/1.1" 200 17451 "-" "Mozilla/5.0 (Linux; Android 6.0.1; Nexus 5X Build/MMB29P) AppleWebKit/537.36 (KHTML, like Gecko) Chrome/141.0.7390.122 Mobile Safari/537.36 (compatible; GoogleOther)"
57.141.2.61 - - [15/Dec/2025:14:37:35 -0500] "GET /?products/27697555/ HTTP/1.1" 200 42341 "-" "meta-externalagent/1.1 (+https://developers.facebook.com/docs/sharing/webmasters/crawler)"
57.141.2.27 - - [15/Dec/2025:14:37:46 -0500] "GET /?products/4860022/ HTTP/1.1" 200 42342 "-" "meta-externalagent/1.1 (+https://developers.facebook.com/docs/sharing/webmasters/crawler)"
66.249.70.141 - - [15/Dec/2025:14:38:03 -0500] "GET /?products/23231355/ HTTP/1.1" 200 17921 "-" "Mozilla/5.0 (Linux; Android 6.0.1; Nexus 5X Build/MMB29P) AppleWebKit/537.36 (KHTML, like Gecko) Chrome/141.0.7390.122 Mobile Safari/537.36 (compatible; Googlebot/2.1; +http://www.google.com/bot.html)"
74.125.151.142 - - [15/Dec/2025:14:36:20 -0500] "GET /upload/tour-type/-435799268_190767341638_1600333053_n.jpg HTTP/1.1" 200 22114 "https://www.taxigalle.com/?products/17152611/" "Mozilla/5.0 (X11; Linux x86_64) AppleWebKit/537.36 (KHTML, like Gecko) Chrome/141.0.7390.122 Safari/537.36"
74.125.151.141 - - [15/Dec/2025:14:36:21 -0500] "GET /common/fancybox/jquery.fancybox.min.js HTTP/1.1" 200 20983 "https://www.taxigalle.com/?products/17152611/" "Mozilla/5.0 (X11; Linux x86_64) AppleWebKit/537.36 (KHTML, like Gecko) Chrome/141.0.7390.122 Safari/537.36"
74.125.151.141 - - [15/Dec/2025:14:36:21 -0500] "GET /images/banner/back_dark.jpg HTTP/1.1" 200 631757 "https://www.taxigalle.com/?products/17152611/" "Mozilla/5.0 (X11; Linux x86_64) AppleWebKit/537.36 (KHTML, like Gecko) Chrome/141.0.7390.122 Safari/537.36"
74.125.151.141 - - [15/Dec/2025:14:36:21 -0500] "GET /images/right-shadow.png HTTP/1.1" 200 5669 "https://www.taxigalle.com/css/style.css" "Mozilla/5.0 (X11; Linux x86_64) AppleWebKit/537.36 (KHTML, like Gecko) Chrome/141.0.7390.122 Safari/537.36"
74.125.151.141 - - [15/Dec/2025:14:36:21 -0500] "GET /images/banner/index.png HTTP/1.1" 200 1744907 "https://www.taxigalle.com/css/style.css" "Mozilla/5.0 (X11; Linux x86_64) AppleWebKit/537.36 (KHTML, like Gecko) Chrome/141.0.7390.122 Safari/537.36"
66.249.70.142 - - [15/Dec/2025:14:36:27 -0500] "GET /?products/26172866/ HTTP/1.1" 200 18093 "-" "Mozilla/5.0 (Linux; Android 6.0.1; Nexus 5X Build/MMB29P) AppleWebKit/537.36 (KHTML, like Gecko) Chrome/141.0.7390.122 Mobile Safari/537.36 (compatible; GoogleOther)"
57.141.2.3 - - [15/Dec/2025:14:36:49 -0500] "GET /?products/5521300/ HTTP/1.1" 200 42340 "-" "meta-externalagent/1.1 (+https://developers.facebook.com/docs/sharing/webmasters/crawler)"
66.249.70.141 - - [15/Dec/2025:14:38:46 -0500] "GET /?products/3217644/ HTTP/1.1" 200 18087 "-" "Mozilla/5.0 (Linux; Android 6.0.1; Nexus 5X Build/MMB29P) AppleWebKit/537.36 (KHTML, like Gecko) Chrome/141.0.7390.122 Mobile Safari/537.36 (compatible; Googlebot/2.1; +http://www.google.com/bot.html)"
66.249.70.141 - - [15/Dec/2025:14:39:09 -0500] "GET /?products/15478800/ HTTP/1.1" 200 18363 "-" "Mozilla/5.0 (Linux; Android 6.0.1; Nexus 5X Build/MMB29P) AppleWebKit/537.36 (KHTML, like Gecko) Chrome/141.0.7390.122 Mobile Safari/537.36 (compatible; GoogleOther)"
66.249.70.141 - - [15/Dec/2025:14:39:44 -0500] "GET /?feature/akihabara_main/index.html HTTP/1.1" 200 18015 "-" "Mozilla/5.0 (compatible; Googlebot/2.1; +http://www.google.com/bot.html)"
66.249.70.142 - - [15/Dec/2025:14:40:46 -0500] "GET /?products/7451544/ HTTP/1.1" 200 18178 "-" "Mozilla/5.0 (Linux; Android 6.0.1; Nexus 5X Build/MMB29P) AppleWebKit/537.36 (KHTML, like Gecko) Chrome/141.0.7390.122 Mobile Safari/537.36 (compatible; GoogleOther)"
57.141.2.49 - - [15/Dec/2025:14:41:49 -0500] "GET /?products/20256355/ HTTP/1.1" 200 42342 "-" "meta-externalagent/1.1 (+https://developers.facebook.com/docs/sharing/webmasters/crawler)"
66.249.70.141 - - [15/Dec/2025:14:43:27 -0500] "GET /?products/19935355/ HTTP/1.1" 200 18841 "-" "Mozilla/5.0 (Linux; Android 6.0.1; Nexus 5X Build/MMB29P) AppleWebKit/537.36 (KHTML, like Gecko) Chrome/141.0.7390.122 Mobile Safari/537.36 (compatible; GoogleOther)"
66.249.70.128 - - [15/Dec/2025:14:44:00 -0500] "GET /?products/19641177/ HTTP/1.1" 200 18086 "-" "Mozilla/5.0 (Linux; Android 6.0.1; Nexus 5X Build/MMB29P) AppleWebKit/537.36 (KHTML, like Gecko) Chrome/141.0.7390.122 Mobile Safari/537.36 (compatible; GoogleOther)"
66.249.70.141 - - [15/Dec/2025:14:44:08 -0500] "GET /?products/12260844/ HTTP/1.1" 200 18023 "-" "Mozilla/5.0 (Linux; Android 6.0.1; Nexus 5X Build/MMB29P) AppleWebKit/537.36 (KHTML, like Gecko) Chrome/141.0.7390.122 Mobile Safari/537.36 (compatible; Googlebot/2.1; +http://www.google.com/bot.html)"
57.141.2.26 - - [15/Dec/2025:14:44:35 -0500] "GET /contact-form/Generate_Captcha_Code.php?rand=1469490764 HTTP/1.1" 200 2100 "-" "meta-externalagent/1.1 (+https://developers.facebook.com/docs/sharing/webmasters/crawler)"
66.249.70.142 - - [15/Dec/2025:14:39:41 -0500] "GET /?products/11668911/ HTTP/1.1" 200 17497 "-" "Mozilla/5.0 (Linux; Android 6.0.1; Nexus 5X Build/MMB29P) AppleWebKit/537.36 (KHTML, like Gecko) Chrome/141.0.7390.122 Mobile Safari/537.36 (compatible; GoogleOther)"
57.141.2.34 - - [15/Dec/2025:14:39:53 -0500] "GET /?products/10962844/ HTTP/1.1" 200 42341 "-" "meta-externalagent/1.1 (+https://developers.facebook.com/docs/sharing/webmasters/crawler)"
66.249.70.142 - - [15/Dec/2025:14:40:13 -0500] "GET /?products/14606933/ HTTP/1.1" 200 18017 "-" "Mozilla/5.0 (Linux; Android 6.0.1; Nexus 5X Build/MMB29P) AppleWebKit/537.36 (KHTML, like Gecko) Chrome/141.0.7390.122 Mobile Safari/537.36 (compatible; GoogleOther)"
57.141.2.7 - - [15/Dec/2025:14:40:19 -0500] "GET /?products/20783222/ HTTP/1.1" 200 42342 "-" "meta-externalagent/1.1 (+https://developers.facebook.com/docs/sharing/webmasters/crawler)"
66.249.70.141 - - [15/Dec/2025:14:40:50 -0500] "GET /?products/15759611/ HTTP/1.1" 200 18003 "-" "Mozilla/5.0 (Linux; Android 6.0.1; Nexus 5X Build/MMB29P) AppleWebKit/537.36 (KHTML, like Gecko) Chrome/141.0.7390.122 Mobile Safari/537.36 (compatible; Googlebot/2.1; +http://www.google.com/bot.html)"
66.249.70.128 - - [15/Dec/2025:14:41:18 -0500] "GET /?products/25158577/ HTTP/1.1" 200 17493 "-" "Mozilla/5.0 (Linux; Android 6.0.1; Nexus 5X Build/MMB29P) AppleWebKit/537.36 (KHTML, like Gecko) Chrome/141.0.7390.122 Mobile Safari/537.36 (compatible; GoogleOther)"
57.141.2.22 - - [15/Dec/2025:14:41:19 -0500] "GET /?products/24833244/ HTTP/1.1" 200 42342 "-" "meta-externalagent/1.1 (+https://developers.facebook.com/docs/sharing/webmasters/crawler)"
66.249.70.141 - - [15/Dec/2025:14:41:19 -0500] "GET /?products/17402977/ HTTP/1.1" 200 18855 "-" "Mozilla/5.0 (compatible; Googlebot/2.1; +http://www.google.com/bot.html)"
66.249.70.141 - - [15/Dec/2025:14:41:40 -0500] "GET /?products/7042055/ HTTP/1.1" 200 18614 "-" "Mozilla/5.0 (Linux; Android 6.0.1; Nexus 5X Build/MMB29P) AppleWebKit/537.36 (KHTML, like Gecko) Chrome/141.0.7390.122 Mobile Safari/537.36 (compatible; Googlebot/2.1; +http://www.google.com/bot.html)"
57.141.2.31 - - [15/Dec/2025:14:41:47 -0500] "GET /?products/19442066/ HTTP/1.1" 200 42341 "-" "meta-externalagent/1.1 (+https://developers.facebook.com/docs/sharing/webmasters/crawler)"
66.249.70.141 - - [15/Dec/2025:14:41:50 -0500] "GET /?products/14276599/ HTTP/1.1" 200 17973 "-" "Mozilla/5.0 (Linux; Android 6.0.1; Nexus 5X Build/MMB29P) AppleWebKit/537.36 (KHTML, like Gecko) Chrome/141.0.7390.122 Mobile Safari/537.36 (compatible; GoogleOther)"
66.249.70.142 - - [15/Dec/2025:14:42:23 -0500] "GET /?products/13555511/ HTTP/1.1" 200 18141 "-" "Mozilla/5.0 (Linux; Android 6.0.1; Nexus 5X Build/MMB29P) AppleWebKit/537.36 (KHTML, like Gecko) Chrome/141.0.7390.122 Mobile Safari/537.36 (compatible; GoogleOther)"
57.141.2.24 - - [15/Dec/2025:14:42:56 -0500] "GET /?products/24165899/ HTTP/1.1" 200 42342 "-" "meta-externalagent/1.1 (+https://developers.facebook.com/docs/sharing/webmasters/crawler)"
57.141.2.60 - - [15/Dec/2025:14:43:50 -0500] "GET /?products/26529611/ HTTP/1.1" 200 42342 "-" "meta-externalagent/1.1 (+https://developers.facebook.com/docs/sharing/webmasters/crawler)"
66.249.70.141 - - [15/Dec/2025:14:44:32 -0500] "GET /?products/19822022/ HTTP/1.1" 200 18215 "-" "Mozilla/5.0 (Linux; Android 6.0.1; Nexus 5X Build/MMB29P) AppleWebKit/537.36 (KHTML, like Gecko) Chrome/141.0.7390.122 Mobile Safari/537.36 (compatible; GoogleOther)"
57.141.2.63 - - [15/Dec/2025:14:44:36 -0500] "GET /contact-form/Generate_Captcha_Code.php?rand=1469490764 HTTP/1.1" 200 2294 "-" "meta-externalagent/1.1 (+https://developers.facebook.com/docs/sharing/webmasters/crawler)"
57.141.2.12 - - [15/Dec/2025:14:45:14 -0500] "GET /contact-form/Generate_Captcha_Code.php?rand=35996891 HTTP/1.1" 200 2184 "-" "meta-externalagent/1.1 (+https://developers.facebook.com/docs/sharing/webmasters/crawler)"
57.141.2.77 - - [15/Dec/2025:14:45:15 -0500] "GET /contact-form/Generate_Captcha_Code.php?rand=35996891 HTTP/1.1" 200 1960 "-" "meta-externalagent/1.1 (+https://developers.facebook.com/docs/sharing/webmasters/crawler)"
66.249.70.141 - - [15/Dec/2025:14:46:09 -0500] "GET /?products/19086966/ HTTP/1.1" 200 18058 "-" "Mozilla/5.0 (Linux; Android 6.0.1; Nexus 5X Build/MMB29P) AppleWebKit/537.36 (KHTML, like Gecko) Chrome/141.0.7390.122 Mobile Safari/537.36 (compatible; GoogleOther)"
66.249.70.141 - - [15/Dec/2025:14:45:04 -0500] "GET /?products/27047700/ HTTP/1.1" 200 17858 "-" "Mozilla/5.0 (Linux; Android 6.0.1; Nexus 5X Build/MMB29P) AppleWebKit/537.36 (KHTML, like Gecko) Chrome/141.0.7390.122 Mobile Safari/537.36 (compatible; GoogleOther)"
66.249.70.141 - - [15/Dec/2025:14:45:37 -0500] "GET /?products/20823700/ HTTP/1.1" 200 17691 "-" "Mozilla/5.0 (Linux; Android 6.0.1; Nexus 5X Build/MMB29P) AppleWebKit/537.36 (KHTML, like Gecko) Chrome/141.0.7390.122 Mobile Safari/537.36 (compatible; GoogleOther)"
66.249.70.141 - - [15/Dec/2025:14:45:51 -0500] "GET /?products/21981388/ HTTP/1.1" 200 18554 "-" "Mozilla/5.0 (Linux; Android 6.0.1; Nexus 5X Build/MMB29P) AppleWebKit/537.36 (KHTML, like Gecko) Chrome/141.0.7390.122 Mobile Safari/537.36 (compatible; Googlebot/2.1; +http://www.google.com/bot.html)"
66.249.70.142 - - [15/Dec/2025:14:46:41 -0500] "GET /?products/20032000/ HTTP/1.1" 200 18375 "-" "Mozilla/5.0 (Linux; Android 6.0.1; Nexus 5X Build/MMB29P) AppleWebKit/537.36 (KHTML, like Gecko) Chrome/141.0.7390.122 Mobile Safari/537.36 (compatible; GoogleOther)"
57.141.2.4 - - [15/Dec/2025:14:48:18 -0500] "GET /?products/1134099/ HTTP/1.1" 200 42341 "-" "meta-externalagent/1.1 (+https://developers.facebook.com/docs/sharing/webmasters/crawler)"
66.249.70.142 - - [15/Dec/2025:14:48:18 -0500] "GET /?products/26418177/ HTTP/1.1" 200 18256 "-" "Mozilla/5.0 (Linux; Android 6.0.1; Nexus 5X Build/MMB29P) AppleWebKit/537.36 (KHTML, like Gecko) Chrome/141.0.7390.122 Mobile Safari/537.36 (compatible; GoogleOther)"
66.249.70.141 - - [15/Dec/2025:14:48:51 -0500] "GET /?products/21080433/ HTTP/1.1" 200 17989 "-" "Mozilla/5.0 (Linux; Android 6.0.1; Nexus 5X Build/MMB29P) AppleWebKit/537.36 (KHTML, like Gecko) Chrome/141.0.7390.122 Mobile Safari/537.36 (compatible; GoogleOther)"
66.249.70.142 - - [15/Dec/2025:14:49:23 -0500] "GET /?products/29966744/ HTTP/1.1" 200 17928 "-" "Mozilla/5.0 (Linux; Android 6.0.1; Nexus 5X Build/MMB29P) AppleWebKit/537.36 (KHTML, like Gecko) Chrome/141.0.7390.122 Mobile Safari/537.36 (compatible; GoogleOther)"
66.249.70.141 - - [15/Dec/2025:14:49:55 -0500] "GET /?products/25626233/ HTTP/1.1" 200 17474 "-" "Mozilla/5.0 (Linux; Android 6.0.1; Nexus 5X Build/MMB29P) AppleWebKit/537.36 (KHTML, like Gecko) Chrome/141.0.7390.122 Mobile Safari/537.36 (compatible; GoogleOther)"
66.249.70.142 - - [15/Dec/2025:14:50:26 -0500] "GET /?products/1628888/ HTTP/1.1" 200 17655 "-" "Mozilla/5.0 (compatible; Googlebot/2.1; +http://www.google.com/bot.html)"
66.249.70.142 - - [15/Dec/2025:14:51:34 -0500] "GET /?products/15874322/ HTTP/1.1" 200 17605 "-" "Mozilla/5.0 (Linux; Android 6.0.1; Nexus 5X Build/MMB29P) AppleWebKit/537.36 (KHTML, like Gecko) Chrome/141.0.7390.122 Mobile Safari/537.36 (compatible; Googlebot/2.1; +http://www.google.com/bot.html)"
66.249.70.142 - - [15/Dec/2025:14:52:05 -0500] "GET /?products/11044511/ HTTP/1.1" 200 18159 "-" "Mozilla/5.0 (Linux; Android 6.0.1; Nexus 5X Build/MMB29P) AppleWebKit/537.36 (KHTML, like Gecko) Chrome/141.0.7390.122 Mobile Safari/537.36 (compatible; GoogleOther)"
57.141.2.68 - - [15/Dec/2025:14:52:07 -0500] "GET /contact-form/Generate_Captcha_Code.php?rand=153425757 HTTP/1.1" 200 2350 "-" "meta-externalagent/1.1 (+https://developers.facebook.com/docs/sharing/webmasters/crawler)"
57.141.2.85 - - [15/Dec/2025:14:52:08 -0500] "GET /contact-form/Generate_Captcha_Code.php?rand=153425757 HTTP/1.1" 200 2299 "-" "meta-externalagent/1.1 (+https://developers.facebook.com/docs/sharing/webmasters/crawler)"
66.249.70.142 - - [15/Dec/2025:14:52:37 -0500] "GET /?products/3462299/ HTTP/1.1" 200 17986 "-" "Mozilla/5.0 (Linux; Android 6.0.1; Nexus 5X Build/MMB29P) AppleWebKit/537.36 (KHTML, like Gecko) Chrome/141.0.7390.122 Mobile Safari/537.36 (compatible; GoogleOther)"
66.249.70.142 - - [15/Dec/2025:14:53:09 -0500] "GET /?products/3715666/ HTTP/1.1" 200 18207 "-" "Mozilla/5.0 (Linux; Android 6.0.1; Nexus 5X Build/MMB29P) AppleWebKit/537.36 (KHTML, like Gecko) Chrome/141.0.7390.122 Mobile Safari/537.36 (compatible; GoogleOther)"
66.249.70.142 - - [15/Dec/2025:14:53:42 -0500] "GET /?products/13985600/ HTTP/1.1" 200 18664 "-" "Mozilla/5.0 (Linux; Android 6.0.1; Nexus 5X Build/MMB29P) AppleWebKit/537.36 (KHTML, like Gecko) Chrome/141.0.7390.122 Mobile Safari/537.36 (compatible; GoogleOther)"
66.249.70.141 - - [15/Dec/2025:14:54:14 -0500] "GET /?products/20956066/ HTTP/1.1" 200 17754 "-" "Mozilla/5.0 (Linux; Android 6.0.1; Nexus 5X Build/MMB29P) AppleWebKit/537.36 (KHTML, like Gecko) Chrome/141.0.7390.122 Mobile Safari/537.36 (compatible; GoogleOther)"
66.249.70.142 - - [15/Dec/2025:14:54:47 -0500] "GET /?products/27431999/ HTTP/1.1" 200 18142 "-" "Mozilla/5.0 (Linux; Android 6.0.1; Nexus 5X Build/MMB29P) AppleWebKit/537.36 (KHTML, like Gecko) Chrome/141.0.7390.122 Mobile Safari/537.36 (compatible; Googlebot/2.1; +http://www.google.com/bot.html)"
57.141.2.66 - - [15/Dec/2025:14:46:36 -0500] "GET /?products/2772099/ HTTP/1.1" 200 42342 "-" "meta-externalagent/1.1 (+https://developers.facebook.com/docs/sharing/webmasters/crawler)"
57.141.2.30 - - [15/Dec/2025:14:46:37 -0500] "GET /?products/28497999/ HTTP/1.1" 200 42341 "-" "meta-externalagent/1.1 (+https://developers.facebook.com/docs/sharing/webmasters/crawler)"
66.249.70.142 - - [15/Dec/2025:14:47:15 -0500] "GET /?products/19670211/ HTTP/1.1" 200 18123 "-" "Mozilla/5.0 (Linux; Android 6.0.1; Nexus 5X Build/MMB29P) AppleWebKit/537.36 (KHTML, like Gecko) Chrome/141.0.7390.122 Mobile Safari/537.36 (compatible; GoogleOther)"
47.128.96.166 - - [15/Dec/2025:14:47:27 -0500] "GET /robots.txt HTTP/1.1" 200 72 "-" "Go-http-client/2.0"
66.249.70.141 - - [15/Dec/2025:14:47:46 -0500] "GET /?products/791177/ HTTP/1.1" 200 18133 "-" "Mozilla/5.0 (Linux; Android 6.0.1; Nexus 5X Build/MMB29P) AppleWebKit/537.36 (KHTML, like Gecko) Chrome/141.0.7390.122 Mobile Safari/537.36 (compatible; GoogleOther)"
57.141.2.38 - - [15/Dec/2025:14:48:45 -0500] "GET /?products/13984400/ HTTP/1.1" 200 42342 "-" "meta-externalagent/1.1 (+https://developers.facebook.com/docs/sharing/webmasters/crawler)"
57.141.2.3 - - [15/Dec/2025:14:49:03 -0500] "GET /?products/8138688/ HTTP/1.1" 200 42342 "-" "meta-externalagent/1.1 (+https://developers.facebook.com/docs/sharing/webmasters/crawler)"
57.141.2.34 - - [15/Dec/2025:14:49:21 -0500] "GET /?products/25566444/ HTTP/1.1" 200 42342 "-" "meta-externalagent/1.1 (+https://developers.facebook.com/docs/sharing/webmasters/crawler)"
57.141.2.60 - - [15/Dec/2025:14:50:15 -0500] "GET /?products/26953577/ HTTP/1.1" 200 42341 "-" "meta-externalagent/1.1 (+https://developers.facebook.com/docs/sharing/webmasters/crawler)"
66.249.70.128 - - [15/Dec/2025:14:50:28 -0500] "GET /?products/25523899/ HTTP/1.1" 200 17902 "-" "Mozilla/5.0 (Linux; Android 6.0.1; Nexus 5X Build/MMB29P) AppleWebKit/537.36 (KHTML, like Gecko) Chrome/141.0.7390.122 Mobile Safari/537.36 (compatible; GoogleOther)"
66.249.70.141 - - [15/Dec/2025:14:51:00 -0500] "GET /?products/8240355/ HTTP/1.1" 200 17912 "-" "Mozilla/5.0 (Linux; Android 6.0.1; Nexus 5X Build/MMB29P) AppleWebKit/537.36 (KHTML, like Gecko) Chrome/141.0.7390.122 Mobile Safari/537.36 (compatible; GoogleOther)"
66.249.70.141 - - [15/Dec/2025:14:51:32 -0500] "GET /?products/21942977/ HTTP/1.1" 200 17802 "-" "Mozilla/5.0 (Linux; Android 6.0.1; Nexus 5X Build/MMB29P) AppleWebKit/537.36 (KHTML, like Gecko) Chrome/141.0.7390.122 Mobile Safari/537.36 (compatible; GoogleOther)"
57.141.2.83 - - [15/Dec/2025:14:52:59 -0500] "GET /?products/1915277/ HTTP/1.1" 200 42342 "-" "meta-externalagent/1.1 (+https://developers.facebook.com/docs/sharing/webmasters/crawler)"
57.141.2.34 - - [15/Dec/2025:14:53:41 -0500] "GET /contact-form/Generate_Captcha_Code.php?rand=97055219 HTTP/1.1" 200 2165 "-" "meta-externalagent/1.1 (+https://developers.facebook.com/docs/sharing/webmasters/crawler)"
57.141.2.72 - - [15/Dec/2025:14:53:42 -0500] "GET /contact-form/Generate_Captcha_Code.php?rand=97055219 HTTP/1.1" 200 2390 "-" "meta-externalagent/1.1 (+https://developers.facebook.com/docs/sharing/webmasters/crawler)"
57.141.2.53 - - [15/Dec/2025:14:54:18 -0500] "GET /?products/16786377/ HTTP/1.1" 200 42342 "-" "meta-externalagent/1.1 (+https://developers.facebook.com/docs/sharing/webmasters/crawler)"
66.249.70.142 - - [15/Dec/2025:14:54:46 -0500] "GET /?products/20218488/ HTTP/1.1" 200 17522 "-" "Mozilla/5.0 (Linux; Android 6.0.1; Nexus 5X Build/MMB29P) AppleWebKit/537.36 (KHTML, like Gecko) Chrome/141.0.7390.122 Mobile Safari/537.36 (compatible; GoogleOther)"
57.141.2.26 - - [15/Dec/2025:14:54:47 -0500] "GET /?products/22002800/ HTTP/1.1" 200 42342 "-" "meta-externalagent/1.1 (+https://developers.facebook.com/docs/sharing/webmasters/crawler)"
66.249.70.128 - - [15/Dec/2025:14:55:19 -0500] "GET /?products/6189311/ HTTP/1.1" 200 18395 "-" "Mozilla/5.0 (Linux; Android 6.0.1; Nexus 5X Build/MMB29P) AppleWebKit/537.36 (KHTML, like Gecko) Chrome/141.0.7390.122 Mobile Safari/537.36 (compatible; GoogleOther)"
57.141.2.25 - - [15/Dec/2025:14:55:50 -0500] "GET /?products/9683644/ HTTP/1.1" 200 42342 "-" "meta-externalagent/1.1 (+https://developers.facebook.com/docs/sharing/webmasters/crawler)"
57.141.2.93 - - [15/Dec/2025:14:56:23 -0500] "GET /?products/18073644/ HTTP/1.1" 200 42341 "-" "meta-externalagent/1.1 (+https://developers.facebook.com/docs/sharing/webmasters/crawler)"
66.249.70.142 - - [15/Dec/2025:14:56:23 -0500] "GET /?products/19940099/ HTTP/1.1" 200 18229 "-" "Mozilla/5.0 (Linux; Android 6.0.1; Nexus 5X Build/MMB29P) AppleWebKit/537.36 (KHTML, like Gecko) Chrome/141.0.7390.122 Mobile Safari/537.36 (compatible; GoogleOther)"
57.141.2.73 - - [15/Dec/2025:14:57:22 -0500] "GET /?products/18152199/ HTTP/1.1" 200 42342 "-" "meta-externalagent/1.1 (+https://developers.facebook.com/docs/sharing/webmasters/crawler)"
57.141.2.35 - - [15/Dec/2025:14:57:50 -0500] "GET /?products/7886422/ HTTP/1.1" 200 42342 "-" "meta-externalagent/1.1 (+https://developers.facebook.com/docs/sharing/webmasters/crawler)"
57.141.2.92 - - [15/Dec/2025:14:57:53 -0500] "GET /contact-form/Generate_Captcha_Code.php?rand=1308868745 HTTP/1.1" 200 2519 "-" "meta-externalagent/1.1 (+https://developers.facebook.com/docs/sharing/webmasters/crawler)"
57.141.2.62 - - [15/Dec/2025:14:58:12 -0500] "GET /?products/25472033/ HTTP/1.1" 200 42342 "-" "meta-externalagent/1.1 (+https://developers.facebook.com/docs/sharing/webmasters/crawler)"
66.249.70.142 - - [15/Dec/2025:14:58:33 -0500] "GET /?products/6070300/ HTTP/1.1" 200 17952 "-" "Mozilla/5.0 (Linux; Android 6.0.1; Nexus 5X Build/MMB29P) AppleWebKit/537.36 (KHTML, like Gecko) Chrome/141.0.7390.122 Mobile Safari/537.36 (compatible; GoogleOther)"
66.249.70.141 - - [15/Dec/2025:14:59:37 -0500] "GET /?products/26921188/ HTTP/1.1" 200 17677 "-" "Mozilla/5.0 (Linux; Android 6.0.1; Nexus 5X Build/MMB29P) AppleWebKit/537.36 (KHTML, like Gecko) Chrome/141.0.7390.122 Mobile Safari/537.36 (compatible; GoogleOther)"
57.141.2.34 - - [15/Dec/2025:15:01:00 -0500] "GET /?products/11682355/ HTTP/1.1" 200 42342 "-" "meta-externalagent/1.1 (+https://developers.facebook.com/docs/sharing/webmasters/crawler)"
57.141.2.30 - - [15/Dec/2025:15:01:10 -0500] "GET /?products/4945044/ HTTP/1.1" 200 42341 "-" "meta-externalagent/1.1 (+https://developers.facebook.com/docs/sharing/webmasters/crawler)"
66.249.70.142 - - [15/Dec/2025:15:01:14 -0500] "GET /?products/13997433/ HTTP/1.1" 200 17614 "-" "Mozilla/5.0 (Linux; Android 6.0.1; Nexus 5X Build/MMB29P) AppleWebKit/537.36 (KHTML, like Gecko) Chrome/141.0.7390.122 Mobile Safari/537.36 (compatible; GoogleOther)"
57.141.2.34 - - [15/Dec/2025:15:01:20 -0500] "GET /?products/26075155/ HTTP/1.1" 200 42341 "-" "meta-externalagent/1.1 (+https://developers.facebook.com/docs/sharing/webmasters/crawler)"
66.249.70.142 - - [15/Dec/2025:15:01:46 -0500] "GET /?products/12170933/ HTTP/1.1" 200 18060 "-" "Mozilla/5.0 (Linux; Android 6.0.1; Nexus 5X Build/MMB29P) AppleWebKit/537.36 (KHTML, like Gecko) Chrome/141.0.7390.122 Mobile Safari/537.36 (compatible; GoogleOther)"
66.249.70.141 - - [15/Dec/2025:15:02:19 -0500] "GET /robots.txt HTTP/1.1" 200 72 "-" "Mozilla/5.0 (compatible; Googlebot/2.1; +http://www.google.com/bot.html)"
66.249.70.142 - - [15/Dec/2025:14:55:51 -0500] "GET /?products/27879500/ HTTP/1.1" 200 17934 "-" "Mozilla/5.0 (Linux; Android 6.0.1; Nexus 5X Build/MMB29P) AppleWebKit/537.36 (KHTML, like Gecko) Chrome/141.0.7390.122 Mobile Safari/537.36 (compatible; GoogleOther)"
66.249.70.142 - - [15/Dec/2025:14:56:56 -0500] "GET /?products/19614644/ HTTP/1.1" 200 17906 "-" "Mozilla/5.0 (Linux; Android 6.0.1; Nexus 5X Build/MMB29P) AppleWebKit/537.36 (KHTML, like Gecko) Chrome/141.0.7390.122 Mobile Safari/537.36 (compatible; GoogleOther)"
57.141.2.27 - - [15/Dec/2025:14:57:25 -0500] "GET /?products/22650922/ HTTP/1.1" 200 42342 "-" "meta-externalagent/1.1 (+https://developers.facebook.com/docs/sharing/webmasters/crawler)"
66.249.70.142 - - [15/Dec/2025:14:57:28 -0500] "GET /?products/20127444/ HTTP/1.1" 200 18689 "-" "Mozilla/5.0 (Linux; Android 6.0.1; Nexus 5X Build/MMB29P) AppleWebKit/537.36 (KHTML, like Gecko) Chrome/141.0.7390.122 Mobile Safari/537.36 (compatible; GoogleOther)"
57.141.2.5 - - [15/Dec/2025:14:57:29 -0500] "GET /?products/9898822/ HTTP/1.1" 200 42341 "-" "meta-externalagent/1.1 (+https://developers.facebook.com/docs/sharing/webmasters/crawler)"
57.141.2.29 - - [15/Dec/2025:14:57:50 -0500] "GET /contact-form/Generate_Captcha_Code.php?rand=1308868745 HTTP/1.1" 200 2000 "-" "meta-externalagent/1.1 (+https://developers.facebook.com/docs/sharing/webmasters/crawler)"
66.249.70.128 - - [15/Dec/2025:14:58:00 -0500] "GET /?products/21275688/ HTTP/1.1" 200 17670 "-" "Mozilla/5.0 (Linux; Android 6.0.1; Nexus 5X Build/MMB29P) AppleWebKit/537.36 (KHTML, like Gecko) Chrome/141.0.7390.122 Mobile Safari/537.36 (compatible; GoogleOther)"
57.141.2.82 - - [15/Dec/2025:14:58:43 -0500] "GET /?products/16017244/ HTTP/1.1" 200 42341 "-" "meta-externalagent/1.1 (+https://developers.facebook.com/docs/sharing/webmasters/crawler)"
66.249.70.142 - - [15/Dec/2025:14:59:05 -0500] "GET /?products/11757822/ HTTP/1.1" 200 17563 "-" "Mozilla/5.0 (Linux; Android 6.0.1; Nexus 5X Build/MMB29P) AppleWebKit/537.36 (KHTML, like Gecko) Chrome/141.0.7390.122 Mobile Safari/537.36 (compatible; GoogleOther)"
57.141.2.10 - - [15/Dec/2025:14:59:06 -0500] "GET /?products/18568022/ HTTP/1.1" 200 42342 "-" "meta-externalagent/1.1 (+https://developers.facebook.com/docs/sharing/webmasters/crawler)"
66.249.70.141 - - [15/Dec/2025:15:00:09 -0500] "GET /?products/28989999/ HTTP/1.1" 200 18001 "-" "Mozilla/5.0 (Linux; Android 6.0.1; Nexus 5X Build/MMB29P) AppleWebKit/537.36 (KHTML, like Gecko) Chrome/141.0.7390.122 Mobile Safari/537.36 (compatible; GoogleOther)"
66.249.70.142 - - [15/Dec/2025:15:00:20 -0500] "GET /?products/7954877/ HTTP/1.1" 200 17885 "-" "Mozilla/5.0 (Linux; Android 6.0.1; Nexus 5X Build/MMB29P) AppleWebKit/537.36 (KHTML, like Gecko) Chrome/141.0.7390.122 Mobile Safari/537.36 (compatible; Googlebot/2.1; +http://www.google.com/bot.html)"
66.249.70.141 - - [15/Dec/2025:15:00:42 -0500] "GET /?products/28363355/ HTTP/1.1" 200 18300 "-" "Mozilla/5.0 (Linux; Android 6.0.1; Nexus 5X Build/MMB29P) AppleWebKit/537.36 (KHTML, like Gecko) Chrome/141.0.7390.122 Mobile Safari/537.36 (compatible; GoogleOther)"
66.249.70.142 - - [15/Dec/2025:15:02:19 -0500] "GET /?products/26193100/ HTTP/1.1" 200 17920 "-" "Mozilla/5.0 (Linux; Android 6.0.1; Nexus 5X Build/MMB29P) AppleWebKit/537.36 (KHTML, like Gecko) Chrome/141.0.7390.122 Mobile Safari/537.36 (compatible; GoogleOther)"
66.249.70.141 - - [15/Dec/2025:15:02:51 -0500] "GET /?products/5750088/ HTTP/1.1" 200 18293 "-" "Mozilla/5.0 (Linux; Android 6.0.1; Nexus 5X Build/MMB29P) AppleWebKit/537.36 (KHTML, like Gecko) Chrome/141.0.7390.122 Mobile Safari/537.36 (compatible; GoogleOther)"
66.249.70.128 - - [15/Dec/2025:15:03:23 -0500] "GET /robots.txt HTTP/1.1" 200 72 "-" "Mozilla/5.0 (compatible; Googlebot/2.1; +http://www.google.com/bot.html)"
66.249.70.141 - - [15/Dec/2025:15:03:23 -0500] "GET /?products/17573833/ HTTP/1.1" 200 18362 "-" "Mozilla/5.0 (Linux; Android 6.0.1; Nexus 5X Build/MMB29P) AppleWebKit/537.36 (KHTML, like Gecko) Chrome/141.0.7390.122 Mobile Safari/537.36 (compatible; GoogleOther)"
114.119.153.220 - - [15/Dec/2025:15:03:32 -0500] "GET /view-destinations.php?type=15 HTTP/1.1" 200 4478 "https://www.taxigalle.com/destinations.php" "Mozilla/5.0 (Linux; Android 7.0;) AppleWebKit/537.36 (KHTML, like Gecko) Mobile Safari/537.36 (compatible; PetalBot;+https://webmaster.petalsearch.com/site/petalbot)"
57.141.2.66 - - [15/Dec/2025:15:03:45 -0500] "GET /?products/8081577/ HTTP/1.1" 200 42341 "-" "meta-externalagent/1.1 (+https://developers.facebook.com/docs/sharing/webmasters/crawler)"
66.249.70.141 - - [15/Dec/2025:15:03:56 -0500] "GET /?products/13297611/ HTTP/1.1" 200 17763 "-" "Mozilla/5.0 (Linux; Android 6.0.1; Nexus 5X Build/MMB29P) AppleWebKit/537.36 (KHTML, like Gecko) Chrome/141.0.7390.122 Mobile Safari/537.36 (compatible; GoogleOther)"
66.249.70.128 - - [15/Dec/2025:15:05:00 -0500] "GET /?products/7855066/ HTTP/1.1" 200 18110 "-" "Mozilla/5.0 (Linux; Android 6.0.1; Nexus 5X Build/MMB29P) AppleWebKit/537.36 (KHTML, like Gecko) Chrome/141.0.7390.122 Mobile Safari/537.36 (compatible; GoogleOther)"
57.141.2.57 - - [15/Dec/2025:15:05:06 -0500] "GET /?products/22780044/ HTTP/1.1" 200 42341 "-" "meta-externalagent/1.1 (+https://developers.facebook.com/docs/sharing/webmasters/crawler)"
57.141.2.34 - - [15/Dec/2025:15:05:16 -0500] "GET /?products/22492433/ HTTP/1.1" 200 42341 "-" "meta-externalagent/1.1 (+https://developers.facebook.com/docs/sharing/webmasters/crawler)"
66.249.70.141 - - [15/Dec/2025:15:05:33 -0500] "GET /?products/6399011/ HTTP/1.1" 200 18596 "-" "Mozilla/5.0 (Linux; Android 6.0.1; Nexus 5X Build/MMB29P) AppleWebKit/537.36 (KHTML, like Gecko) Chrome/141.0.7390.122 Mobile Safari/537.36 (compatible; GoogleOther)"
66.249.70.141 - - [15/Dec/2025:15:06:37 -0500] "GET /robots.txt HTTP/1.1" 200 72 "-" "Mozilla/5.0 (compatible; Googlebot/2.1; +http://www.google.com/bot.html)"
57.141.2.7 - - [15/Dec/2025:15:06:57 -0500] "GET /?products/27278199/ HTTP/1.1" 200 42341 "-" "meta-externalagent/1.1 (+https://developers.facebook.com/docs/sharing/webmasters/crawler)"
66.249.70.141 - - [15/Dec/2025:15:07:10 -0500] "GET /?products/7085922/ HTTP/1.1" 200 17549 "-" "Mozilla/5.0 (Linux; Android 6.0.1; Nexus 5X Build/MMB29P) AppleWebKit/537.36 (KHTML, like Gecko) Chrome/141.0.7390.122 Mobile Safari/537.36 (compatible; GoogleOther)"
66.249.70.141 - - [15/Dec/2025:15:07:42 -0500] "GET /?products/14556488/ HTTP/1.1" 200 17958 "-" "Mozilla/5.0 (Linux; Android 6.0.1; Nexus 5X Build/MMB29P) AppleWebKit/537.36 (KHTML, like Gecko) Chrome/141.0.7390.122 Mobile Safari/537.36 (compatible; GoogleOther)"
66.249.70.128 - - [15/Dec/2025:15:08:14 -0500] "GET /?products/15119488/ HTTP/1.1" 200 18503 "-" "Mozilla/5.0 (Linux; Android 6.0.1; Nexus 5X Build/MMB29P) AppleWebKit/537.36 (KHTML, like Gecko) Chrome/141.0.7390.122 Mobile Safari/537.36 (compatible; GoogleOther)"
57.141.2.6 - - [15/Dec/2025:15:08:15 -0500] "GET /?products/25894044/ HTTP/1.1" 200 42342 "-" "meta-externalagent/1.1 (+https://developers.facebook.com/docs/sharing/webmasters/crawler)"
66.249.70.142 - - [15/Dec/2025:15:08:47 -0500] "GET /?products/15461400/ HTTP/1.1" 200 18860 "-" "Mozilla/5.0 (Linux; Android 6.0.1; Nexus 5X Build/MMB29P) AppleWebKit/537.36 (KHTML, like Gecko) Chrome/141.0.7390.122 Mobile Safari/537.36 (compatible; GoogleOther)"
66.249.70.142 - - [15/Dec/2025:15:09:19 -0500] "GET /?products/27939033/ HTTP/1.1" 200 18796 "-" "Mozilla/5.0 (Linux; Android 6.0.1; Nexus 5X Build/MMB29P) AppleWebKit/537.36 (KHTML, like Gecko) Chrome/141.0.7390.122 Mobile Safari/537.36 (compatible; GoogleOther)"
57.141.2.53 - - [15/Dec/2025:15:03:13 -0500] "GET /?products/22898844/ HTTP/1.1" 200 42341 "-" "meta-externalagent/1.1 (+https://developers.facebook.com/docs/sharing/webmasters/crawler)"
66.249.70.128 - - [15/Dec/2025:15:04:28 -0500] "GET /robots.txt HTTP/1.1" 200 72 "-" "Mozilla/5.0 (compatible; Googlebot/2.1; +http://www.google.com/bot.html)"
66.249.70.142 - - [15/Dec/2025:15:04:28 -0500] "GET /?products/27106377/ HTTP/1.1" 200 18475 "-" "Mozilla/5.0 (Linux; Android 6.0.1; Nexus 5X Build/MMB29P) AppleWebKit/537.36 (KHTML, like Gecko) Chrome/141.0.7390.122 Mobile Safari/537.36 (compatible; GoogleOther)"
57.141.2.86 - - [15/Dec/2025:15:05:17 -0500] "GET /contact-form/Generate_Captcha_Code.php?rand=1804711102 HTTP/1.1" 200 2405 "-" "meta-externalagent/1.1 (+https://developers.facebook.com/docs/sharing/webmasters/crawler)"
66.249.70.141 - - [15/Dec/2025:15:05:33 -0500] "GET /robots.txt HTTP/1.1" 200 72 "-" "Mozilla/5.0 (compatible; Googlebot/2.1; +http://www.google.com/bot.html)"
66.249.70.128 - - [15/Dec/2025:15:06:05 -0500] "GET /?products/12398355/ HTTP/1.1" 200 18635 "-" "Mozilla/5.0 (Linux; Android 6.0.1; Nexus 5X Build/MMB29P) AppleWebKit/537.36 (KHTML, like Gecko) Chrome/141.0.7390.122 Mobile Safari/537.36 (compatible; GoogleOther)"
66.249.70.142 - - [15/Dec/2025:15:06:37 -0500] "GET /?products/12012299/ HTTP/1.1" 200 18767 "-" "Mozilla/5.0 (Linux; Android 6.0.1; Nexus 5X Build/MMB29P) AppleWebKit/537.36 (KHTML, like Gecko) Chrome/141.0.7390.122 Mobile Safari/537.36 (compatible; GoogleOther)"
57.141.2.7 - - [15/Dec/2025:15:06:49 -0500] "GET /contact-form/Generate_Captcha_Code.php?rand=1804711102 HTTP/1.1" 200 2132 "-" "meta-externalagent/1.1 (+https://developers.facebook.com/docs/sharing/webmasters/crawler)"
66.249.70.142 - - [15/Dec/2025:15:07:01 -0500] "GET /?products/18446822/ HTTP/1.1" 200 18078 "-" "Mozilla/5.0 (Linux; Android 6.0.1; Nexus 5X Build/MMB29P) AppleWebKit/537.36 (KHTML, like Gecko) Chrome/141.0.7390.122 Mobile Safari/537.36 (compatible; Googlebot/2.1; +http://www.google.com/bot.html)"
66.249.70.141 - - [15/Dec/2025:15:07:42 -0500] "GET /robots.txt HTTP/1.1" 200 72 "-" "Mozilla/5.0 (compatible; Googlebot/2.1; +http://www.google.com/bot.html)"
66.249.70.141 - - [15/Dec/2025:15:08:47 -0500] "GET /robots.txt HTTP/1.1" 200 72 "-" "Mozilla/5.0 (compatible; Googlebot/2.1; +http://www.google.com/bot.html)"
57.141.2.34 - - [15/Dec/2025:15:08:50 -0500] "GET /?products/8155977/ HTTP/1.1" 200 42341 "-" "meta-externalagent/1.1 (+https://developers.facebook.com/docs/sharing/webmasters/crawler)"
57.141.2.5 - - [15/Dec/2025:15:09:48 -0500] "GET /contact-form/Generate_Captcha_Code.php?rand=621414741 HTTP/1.1" 200 2143 "-" "meta-externalagent/1.1 (+https://developers.facebook.com/docs/sharing/webmasters/crawler)"
66.249.70.141 - - [15/Dec/2025:15:09:51 -0500] "GET /robots.txt HTTP/1.1" 200 72 "-" "Mozilla/5.0 (compatible; Googlebot/2.1; +http://www.google.com/bot.html)"
57.141.2.68 - - [15/Dec/2025:15:10:34 -0500] "GET /?products/30322544/ HTTP/1.1" 200 42342 "-" "meta-externalagent/1.1 (+https://developers.facebook.com/docs/sharing/webmasters/crawler)"
66.249.70.142 - - [15/Dec/2025:15:10:56 -0500] "GET /robots.txt HTTP/1.1" 200 72 "-" "Mozilla/5.0 (compatible; Googlebot/2.1; +http://www.google.com/bot.html)"
57.141.2.26 - - [15/Dec/2025:15:11:24 -0500] "GET /?products/15671244/ HTTP/1.1" 200 42342 "-" "meta-externalagent/1.1 (+https://developers.facebook.com/docs/sharing/webmasters/crawler)"
66.249.70.128 - - [15/Dec/2025:15:12:01 -0500] "GET /robots.txt HTTP/1.1" 200 72 "-" "Mozilla/5.0 (compatible; Googlebot/2.1; +http://www.google.com/bot.html)"
57.141.2.93 - - [15/Dec/2025:15:12:13 -0500] "GET /?products/25646322/ HTTP/1.1" 200 42341 "-" "meta-externalagent/1.1 (+https://developers.facebook.com/docs/sharing/webmasters/crawler)"
66.249.70.141 - - [15/Dec/2025:15:12:33 -0500] "GET /?products/14488522/ HTTP/1.1" 200 17596 "-" "Mozilla/5.0 (Linux; Android 6.0.1; Nexus 5X Build/MMB29P) AppleWebKit/537.36 (KHTML, like Gecko) Chrome/141.0.7390.122 Mobile Safari/537.36 (compatible; GoogleOther)"
57.141.2.73 - - [15/Dec/2025:15:09:49 -0500] "GET /contact-form/Generate_Captcha_Code.php?rand=621414741 HTTP/1.1" 200 2181 "-" "meta-externalagent/1.1 (+https://developers.facebook.com/docs/sharing/webmasters/crawler)"
66.249.70.141 - - [15/Dec/2025:15:09:51 -0500] "GET /?products/7198755/ HTTP/1.1" 200 18379 "-" "Mozilla/5.0 (Linux; Android 6.0.1; Nexus 5X Build/MMB29P) AppleWebKit/537.36 (KHTML, like Gecko) Chrome/141.0.7390.122 Mobile Safari/537.36 (compatible; GoogleOther)"
66.249.70.142 - - [15/Dec/2025:15:10:24 -0500] "GET /?products/15716933/ HTTP/1.1" 200 17983 "-" "Mozilla/5.0 (Linux; Android 6.0.1; Nexus 5X Build/MMB29P) AppleWebKit/537.36 (KHTML, like Gecko) Chrome/141.0.7390.122 Mobile Safari/537.36 (compatible; GoogleOther)"
66.249.70.141 - - [15/Dec/2025:15:10:56 -0500] "GET /?products/10893300/ HTTP/1.1" 200 18339 "-" "Mozilla/5.0 (Linux; Android 6.0.1; Nexus 5X Build/MMB29P) AppleWebKit/537.36 (KHTML, like Gecko) Chrome/141.0.7390.122 Mobile Safari/537.36 (compatible; GoogleOther)"
66.249.70.141 - - [15/Dec/2025:15:11:28 -0500] "GET /?products/28123866/ HTTP/1.1" 200 17481 "-" "Mozilla/5.0 (Linux; Android 6.0.1; Nexus 5X Build/MMB29P) AppleWebKit/537.36 (KHTML, like Gecko) Chrome/141.0.7390.122 Mobile Safari/537.36 (compatible; GoogleOther)"
57.141.2.11 - - [15/Dec/2025:15:11:46 -0500] "GET /?products/26492844/ HTTP/1.1" 200 42341 "-" "meta-externalagent/1.1 (+https://developers.facebook.com/docs/sharing/webmasters/crawler)"
66.249.70.141 - - [15/Dec/2025:15:12:01 -0500] "GET /?products/28154266/ HTTP/1.1" 200 18018 "-" "Mozilla/5.0 (Linux; Android 6.0.1; Nexus 5X Build/MMB29P) AppleWebKit/537.36 (KHTML, like Gecko) Chrome/141.0.7390.122 Mobile Safari/537.36 (compatible; GoogleOther)"
57.141.2.24 - - [15/Dec/2025:15:12:46 -0500] "GET /?products/9516777/ HTTP/1.1" 200 42342 "-" "meta-externalagent/1.1 (+https://developers.facebook.com/docs/sharing/webmasters/crawler)"
57.141.2.22 - - [15/Dec/2025:15:12:57 -0500] "GET /?products/24828999/ HTTP/1.1" 200 42341 "-" "meta-externalagent/1.1 (+https://developers.facebook.com/docs/sharing/webmasters/crawler)"
66.249.70.142 - - [15/Dec/2025:15:13:05 -0500] "GET /robots.txt HTTP/1.1" 200 72 "-" "Mozilla/5.0 (compatible; Googlebot/2.1; +http://www.google.com/bot.html)"
66.249.70.141 - - [15/Dec/2025:15:13:05 -0500] "GET /?products/27062111/ HTTP/1.1" 200 18219 "-" "Mozilla/5.0 (Linux; Android 6.0.1; Nexus 5X Build/MMB29P) AppleWebKit/537.36 (KHTML, like Gecko) Chrome/141.0.7390.122 Mobile Safari/537.36 (compatible; GoogleOther)"
66.249.70.142 - - [15/Dec/2025:15:13:38 -0500] "GET /?products/11966888/ HTTP/1.1" 200 19059 "-" "Mozilla/5.0 (Linux; Android 6.0.1; Nexus 5X Build/MMB29P) AppleWebKit/537.36 (KHTML, like Gecko) Chrome/141.0.7390.122 Mobile Safari/537.36 (compatible; GoogleOther)"
57.141.2.21 - - [15/Dec/2025:15:13:43 -0500] "GET /?products/21110822/ HTTP/1.1" 200 42342 "-" "meta-externalagent/1.1 (+https://developers.facebook.com/docs/sharing/webmasters/crawler)"
57.141.2.82 - - [15/Dec/2025:15:16:20 -0500] "GET /?products/11357377/ HTTP/1.1" 200 42342 "-" "meta-externalagent/1.1 (+https://developers.facebook.com/docs/sharing/webmasters/crawler)"
57.141.2.18 - - [15/Dec/2025:15:16:39 -0500] "GET /?products/6571388/ HTTP/1.1" 200 42342 "-" "meta-externalagent/1.1 (+https://developers.facebook.com/docs/sharing/webmasters/crawler)"
