57.141.2.11 - - [15/Dec/2025:19:16:30 -0500] "GET /contact-form/Generate_Captcha_Code.php?rand=511726699 HTTP/1.1" 200 2194 "-" "meta-externalagent/1.1 (+https://developers.facebook.com/docs/sharing/webmasters/crawler)"
66.249.70.128 - - [15/Dec/2025:19:17:13 -0500] "GET /?products/25213000/ HTTP/1.1" 200 17529 "-" "Mozilla/5.0 (Linux; Android 6.0.1; Nexus 5X Build/MMB29P) AppleWebKit/537.36 (KHTML, like Gecko) Chrome/141.0.7390.122 Mobile Safari/537.36 (compatible; GoogleOther)"
57.141.2.7 - - [15/Dec/2025:19:17:22 -0500] "GET /?products/22701022/ HTTP/1.1" 200 42342 "-" "meta-externalagent/1.1 (+https://developers.facebook.com/docs/sharing/webmasters/crawler)"
57.141.2.32 - - [15/Dec/2025:19:17:27 -0500] "GET /?products/20308877/ HTTP/1.1" 200 42341 "-" "meta-externalagent/1.1 (+https://developers.facebook.com/docs/sharing/webmasters/crawler)"
66.249.70.141 - - [15/Dec/2025:19:17:31 -0500] "GET /?products/7682500/ HTTP/1.1" 200 18211 "-" "Mozilla/5.0 (Linux; Android 6.0.1; Nexus 5X Build/MMB29P) AppleWebKit/537.36 (KHTML, like Gecko) Chrome/141.0.7390.122 Mobile Safari/537.36 (compatible; GoogleOther)"
66.249.70.128 - - [15/Dec/2025:19:18:06 -0500] "GET /?products/27928166/ HTTP/1.1" 200 18929 "-" "Mozilla/5.0 (Linux; Android 6.0.1; Nexus 5X Build/MMB29P) AppleWebKit/537.36 (KHTML, like Gecko) Chrome/141.0.7390.122 Mobile Safari/537.36 (compatible; GoogleOther)"
66.249.70.141 - - [15/Dec/2025:19:18:24 -0500] "GET /?products/8307499/ HTTP/1.1" 200 17627 "-" "Mozilla/5.0 (Linux; Android 6.0.1; Nexus 5X Build/MMB29P) AppleWebKit/537.36 (KHTML, like Gecko) Chrome/141.0.7390.122 Mobile Safari/537.36 (compatible; GoogleOther)"
57.141.2.1 - - [15/Dec/2025:19:18:24 -0500] "GET /?products/23876233/ HTTP/1.1" 200 42341 "-" "meta-externalagent/1.1 (+https://developers.facebook.com/docs/sharing/webmasters/crawler)"
66.249.70.141 - - [15/Dec/2025:19:18:42 -0500] "GET /?products/23029166/ HTTP/1.1" 200 18781 "-" "Mozilla/5.0 (Linux; Android 6.0.1; Nexus 5X Build/MMB29P) AppleWebKit/537.36 (KHTML, like Gecko) Chrome/141.0.7390.122 Mobile Safari/537.36 (compatible; GoogleOther)"
57.141.2.38 - - [15/Dec/2025:19:19:46 -0500] "GET /?products/15799577/ HTTP/1.1" 200 42342 "-" "meta-externalagent/1.1 (+https://developers.facebook.com/docs/sharing/webmasters/crawler)"
66.249.70.141 - - [15/Dec/2025:19:20:28 -0500] "GET /?products/20281888/ HTTP/1.1" 200 18849 "-" "Mozilla/5.0 (Linux; Android 6.0.1; Nexus 5X Build/MMB29P) AppleWebKit/537.36 (KHTML, like Gecko) Chrome/141.0.7390.122 Mobile Safari/537.36 (compatible; GoogleOther)"
66.249.70.141 - - [15/Dec/2025:19:20:46 -0500] "GET /?products/28035355/ HTTP/1.1" 200 17893 "-" "Mozilla/5.0 (Linux; Android 6.0.1; Nexus 5X Build/MMB29P) AppleWebKit/537.36 (KHTML, like Gecko) Chrome/141.0.7390.122 Mobile Safari/537.36 (compatible; GoogleOther)"
66.249.70.128 - - [15/Dec/2025:19:21:04 -0500] "GET /?products/18723366/ HTTP/1.1" 200 18420 "-" "Mozilla/5.0 (Linux; Android 6.0.1; Nexus 5X Build/MMB29P) AppleWebKit/537.36 (KHTML, like Gecko) Chrome/141.0.7390.122 Mobile Safari/537.36 (compatible; GoogleOther)"
57.141.2.17 - - [15/Dec/2025:19:21:11 -0500] "GET /?products/21139499/ HTTP/1.1" 200 42341 "-" "meta-externalagent/1.1 (+https://developers.facebook.com/docs/sharing/webmasters/crawler)"
66.249.70.142 - - [15/Dec/2025:19:21:22 -0500] "GET /?products/22494433/ HTTP/1.1" 200 17861 "-" "Mozilla/5.0 (Linux; Android 6.0.1; Nexus 5X Build/MMB29P) AppleWebKit/537.36 (KHTML, like Gecko) Chrome/141.0.7390.122 Mobile Safari/537.36 (compatible; GoogleOther)"
66.249.70.141 - - [15/Dec/2025:19:21:46 -0500] "GET /?products/18823511/ HTTP/1.1" 200 17943 "-" "Mozilla/5.0 (Linux; Android 6.0.1; Nexus 5X Build/MMB29P) AppleWebKit/537.36 (KHTML, like Gecko) Chrome/141.0.7390.122 Mobile Safari/537.36 (compatible; Googlebot/2.1; +http://www.google.com/bot.html)"
66.249.70.142 - - [15/Dec/2025:19:22:15 -0500] "GET /?products/27802422/ HTTP/1.1" 200 18116 "-" "Mozilla/5.0 (Linux; Android 6.0.1; Nexus 5X Build/MMB29P) AppleWebKit/537.36 (KHTML, like Gecko) Chrome/141.0.7390.122 Mobile Safari/537.36 (compatible; GoogleOther)"
66.249.70.141 - - [15/Dec/2025:19:22:50 -0500] "GET /?products/13507399/ HTTP/1.1" 200 17712 "-" "Mozilla/5.0 (Linux; Android 6.0.1; Nexus 5X Build/MMB29P) AppleWebKit/537.36 (KHTML, like Gecko) Chrome/141.0.7390.122 Mobile Safari/537.36 (compatible; GoogleOther)"
66.249.70.142 - - [15/Dec/2025:19:23:08 -0500] "GET /?products/9067855/ HTTP/1.1" 200 18144 "-" "Mozilla/5.0 (Linux; Android 6.0.1; Nexus 5X Build/MMB29P) AppleWebKit/537.36 (KHTML, like Gecko) Chrome/141.0.7390.122 Mobile Safari/537.36 (compatible; GoogleOther)"
66.249.70.141 - - [15/Dec/2025:19:23:32 -0500] "GET /?zhHant/product/surugaya/55694082?campaign_uid=f64d716db5e979ed2f947dbaf4296895b951ae7f HTTP/1.1" 200 17622 "-" "Mozilla/5.0 (Linux; Android 6.0.1; Nexus 5X Build/MMB29P) AppleWebKit/537.36 (KHTML, like Gecko) Chrome/141.0.7390.122 Mobile Safari/537.36 (compatible; Googlebot/2.1; +http://www.google.com/bot.html)"
66.249.70.141 - - [15/Dec/2025:19:23:44 -0500] "GET /?products/14065111/ HTTP/1.1" 200 17610 "-" "Mozilla/5.0 (Linux; Android 6.0.1; Nexus 5X Build/MMB29P) AppleWebKit/537.36 (KHTML, like Gecko) Chrome/141.0.7390.122 Mobile Safari/537.36 (compatible; GoogleOther)"
57.141.2.69 - - [15/Dec/2025:19:23:55 -0500] "GET /?products/16652000/ HTTP/1.1" 200 42342 "-" "meta-externalagent/1.1 (+https://developers.facebook.com/docs/sharing/webmasters/crawler)"
57.141.2.76 - - [15/Dec/2025:19:24:46 -0500] "GET /?products/24316822/ HTTP/1.1" 200 42342 "-" "meta-externalagent/1.1 (+https://developers.facebook.com/docs/sharing/webmasters/crawler)"
57.141.2.6 - - [15/Dec/2025:19:24:48 -0500] "GET /?products/3148044/ HTTP/1.1" 200 42341 "-" "meta-externalagent/1.1 (+https://developers.facebook.com/docs/sharing/webmasters/crawler)"
57.141.2.36 - - [15/Dec/2025:19:24:49 -0500] "GET /?products/14730866/ HTTP/1.1" 200 42342 "-" "meta-externalagent/1.1 (+https://developers.facebook.com/docs/sharing/webmasters/crawler)"
66.249.70.141 - - [15/Dec/2025:19:24:55 -0500] "GET /?products/12175455/ HTTP/1.1" 200 18606 "-" "Mozilla/5.0 (Linux; Android 6.0.1; Nexus 5X Build/MMB29P) AppleWebKit/537.36 (KHTML, like Gecko) Chrome/141.0.7390.122 Mobile Safari/537.36 (compatible; GoogleOther)"
57.141.2.27 - - [15/Dec/2025:19:20:50 -0500] "GET /?products/7584700/ HTTP/1.1" 200 42342 "-" "meta-externalagent/1.1 (+https://developers.facebook.com/docs/sharing/webmasters/crawler)"
66.249.70.141 - - [15/Dec/2025:19:21:40 -0500] "GET /?products/9837711/ HTTP/1.1" 200 18349 "-" "Mozilla/5.0 (Linux; Android 6.0.1; Nexus 5X Build/MMB29P) AppleWebKit/537.36 (KHTML, like Gecko) Chrome/141.0.7390.122 Mobile Safari/537.36 (compatible; GoogleOther)"
66.249.70.141 - - [15/Dec/2025:19:21:57 -0500] "GET /?products/10363444/ HTTP/1.1" 200 17886 "-" "Mozilla/5.0 (Linux; Android 6.0.1; Nexus 5X Build/MMB29P) AppleWebKit/537.36 (KHTML, like Gecko) Chrome/141.0.7390.122 Mobile Safari/537.36 (compatible; GoogleOther)"
57.141.2.25 - - [15/Dec/2025:19:22:25 -0500] "GET /?products/6434966/ HTTP/1.1" 200 42342 "-" "meta-externalagent/1.1 (+https://developers.facebook.com/docs/sharing/webmasters/crawler)"
66.249.70.141 - - [15/Dec/2025:19:22:33 -0500] "GET /?products/23628733/ HTTP/1.1" 200 17670 "-" "Mozilla/5.0 (Linux; Android 6.0.1; Nexus 5X Build/MMB29P) AppleWebKit/537.36 (KHTML, like Gecko) Chrome/141.0.7390.122 Mobile Safari/537.36 (compatible; GoogleOther)"
66.249.70.141 - - [15/Dec/2025:19:23:26 -0500] "GET /?products/11197199/ HTTP/1.1" 200 18370 "-" "Mozilla/5.0 (Linux; Android 6.0.1; Nexus 5X Build/MMB29P) AppleWebKit/537.36 (KHTML, like Gecko) Chrome/141.0.7390.122 Mobile Safari/537.36 (compatible; GoogleOther)"
57.141.2.53 - - [15/Dec/2025:19:23:28 -0500] "GET /?products/26922022/ HTTP/1.1" 200 42342 "-" "meta-externalagent/1.1 (+https://developers.facebook.com/docs/sharing/webmasters/crawler)"
57.141.2.75 - - [15/Dec/2025:19:23:52 -0500] "GET /contact-form/Generate_Captcha_Code.php?rand=307914149 HTTP/1.1" 200 2088 "-" "meta-externalagent/1.1 (+https://developers.facebook.com/docs/sharing/webmasters/crawler)"
66.249.70.128 - - [15/Dec/2025:19:24:02 -0500] "GET /?products/8910955/ HTTP/1.1" 200 17413 "-" "Mozilla/5.0 (Linux; Android 6.0.1; Nexus 5X Build/MMB29P) AppleWebKit/537.36 (KHTML, like Gecko) Chrome/141.0.7390.122 Mobile Safari/537.36 (compatible; GoogleOther)"
66.249.70.141 - - [15/Dec/2025:19:24:19 -0500] "GET /?products/27389677/ HTTP/1.1" 200 18655 "-" "Mozilla/5.0 (Linux; Android 6.0.1; Nexus 5X Build/MMB29P) AppleWebKit/537.36 (KHTML, like Gecko) Chrome/141.0.7390.122 Mobile Safari/537.36 (compatible; GoogleOther)"
66.249.70.141 - - [15/Dec/2025:19:24:37 -0500] "GET /?products/11745933/ HTTP/1.1" 200 18163 "-" "Mozilla/5.0 (Linux; Android 6.0.1; Nexus 5X Build/MMB29P) AppleWebKit/537.36 (KHTML, like Gecko) Chrome/141.0.7390.122 Mobile Safari/537.36 (compatible; GoogleOther)"
57.141.2.38 - - [15/Dec/2025:19:24:52 -0500] "GET /?products/6281799/ HTTP/1.1" 200 42341 "-" "meta-externalagent/1.1 (+https://developers.facebook.com/docs/sharing/webmasters/crawler)"
57.141.2.66 - - [15/Dec/2025:19:25:04 -0500] "GET /contact-form/Generate_Captcha_Code.php?rand=307914149 HTTP/1.1" 200 2195 "-" "meta-externalagent/1.1 (+https://developers.facebook.com/docs/sharing/webmasters/crawler)"
66.249.70.142 - - [15/Dec/2025:19:25:13 -0500] "GET /?products/27611644/ HTTP/1.1" 200 18082 "-" "Mozilla/5.0 (Linux; Android 6.0.1; Nexus 5X Build/MMB29P) AppleWebKit/537.36 (KHTML, like Gecko) Chrome/141.0.7390.122 Mobile Safari/537.36 (compatible; GoogleOther)"
66.249.70.142 - - [15/Dec/2025:19:25:30 -0500] "GET /?products/10771655/ HTTP/1.1" 200 18047 "-" "Mozilla/5.0 (Linux; Android 6.0.1; Nexus 5X Build/MMB29P) AppleWebKit/537.36 (KHTML, like Gecko) Chrome/141.0.7390.122 Mobile Safari/537.36 (compatible; GoogleOther)"
57.141.2.12 - - [15/Dec/2025:19:25:31 -0500] "GET /contact-form/Generate_Captcha_Code.php?rand=1662568375 HTTP/1.1" 200 2207 "-" "meta-externalagent/1.1 (+https://developers.facebook.com/docs/sharing/webmasters/crawler)"
66.249.70.141 - - [15/Dec/2025:19:25:48 -0500] "GET /?products/10323799/ HTTP/1.1" 200 18426 "-" "Mozilla/5.0 (Linux; Android 6.0.1; Nexus 5X Build/MMB29P) AppleWebKit/537.36 (KHTML, like Gecko) Chrome/141.0.7390.122 Mobile Safari/537.36 (compatible; GoogleOther)"
57.141.2.61 - - [15/Dec/2025:19:25:30 -0500] "GET /contact-form/Generate_Captcha_Code.php?rand=1662568375 HTTP/1.1" 200 2327 "-" "meta-externalagent/1.1 (+https://developers.facebook.com/docs/sharing/webmasters/crawler)"
66.249.70.141 - - [15/Dec/2025:19:26:06 -0500] "GET /?products/19078322/ HTTP/1.1" 200 17930 "-" "Mozilla/5.0 (Linux; Android 6.0.1; Nexus 5X Build/MMB29P) AppleWebKit/537.36 (KHTML, like Gecko) Chrome/141.0.7390.122 Mobile Safari/537.36 (compatible; GoogleOther)"
57.141.2.10 - - [15/Dec/2025:19:26:15 -0500] "GET /?products/22145244/ HTTP/1.1" 200 42342 "-" "meta-externalagent/1.1 (+https://developers.facebook.com/docs/sharing/webmasters/crawler)"
57.141.2.8 - - [15/Dec/2025:19:26:23 -0500] "GET /?products/14921366/ HTTP/1.1" 200 42342 "-" "meta-externalagent/1.1 (+https://developers.facebook.com/docs/sharing/webmasters/crawler)"
66.249.70.142 - - [15/Dec/2025:19:26:24 -0500] "GET /?products/23145900/ HTTP/1.1" 200 17801 "-" "Mozilla/5.0 (Linux; Android 6.0.1; Nexus 5X Build/MMB29P) AppleWebKit/537.36 (KHTML, like Gecko) Chrome/141.0.7390.122 Mobile Safari/537.36 (compatible; GoogleOther)"
57.141.2.8 - - [15/Dec/2025:19:26:36 -0500] "GET /?products/15287844/ HTTP/1.1" 200 42341 "-" "meta-externalagent/1.1 (+https://developers.facebook.com/docs/sharing/webmasters/crawler)"
57.141.2.18 - - [15/Dec/2025:19:27:19 -0500] "GET /?products/27377722/ HTTP/1.1" 200 42341 "-" "meta-externalagent/1.1 (+https://developers.facebook.com/docs/sharing/webmasters/crawler)"
66.249.70.142 - - [15/Dec/2025:19:27:35 -0500] "GET /?products/5298022/ HTTP/1.1" 200 17745 "-" "Mozilla/5.0 (Linux; Android 6.0.1; Nexus 5X Build/MMB29P) AppleWebKit/537.36 (KHTML, like Gecko) Chrome/141.0.7390.122 Mobile Safari/537.36 (compatible; GoogleOther)"
57.141.2.77 - - [15/Dec/2025:19:27:48 -0500] "GET /?products/6243100/ HTTP/1.1" 200 42341 "-" "meta-externalagent/1.1 (+https://developers.facebook.com/docs/sharing/webmasters/crawler)"
66.249.70.141 - - [15/Dec/2025:19:27:52 -0500] "GET /?products/10614911/ HTTP/1.1" 200 18289 "-" "Mozilla/5.0 (Linux; Android 6.0.1; Nexus 5X Build/MMB29P) AppleWebKit/537.36 (KHTML, like Gecko) Chrome/141.0.7390.122 Mobile Safari/537.36 (compatible; GoogleOther)"
66.249.70.142 - - [15/Dec/2025:19:28:10 -0500] "GET /?products/22953400/ HTTP/1.1" 200 18142 "-" "Mozilla/5.0 (Linux; Android 6.0.1; Nexus 5X Build/MMB29P) AppleWebKit/537.36 (KHTML, like Gecko) Chrome/141.0.7390.122 Mobile Safari/537.36 (compatible; GoogleOther)"
66.249.70.142 - - [15/Dec/2025:19:28:30 -0500] "GET /?zhHant/product/surugaya/84039407?campaign_uid=f64d716db5e979ed2f947dbaf4296895b951ae7f HTTP/1.1" 200 18551 "-" "Mozilla/5.0 (Linux; Android 6.0.1; Nexus 5X Build/MMB29P) AppleWebKit/537.36 (KHTML, like Gecko) Chrome/141.0.7390.122 Mobile Safari/537.36 (compatible; Googlebot/2.1; +http://www.google.com/bot.html)"
57.141.2.86 - - [15/Dec/2025:19:29:21 -0500] "GET /?products/20027177/ HTTP/1.1" 200 42342 "-" "meta-externalagent/1.1 (+https://developers.facebook.com/docs/sharing/webmasters/crawler)"
66.249.70.141 - - [15/Dec/2025:19:29:21 -0500] "GET /?products/8071144/ HTTP/1.1" 200 17545 "-" "Mozilla/5.0 (Linux; Android 6.0.1; Nexus 5X Build/MMB29P) AppleWebKit/537.36 (KHTML, like Gecko) Chrome/141.0.7390.122 Mobile Safari/537.36 (compatible; GoogleOther)"
66.249.70.141 - - [15/Dec/2025:19:30:50 -0500] "GET /?products/21004455/ HTTP/1.1" 200 17634 "-" "Mozilla/5.0 (Linux; Android 6.0.1; Nexus 5X Build/MMB29P) AppleWebKit/537.36 (KHTML, like Gecko) Chrome/141.0.7390.122 Mobile Safari/537.36 (compatible; GoogleOther)"
57.141.2.27 - - [15/Dec/2025:19:30:57 -0500] "GET /?products/26778999/ HTTP/1.1" 200 42342 "-" "meta-externalagent/1.1 (+https://developers.facebook.com/docs/sharing/webmasters/crawler)"
57.141.2.76 - - [15/Dec/2025:19:31:01 -0500] "GET /?products/10899888/ HTTP/1.1" 200 42341 "-" "meta-externalagent/1.1 (+https://developers.facebook.com/docs/sharing/webmasters/crawler)"
66.249.70.141 - - [15/Dec/2025:19:25:56 -0500] "GET /?zhHant/product/surugaya/11605228?campaign_uid=f64d716db5e979ed2f947dbaf4296895b951ae7f HTTP/1.1" 200 18171 "-" "Mozilla/5.0 (Linux; Android 6.0.1; Nexus 5X Build/MMB29P) AppleWebKit/537.36 (KHTML, like Gecko) Chrome/141.0.7390.122 Mobile Safari/537.36 (compatible; Googlebot/2.1; +http://www.google.com/bot.html)"
57.141.2.87 - - [15/Dec/2025:19:26:33 -0500] "GET /?products/11313788/ HTTP/1.1" 200 42341 "-" "meta-externalagent/1.1 (+https://developers.facebook.com/docs/sharing/webmasters/crawler)"
66.249.70.141 - - [15/Dec/2025:19:26:41 -0500] "GET /?products/18499233/ HTTP/1.1" 200 18811 "-" "Mozilla/5.0 (Linux; Android 6.0.1; Nexus 5X Build/MMB29P) AppleWebKit/537.36 (KHTML, like Gecko) Chrome/141.0.7390.122 Mobile Safari/537.36 (compatible; GoogleOther)"
66.249.70.141 - - [15/Dec/2025:19:26:59 -0500] "GET /?products/21480133/ HTTP/1.1" 200 18417 "-" "Mozilla/5.0 (Linux; Android 6.0.1; Nexus 5X Build/MMB29P) AppleWebKit/537.36 (KHTML, like Gecko) Chrome/141.0.7390.122 Mobile Safari/537.36 (compatible; GoogleOther)"
57.141.2.13 - - [15/Dec/2025:19:27:11 -0500] "GET /?products/25363277/ HTTP/1.1" 200 42342 "-" "meta-externalagent/1.1 (+https://developers.facebook.com/docs/sharing/webmasters/crawler)"
66.249.70.128 - - [15/Dec/2025:19:27:17 -0500] "GET /?products/5554599/ HTTP/1.1" 200 18228 "-" "Mozilla/5.0 (Linux; Android 6.0.1; Nexus 5X Build/MMB29P) AppleWebKit/537.36 (KHTML, like Gecko) Chrome/141.0.7390.122 Mobile Safari/537.36 (compatible; GoogleOther)"
66.249.70.142 - - [15/Dec/2025:19:28:28 -0500] "GET /?products/9080222/ HTTP/1.1" 200 18122 "-" "Mozilla/5.0 (Linux; Android 6.0.1; Nexus 5X Build/MMB29P) AppleWebKit/537.36 (KHTML, like Gecko) Chrome/141.0.7390.122 Mobile Safari/537.36 (compatible; GoogleOther)"
57.141.2.11 - - [15/Dec/2025:19:28:36 -0500] "GET /?products/6679900/ HTTP/1.1" 200 42341 "-" "meta-externalagent/1.1 (+https://developers.facebook.com/docs/sharing/webmasters/crawler)"
66.249.70.141 - - [15/Dec/2025:19:28:46 -0500] "GET /?products/11822011/ HTTP/1.1" 200 17371 "-" "Mozilla/5.0 (Linux; Android 6.0.1; Nexus 5X Build/MMB29P) AppleWebKit/537.36 (KHTML, like Gecko) Chrome/141.0.7390.122 Mobile Safari/537.36 (compatible; GoogleOther)"
66.249.70.142 - - [15/Dec/2025:19:29:03 -0500] "GET /?products/22124277/ HTTP/1.1" 200 18112 "-" "Mozilla/5.0 (Linux; Android 6.0.1; Nexus 5X Build/MMB29P) AppleWebKit/537.36 (KHTML, like Gecko) Chrome/141.0.7390.122 Mobile Safari/537.36 (compatible; GoogleOther)"
57.141.2.19 - - [15/Dec/2025:19:29:11 -0500] "GET /?products/15023122/ HTTP/1.1" 200 42342 "-" "meta-externalagent/1.1 (+https://developers.facebook.com/docs/sharing/webmasters/crawler)"
57.141.2.73 - - [15/Dec/2025:19:29:35 -0500] "GET /?products/7675777/ HTTP/1.1" 200 42342 "-" "meta-externalagent/1.1 (+https://developers.facebook.com/docs/sharing/webmasters/crawler)"
66.249.70.141 - - [15/Dec/2025:19:29:39 -0500] "GET /?products/11184011/ HTTP/1.1" 200 18046 "-" "Mozilla/5.0 (Linux; Android 6.0.1; Nexus 5X Build/MMB29P) AppleWebKit/537.36 (KHTML, like Gecko) Chrome/141.0.7390.122 Mobile Safari/537.36 (compatible; GoogleOther)"
66.249.70.141 - - [15/Dec/2025:19:29:57 -0500] "GET /?products/14199400/ HTTP/1.1" 200 17435 "-" "Mozilla/5.0 (Linux; Android 6.0.1; Nexus 5X Build/MMB29P) AppleWebKit/537.36 (KHTML, like Gecko) Chrome/141.0.7390.122 Mobile Safari/537.36 (compatible; GoogleOther)"
66.249.70.141 - - [15/Dec/2025:19:30:15 -0500] "GET /?products/8553577/ HTTP/1.1" 200 17999 "-" "Mozilla/5.0 (Linux; Android 6.0.1; Nexus 5X Build/MMB29P) AppleWebKit/537.36 (KHTML, like Gecko) Chrome/141.0.7390.122 Mobile Safari/537.36 (compatible; GoogleOther)"
66.249.70.141 - - [15/Dec/2025:19:30:32 -0500] "GET /?products/16791566/ HTTP/1.1" 200 17516 "-" "Mozilla/5.0 (Linux; Android 6.0.1; Nexus 5X Build/MMB29P) AppleWebKit/537.36 (KHTML, like Gecko) Chrome/141.0.7390.122 Mobile Safari/537.36 (compatible; GoogleOther)"
66.249.70.141 - - [15/Dec/2025:19:31:08 -0500] "GET /?products/8764588/ HTTP/1.1" 200 17523 "-" "Mozilla/5.0 (Linux; Android 6.0.1; Nexus 5X Build/MMB29P) AppleWebKit/537.36 (KHTML, like Gecko) Chrome/141.0.7390.122 Mobile Safari/537.36 (compatible; GoogleOther)"
66.249.70.142 - - [15/Dec/2025:19:31:26 -0500] "GET /?products/16798144/ HTTP/1.1" 200 17926 "-" "Mozilla/5.0 (Linux; Android 6.0.1; Nexus 5X Build/MMB29P) AppleWebKit/537.36 (KHTML, like Gecko) Chrome/141.0.7390.122 Mobile Safari/537.36 (compatible; GoogleOther)"
66.249.70.142 - - [15/Dec/2025:19:33:01 -0500] "GET /?products/6995744/ HTTP/1.1" 200 17828 "-" "Mozilla/5.0 (Linux; Android 6.0.1; Nexus 5X Build/MMB29P) AppleWebKit/537.36 (KHTML, like Gecko) Chrome/141.0.7390.122 Mobile Safari/537.36 (compatible; GoogleOther)"
66.249.70.141 - - [15/Dec/2025:19:33:17 -0500] "GET /?products/11482088/ HTTP/1.1" 200 17693 "-" "Mozilla/5.0 (Linux; Android 6.0.1; Nexus 5X Build/MMB29P) AppleWebKit/537.36 (KHTML, like Gecko) Chrome/141.0.7390.122 Mobile Safari/537.36 (compatible; GoogleOther)"
57.141.2.9 - - [15/Dec/2025:19:33:38 -0500] "GET /?products/10880966/ HTTP/1.1" 200 42342 "-" "meta-externalagent/1.1 (+https://developers.facebook.com/docs/sharing/webmasters/crawler)"
57.141.2.82 - - [15/Dec/2025:19:34:04 -0500] "GET /contact-form/Generate_Captcha_Code.php?rand=1486674398 HTTP/1.1" 200 2240 "-" "meta-externalagent/1.1 (+https://developers.facebook.com/docs/sharing/webmasters/crawler)"
66.249.70.142 - - [15/Dec/2025:19:34:05 -0500] "GET /?products/9814299/ HTTP/1.1" 200 17489 "-" "Mozilla/5.0 (Linux; Android 6.0.1; Nexus 5X Build/MMB29P) AppleWebKit/537.36 (KHTML, like Gecko) Chrome/141.0.7390.122 Mobile Safari/537.36 (compatible; GoogleOther)"
66.249.70.142 - - [15/Dec/2025:19:34:23 -0500] "GET /?products/28420400/ HTTP/1.1" 200 18367 "-" "Mozilla/5.0 (Linux; Android 6.0.1; Nexus 5X Build/MMB29P) AppleWebKit/537.36 (KHTML, like Gecko) Chrome/141.0.7390.122 Mobile Safari/537.36 (compatible; GoogleOther)"
66.249.70.141 - - [15/Dec/2025:19:34:41 -0500] "GET /?products/12822199/ HTTP/1.1" 200 17669 "-" "Mozilla/5.0 (Linux; Android 6.0.1; Nexus 5X Build/MMB29P) AppleWebKit/537.36 (KHTML, like Gecko) Chrome/141.0.7390.122 Mobile Safari/537.36 (compatible; GoogleOther)"
66.249.70.141 - - [15/Dec/2025:19:34:59 -0500] "GET /?products/12349088/ HTTP/1.1" 200 17893 "-" "Mozilla/5.0 (Linux; Android 6.0.1; Nexus 5X Build/MMB29P) AppleWebKit/537.36 (KHTML, like Gecko) Chrome/141.0.7390.122 Mobile Safari/537.36 (compatible; GoogleOther)"
57.141.2.30 - - [15/Dec/2025:19:35:01 -0500] "GET /contact-form/Generate_Captcha_Code.php?rand=2062773475 HTTP/1.1" 200 2174 "-" "meta-externalagent/1.1 (+https://developers.facebook.com/docs/sharing/webmasters/crawler)"
66.249.70.142 - - [15/Dec/2025:19:35:16 -0500] "GET /?products/21994566/ HTTP/1.1" 200 18650 "-" "Mozilla/5.0 (Linux; Android 6.0.1; Nexus 5X Build/MMB29P) AppleWebKit/537.36 (KHTML, like Gecko) Chrome/141.0.7390.122 Mobile Safari/537.36 (compatible; GoogleOther)"
57.141.2.10 - - [15/Dec/2025:19:35:33 -0500] "GET /?products/16380777/ HTTP/1.1" 200 42342 "-" "meta-externalagent/1.1 (+https://developers.facebook.com/docs/sharing/webmasters/crawler)"
66.249.70.142 - - [15/Dec/2025:19:35:34 -0500] "GET /?products/21452022/ HTTP/1.1" 200 17939 "-" "Mozilla/5.0 (Linux; Android 6.0.1; Nexus 5X Build/MMB29P) AppleWebKit/537.36 (KHTML, like Gecko) Chrome/141.0.7390.122 Mobile Safari/537.36 (compatible; GoogleOther)"
57.141.2.60 - - [15/Dec/2025:19:35:36 -0500] "GET /?products/4687855/ HTTP/1.1" 200 42342 "-" "meta-externalagent/1.1 (+https://developers.facebook.com/docs/sharing/webmasters/crawler)"
57.141.2.13 - - [15/Dec/2025:19:35:50 -0500] "GET /?products/4504444/ HTTP/1.1" 200 42342 "-" "meta-externalagent/1.1 (+https://developers.facebook.com/docs/sharing/webmasters/crawler)"
57.141.2.22 - - [15/Dec/2025:19:31:35 -0500] "GET /?products/21329222/ HTTP/1.1" 200 42342 "-" "meta-externalagent/1.1 (+https://developers.facebook.com/docs/sharing/webmasters/crawler)"
66.249.70.141 - - [15/Dec/2025:19:31:43 -0500] "GET /?products/22793822/ HTTP/1.1" 200 18235 "-" "Mozilla/5.0 (Linux; Android 6.0.1; Nexus 5X Build/MMB29P) AppleWebKit/537.36 (KHTML, like Gecko) Chrome/141.0.7390.122 Mobile Safari/537.36 (compatible; GoogleOther)"
66.249.70.142 - - [15/Dec/2025:19:32:01 -0500] "GET /?products/14600599/ HTTP/1.1" 200 18626 "-" "Mozilla/5.0 (Linux; Android 6.0.1; Nexus 5X Build/MMB29P) AppleWebKit/537.36 (KHTML, like Gecko) Chrome/141.0.7390.122 Mobile Safari/537.36 (compatible; GoogleOther)"
66.249.70.141 - - [15/Dec/2025:19:32:19 -0500] "GET /?products/11126177/ HTTP/1.1" 200 17652 "-" "Mozilla/5.0 (Linux; Android 6.0.1; Nexus 5X Build/MMB29P) AppleWebKit/537.36 (KHTML, like Gecko) Chrome/141.0.7390.122 Mobile Safari/537.36 (compatible; GoogleOther)"
57.141.2.16 - - [15/Dec/2025:19:32:20 -0500] "GET /?products/26271899/ HTTP/1.1" 200 42342 "-" "meta-externalagent/1.1 (+https://developers.facebook.com/docs/sharing/webmasters/crawler)"
66.249.70.141 - - [15/Dec/2025:19:32:37 -0500] "GET /?products/10896144/ HTTP/1.1" 200 17479 "-" "Mozilla/5.0 (Linux; Android 6.0.1; Nexus 5X Build/MMB29P) AppleWebKit/537.36 (KHTML, like Gecko) Chrome/141.0.7390.122 Mobile Safari/537.36 (compatible; GoogleOther)"
66.249.70.141 - - [15/Dec/2025:19:33:30 -0500] "GET /?products/10392888/ HTTP/1.1" 200 17869 "-" "Mozilla/5.0 (Linux; Android 6.0.1; Nexus 5X Build/MMB29P) AppleWebKit/537.36 (KHTML, like Gecko) Chrome/141.0.7390.122 Mobile Safari/537.36 (compatible; GoogleOther)"
57.141.2.38 - - [15/Dec/2025:19:33:37 -0500] "GET /contact-form/Generate_Captcha_Code.php?rand=987521323 HTTP/1.1" 200 2089 "-" "meta-externalagent/1.1 (+https://developers.facebook.com/docs/sharing/webmasters/crawler)"
66.249.70.141 - - [15/Dec/2025:19:33:48 -0500] "GET /?products/8941755/ HTTP/1.1" 200 17604 "-" "Mozilla/5.0 (Linux; Android 6.0.1; Nexus 5X Build/MMB29P) AppleWebKit/537.36 (KHTML, like Gecko) Chrome/141.0.7390.122 Mobile Safari/537.36 (compatible; GoogleOther)"
57.141.2.32 - - [15/Dec/2025:19:34:25 -0500] "GET /contact-form/Generate_Captcha_Code.php?rand=900229491 HTTP/1.1" 200 2186 "-" "meta-externalagent/1.1 (+https://developers.facebook.com/docs/sharing/webmasters/crawler)"
57.141.2.58 - - [15/Dec/2025:19:34:30 -0500] "GET /?products/2410255/ HTTP/1.1" 200 42341 "-" "meta-externalagent/1.1 (+https://developers.facebook.com/docs/sharing/webmasters/crawler)"
57.141.2.86 - - [15/Dec/2025:19:34:47 -0500] "GET /contact-form/Generate_Captcha_Code.php?rand=987521323 HTTP/1.1" 200 2204 "-" "meta-externalagent/1.1 (+https://developers.facebook.com/docs/sharing/webmasters/crawler)"
57.141.2.60 - - [15/Dec/2025:19:34:49 -0500] "GET /contact-form/Generate_Captcha_Code.php?rand=1486674398 HTTP/1.1" 200 2451 "-" "meta-externalagent/1.1 (+https://developers.facebook.com/docs/sharing/webmasters/crawler)"
57.141.2.29 - - [15/Dec/2025:19:34:50 -0500] "GET /contact-form/Generate_Captcha_Code.php?rand=900229491 HTTP/1.1" 200 2293 "-" "meta-externalagent/1.1 (+https://developers.facebook.com/docs/sharing/webmasters/crawler)"
57.141.2.64 - - [15/Dec/2025:19:35:02 -0500] "GET /contact-form/Generate_Captcha_Code.php?rand=2062773475 HTTP/1.1" 200 2457 "-" "meta-externalagent/1.1 (+https://developers.facebook.com/docs/sharing/webmasters/crawler)"
57.141.2.68 - - [15/Dec/2025:19:35:19 -0500] "GET /contact-form/Generate_Captcha_Code.php?rand=1809948136 HTTP/1.1" 200 2400 "-" "meta-externalagent/1.1 (+https://developers.facebook.com/docs/sharing/webmasters/crawler)"
57.141.2.28 - - [15/Dec/2025:19:35:21 -0500] "GET /contact-form/Generate_Captcha_Code.php?rand=1809948136 HTTP/1.1" 200 2367 "-" "meta-externalagent/1.1 (+https://developers.facebook.com/docs/sharing/webmasters/crawler)"
66.249.70.141 - - [15/Dec/2025:19:35:52 -0500] "GET /?products/23425244/ HTTP/1.1" 200 17732 "-" "Mozilla/5.0 (Linux; Android 6.0.1; Nexus 5X Build/MMB29P) AppleWebKit/537.36 (KHTML, like Gecko) Chrome/141.0.7390.122 Mobile Safari/537.36 (compatible; GoogleOther)"
57.141.2.7 - - [15/Dec/2025:19:36:01 -0500] "GET /contact-form/Generate_Captcha_Code.php?rand=800247370 HTTP/1.1" 200 2152 "-" "meta-externalagent/1.1 (+https://developers.facebook.com/docs/sharing/webmasters/crawler)"
57.141.2.34 - - [15/Dec/2025:19:36:02 -0500] "GET /contact-form/Generate_Captcha_Code.php?rand=800247370 HTTP/1.1" 200 2425 "-" "meta-externalagent/1.1 (+https://developers.facebook.com/docs/sharing/webmasters/crawler)"
57.141.2.26 - - [15/Dec/2025:19:36:13 -0500] "GET /?products/15053844/ HTTP/1.1" 200 42342 "-" "meta-externalagent/1.1 (+https://developers.facebook.com/docs/sharing/webmasters/crawler)"
66.249.70.141 - - [15/Dec/2025:19:36:28 -0500] "GET /?products/6660600/ HTTP/1.1" 200 18132 "-" "Mozilla/5.0 (Linux; Android 6.0.1; Nexus 5X Build/MMB29P) AppleWebKit/537.36 (KHTML, like Gecko) Chrome/141.0.7390.122 Mobile Safari/537.36 (compatible; GoogleOther)"
66.249.70.141 - - [15/Dec/2025:19:36:10 -0500] "GET /?products/27169322/ HTTP/1.1" 200 18324 "-" "Mozilla/5.0 (Linux; Android 6.0.1; Nexus 5X Build/MMB29P) AppleWebKit/537.36 (KHTML, like Gecko) Chrome/141.0.7390.122 Mobile Safari/537.36 (compatible; GoogleOther)"
57.141.2.4 - - [15/Dec/2025:19:36:42 -0500] "GET /?products/4609766/ HTTP/1.1" 200 42341 "-" "meta-externalagent/1.1 (+https://developers.facebook.com/docs/sharing/webmasters/crawler)"
57.141.2.24 - - [15/Dec/2025:19:36:42 -0500] "GET /?products/16863922/ HTTP/1.1" 200 42340 "-" "meta-externalagent/1.1 (+https://developers.facebook.com/docs/sharing/webmasters/crawler)"
66.249.70.141 - - [15/Dec/2025:19:36:45 -0500] "GET /?products/26017322/ HTTP/1.1" 200 17770 "-" "Mozilla/5.0 (Linux; Android 6.0.1; Nexus 5X Build/MMB29P) AppleWebKit/537.36 (KHTML, like Gecko) Chrome/141.0.7390.122 Mobile Safari/537.36 (compatible; GoogleOther)"
66.249.70.128 - - [15/Dec/2025:19:37:03 -0500] "GET /?products/7579722/ HTTP/1.1" 200 18205 "-" "Mozilla/5.0 (Linux; Android 6.0.1; Nexus 5X Build/MMB29P) AppleWebKit/537.36 (KHTML, like Gecko) Chrome/141.0.7390.122 Mobile Safari/537.36 (compatible; GoogleOther)"
66.249.70.141 - - [15/Dec/2025:19:37:21 -0500] "GET /?products/15322799/ HTTP/1.1" 200 18079 "-" "Mozilla/5.0 (Linux; Android 6.0.1; Nexus 5X Build/MMB29P) AppleWebKit/537.36 (KHTML, like Gecko) Chrome/141.0.7390.122 Mobile Safari/537.36 (compatible; GoogleOther)"
110.249.202.94 - - [15/Dec/2025:19:37:25 -0500] "GET / HTTP/1.1" 403 0 "-" "Mozilla/5.0 (Linux; Android 5.0) AppleWebKit/537.36 (KHTML, like Gecko) Mobile Safari/537.36 (compatible; Bytespider; https://zhanzhang.toutiao.com/)"
66.249.70.141 - - [15/Dec/2025:19:37:39 -0500] "GET /?products/11050233/ HTTP/1.1" 200 17950 "-" "Mozilla/5.0 (Linux; Android 6.0.1; Nexus 5X Build/MMB29P) AppleWebKit/537.36 (KHTML, like Gecko) Chrome/141.0.7390.122 Mobile Safari/537.36 (compatible; GoogleOther)"
66.249.70.141 - - [15/Dec/2025:19:37:55 -0500] "GET /?products/11284555/ HTTP/1.1" 200 17575 "-" "Mozilla/5.0 (Linux; Android 6.0.1; Nexus 5X Build/MMB29P) AppleWebKit/537.36 (KHTML, like Gecko) Chrome/141.0.7390.122 Mobile Safari/537.36 (compatible; Googlebot/2.1; +http://www.google.com/bot.html)"
66.249.70.141 - - [15/Dec/2025:19:38:14 -0500] "GET /?products/27678600/ HTTP/1.1" 200 18428 "-" "Mozilla/5.0 (Linux; Android 6.0.1; Nexus 5X Build/MMB29P) AppleWebKit/537.36 (KHTML, like Gecko) Chrome/141.0.7390.122 Mobile Safari/537.36 (compatible; GoogleOther)"
66.249.70.141 - - [15/Dec/2025:19:38:51 -0500] "GET /?products/13469288/ HTTP/1.1" 200 17580 "-" "Mozilla/5.0 (Linux; Android 6.0.1; Nexus 5X Build/MMB29P) AppleWebKit/537.36 (KHTML, like Gecko) Chrome/141.0.7390.122 Mobile Safari/537.36 (compatible; GoogleOther)"
66.249.70.141 - - [15/Dec/2025:19:39:09 -0500] "GET /?products/28170188/ HTTP/1.1" 200 17921 "-" "Mozilla/5.0 (Linux; Android 6.0.1; Nexus 5X Build/MMB29P) AppleWebKit/537.36 (KHTML, like Gecko) Chrome/141.0.7390.122 Mobile Safari/537.36 (compatible; GoogleOther)"
66.249.70.141 - - [15/Dec/2025:19:39:25 -0500] "GET /?products/27190444/ HTTP/1.1" 200 18119 "-" "Mozilla/5.0 (Linux; Android 6.0.1; Nexus 5X Build/MMB29P) AppleWebKit/537.36 (KHTML, like Gecko) Chrome/141.0.7390.122 Mobile Safari/537.36 (compatible; GoogleOther)"
57.141.2.85 - - [15/Dec/2025:19:39:30 -0500] "GET /?products/14448700/ HTTP/1.1" 200 42341 "-" "meta-externalagent/1.1 (+https://developers.facebook.com/docs/sharing/webmasters/crawler)"
57.141.2.92 - - [15/Dec/2025:19:39:39 -0500] "GET /?products/21122722/ HTTP/1.1" 200 42341 "-" "meta-externalagent/1.1 (+https://developers.facebook.com/docs/sharing/webmasters/crawler)"
66.249.70.141 - - [15/Dec/2025:19:39:43 -0500] "GET /?products/12536411/ HTTP/1.1" 200 18223 "-" "Mozilla/5.0 (Linux; Android 6.0.1; Nexus 5X Build/MMB29P) AppleWebKit/537.36 (KHTML, like Gecko) Chrome/141.0.7390.122 Mobile Safari/537.36 (compatible; GoogleOther)"
57.141.2.75 - - [15/Dec/2025:19:39:53 -0500] "GET /?products/18869799/ HTTP/1.1" 200 42342 "-" "meta-externalagent/1.1 (+https://developers.facebook.com/docs/sharing/webmasters/crawler)"
66.249.70.128 - - [15/Dec/2025:19:41:12 -0500] "GET /?products/11744100/ HTTP/1.1" 200 17654 "-" "Mozilla/5.0 (Linux; Android 6.0.1; Nexus 5X Build/MMB29P) AppleWebKit/537.36 (KHTML, like Gecko) Chrome/141.0.7390.122 Mobile Safari/537.36 (compatible; GoogleOther)"
66.249.70.142 - - [15/Dec/2025:19:42:23 -0500] "GET /?products/17441788/ HTTP/1.1" 200 18129 "-" "Mozilla/5.0 (Linux; Android 6.0.1; Nexus 5X Build/MMB29P) AppleWebKit/537.36 (KHTML, like Gecko) Chrome/141.0.7390.122 Mobile Safari/537.36 (compatible; GoogleOther)"
66.249.70.141 - - [15/Dec/2025:19:42:41 -0500] "GET /?products/28085144/ HTTP/1.1" 200 17451 "-" "Mozilla/5.0 (Linux; Android 6.0.1; Nexus 5X Build/MMB29P) AppleWebKit/537.36 (KHTML, like Gecko) Chrome/141.0.7390.122 Mobile Safari/537.36 (compatible; GoogleOther)"
66.249.70.141 - - [15/Dec/2025:19:36:59 -0500] "GET /?products/18493922/ HTTP/1.1" 200 18124 "-" "Mozilla/5.0 (Linux; Android 6.0.1; Nexus 5X Build/MMB29P) AppleWebKit/537.36 (KHTML, like Gecko) Chrome/141.0.7390.122 Mobile Safari/537.36 (compatible; Googlebot/2.1; +http://www.google.com/bot.html)"
66.249.70.141 - - [15/Dec/2025:19:37:56 -0500] "GET /?products/19448799/ HTTP/1.1" 200 17692 "-" "Mozilla/5.0 (Linux; Android 6.0.1; Nexus 5X Build/MMB29P) AppleWebKit/537.36 (KHTML, like Gecko) Chrome/141.0.7390.122 Mobile Safari/537.36 (compatible; GoogleOther)"
66.249.70.142 - - [15/Dec/2025:19:38:37 -0500] "GET /?products/28388411/ HTTP/1.1" 200 17628 "-" "Mozilla/5.0 (Linux; Android 6.0.1; Nexus 5X Build/MMB29P) AppleWebKit/537.36 (KHTML, like Gecko) Chrome/141.0.7390.122 Mobile Safari/537.36 (compatible; GoogleOther)"
57.141.2.77 - - [15/Dec/2025:19:39:24 -0500] "GET /?products/669322/ HTTP/1.1" 200 42342 "-" "meta-externalagent/1.1 (+https://developers.facebook.com/docs/sharing/webmasters/crawler)"
66.249.70.128 - - [15/Dec/2025:19:40:01 -0500] "GET /?products/12551322/ HTTP/1.1" 200 18189 "-" "Mozilla/5.0 (Linux; Android 6.0.1; Nexus 5X Build/MMB29P) AppleWebKit/537.36 (KHTML, like Gecko) Chrome/141.0.7390.122 Mobile Safari/537.36 (compatible; GoogleOther)"
66.249.70.142 - - [15/Dec/2025:19:40:18 -0500] "GET /?products/28719366/ HTTP/1.1" 200 17830 "-" "Mozilla/5.0 (Linux; Android 6.0.1; Nexus 5X Build/MMB29P) AppleWebKit/537.36 (KHTML, like Gecko) Chrome/141.0.7390.122 Mobile Safari/537.36 (compatible; GoogleOther)"
66.249.70.141 - - [15/Dec/2025:19:40:31 -0500] "GET /?products/30561022/ HTTP/1.1" 200 18172 "-" "Mozilla/5.0 (Linux; Android 6.0.1; Nexus 5X Build/MMB29P) AppleWebKit/537.36 (KHTML, like Gecko) Chrome/141.0.7390.122 Mobile Safari/537.36 (compatible; Googlebot/2.1; +http://www.google.com/bot.html)"
66.249.70.141 - - [15/Dec/2025:19:40:36 -0500] "GET /?products/30030099/ HTTP/1.1" 200 17712 "-" "Mozilla/5.0 (Linux; Android 6.0.1; Nexus 5X Build/MMB29P) AppleWebKit/537.36 (KHTML, like Gecko) Chrome/141.0.7390.122 Mobile Safari/537.36 (compatible; GoogleOther)"
66.249.70.141 - - [15/Dec/2025:19:40:54 -0500] "GET /?products/13317000/ HTTP/1.1" 200 18732 "-" "Mozilla/5.0 (Linux; Android 6.0.1; Nexus 5X Build/MMB29P) AppleWebKit/537.36 (KHTML, like Gecko) Chrome/141.0.7390.122 Mobile Safari/537.36 (compatible; GoogleOther)"
66.249.70.141 - - [15/Dec/2025:19:41:30 -0500] "GET /?products/8454622/ HTTP/1.1" 200 17312 "-" "Mozilla/5.0 (Linux; Android 6.0.1; Nexus 5X Build/MMB29P) AppleWebKit/537.36 (KHTML, like Gecko) Chrome/141.0.7390.122 Mobile Safari/537.36 (compatible; GoogleOther)"
66.249.70.141 - - [15/Dec/2025:19:41:47 -0500] "GET /?products/27035699/ HTTP/1.1" 200 17696 "-" "Mozilla/5.0 (Linux; Android 6.0.1; Nexus 5X Build/MMB29P) AppleWebKit/537.36 (KHTML, like Gecko) Chrome/141.0.7390.122 Mobile Safari/537.36 (compatible; GoogleOther)"
66.249.70.142 - - [15/Dec/2025:19:42:06 -0500] "GET /?products/5471433/ HTTP/1.1" 200 18122 "-" "Mozilla/5.0 (Linux; Android 6.0.1; Nexus 5X Build/MMB29P) AppleWebKit/537.36 (KHTML, like Gecko) Chrome/141.0.7390.122 Mobile Safari/537.36 (compatible; GoogleOther)"
57.141.2.21 - - [15/Dec/2025:19:42:14 -0500] "GET /?products/22975188/ HTTP/1.1" 200 42342 "-" "meta-externalagent/1.1 (+https://developers.facebook.com/docs/sharing/webmasters/crawler)"
57.141.2.71 - - [15/Dec/2025:19:42:19 -0500] "GET /?products/27007644/ HTTP/1.1" 200 42342 "-" "meta-externalagent/1.1 (+https://developers.facebook.com/docs/sharing/webmasters/crawler)"
57.141.2.68 - - [15/Dec/2025:19:42:58 -0500] "GET /?products/15389366/ HTTP/1.1" 200 42341 "-" "meta-externalagent/1.1 (+https://developers.facebook.com/docs/sharing/webmasters/crawler)"
66.249.70.142 - - [15/Dec/2025:19:43:16 -0500] "GET /?products/9289300/ HTTP/1.1" 200 17602 "-" "Mozilla/5.0 (Linux; Android 6.0.1; Nexus 5X Build/MMB29P) AppleWebKit/537.36 (KHTML, like Gecko) Chrome/141.0.7390.122 Mobile Safari/537.36 (compatible; GoogleOther)"
66.249.70.142 - - [15/Dec/2025:19:43:37 -0500] "GET /?products/22660755/ HTTP/1.1" 200 17489 "-" "Mozilla/5.0 (Linux; Android 6.0.1; Nexus 5X Build/MMB29P) AppleWebKit/537.36 (KHTML, like Gecko) Chrome/141.0.7390.122 Mobile Safari/537.36 (compatible; GoogleOther)"
57.141.2.93 - - [15/Dec/2025:19:44:03 -0500] "GET /?products/5055177/ HTTP/1.1" 200 42342 "-" "meta-externalagent/1.1 (+https://developers.facebook.com/docs/sharing/webmasters/crawler)"
57.141.2.71 - - [15/Dec/2025:19:44:30 -0500] "GET /?products/13591388/ HTTP/1.1" 200 42342 "-" "meta-externalagent/1.1 (+https://developers.facebook.com/docs/sharing/webmasters/crawler)"
66.249.70.141 - - [15/Dec/2025:19:45:20 -0500] "GET /?products/20501355/ HTTP/1.1" 200 18571 "-" "Mozilla/5.0 (Linux; Android 6.0.1; Nexus 5X Build/MMB29P) AppleWebKit/537.36 (KHTML, like Gecko) Chrome/141.0.7390.122 Mobile Safari/537.36 (compatible; GoogleOther)"
57.141.2.35 - - [15/Dec/2025:19:45:21 -0500] "GET /?products/21004400/ HTTP/1.1" 200 42341 "-" "meta-externalagent/1.1 (+https://developers.facebook.com/docs/sharing/webmasters/crawler)"
57.141.2.27 - - [15/Dec/2025:19:45:24 -0500] "GET /?products/28087555/ HTTP/1.1" 200 42341 "-" "meta-externalagent/1.1 (+https://developers.facebook.com/docs/sharing/webmasters/crawler)"
27.99.150.75 - - [15/Dec/2025:19:45:25 -0500] "GET / HTTP/1.1" 200 6943 "-" "Mozilla/5.0 (iPhone; CPU iPhone OS 11_0 like Mac OS X) AppleWebKit/537.36 (KHTML, like Gecko) Chrome/53.0.2166.1658 Mobile Safari/537.36"
57.141.2.11 - - [15/Dec/2025:19:45:26 -0500] "GET /?products/7797177/ HTTP/1.1" 200 42341 "-" "meta-externalagent/1.1 (+https://developers.facebook.com/docs/sharing/webmasters/crawler)"
27.99.150.75 - - [15/Dec/2025:19:45:32 -0500] "GET /common/owl-carousel/css/owl.carousel.min.css HTTP/1.1" 200 917 "https://taxigalle.com/" "Mozilla/5.0 (iPhone; CPU iPhone OS 11_0 like Mac OS X) AppleWebKit/537.36 (KHTML, like Gecko) Chrome/53.0.2166.1658 Mobile Safari/537.36"
27.99.150.75 - - [15/Dec/2025:19:45:32 -0500] "GET /common/bootstrap/css/bootstrap.min.css HTTP/1.1" 200 21469 "https://taxigalle.com/" "Mozilla/5.0 (iPhone; CPU iPhone OS 11_0 like Mac OS X) AppleWebKit/537.36 (KHTML, like Gecko) Chrome/53.0.2166.1658 Mobile Safari/537.36"
27.99.150.75 - - [15/Dec/2025:19:45:32 -0500] "GET /css/custom.css HTTP/1.1" 200 31 "https://taxigalle.com/" "Mozilla/5.0 (iPhone; CPU iPhone OS 11_0 like Mac OS X) AppleWebKit/537.36 (KHTML, like Gecko) Chrome/53.0.2166.1658 Mobile Safari/537.36"
66.249.70.141 - - [15/Dec/2025:19:45:39 -0500] "GET /?products/12619699/ HTTP/1.1" 200 17992 "-" "Mozilla/5.0 (Linux; Android 6.0.1; Nexus 5X Build/MMB29P) AppleWebKit/537.36 (KHTML, like Gecko) Chrome/141.0.7390.122 Mobile Safari/537.36 (compatible; GoogleOther)"
161.123.94.87 - - [15/Dec/2025:19:45:54 -0500] "GET /common/bootstrap/css/bootstrap.min.css HTTP/1.1" 200 21469 "https://taxigalle.com/" "Mozilla/5.0 (iPhone; CPU iPhone OS 11_0 like Mac OS X) AppleWebKit/537.36 (KHTML, like Gecko) Chrome/53.0.2166.1658 Mobile Safari/537.36"
161.123.94.87 - - [15/Dec/2025:19:45:54 -0500] "GET /css/custom.css HTTP/1.1" 200 31 "https://taxigalle.com/" "Mozilla/5.0 (iPhone; CPU iPhone OS 11_0 like Mac OS X) AppleWebKit/537.36 (KHTML, like Gecko) Chrome/53.0.2166.1658 Mobile Safari/537.36"
161.123.94.87 - - [15/Dec/2025:19:45:54 -0500] "GET /common/fancybox/jquery.fancybox.min.css HTTP/1.1" 200 2897 "https://taxigalle.com/" "Mozilla/5.0 (iPhone; CPU iPhone OS 11_0 like Mac OS X) AppleWebKit/537.36 (KHTML, like Gecko) Chrome/53.0.2166.1658 Mobile Safari/537.36"
161.123.94.87 - - [15/Dec/2025:19:45:54 -0500] "GET /css/style.css HTTP/1.1" 200 8669 "https://taxigalle.com/" "Mozilla/5.0 (iPhone; CPU iPhone OS 11_0 like Mac OS X) AppleWebKit/537.36 (KHTML, like Gecko) Chrome/53.0.2166.1658 Mobile Safari/537.36"
161.123.94.87 - - [15/Dec/2025:19:45:54 -0500] "GET /booking/scripts.js HTTP/1.1" 200 1026 "https://taxigalle.com/" "Mozilla/5.0 (iPhone; CPU iPhone OS 11_0 like Mac OS X) AppleWebKit/537.36 (KHTML, like Gecko) Chrome/53.0.2166.1658 Mobile Safari/537.36"
57.141.2.29 - - [15/Dec/2025:19:42:51 -0500] "GET /?products/5572988/ HTTP/1.1" 200 42341 "-" "meta-externalagent/1.1 (+https://developers.facebook.com/docs/sharing/webmasters/crawler)"
66.249.70.141 - - [15/Dec/2025:19:42:58 -0500] "GET /?products/27243899/ HTTP/1.1" 200 18572 "-" "Mozilla/5.0 (Linux; Android 6.0.1; Nexus 5X Build/MMB29P) AppleWebKit/537.36 (KHTML, like Gecko) Chrome/141.0.7390.122 Mobile Safari/537.36 (compatible; GoogleOther)"
66.249.70.141 - - [15/Dec/2025:19:43:52 -0500] "GET /?products/12550333/ HTTP/1.1" 200 18125 "-" "Mozilla/5.0 (Linux; Android 6.0.1; Nexus 5X Build/MMB29P) AppleWebKit/537.36 (KHTML, like Gecko) Chrome/141.0.7390.122 Mobile Safari/537.36 (compatible; GoogleOther)"
57.141.2.35 - - [15/Dec/2025:19:44:04 -0500] "GET /?products/13814233/ HTTP/1.1" 200 42341 "-" "meta-externalagent/1.1 (+https://developers.facebook.com/docs/sharing/webmasters/crawler)"
66.249.70.141 - - [15/Dec/2025:19:44:10 -0500] "GET /?products/11837166/ HTTP/1.1" 200 17836 "-" "Mozilla/5.0 (Linux; Android 6.0.1; Nexus 5X Build/MMB29P) AppleWebKit/537.36 (KHTML, like Gecko) Chrome/141.0.7390.122 Mobile Safari/537.36 (compatible; GoogleOther)"
66.249.70.141 - - [15/Dec/2025:19:44:27 -0500] "GET /?products/8688455/ HTTP/1.1" 200 17709 "-" "Mozilla/5.0 (Linux; Android 6.0.1; Nexus 5X Build/MMB29P) AppleWebKit/537.36 (KHTML, like Gecko) Chrome/141.0.7390.122 Mobile Safari/537.36 (compatible; GoogleOther)"
57.141.2.72 - - [15/Dec/2025:19:44:29 -0500] "GET /?products/19944066/ HTTP/1.1" 200 42341 "-" "meta-externalagent/1.1 (+https://developers.facebook.com/docs/sharing/webmasters/crawler)"
66.249.70.141 - - [15/Dec/2025:19:44:45 -0500] "GET /?products/16783722/ HTTP/1.1" 200 17550 "-" "Mozilla/5.0 (Linux; Android 6.0.1; Nexus 5X Build/MMB29P) AppleWebKit/537.36 (KHTML, like Gecko) Chrome/141.0.7390.122 Mobile Safari/537.36 (compatible; GoogleOther)"
66.249.70.128 - - [15/Dec/2025:19:45:03 -0500] "GET /?products/23597033/ HTTP/1.1" 200 18696 "-" "Mozilla/5.0 (Linux; Android 6.0.1; Nexus 5X Build/MMB29P) AppleWebKit/537.36 (KHTML, like Gecko) Chrome/141.0.7390.122 Mobile Safari/537.36 (compatible; GoogleOther)"
27.99.150.75 - - [15/Dec/2025:19:45:32 -0500] "GET /css/style.css HTTP/1.1" 200 8669 "https://taxigalle.com/" "Mozilla/5.0 (iPhone; CPU iPhone OS 11_0 like Mac OS X) AppleWebKit/537.36 (KHTML, like Gecko) Chrome/53.0.2166.1658 Mobile Safari/537.36"
27.99.150.75 - - [15/Dec/2025:19:45:32 -0500] "GET /common/fancybox/jquery.fancybox.min.css HTTP/1.1" 200 2897 "https://taxigalle.com/" "Mozilla/5.0 (iPhone; CPU iPhone OS 11_0 like Mac OS X) AppleWebKit/537.36 (KHTML, like Gecko) Chrome/53.0.2166.1658 Mobile Safari/537.36"
27.99.150.75 - - [15/Dec/2025:19:45:32 -0500] "GET /booking/style.css HTTP/1.1" 200 1160 "https://taxigalle.com/" "Mozilla/5.0 (iPhone; CPU iPhone OS 11_0 like Mac OS X) AppleWebKit/537.36 (KHTML, like Gecko) Chrome/53.0.2166.1658 Mobile Safari/537.36"
161.123.94.87 - - [15/Dec/2025:19:45:54 -0500] "GET /booking/style.css HTTP/1.1" 200 1160 "https://taxigalle.com/" "Mozilla/5.0 (iPhone; CPU iPhone OS 11_0 like Mac OS X) AppleWebKit/537.36 (KHTML, like Gecko) Chrome/53.0.2166.1658 Mobile Safari/537.36"
161.123.94.87 - - [15/Dec/2025:19:45:54 -0500] "GET /images/vehicles/KDH%20townAce1.png HTTP/1.1" 206 500 "https://taxigalle.com/" "Mozilla/5.0 (iPhone; CPU iPhone OS 11_0 like Mac OS X) AppleWebKit/537.36 (KHTML, like Gecko) Chrome/53.0.2166.1658 Mobile Safari/537.36"
161.123.94.87 - - [15/Dec/2025:19:45:54 -0500] "GET /images/iconbus-01-01.png HTTP/1.1" 206 500 "https://taxigalle.com/" "Mozilla/5.0 (iPhone; CPU iPhone OS 11_0 like Mac OS X) AppleWebKit/537.36 (KHTML, like Gecko) Chrome/53.0.2166.1658 Mobile Safari/537.36"
161.123.94.87 - - [15/Dec/2025:19:45:54 -0500] "GET /images/iconvan-01.png HTTP/1.1" 206 500 "https://taxigalle.com/" "Mozilla/5.0 (iPhone; CPU iPhone OS 11_0 like Mac OS X) AppleWebKit/537.36 (KHTML, like Gecko) Chrome/53.0.2166.1658 Mobile Safari/537.36"
161.123.94.87 - - [15/Dec/2025:19:45:54 -0500] "GET /images/vehicles/peugeot-5008.png HTTP/1.1" 206 500 "https://taxigalle.com/" "Mozilla/5.0 (iPhone; CPU iPhone OS 11_0 like Mac OS X) AppleWebKit/537.36 (KHTML, like Gecko) Chrome/53.0.2166.1658 Mobile Safari/537.36"
161.123.94.87 - - [15/Dec/2025:19:45:54 -0500] "GET /common/owl-carousel/js/owl.carousel.js HTTP/1.1" 200 19365 "https://taxigalle.com/" "Mozilla/5.0 (iPhone; CPU iPhone OS 11_0 like Mac OS X) AppleWebKit/537.36 (KHTML, like Gecko) Chrome/53.0.2166.1658 Mobile Safari/537.36"
161.123.94.87 - - [15/Dec/2025:19:45:54 -0500] "GET /contact-form/img/refresh.png HTTP/1.1" 206 438 "https://taxigalle.com/" "Mozilla/5.0 (iPhone; CPU iPhone OS 11_0 like Mac OS X) AppleWebKit/537.36 (KHTML, like Gecko) Chrome/53.0.2166.1658 Mobile Safari/537.36"
161.123.94.87 - - [15/Dec/2025:19:45:54 -0500] "GET /upload/service/-379846424_190823294482_1600335554_n.jpg HTTP/1.1" 206 500 "https://taxigalle.com/" "Mozilla/5.0 (iPhone; CPU iPhone OS 11_0 like Mac OS X) AppleWebKit/537.36 (KHTML, like Gecko) Chrome/53.0.2166.1658 Mobile Safari/537.36"
161.123.94.87 - - [15/Dec/2025:19:45:54 -0500] "GET /upload/service/-61020435315_130182705591_1600936969_n.jpg HTTP/1.1" 206 500 "https://taxigalle.com/" "Mozilla/5.0 (iPhone; CPU iPhone OS 11_0 like Mac OS X) AppleWebKit/537.36 (KHTML, like Gecko) Chrome/53.0.2166.1658 Mobile Safari/537.36"
161.123.94.87 - - [15/Dec/2025:19:45:54 -0500] "GET /upload/service/-110206705_191092934201_1600335573_n.jpg HTTP/1.1" 206 500 "https://taxigalle.com/" "Mozilla/5.0 (iPhone; CPU iPhone OS 11_0 like Mac OS X) AppleWebKit/537.36 (KHTML, like Gecko) Chrome/53.0.2166.1658 Mobile Safari/537.36"
161.123.94.87 - - [15/Dec/2025:19:45:54 -0500] "GET /images/nationwide.png HTTP/1.1" 206 500 "https://taxigalle.com/" "Mozilla/5.0 (iPhone; CPU iPhone OS 11_0 like Mac OS X) AppleWebKit/537.36 (KHTML, like Gecko) Chrome/53.0.2166.1658 Mobile Safari/537.36"
161.123.94.87 - - [15/Dec/2025:19:45:54 -0500] "GET /images/vehicles/Bus-01.png HTTP/1.1" 206 500 "https://taxigalle.com/" "Mozilla/5.0 (iPhone; CPU iPhone OS 11_0 like Mac OS X) AppleWebKit/537.36 (KHTML, like Gecko) Chrome/53.0.2166.1658 Mobile Safari/537.36"
161.123.94.87 - - [15/Dec/2025:19:45:54 -0500] "GET /upload/comments/-294463194_190908677712_1600333912_n.jpg HTTP/1.1" 206 500 "https://taxigalle.com/" "Mozilla/5.0 (iPhone; CPU iPhone OS 11_0 like Mac OS X) AppleWebKit/537.36 (KHTML, like Gecko) Chrome/53.0.2166.1658 Mobile Safari/537.36"
161.123.94.87 - - [15/Dec/2025:19:45:54 -0500] "GET /upload/service/-149748172078_41454968828_1669011857_n.jpg HTTP/1.1" 206 500 "https://taxigalle.com/" "Mozilla/5.0 (iPhone; CPU iPhone OS 11_0 like Mac OS X) AppleWebKit/537.36 (KHTML, like Gecko) Chrome/53.0.2166.1658 Mobile Safari/537.36"
161.123.94.87 - - [15/Dec/2025:19:45:54 -0500] "GET /js/jquery.min.js HTTP/1.1" 200 30278 "https://taxigalle.com/" "Mozilla/5.0 (iPhone; CPU iPhone OS 11_0 like Mac OS X) AppleWebKit/537.36 (KHTML, like Gecko) Chrome/53.0.2166.1658 Mobile Safari/537.36"
161.123.94.87 - - [15/Dec/2025:19:45:54 -0500] "GET /images/no-fee.png HTTP/1.1" 206 500 "https://taxigalle.com/" "Mozilla/5.0 (iPhone; CPU iPhone OS 11_0 like Mac OS X) AppleWebKit/537.36 (KHTML, like Gecko) Chrome/53.0.2166.1658 Mobile Safari/537.36"
161.123.94.87 - - [15/Dec/2025:19:45:54 -0500] "GET /upload/service/-66338947648_124864193258_1600936314_n.jpg HTTP/1.1" 206 500 "https://taxigalle.com/" "Mozilla/5.0 (iPhone; CPU iPhone OS 11_0 like Mac OS X) AppleWebKit/537.36 (KHTML, like Gecko) Chrome/53.0.2166.1658 Mobile Safari/537.36"
161.123.94.87 - - [15/Dec/2025:19:45:54 -0500] "GET /images/easy-to-use.png HTTP/1.1" 206 500 "https://taxigalle.com/" "Mozilla/5.0 (iPhone; CPU iPhone OS 11_0 like Mac OS X) AppleWebKit/537.36 (KHTML, like Gecko) Chrome/53.0.2166.1658 Mobile Safari/537.36"
161.123.94.87 - - [15/Dec/2025:19:45:54 -0500] "GET /images/iconsuv-01.png HTTP/1.1" 206 500 "https://taxigalle.com/" "Mozilla/5.0 (iPhone; CPU iPhone OS 11_0 like Mac OS X) AppleWebKit/537.36 (KHTML, like Gecko) Chrome/53.0.2166.1658 Mobile Safari/537.36"
161.123.94.87 - - [15/Dec/2025:19:45:54 -0500] "GET /images/iconcar-01.png HTTP/1.1" 206 500 "https://taxigalle.com/" "Mozilla/5.0 (iPhone; CPU iPhone OS 11_0 like Mac OS X) AppleWebKit/537.36 (KHTML, like Gecko) Chrome/53.0.2166.1658 Mobile Safari/537.36"
161.123.94.87 - - [15/Dec/2025:19:45:54 -0500] "GET /upload/product-type/product/-122263015934_68940124972_1669019526_n.jpg HTTP/1.1" 206 500 "https://taxigalle.com/" "Mozilla/5.0 (iPhone; CPU iPhone OS 11_0 like Mac OS X) AppleWebKit/537.36 (KHTML, like Gecko) Chrome/53.0.2166.1658 Mobile Safari/537.36"
161.123.94.87 - - [15/Dec/2025:19:45:54 -0500] "GET /upload/product-type/product/-146267739950_44935400956_1669110085_n.jpg HTTP/1.1" 206 500 "https://taxigalle.com/" "Mozilla/5.0 (iPhone; CPU iPhone OS 11_0 like Mac OS X) AppleWebKit/537.36 (KHTML, like Gecko) Chrome/53.0.2166.1658 Mobile Safari/537.36"
161.123.94.87 - - [15/Dec/2025:19:45:54 -0500] "GET /upload/service/-10144527978_181058612928_1669012464_n.jpg HTTP/1.1" 206 500 "https://taxigalle.com/" "Mozilla/5.0 (iPhone; CPU iPhone OS 11_0 like Mac OS X) AppleWebKit/537.36 (KHTML, like Gecko) Chrome/53.0.2166.1658 Mobile Safari/537.36"
161.123.94.87 - - [15/Dec/2025:19:45:54 -0500] "GET /images/pleasure.png HTTP/1.1" 206 500 "https://taxigalle.com/" "Mozilla/5.0 (iPhone; CPU iPhone OS 11_0 like Mac OS X) AppleWebKit/537.36 (KHTML, like Gecko) Chrome/53.0.2166.1658 Mobile Safari/537.36"
161.123.94.87 - - [15/Dec/2025:19:45:54 -0500] "GET /images/fixed-price.png HTTP/1.1" 206 500 "https://taxigalle.com/" "Mozilla/5.0 (iPhone; CPU iPhone OS 11_0 like Mac OS X) AppleWebKit/537.36 (KHTML, like Gecko) Chrome/53.0.2166.1658 Mobile Safari/537.36"
