66.249.70.128 - - [16/Dec/2025:01:26:52 -0500] "GET /?products/26706988/ HTTP/1.1" 200 18480 "-" "Mozilla/5.0 (Linux; Android 6.0.1; Nexus 5X Build/MMB29P) AppleWebKit/537.36 (KHTML, like Gecko) Chrome/141.0.7390.122 Mobile Safari/537.36 (compatible; Googlebot/2.1; +http://www.google.com/bot.html)"
66.249.70.132 - - [16/Dec/2025:01:26:56 -0500] "GET /?products/11766411/ HTTP/1.1" 200 18509 "-" "Mozilla/5.0 (Linux; Android 6.0.1; Nexus 5X Build/MMB29P) AppleWebKit/537.36 (KHTML, like Gecko) Chrome/141.0.7390.122 Mobile Safari/537.36 (compatible; Googlebot/2.1; +http://www.google.com/bot.html)"
66.249.70.142 - - [16/Dec/2025:01:27:03 -0500] "GET /?products/10675511/ HTTP/1.1" 200 17981 "-" "Mozilla/5.0 (Linux; Android 6.0.1; Nexus 5X Build/MMB29P) AppleWebKit/537.36 (KHTML, like Gecko) Chrome/141.0.7390.122 Mobile Safari/537.36 (compatible; Googlebot/2.1; +http://www.google.com/bot.html)"
66.249.70.128 - - [16/Dec/2025:01:27:17 -0500] "GET /?products/20654366/ HTTP/1.1" 200 17933 "-" "Mozilla/5.0 (Linux; Android 6.0.1; Nexus 5X Build/MMB29P) AppleWebKit/537.36 (KHTML, like Gecko) Chrome/141.0.7390.122 Mobile Safari/537.36 (compatible; Googlebot/2.1; +http://www.google.com/bot.html)"
66.249.70.141 - - [16/Dec/2025:01:27:20 -0500] "GET /?products/25809077/ HTTP/1.1" 200 17737 "-" "Mozilla/5.0 (Linux; Android 6.0.1; Nexus 5X Build/MMB29P) AppleWebKit/537.36 (KHTML, like Gecko) Chrome/141.0.7390.122 Mobile Safari/537.36 (compatible; Googlebot/2.1; +http://www.google.com/bot.html)"
66.249.70.132 - - [16/Dec/2025:01:26:58 -0500] "GET /?products/16599088/ HTTP/1.1" 200 17973 "-" "Mozilla/5.0 (Linux; Android 6.0.1; Nexus 5X Build/MMB29P) AppleWebKit/537.36 (KHTML, like Gecko) Chrome/141.0.7390.122 Mobile Safari/537.36 (compatible; Googlebot/2.1; +http://www.google.com/bot.html)"
66.249.70.132 - - [16/Dec/2025:01:26:59 -0500] "GET /?products/11524899/ HTTP/1.1" 200 18344 "-" "Mozilla/5.0 (Linux; Android 6.0.1; Nexus 5X Build/MMB29P) AppleWebKit/537.36 (KHTML, like Gecko) Chrome/141.0.7390.122 Mobile Safari/537.36 (compatible; Googlebot/2.1; +http://www.google.com/bot.html)"
66.249.70.130 - - [16/Dec/2025:01:27:01 -0500] "GET /?products/2439844/ HTTP/1.1" 200 18057 "-" "Mozilla/5.0 (Linux; Android 6.0.1; Nexus 5X Build/MMB29P) AppleWebKit/537.36 (KHTML, like Gecko) Chrome/141.0.7390.122 Mobile Safari/537.36 (compatible; Googlebot/2.1; +http://www.google.com/bot.html)"
66.249.70.142 - - [16/Dec/2025:01:27:11 -0500] "GET /?products/14699588/ HTTP/1.1" 200 18515 "-" "Mozilla/5.0 (Linux; Android 6.0.1; Nexus 5X Build/MMB29P) AppleWebKit/537.36 (KHTML, like Gecko) Chrome/141.0.7390.122 Mobile Safari/537.36 (compatible; Googlebot/2.1; +http://www.google.com/bot.html)"
66.249.70.142 - - [16/Dec/2025:01:27:14 -0500] "GET /?products/23961033/ HTTP/1.1" 200 17956 "-" "Mozilla/5.0 (Linux; Android 6.0.1; Nexus 5X Build/MMB29P) AppleWebKit/537.36 (KHTML, like Gecko) Chrome/141.0.7390.122 Mobile Safari/537.36 (compatible; Googlebot/2.1; +http://www.google.com/bot.html)"
66.249.70.142 - - [16/Dec/2025:01:27:15 -0500] "GET /?products/26154255/ HTTP/1.1" 200 18410 "-" "Mozilla/5.0 (Linux; Android 6.0.1; Nexus 5X Build/MMB29P) AppleWebKit/537.36 (KHTML, like Gecko) Chrome/141.0.7390.122 Mobile Safari/537.36 (compatible; Googlebot/2.1; +http://www.google.com/bot.html)"
66.249.70.141 - - [16/Dec/2025:01:27:16 -0500] "GET /?products/25686133/ HTTP/1.1" 200 18079 "-" "Mozilla/5.0 (Linux; Android 6.0.1; Nexus 5X Build/MMB29P) AppleWebKit/537.36 (KHTML, like Gecko) Chrome/141.0.7390.122 Mobile Safari/537.36 (compatible; Googlebot/2.1; +http://www.google.com/bot.html)"
66.249.70.128 - - [16/Dec/2025:01:27:18 -0500] "GET /?products/6967988/ HTTP/1.1" 200 18344 "-" "Mozilla/5.0 (Linux; Android 6.0.1; Nexus 5X Build/MMB29P) AppleWebKit/537.36 (KHTML, like Gecko) Chrome/141.0.7390.122 Mobile Safari/537.36 (compatible; Googlebot/2.1; +http://www.google.com/bot.html)"
66.249.70.142 - - [16/Dec/2025:01:27:19 -0500] "GET /?products/24824011/ HTTP/1.1" 200 17608 "-" "Mozilla/5.0 (Linux; Android 6.0.1; Nexus 5X Build/MMB29P) AppleWebKit/537.36 (KHTML, like Gecko) Chrome/141.0.7390.122 Mobile Safari/537.36 (compatible; Googlebot/2.1; +http://www.google.com/bot.html)"
66.249.70.141 - - [16/Dec/2025:01:27:19 -0500] "GET /?products/28957666/ HTTP/1.1" 200 17694 "-" "Mozilla/5.0 (Linux; Android 6.0.1; Nexus 5X Build/MMB29P) AppleWebKit/537.36 (KHTML, like Gecko) Chrome/141.0.7390.122 Mobile Safari/537.36 (compatible; Googlebot/2.1; +http://www.google.com/bot.html)"
66.249.70.142 - - [16/Dec/2025:01:27:20 -0500] "GET /?products/21554144/ HTTP/1.1" 200 17728 "-" "Mozilla/5.0 (Linux; Android 6.0.1; Nexus 5X Build/MMB29P) AppleWebKit/537.36 (KHTML, like Gecko) Chrome/141.0.7390.122 Mobile Safari/537.36 (compatible; Googlebot/2.1; +http://www.google.com/bot.html)"
66.249.70.141 - - [16/Dec/2025:01:27:21 -0500] "GET /?products/6635299/ HTTP/1.1" 200 18307 "-" "Mozilla/5.0 (Linux; Android 6.0.1; Nexus 5X Build/MMB29P) AppleWebKit/537.36 (KHTML, like Gecko) Chrome/141.0.7390.122 Mobile Safari/537.36 (compatible; Googlebot/2.1; +http://www.google.com/bot.html)"
66.249.70.142 - - [16/Dec/2025:01:27:23 -0500] "GET /?products/17062566/ HTTP/1.1" 200 18779 "-" "Mozilla/5.0 (Linux; Android 6.0.1; Nexus 5X Build/MMB29P) AppleWebKit/537.36 (KHTML, like Gecko) Chrome/141.0.7390.122 Mobile Safari/537.36 (compatible; Googlebot/2.1; +http://www.google.com/bot.html)"
66.249.70.141 - - [16/Dec/2025:01:27:21 -0500] "GET /?products/7799200/ HTTP/1.1" 200 17954 "-" "Mozilla/5.0 (Linux; Android 6.0.1; Nexus 5X Build/MMB29P) AppleWebKit/537.36 (KHTML, like Gecko) Chrome/141.0.7390.122 Mobile Safari/537.36 (compatible; Googlebot/2.1; +http://www.google.com/bot.html)"
66.249.70.141 - - [16/Dec/2025:01:27:21 -0500] "GET /?products/23395199/ HTTP/1.1" 200 18118 "-" "Mozilla/5.0 (Linux; Android 6.0.1; Nexus 5X Build/MMB29P) AppleWebKit/537.36 (KHTML, like Gecko) Chrome/141.0.7390.122 Mobile Safari/537.36 (compatible; Googlebot/2.1; +http://www.google.com/bot.html)"
66.249.70.141 - - [16/Dec/2025:01:27:22 -0500] "GET /?products/12610344/ HTTP/1.1" 200 17474 "-" "Mozilla/5.0 (Linux; Android 6.0.1; Nexus 5X Build/MMB29P) AppleWebKit/537.36 (KHTML, like Gecko) Chrome/141.0.7390.122 Mobile Safari/537.36 (compatible; Googlebot/2.1; +http://www.google.com/bot.html)"
66.249.70.142 - - [16/Dec/2025:01:27:23 -0500] "GET /?products/2679999/ HTTP/1.1" 200 18245 "-" "Mozilla/5.0 (Linux; Android 6.0.1; Nexus 5X Build/MMB29P) AppleWebKit/537.36 (KHTML, like Gecko) Chrome/141.0.7390.122 Mobile Safari/537.36 (compatible; Googlebot/2.1; +http://www.google.com/bot.html)"
66.249.70.142 - - [16/Dec/2025:01:27:24 -0500] "GET /?products/15130222/ HTTP/1.1" 200 17991 "-" "Mozilla/5.0 (Linux; Android 6.0.1; Nexus 5X Build/MMB29P) AppleWebKit/537.36 (KHTML, like Gecko) Chrome/141.0.7390.122 Mobile Safari/537.36 (compatible; Googlebot/2.1; +http://www.google.com/bot.html)"
66.249.70.141 - - [16/Dec/2025:01:27:26 -0500] "GET /?products/11882600/ HTTP/1.1" 200 17976 "-" "Mozilla/5.0 (Linux; Android 6.0.1; Nexus 5X Build/MMB29P) AppleWebKit/537.36 (KHTML, like Gecko) Chrome/141.0.7390.122 Mobile Safari/537.36 (compatible; Googlebot/2.1; +http://www.google.com/bot.html)"
66.249.70.142 - - [16/Dec/2025:01:27:26 -0500] "GET /?products/16742222/ HTTP/1.1" 200 18394 "-" "Mozilla/5.0 (Linux; Android 6.0.1; Nexus 5X Build/MMB29P) AppleWebKit/537.36 (KHTML, like Gecko) Chrome/141.0.7390.122 Mobile Safari/537.36 (compatible; Googlebot/2.1; +http://www.google.com/bot.html)"
66.249.70.141 - - [16/Dec/2025:01:27:30 -0500] "GET /?products/27740566/ HTTP/1.1" 200 18203 "-" "Mozilla/5.0 (Linux; Android 6.0.1; Nexus 5X Build/MMB29P) AppleWebKit/537.36 (KHTML, like Gecko) Chrome/141.0.7390.122 Mobile Safari/537.36 (compatible; Googlebot/2.1; +http://www.google.com/bot.html)"
66.249.70.142 - - [16/Dec/2025:01:27:31 -0500] "GET /?products/17583788/ HTTP/1.1" 200 18074 "-" "Mozilla/5.0 (Linux; Android 6.0.1; Nexus 5X Build/MMB29P) AppleWebKit/537.36 (KHTML, like Gecko) Chrome/141.0.7390.122 Mobile Safari/537.36 (compatible; Googlebot/2.1; +http://www.google.com/bot.html)"
66.249.70.142 - - [16/Dec/2025:01:27:32 -0500] "GET /?products/19253033/ HTTP/1.1" 200 17474 "-" "Mozilla/5.0 (Linux; Android 6.0.1; Nexus 5X Build/MMB29P) AppleWebKit/537.36 (KHTML, like Gecko) Chrome/141.0.7390.122 Mobile Safari/537.36 (compatible; Googlebot/2.1; +http://www.google.com/bot.html)"
66.249.70.142 - - [16/Dec/2025:01:27:34 -0500] "GET /?products/16145788/ HTTP/1.1" 200 17838 "-" "Mozilla/5.0 (Linux; Android 6.0.1; Nexus 5X Build/MMB29P) AppleWebKit/537.36 (KHTML, like Gecko) Chrome/141.0.7390.122 Mobile Safari/537.36 (compatible; Googlebot/2.1; +http://www.google.com/bot.html)"
66.249.70.142 - - [16/Dec/2025:01:27:36 -0500] "GET /?products/3462299/ HTTP/1.1" 200 17986 "-" "Mozilla/5.0 (Linux; Android 6.0.1; Nexus 5X Build/MMB29P) AppleWebKit/537.36 (KHTML, like Gecko) Chrome/141.0.7390.122 Mobile Safari/537.36 (compatible; Googlebot/2.1; +http://www.google.com/bot.html)"
66.249.70.141 - - [16/Dec/2025:01:27:41 -0500] "GET /?products/20653788/ HTTP/1.1" 200 18682 "-" "Mozilla/5.0 (Linux; Android 6.0.1; Nexus 5X Build/MMB29P) AppleWebKit/537.36 (KHTML, like Gecko) Chrome/141.0.7390.122 Mobile Safari/537.36 (compatible; Googlebot/2.1; +http://www.google.com/bot.html)"
66.249.70.142 - - [16/Dec/2025:01:27:23 -0500] "GET /?products/29437677/ HTTP/1.1" 200 17781 "-" "Mozilla/5.0 (Linux; Android 6.0.1; Nexus 5X Build/MMB29P) AppleWebKit/537.36 (KHTML, like Gecko) Chrome/141.0.7390.122 Mobile Safari/537.36 (compatible; Googlebot/2.1; +http://www.google.com/bot.html)"
66.249.70.141 - - [16/Dec/2025:01:27:27 -0500] "GET /?products/8519099/ HTTP/1.1" 200 17672 "-" "Mozilla/5.0 (Linux; Android 6.0.1; Nexus 5X Build/MMB29P) AppleWebKit/537.36 (KHTML, like Gecko) Chrome/141.0.7390.122 Mobile Safari/537.36 (compatible; Googlebot/2.1; +http://www.google.com/bot.html)"
66.249.70.142 - - [16/Dec/2025:01:27:28 -0500] "GET /?products/5424922/ HTTP/1.1" 200 17821 "-" "Mozilla/5.0 (Linux; Android 6.0.1; Nexus 5X Build/MMB29P) AppleWebKit/537.36 (KHTML, like Gecko) Chrome/141.0.7390.122 Mobile Safari/537.36 (compatible; Googlebot/2.1; +http://www.google.com/bot.html)"
66.249.70.142 - - [16/Dec/2025:01:27:29 -0500] "GET /?products/25437788/ HTTP/1.1" 200 17639 "-" "Mozilla/5.0 (Linux; Android 6.0.1; Nexus 5X Build/MMB29P) AppleWebKit/537.36 (KHTML, like Gecko) Chrome/141.0.7390.122 Mobile Safari/537.36 (compatible; Googlebot/2.1; +http://www.google.com/bot.html)"
66.249.70.141 - - [16/Dec/2025:01:27:31 -0500] "GET /?products/21361533/ HTTP/1.1" 200 18226 "-" "Mozilla/5.0 (Linux; Android 6.0.1; Nexus 5X Build/MMB29P) AppleWebKit/537.36 (KHTML, like Gecko) Chrome/141.0.7390.122 Mobile Safari/537.36 (compatible; Googlebot/2.1; +http://www.google.com/bot.html)"
66.249.70.141 - - [16/Dec/2025:01:27:33 -0500] "GET /?products/14494988/ HTTP/1.1" 200 18039 "-" "Mozilla/5.0 (Linux; Android 6.0.1; Nexus 5X Build/MMB29P) AppleWebKit/537.36 (KHTML, like Gecko) Chrome/141.0.7390.122 Mobile Safari/537.36 (compatible; Googlebot/2.1; +http://www.google.com/bot.html)"
66.249.70.141 - - [16/Dec/2025:01:27:33 -0500] "GET /?products/2497088/ HTTP/1.1" 200 18065 "-" "Mozilla/5.0 (Linux; Android 6.0.1; Nexus 5X Build/MMB29P) AppleWebKit/537.36 (KHTML, like Gecko) Chrome/141.0.7390.122 Mobile Safari/537.36 (compatible; Googlebot/2.1; +http://www.google.com/bot.html)"
66.249.70.141 - - [16/Dec/2025:01:27:35 -0500] "GET /?products/9494411/ HTTP/1.1" 200 17742 "-" "Mozilla/5.0 (Linux; Android 6.0.1; Nexus 5X Build/MMB29P) AppleWebKit/537.36 (KHTML, like Gecko) Chrome/141.0.7390.122 Mobile Safari/537.36 (compatible; Googlebot/2.1; +http://www.google.com/bot.html)"
66.249.70.142 - - [16/Dec/2025:01:27:36 -0500] "GET /?products/19714644/ HTTP/1.1" 200 18035 "-" "Mozilla/5.0 (Linux; Android 6.0.1; Nexus 5X Build/MMB29P) AppleWebKit/537.36 (KHTML, like Gecko) Chrome/141.0.7390.122 Mobile Safari/537.36 (compatible; Googlebot/2.1; +http://www.google.com/bot.html)"
66.249.70.141 - - [16/Dec/2025:01:27:38 -0500] "GET /?products/5783488/ HTTP/1.1" 200 17900 "-" "Mozilla/5.0 (Linux; Android 6.0.1; Nexus 5X Build/MMB29P) AppleWebKit/537.36 (KHTML, like Gecko) Chrome/141.0.7390.122 Mobile Safari/537.36 (compatible; Googlebot/2.1; +http://www.google.com/bot.html)"
66.249.70.142 - - [16/Dec/2025:01:27:39 -0500] "GET /?products/26544299/ HTTP/1.1" 200 18558 "-" "Mozilla/5.0 (Linux; Android 6.0.1; Nexus 5X Build/MMB29P) AppleWebKit/537.36 (KHTML, like Gecko) Chrome/141.0.7390.122 Mobile Safari/537.36 (compatible; Googlebot/2.1; +http://www.google.com/bot.html)"
66.249.70.128 - - [16/Dec/2025:01:27:40 -0500] "GET /?products/28747400/ HTTP/1.1" 200 17692 "-" "Mozilla/5.0 (Linux; Android 6.0.1; Nexus 5X Build/MMB29P) AppleWebKit/537.36 (KHTML, like Gecko) Chrome/141.0.7390.122 Mobile Safari/537.36 (compatible; Googlebot/2.1; +http://www.google.com/bot.html)"
57.141.2.80 - - [16/Dec/2025:01:27:44 -0500] "GET /contact-form/Generate_Captcha_Code.php?rand=56428944 HTTP/1.1" 200 2373 "-" "meta-externalagent/1.1 (+https://developers.facebook.com/docs/sharing/webmasters/crawler)"
66.249.70.141 - - [16/Dec/2025:01:27:42 -0500] "GET /?products/18961455/ HTTP/1.1" 200 18476 "-" "Mozilla/5.0 (Linux; Android 6.0.1; Nexus 5X Build/MMB29P) AppleWebKit/537.36 (KHTML, like Gecko) Chrome/141.0.7390.122 Mobile Safari/537.36 (compatible; Googlebot/2.1; +http://www.google.com/bot.html)"
66.249.70.141 - - [16/Dec/2025:01:27:44 -0500] "GET /?products/27303844/ HTTP/1.1" 200 18707 "-" "Mozilla/5.0 (Linux; Android 6.0.1; Nexus 5X Build/MMB29P) AppleWebKit/537.36 (KHTML, like Gecko) Chrome/141.0.7390.122 Mobile Safari/537.36 (compatible; Googlebot/2.1; +http://www.google.com/bot.html)"
57.141.2.89 - - [16/Dec/2025:01:27:46 -0500] "GET /contact-form/Generate_Captcha_Code.php?rand=56428944 HTTP/1.1" 200 2536 "-" "meta-externalagent/1.1 (+https://developers.facebook.com/docs/sharing/webmasters/crawler)"
66.249.70.128 - - [16/Dec/2025:01:27:54 -0500] "GET /?products/7485822/ HTTP/1.1" 200 17974 "-" "Mozilla/5.0 (Linux; Android 6.0.1; Nexus 5X Build/MMB29P) AppleWebKit/537.36 (KHTML, like Gecko) Chrome/141.0.7390.122 Mobile Safari/537.36 (compatible; Googlebot/2.1; +http://www.google.com/bot.html)"
57.141.2.24 - - [16/Dec/2025:01:28:15 -0500] "GET /?products/3801344/ HTTP/1.1" 200 42341 "-" "meta-externalagent/1.1 (+https://developers.facebook.com/docs/sharing/webmasters/crawler)"
66.249.70.128 - - [16/Dec/2025:01:28:21 -0500] "GET /?products/6797811/ HTTP/1.1" 200 18242 "-" "Mozilla/5.0 (Linux; Android 6.0.1; Nexus 5X Build/MMB29P) AppleWebKit/537.36 (KHTML, like Gecko) Chrome/141.0.7390.122 Mobile Safari/537.36 (compatible; Googlebot/2.1; +http://www.google.com/bot.html)"
66.249.70.142 - - [16/Dec/2025:01:28:27 -0500] "GET /?products/21568722/ HTTP/1.1" 200 17442 "-" "Mozilla/5.0 (Linux; Android 6.0.1; Nexus 5X Build/MMB29P) AppleWebKit/537.36 (KHTML, like Gecko) Chrome/141.0.7390.122 Mobile Safari/537.36 (compatible; Googlebot/2.1; +http://www.google.com/bot.html)"
54.39.0.35 - - [16/Dec/2025:01:28:41 -0500] "GET /?sitemap.xml HTTP/1.1" 403 0 "-" "Mozilla/5.0 (compatible; AhrefsBot/7.0; +http://ahrefs.com/robot/)"
57.141.2.73 - - [16/Dec/2025:01:28:44 -0500] "GET /contact-form/Generate_Captcha_Code.php?rand=1037250086 HTTP/1.1" 200 2098 "-" "meta-externalagent/1.1 (+https://developers.facebook.com/docs/sharing/webmasters/crawler)"
57.141.2.61 - - [16/Dec/2025:01:28:46 -0500] "GET /contact-form/Generate_Captcha_Code.php?rand=1037250086 HTTP/1.1" 200 2188 "-" "meta-externalagent/1.1 (+https://developers.facebook.com/docs/sharing/webmasters/crawler)"
66.249.70.142 - - [16/Dec/2025:01:29:06 -0500] "GET /?products/2609133/ HTTP/1.1" 200 17996 "-" "Mozilla/5.0 (Linux; Android 6.0.1; Nexus 5X Build/MMB29P) AppleWebKit/537.36 (KHTML, like Gecko) Chrome/141.0.7390.122 Mobile Safari/537.36 (compatible; Googlebot/2.1; +http://www.google.com/bot.html)"
66.249.70.141 - - [16/Dec/2025:01:29:15 -0500] "GET /?product/edit/89299722 HTTP/1.1" 200 17503 "-" "Mozilla/5.0 (Linux; Android 6.0.1; Nexus 5X Build/MMB29P) AppleWebKit/537.36 (KHTML, like Gecko) Chrome/141.0.7390.122 Mobile Safari/537.36 (compatible; Googlebot/2.1; +http://www.google.com/bot.html)"
66.249.70.141 - - [16/Dec/2025:01:29:50 -0500] "GET /?products/2682399/ HTTP/1.1" 200 17833 "-" "Mozilla/5.0 (Linux; Android 6.0.1; Nexus 5X Build/MMB29P) AppleWebKit/537.36 (KHTML, like Gecko) Chrome/141.0.7390.122 Mobile Safari/537.36 (compatible; Googlebot/2.1; +http://www.google.com/bot.html)"
66.249.70.141 - - [16/Dec/2025:01:29:57 -0500] "GET /?products/25583388/ HTTP/1.1" 200 17678 "-" "Mozilla/5.0 (Linux; Android 6.0.1; Nexus 5X Build/MMB29P) AppleWebKit/537.36 (KHTML, like Gecko) Chrome/141.0.7390.122 Mobile Safari/537.36 (compatible; Googlebot/2.1; +http://www.google.com/bot.html)"
66.249.70.128 - - [16/Dec/2025:01:27:46 -0500] "GET /?products/681899/ HTTP/1.1" 200 18651 "-" "Mozilla/5.0 (Linux; Android 6.0.1; Nexus 5X Build/MMB29P) AppleWebKit/537.36 (KHTML, like Gecko) Chrome/141.0.7390.122 Mobile Safari/537.36 (compatible; Googlebot/2.1; +http://www.google.com/bot.html)"
66.249.70.142 - - [16/Dec/2025:01:27:47 -0500] "GET /?products/17940577/ HTTP/1.1" 200 18106 "-" "Mozilla/5.0 (Linux; Android 6.0.1; Nexus 5X Build/MMB29P) AppleWebKit/537.36 (KHTML, like Gecko) Chrome/141.0.7390.122 Mobile Safari/537.36 (compatible; Googlebot/2.1; +http://www.google.com/bot.html)"
66.249.70.128 - - [16/Dec/2025:01:27:57 -0500] "GET /?products/21957200/ HTTP/1.1" 200 18166 "-" "Mozilla/5.0 (Linux; Android 6.0.1; Nexus 5X Build/MMB29P) AppleWebKit/537.36 (KHTML, like Gecko) Chrome/141.0.7390.122 Mobile Safari/537.36 (compatible; Googlebot/2.1; +http://www.google.com/bot.html)"
57.141.2.26 - - [16/Dec/2025:01:28:14 -0500] "GET /?products/18726800/ HTTP/1.1" 200 42342 "-" "meta-externalagent/1.1 (+https://developers.facebook.com/docs/sharing/webmasters/crawler)"
66.249.70.141 - - [16/Dec/2025:01:29:32 -0500] "GET /?products/15512755/ HTTP/1.1" 200 17521 "-" "Mozilla/5.0 (Linux; Android 6.0.1; Nexus 5X Build/MMB29P) AppleWebKit/537.36 (KHTML, like Gecko) Chrome/141.0.7390.122 Mobile Safari/537.36 (compatible; Googlebot/2.1; +http://www.google.com/bot.html)"
66.249.70.141 - - [16/Dec/2025:01:29:35 -0500] "GET /?products/17582299/ HTTP/1.1" 200 19063 "-" "Mozilla/5.0 (Linux; Android 6.0.1; Nexus 5X Build/MMB29P) AppleWebKit/537.36 (KHTML, like Gecko) Chrome/141.0.7390.122 Mobile Safari/537.36 (compatible; Googlebot/2.1; +http://www.google.com/bot.html)"
57.141.2.82 - - [16/Dec/2025:01:29:52 -0500] "GET /?products/15674777/ HTTP/1.1" 200 42341 "-" "meta-externalagent/1.1 (+https://developers.facebook.com/docs/sharing/webmasters/crawler)"
66.249.70.141 - - [16/Dec/2025:01:29:52 -0500] "GET /?products/6381666/ HTTP/1.1" 200 17489 "-" "Mozilla/5.0 (Linux; Android 6.0.1; Nexus 5X Build/MMB29P) AppleWebKit/537.36 (KHTML, like Gecko) Chrome/141.0.7390.122 Mobile Safari/537.36 (compatible; Googlebot/2.1; +http://www.google.com/bot.html)"
66.249.70.141 - - [16/Dec/2025:01:29:53 -0500] "GET /?products/30430644/ HTTP/1.1" 200 17735 "-" "Mozilla/5.0 (Linux; Android 6.0.1; Nexus 5X Build/MMB29P) AppleWebKit/537.36 (KHTML, like Gecko) Chrome/141.0.7390.122 Mobile Safari/537.36 (compatible; Googlebot/2.1; +http://www.google.com/bot.html)"
66.249.70.128 - - [16/Dec/2025:01:30:17 -0500] "GET /?products/7293366/ HTTP/1.1" 200 18851 "-" "Mozilla/5.0 (Linux; Android 6.0.1; Nexus 5X Build/MMB29P) AppleWebKit/537.36 (KHTML, like Gecko) Chrome/141.0.7390.122 Mobile Safari/537.36 (compatible; Googlebot/2.1; +http://www.google.com/bot.html)"
57.141.2.88 - - [16/Dec/2025:01:31:01 -0500] "GET /?products/5030966/ HTTP/1.1" 200 42342 "-" "meta-externalagent/1.1 (+https://developers.facebook.com/docs/sharing/webmasters/crawler)"
57.141.2.58 - - [16/Dec/2025:01:31:10 -0500] "GET /?products/26102822/ HTTP/1.1" 200 42342 "-" "meta-externalagent/1.1 (+https://developers.facebook.com/docs/sharing/webmasters/crawler)"
66.249.70.141 - - [16/Dec/2025:01:31:14 -0500] "GET /?products/20837900/ HTTP/1.1" 200 18067 "-" "Mozilla/5.0 (Linux; Android 6.0.1; Nexus 5X Build/MMB29P) AppleWebKit/537.36 (KHTML, like Gecko) Chrome/141.0.7390.122 Mobile Safari/537.36 (compatible; Googlebot/2.1; +http://www.google.com/bot.html)"
57.141.2.12 - - [16/Dec/2025:01:31:37 -0500] "GET /contact-form/Generate_Captcha_Code.php?rand=1236649193 HTTP/1.1" 200 2125 "-" "meta-externalagent/1.1 (+https://developers.facebook.com/docs/sharing/webmasters/crawler)"
57.141.2.16 - - [16/Dec/2025:01:31:38 -0500] "GET /contact-form/Generate_Captcha_Code.php?rand=1236649193 HTTP/1.1" 200 2481 "-" "meta-externalagent/1.1 (+https://developers.facebook.com/docs/sharing/webmasters/crawler)"
57.141.2.34 - - [16/Dec/2025:01:31:43 -0500] "GET /?products/19806011/ HTTP/1.1" 200 42341 "-" "meta-externalagent/1.1 (+https://developers.facebook.com/docs/sharing/webmasters/crawler)"
66.249.70.141 - - [16/Dec/2025:01:31:44 -0500] "GET /?products/7675177/ HTTP/1.1" 200 18460 "-" "Mozilla/5.0 (Linux; Android 6.0.1; Nexus 5X Build/MMB29P) AppleWebKit/537.36 (KHTML, like Gecko) Chrome/141.0.7390.122 Mobile Safari/537.36 (compatible; Googlebot/2.1; +http://www.google.com/bot.html)"
57.141.2.9 - - [16/Dec/2025:01:31:55 -0500] "GET /?products/16715155/ HTTP/1.1" 200 42341 "-" "meta-externalagent/1.1 (+https://developers.facebook.com/docs/sharing/webmasters/crawler)"
66.249.70.128 - - [16/Dec/2025:01:32:02 -0500] "GET /?products/17977388/ HTTP/1.1" 200 18183 "-" "Mozilla/5.0 (Linux; Android 6.0.1; Nexus 5X Build/MMB29P) AppleWebKit/537.36 (KHTML, like Gecko) Chrome/141.0.7390.122 Mobile Safari/537.36 (compatible; Googlebot/2.1; +http://www.google.com/bot.html)"
66.249.70.141 - - [16/Dec/2025:01:32:23 -0500] "GET /?products/16498833/ HTTP/1.1" 200 18752 "-" "Mozilla/5.0 (Linux; Android 6.0.1; Nexus 5X Build/MMB29P) AppleWebKit/537.36 (KHTML, like Gecko) Chrome/141.0.7390.122 Mobile Safari/537.36 (compatible; Googlebot/2.1; +http://www.google.com/bot.html)"
57.141.2.68 - - [16/Dec/2025:01:32:32 -0500] "GET /?products/1929699/ HTTP/1.1" 200 42340 "-" "meta-externalagent/1.1 (+https://developers.facebook.com/docs/sharing/webmasters/crawler)"
57.141.2.6 - - [16/Dec/2025:01:32:32 -0500] "GET /?products/1728077/ HTTP/1.1" 200 42341 "-" "meta-externalagent/1.1 (+https://developers.facebook.com/docs/sharing/webmasters/crawler)"
57.141.2.33 - - [16/Dec/2025:01:32:39 -0500] "GET /?products/6360288/ HTTP/1.1" 200 42342 "-" "meta-externalagent/1.1 (+https://developers.facebook.com/docs/sharing/webmasters/crawler)"
66.249.70.128 - - [16/Dec/2025:01:33:15 -0500] "GET /?products/2882200/ HTTP/1.1" 200 17730 "-" "Mozilla/5.0 (Linux; Android 6.0.1; Nexus 5X Build/MMB29P) AppleWebKit/537.36 (KHTML, like Gecko) Chrome/141.0.7390.122 Mobile Safari/537.36 (compatible; Googlebot/2.1; +http://www.google.com/bot.html)"
66.249.70.142 - - [16/Dec/2025:01:33:21 -0500] "GET /?products/1321766/ HTTP/1.1" 200 17480 "-" "Mozilla/5.0 (Linux; Android 6.0.1; Nexus 5X Build/MMB29P) AppleWebKit/537.36 (KHTML, like Gecko) Chrome/141.0.7390.122 Mobile Safari/537.36 (compatible; Googlebot/2.1; +http://www.google.com/bot.html)"
66.249.70.141 - - [16/Dec/2025:01:33:35 -0500] "GET /?products/24503733/ HTTP/1.1" 200 18476 "-" "Mozilla/5.0 (Linux; Android 6.0.1; Nexus 5X Build/MMB29P) AppleWebKit/537.36 (KHTML, like Gecko) Chrome/141.0.7390.122 Mobile Safari/537.36 (compatible; Googlebot/2.1; +http://www.google.com/bot.html)"
66.249.70.141 - - [16/Dec/2025:01:31:20 -0500] "GET /?products/17024611/ HTTP/1.1" 200 17653 "-" "Mozilla/5.0 (Linux; Android 6.0.1; Nexus 5X Build/MMB29P) AppleWebKit/537.36 (KHTML, like Gecko) Chrome/141.0.7390.122 Mobile Safari/537.36 (compatible; Googlebot/2.1; +http://www.google.com/bot.html)"
57.141.2.35 - - [16/Dec/2025:01:31:47 -0500] "GET /?products/15527699/ HTTP/1.1" 200 42342 "-" "meta-externalagent/1.1 (+https://developers.facebook.com/docs/sharing/webmasters/crawler)"
66.249.70.141 - - [16/Dec/2025:01:31:51 -0500] "GET /?products/7527899/ HTTP/1.1" 200 17999 "-" "Mozilla/5.0 (Linux; Android 6.0.1; Nexus 5X Build/MMB29P) AppleWebKit/537.36 (KHTML, like Gecko) Chrome/141.0.7390.122 Mobile Safari/537.36 (compatible; Googlebot/2.1; +http://www.google.com/bot.html)"
66.249.70.141 - - [16/Dec/2025:01:31:53 -0500] "GET /?products/12179333/ HTTP/1.1" 200 18217 "-" "Mozilla/5.0 (Linux; Android 6.0.1; Nexus 5X Build/MMB29P) AppleWebKit/537.36 (KHTML, like Gecko) Chrome/141.0.7390.122 Mobile Safari/537.36 (compatible; Googlebot/2.1; +http://www.google.com/bot.html)"
66.249.70.141 - - [16/Dec/2025:01:31:55 -0500] "GET /?products/22498211/ HTTP/1.1" 200 18910 "-" "Mozilla/5.0 (Linux; Android 6.0.1; Nexus 5X Build/MMB29P) AppleWebKit/537.36 (KHTML, like Gecko) Chrome/141.0.7390.122 Mobile Safari/537.36 (compatible; Googlebot/2.1; +http://www.google.com/bot.html)"
66.249.70.141 - - [16/Dec/2025:01:31:58 -0500] "GET /?products/26156699/ HTTP/1.1" 200 17630 "-" "Mozilla/5.0 (Linux; Android 6.0.1; Nexus 5X Build/MMB29P) AppleWebKit/537.36 (KHTML, like Gecko) Chrome/141.0.7390.122 Mobile Safari/537.36 (compatible; Googlebot/2.1; +http://www.google.com/bot.html)"
57.141.2.5 - - [16/Dec/2025:01:32:01 -0500] "GET /?products/17082322/ HTTP/1.1" 200 42341 "-" "meta-externalagent/1.1 (+https://developers.facebook.com/docs/sharing/webmasters/crawler)"
66.249.70.128 - - [16/Dec/2025:01:32:03 -0500] "GET /?products/3776255/ HTTP/1.1" 200 17332 "-" "Mozilla/5.0 (Linux; Android 6.0.1; Nexus 5X Build/MMB29P) AppleWebKit/537.36 (KHTML, like Gecko) Chrome/141.0.7390.122 Mobile Safari/537.36 (compatible; Googlebot/2.1; +http://www.google.com/bot.html)"
57.141.2.78 - - [16/Dec/2025:01:32:09 -0500] "GET /?products/7894177/ HTTP/1.1" 200 42342 "-" "meta-externalagent/1.1 (+https://developers.facebook.com/docs/sharing/webmasters/crawler)"
66.249.70.142 - - [16/Dec/2025:01:32:25 -0500] "GET /?products/21490444/ HTTP/1.1" 200 17462 "-" "Mozilla/5.0 (Linux; Android 6.0.1; Nexus 5X Build/MMB29P) AppleWebKit/537.36 (KHTML, like Gecko) Chrome/141.0.7390.122 Mobile Safari/537.36 (compatible; Googlebot/2.1; +http://www.google.com/bot.html)"
57.141.2.30 - - [16/Dec/2025:01:32:28 -0500] "GET /?products/10421122/ HTTP/1.1" 200 42341 "-" "meta-externalagent/1.1 (+https://developers.facebook.com/docs/sharing/webmasters/crawler)"
57.141.2.32 - - [16/Dec/2025:01:32:29 -0500] "GET /?products/27190722/ HTTP/1.1" 200 42341 "-" "meta-externalagent/1.1 (+https://developers.facebook.com/docs/sharing/webmasters/crawler)"
57.141.2.57 - - [16/Dec/2025:01:33:06 -0500] "GET /?products/27546022/ HTTP/1.1" 200 42342 "-" "meta-externalagent/1.1 (+https://developers.facebook.com/docs/sharing/webmasters/crawler)"
57.141.2.21 - - [16/Dec/2025:01:33:25 -0500] "GET /?products/12191833/ HTTP/1.1" 200 42341 "-" "meta-externalagent/1.1 (+https://developers.facebook.com/docs/sharing/webmasters/crawler)"
66.249.70.141 - - [16/Dec/2025:01:33:49 -0500] "GET /?products/10337011/ HTTP/1.1" 200 19003 "-" "Mozilla/5.0 (Linux; Android 6.0.1; Nexus 5X Build/MMB29P) AppleWebKit/537.36 (KHTML, like Gecko) Chrome/141.0.7390.122 Mobile Safari/537.36 (compatible; Googlebot/2.1; +http://www.google.com/bot.html)"
57.141.2.10 - - [16/Dec/2025:01:34:05 -0500] "GET /?products/7908100/ HTTP/1.1" 200 42342 "-" "meta-externalagent/1.1 (+https://developers.facebook.com/docs/sharing/webmasters/crawler)"
57.141.2.3 - - [16/Dec/2025:01:34:14 -0500] "GET /?products/13521977/ HTTP/1.1" 200 42341 "-" "meta-externalagent/1.1 (+https://developers.facebook.com/docs/sharing/webmasters/crawler)"
66.249.70.141 - - [16/Dec/2025:01:33:55 -0500] "GET /?products/1772999/ HTTP/1.1" 200 17796 "-" "Mozilla/5.0 (Linux; Android 6.0.1; Nexus 5X Build/MMB29P) AppleWebKit/537.36 (KHTML, like Gecko) Chrome/141.0.7390.122 Mobile Safari/537.36 (compatible; Googlebot/2.1; +http://www.google.com/bot.html)"
57.141.2.5 - - [16/Dec/2025:01:34:42 -0500] "GET /?products/26758022/ HTTP/1.1" 200 42342 "-" "meta-externalagent/1.1 (+https://developers.facebook.com/docs/sharing/webmasters/crawler)"
57.141.2.34 - - [16/Dec/2025:01:34:44 -0500] "GET /contact-form/Generate_Captcha_Code.php?rand=1070099647 HTTP/1.1" 200 1870 "-" "meta-externalagent/1.1 (+https://developers.facebook.com/docs/sharing/webmasters/crawler)"
57.141.2.10 - - [16/Dec/2025:01:34:45 -0500] "GET /contact-form/Generate_Captcha_Code.php?rand=1070099647 HTTP/1.1" 200 2228 "-" "meta-externalagent/1.1 (+https://developers.facebook.com/docs/sharing/webmasters/crawler)"
57.141.2.6 - - [16/Dec/2025:01:34:47 -0500] "GET /?products/5580288/ HTTP/1.1" 200 42340 "-" "meta-externalagent/1.1 (+https://developers.facebook.com/docs/sharing/webmasters/crawler)"
57.141.2.30 - - [16/Dec/2025:01:35:06 -0500] "GET /?products/22585577/ HTTP/1.1" 200 42341 "-" "meta-externalagent/1.1 (+https://developers.facebook.com/docs/sharing/webmasters/crawler)"
57.141.2.21 - - [16/Dec/2025:01:35:24 -0500] "GET /?products/15132577/ HTTP/1.1" 200 42341 "-" "meta-externalagent/1.1 (+https://developers.facebook.com/docs/sharing/webmasters/crawler)"
66.249.70.142 - - [16/Dec/2025:01:35:25 -0500] "GET /?products/8108166/ HTTP/1.1" 200 17898 "-" "Mozilla/5.0 (Linux; Android 6.0.1; Nexus 5X Build/MMB29P) AppleWebKit/537.36 (KHTML, like Gecko) Chrome/141.0.7390.122 Mobile Safari/537.36 (compatible; Googlebot/2.1; +http://www.google.com/bot.html)"
66.249.70.142 - - [16/Dec/2025:01:35:44 -0500] "GET /?products/21711799/ HTTP/1.1" 200 18051 "-" "Mozilla/5.0 (Linux; Android 6.0.1; Nexus 5X Build/MMB29P) AppleWebKit/537.36 (KHTML, like Gecko) Chrome/141.0.7390.122 Mobile Safari/537.36 (compatible; Googlebot/2.1; +http://www.google.com/bot.html)"
66.249.70.141 - - [16/Dec/2025:01:35:58 -0500] "GET /?products/19153577/ HTTP/1.1" 200 18019 "-" "Mozilla/5.0 (Linux; Android 6.0.1; Nexus 5X Build/MMB29P) AppleWebKit/537.36 (KHTML, like Gecko) Chrome/141.0.7390.122 Mobile Safari/537.36 (compatible; Googlebot/2.1; +http://www.google.com/bot.html)"
66.249.70.142 - - [16/Dec/2025:01:36:20 -0500] "GET /?products/25947922/ HTTP/1.1" 200 18216 "-" "Mozilla/5.0 (Linux; Android 6.0.1; Nexus 5X Build/MMB29P) AppleWebKit/537.36 (KHTML, like Gecko) Chrome/141.0.7390.122 Mobile Safari/537.36 (compatible; Googlebot/2.1; +http://www.google.com/bot.html)"
66.249.70.142 - - [16/Dec/2025:01:36:33 -0500] "GET /?products/4932644/ HTTP/1.1" 200 18048 "-" "Mozilla/5.0 (Linux; Android 6.0.1; Nexus 5X Build/MMB29P) AppleWebKit/537.36 (KHTML, like Gecko) Chrome/141.0.7390.122 Mobile Safari/537.36 (compatible; Googlebot/2.1; +http://www.google.com/bot.html)"
47.128.121.75 - - [16/Dec/2025:01:37:07 -0500] "GET /common/owl-carousel/css/owl.carousel.min.css HTTP/1.1" 200 917 "https://www.taxigalle.com/view-service.php?id=3" "Mozilla/5.0 (Linux; Android 5.0) AppleWebKit/537.36 (KHTML, like Gecko) Mobile Safari/537.36 (compatible; TikTokSpider; [email protected])"
47.128.121.75 - - [16/Dec/2025:01:37:07 -0500] "GET /css/style.css HTTP/1.1" 200 8669 "https://www.taxigalle.com/view-service.php?id=3" "Mozilla/5.0 (Linux; Android 5.0) AppleWebKit/537.36 (KHTML, like Gecko) Mobile Safari/537.36 (compatible; TikTokSpider; [email protected])"
47.128.121.75 - - [16/Dec/2025:01:37:10 -0500] "GET /images/book-a-ride-banner.jpg HTTP/1.1" 206 500 "https://www.taxigalle.com/css/style.css" "Mozilla/5.0 (Linux; Android 5.0) AppleWebKit/537.36 (KHTML, like Gecko) Mobile Safari/537.36 (compatible; TikTokSpider; [email protected])"
57.141.2.75 - - [16/Dec/2025:01:37:54 -0500] "GET /?products/4612544/ HTTP/1.1" 200 42342 "-" "meta-externalagent/1.1 (+https://developers.facebook.com/docs/sharing/webmasters/crawler)"
57.141.2.9 - - [16/Dec/2025:01:35:23 -0500] "GET /?products/13385377/ HTTP/1.1" 200 42341 "-" "meta-externalagent/1.1 (+https://developers.facebook.com/docs/sharing/webmasters/crawler)"
66.249.70.141 - - [16/Dec/2025:01:35:49 -0500] "GET /?products/12408222/ HTTP/1.1" 200 18437 "-" "Mozilla/5.0 (Linux; Android 6.0.1; Nexus 5X Build/MMB29P) AppleWebKit/537.36 (KHTML, like Gecko) Chrome/141.0.7390.122 Mobile Safari/537.36 (compatible; Googlebot/2.1; +http://www.google.com/bot.html)"
57.141.2.61 - - [16/Dec/2025:01:36:49 -0500] "GET /?products/16412699/ HTTP/1.1" 200 42341 "-" "meta-externalagent/1.1 (+https://developers.facebook.com/docs/sharing/webmasters/crawler)"
47.128.121.75 - - [16/Dec/2025:01:37:07 -0500] "GET /view-service.php?id=3 HTTP/1.1" 200 3150 "-" "Mozilla/5.0 (Linux; Android 5.0) AppleWebKit/537.36 (KHTML, like Gecko) Mobile Safari/537.36 (compatible; TikTokSpider; [email protected])"
47.128.121.75 - - [16/Dec/2025:01:37:07 -0500] "GET /common/fancybox/jquery.fancybox.min.css HTTP/1.1" 200 2897 "https://www.taxigalle.com/view-service.php?id=3" "Mozilla/5.0 (Linux; Android 5.0) AppleWebKit/537.36 (KHTML, like Gecko) Mobile Safari/537.36 (compatible; TikTokSpider; [email protected])"
47.128.121.75 - - [16/Dec/2025:01:37:07 -0500] "GET /images/logo07.png HTTP/1.1" 206 500 "https://www.taxigalle.com/view-service.php?id=3" "Mozilla/5.0 (Linux; Android 5.0) AppleWebKit/537.36 (KHTML, like Gecko) Mobile Safari/537.36 (compatible; TikTokSpider; [email protected])"
47.128.121.75 - - [16/Dec/2025:01:37:07 -0500] "GET /css/custom.css HTTP/1.1" 200 31 "https://www.taxigalle.com/view-service.php?id=3" "Mozilla/5.0 (Linux; Android 5.0) AppleWebKit/537.36 (KHTML, like Gecko) Mobile Safari/537.36 (compatible; TikTokSpider; [email protected])"
47.128.121.75 - - [16/Dec/2025:01:37:07 -0500] "GET /common/bootstrap/css/bootstrap.min.css HTTP/1.1" 200 21469 "https://www.taxigalle.com/view-service.php?id=3" "Mozilla/5.0 (Linux; Android 5.0) AppleWebKit/537.36 (KHTML, like Gecko) Mobile Safari/537.36 (compatible; TikTokSpider; [email protected])"
47.128.121.75 - - [16/Dec/2025:01:37:07 -0500] "GET /upload/service/gallery/-125390564942_65812575964_1601555492_n.jpg HTTP/1.1" 206 500 "https://www.taxigalle.com/view-service.php?id=3" "Mozilla/5.0 (Linux; Android 5.0) AppleWebKit/537.36 (KHTML, like Gecko) Mobile Safari/537.36 (compatible; TikTokSpider; [email protected])"
47.128.121.75 - - [16/Dec/2025:01:37:07 -0500] "GET /images/whatsapp.png HTTP/1.1" 206 500 "https://www.taxigalle.com/view-service.php?id=3" "Mozilla/5.0 (Linux; Android 5.0) AppleWebKit/537.36 (KHTML, like Gecko) Mobile Safari/537.36 (compatible; TikTokSpider; [email protected])"
47.128.121.75 - - [16/Dec/2025:01:37:10 -0500] "GET /images/menubar.png HTTP/1.1" 206 500 "https://www.taxigalle.com/css/style.css" "Mozilla/5.0 (Linux; Android 5.0) AppleWebKit/537.36 (KHTML, like Gecko) Mobile Safari/537.36 (compatible; TikTokSpider; [email protected])"
57.141.2.58 - - [16/Dec/2025:01:37:42 -0500] "GET /?products/15478300/ HTTP/1.1" 200 42342 "-" "meta-externalagent/1.1 (+https://developers.facebook.com/docs/sharing/webmasters/crawler)"
57.141.2.68 - - [16/Dec/2025:01:38:03 -0500] "GET /?products/22444822/ HTTP/1.1" 200 42341 "-" "meta-externalagent/1.1 (+https://developers.facebook.com/docs/sharing/webmasters/crawler)"
66.249.70.142 - - [16/Dec/2025:01:38:11 -0500] "GET /?products/1354488/ HTTP/1.1" 200 18028 "-" "Mozilla/5.0 (Linux; Android 6.0.1; Nexus 5X Build/MMB29P) AppleWebKit/537.36 (KHTML, like Gecko) Chrome/141.0.7390.122 Mobile Safari/537.36 (compatible; Googlebot/2.1; +http://www.google.com/bot.html)"
57.141.2.70 - - [16/Dec/2025:01:38:32 -0500] "GET /?products/18443666/ HTTP/1.1" 200 42341 "-" "meta-externalagent/1.1 (+https://developers.facebook.com/docs/sharing/webmasters/crawler)"
66.249.70.141 - - [16/Dec/2025:01:39:21 -0500] "GET /?products/826599/ HTTP/1.1" 200 18244 "-" "Mozilla/5.0 (Linux; Android 6.0.1; Nexus 5X Build/MMB29P) AppleWebKit/537.36 (KHTML, like Gecko) Chrome/141.0.7390.122 Mobile Safari/537.36 (compatible; Googlebot/2.1; +http://www.google.com/bot.html)"
66.249.70.141 - - [16/Dec/2025:01:38:04 -0500] "GET /?products/4750733/ HTTP/1.1" 200 18018 "-" "Mozilla/5.0 (Linux; Android 6.0.1; Nexus 5X Build/MMB29P) AppleWebKit/537.36 (KHTML, like Gecko) Chrome/141.0.7390.122 Mobile Safari/537.36 (compatible; Googlebot/2.1; +http://www.google.com/bot.html)"
57.141.2.34 - - [16/Dec/2025:01:38:21 -0500] "GET /?products/29262022/ HTTP/1.1" 200 42341 "-" "meta-externalagent/1.1 (+https://developers.facebook.com/docs/sharing/webmasters/crawler)"
66.249.70.141 - - [16/Dec/2025:01:38:26 -0500] "GET /?products/718422/ HTTP/1.1" 200 17581 "-" "Mozilla/5.0 (Linux; Android 6.0.1; Nexus 5X Build/MMB29P) AppleWebKit/537.36 (KHTML, like Gecko) Chrome/141.0.7390.122 Mobile Safari/537.36 (compatible; Googlebot/2.1; +http://www.google.com/bot.html)"
66.249.70.141 - - [16/Dec/2025:01:38:46 -0500] "GET /?products/9254599/ HTTP/1.1" 200 17802 "-" "Mozilla/5.0 (compatible; Googlebot/2.1; +http://www.google.com/bot.html)"
57.141.2.9 - - [16/Dec/2025:01:38:57 -0500] "GET /?products/3926499/ HTTP/1.1" 200 42342 "-" "meta-externalagent/1.1 (+https://developers.facebook.com/docs/sharing/webmasters/crawler)"
66.249.70.141 - - [16/Dec/2025:01:40:34 -0500] "GET /?products/21009688/ HTTP/1.1" 200 18618 "-" "Mozilla/5.0 (Linux; Android 6.0.1; Nexus 5X Build/MMB29P) AppleWebKit/537.36 (KHTML, like Gecko) Chrome/141.0.7390.122 Mobile Safari/537.36 (compatible; Googlebot/2.1; +http://www.google.com/bot.html)"
57.141.2.3 - - [16/Dec/2025:01:40:44 -0500] "GET /?products/21030299/ HTTP/1.1" 200 42342 "-" "meta-externalagent/1.1 (+https://developers.facebook.com/docs/sharing/webmasters/crawler)"
57.141.2.20 - - [16/Dec/2025:01:41:33 -0500] "GET /?products/3322644/ HTTP/1.1" 200 42342 "-" "meta-externalagent/1.1 (+https://developers.facebook.com/docs/sharing/webmasters/crawler)"
66.249.70.141 - - [16/Dec/2025:01:41:40 -0500] "GET /?products/6631477/ HTTP/1.1" 200 18155 "-" "Mozilla/5.0 (Linux; Android 6.0.1; Nexus 5X Build/MMB29P) AppleWebKit/537.36 (KHTML, like Gecko) Chrome/141.0.7390.122 Mobile Safari/537.36 (compatible; Googlebot/2.1; +http://www.google.com/bot.html)"
57.141.2.32 - - [16/Dec/2025:01:41:55 -0500] "GET /contact-form/Generate_Captcha_Code.php?rand=690679114 HTTP/1.1" 200 2438 "-" "meta-externalagent/1.1 (+https://developers.facebook.com/docs/sharing/webmasters/crawler)"
57.141.2.29 - - [16/Dec/2025:01:42:35 -0500] "GET /contact-form/Generate_Captcha_Code.php?rand=2121181732 HTTP/1.1" 200 2516 "-" "meta-externalagent/1.1 (+https://developers.facebook.com/docs/sharing/webmasters/crawler)"
57.141.2.86 - - [16/Dec/2025:01:42:35 -0500] "GET /contact-form/Generate_Captcha_Code.php?rand=690679114 HTTP/1.1" 200 2299 "-" "meta-externalagent/1.1 (+https://developers.facebook.com/docs/sharing/webmasters/crawler)"
57.141.2.78 - - [16/Dec/2025:01:43:27 -0500] "GET /?products/8122599/ HTTP/1.1" 200 42342 "-" "meta-externalagent/1.1 (+https://developers.facebook.com/docs/sharing/webmasters/crawler)"
57.141.2.13 - - [16/Dec/2025:01:44:09 -0500] "GET /contact-form/Generate_Captcha_Code.php?rand=219337128 HTTP/1.1" 200 2417 "-" "meta-externalagent/1.1 (+https://developers.facebook.com/docs/sharing/webmasters/crawler)"
57.141.2.85 - - [16/Dec/2025:01:44:27 -0500] "GET /?products/12916644/ HTTP/1.1" 200 42342 "-" "meta-externalagent/1.1 (+https://developers.facebook.com/docs/sharing/webmasters/crawler)"
57.141.2.16 - - [16/Dec/2025:01:44:34 -0500] "GET /contact-form/Generate_Captcha_Code.php?rand=866637408 HTTP/1.1" 200 2123 "-" "meta-externalagent/1.1 (+https://developers.facebook.com/docs/sharing/webmasters/crawler)"
57.141.2.38 - - [16/Dec/2025:01:44:58 -0500] "GET /?products/26032544/ HTTP/1.1" 200 42340 "-" "meta-externalagent/1.1 (+https://developers.facebook.com/docs/sharing/webmasters/crawler)"
57.141.2.4 - - [16/Dec/2025:01:45:05 -0500] "GET /?products/27699611/ HTTP/1.1" 200 42342 "-" "meta-externalagent/1.1 (+https://developers.facebook.com/docs/sharing/webmasters/crawler)"
57.141.2.53 - - [16/Dec/2025:01:45:06 -0500] "GET /?products/19294877/ HTTP/1.1" 200 42341 "-" "meta-externalagent/1.1 (+https://developers.facebook.com/docs/sharing/webmasters/crawler)"
57.141.2.15 - - [16/Dec/2025:01:46:06 -0500] "GET /contact-form/Generate_Captcha_Code.php?rand=821587587 HTTP/1.1" 200 2367 "-" "meta-externalagent/1.1 (+https://developers.facebook.com/docs/sharing/webmasters/crawler)"
57.141.2.15 - - [16/Dec/2025:01:46:28 -0500] "GET /?products/27218799/ HTTP/1.1" 200 42341 "-" "meta-externalagent/1.1 (+https://developers.facebook.com/docs/sharing/webmasters/crawler)"
57.141.2.73 - - [16/Dec/2025:01:48:11 -0500] "GET /?products/26497644/ HTTP/1.1" 200 42342 "-" "meta-externalagent/1.1 (+https://developers.facebook.com/docs/sharing/webmasters/crawler)"
57.141.2.18 - - [16/Dec/2025:01:48:39 -0500] "GET /?products/12285433/ HTTP/1.1" 200 42342 "-" "meta-externalagent/1.1 (+https://developers.facebook.com/docs/sharing/webmasters/crawler)"
57.141.2.9 - - [16/Dec/2025:01:48:57 -0500] "GET /?products/7818700/ HTTP/1.1" 200 42339 "-" "meta-externalagent/1.1 (+https://developers.facebook.com/docs/sharing/webmasters/crawler)"
66.249.70.141 - - [16/Dec/2025:01:41:06 -0500] "GET /?products/3280322/ HTTP/1.1" 200 18106 "-" "Mozilla/5.0 (Linux; Android 6.0.1; Nexus 5X Build/MMB29P) AppleWebKit/537.36 (KHTML, like Gecko) Chrome/141.0.7390.122 Mobile Safari/537.36 (compatible; Googlebot/2.1; +http://www.google.com/bot.html)"
66.249.70.128 - - [16/Dec/2025:01:41:07 -0500] "GET /?products/2950544/ HTTP/1.1" 200 18236 "-" "Mozilla/5.0 (Linux; Android 6.0.1; Nexus 5X Build/MMB29P) AppleWebKit/537.36 (KHTML, like Gecko) Chrome/141.0.7390.122 Mobile Safari/537.36 (compatible; Googlebot/2.1; +http://www.google.com/bot.html)"
57.141.2.7 - - [16/Dec/2025:01:41:34 -0500] "GET /contact-form/Generate_Captcha_Code.php?rand=2121181732 HTTP/1.1" 200 2212 "-" "meta-externalagent/1.1 (+https://developers.facebook.com/docs/sharing/webmasters/crawler)"
57.141.2.15 - - [16/Dec/2025:01:42:58 -0500] "GET /?products/26859399/ HTTP/1.1" 200 42341 "-" "meta-externalagent/1.1 (+https://developers.facebook.com/docs/sharing/webmasters/crawler)"
57.141.2.20 - - [16/Dec/2025:01:44:07 -0500] "GET /contact-form/Generate_Captcha_Code.php?rand=219337128 HTTP/1.1" 200 2064 "-" "meta-externalagent/1.1 (+https://developers.facebook.com/docs/sharing/webmasters/crawler)"
57.141.2.35 - - [16/Dec/2025:01:44:33 -0500] "GET /contact-form/Generate_Captcha_Code.php?rand=866637408 HTTP/1.1" 200 2259 "-" "meta-externalagent/1.1 (+https://developers.facebook.com/docs/sharing/webmasters/crawler)"
57.141.2.28 - - [16/Dec/2025:01:44:59 -0500] "GET /?products/9885888/ HTTP/1.1" 200 42342 "-" "meta-externalagent/1.1 (+https://developers.facebook.com/docs/sharing/webmasters/crawler)"
57.141.2.69 - - [16/Dec/2025:01:46:07 -0500] "GET /contact-form/Generate_Captcha_Code.php?rand=821587587 HTTP/1.1" 200 1975 "-" "meta-externalagent/1.1 (+https://developers.facebook.com/docs/sharing/webmasters/crawler)"
57.141.2.11 - - [16/Dec/2025:01:46:07 -0500] "GET /?products/5408388/ HTTP/1.1" 200 42341 "-" "meta-externalagent/1.1 (+https://developers.facebook.com/docs/sharing/webmasters/crawler)"
57.141.2.76 - - [16/Dec/2025:01:46:52 -0500] "GET /contact-form/Generate_Captcha_Code.php?rand=752531343 HTTP/1.1" 200 2107 "-" "meta-externalagent/1.1 (+https://developers.facebook.com/docs/sharing/webmasters/crawler)"
57.141.2.8 - - [16/Dec/2025:01:46:53 -0500] "GET /contact-form/Generate_Captcha_Code.php?rand=752531343 HTTP/1.1" 200 2341 "-" "meta-externalagent/1.1 (+https://developers.facebook.com/docs/sharing/webmasters/crawler)"
57.141.2.25 - - [16/Dec/2025:01:47:47 -0500] "GET /?products/26829233/ HTTP/1.1" 200 42340 "-" "meta-externalagent/1.1 (+https://developers.facebook.com/docs/sharing/webmasters/crawler)"
57.141.2.53 - - [16/Dec/2025:01:47:47 -0500] "GET /?products/28630044/ HTTP/1.1" 200 42341 "-" "meta-externalagent/1.1 (+https://developers.facebook.com/docs/sharing/webmasters/crawler)"
57.141.2.2 - - [16/Dec/2025:01:48:07 -0500] "GET /?products/8759366/ HTTP/1.1" 200 42342 "-" "meta-externalagent/1.1 (+https://developers.facebook.com/docs/sharing/webmasters/crawler)"
57.141.2.87 - - [16/Dec/2025:01:50:12 -0500] "GET /?products/24129588/ HTTP/1.1" 200 42342 "-" "meta-externalagent/1.1 (+https://developers.facebook.com/docs/sharing/webmasters/crawler)"
66.249.70.141 - - [16/Dec/2025:01:50:33 -0500] "GET /common/fancybox/jquery.fancybox.min.js HTTP/1.1" 200 20983 "https://www.taxigalle.com/view-service.php?id=5" "Mozilla/5.0 (Linux; Android 6.0.1; Nexus 5X Build/MMB29P) AppleWebKit/537.36 (KHTML, like Gecko) Chrome/141.0.7390.122 Mobile Safari/537.36 (compatible; Googlebot/2.1; +http://www.google.com/bot.html)"
57.141.2.76 - - [16/Dec/2025:01:52:06 -0500] "GET /?products/29996477/ HTTP/1.1" 200 42342 "-" "meta-externalagent/1.1 (+https://developers.facebook.com/docs/sharing/webmasters/crawler)"
57.141.2.2 - - [16/Dec/2025:01:53:28 -0500] "GET /?products/13369044/ HTTP/1.1" 200 42342 "-" "meta-externalagent/1.1 (+https://developers.facebook.com/docs/sharing/webmasters/crawler)"
57.141.2.10 - - [16/Dec/2025:01:49:07 -0500] "GET /?products/21613266/ HTTP/1.1" 200 42342 "-" "meta-externalagent/1.1 (+https://developers.facebook.com/docs/sharing/webmasters/crawler)"
66.249.70.128 - - [16/Dec/2025:01:50:30 -0500] "GET /view-service.php?id=5 HTTP/1.1" 200 3128 "-" "Mozilla/5.0 (Linux; Android 6.0.1; Nexus 5X Build/MMB29P) AppleWebKit/537.36 (KHTML, like Gecko) Chrome/141.0.7390.122 Mobile Safari/537.36 (compatible; Googlebot/2.1; +http://www.google.com/bot.html)"
57.141.2.19 - - [16/Dec/2025:01:50:44 -0500] "GET /?products/28528788/ HTTP/1.1" 200 42342 "-" "meta-externalagent/1.1 (+https://developers.facebook.com/docs/sharing/webmasters/crawler)"
57.141.2.32 - - [16/Dec/2025:01:50:45 -0500] "GET /?products/27865644/ HTTP/1.1" 200 42342 "-" "meta-externalagent/1.1 (+https://developers.facebook.com/docs/sharing/webmasters/crawler)"
57.141.2.66 - - [16/Dec/2025:01:51:17 -0500] "GET /?products/16432499/ HTTP/1.1" 200 42342 "-" "meta-externalagent/1.1 (+https://developers.facebook.com/docs/sharing/webmasters/crawler)"
57.141.2.89 - - [16/Dec/2025:01:51:40 -0500] "GET /?products/25253199/ HTTP/1.1" 200 42342 "-" "meta-externalagent/1.1 (+https://developers.facebook.com/docs/sharing/webmasters/crawler)"
57.141.2.62 - - [16/Dec/2025:01:51:57 -0500] "GET /?products/19629266/ HTTP/1.1" 200 42342 "-" "meta-externalagent/1.1 (+https://developers.facebook.com/docs/sharing/webmasters/crawler)"
57.141.2.64 - - [16/Dec/2025:01:52:21 -0500] "GET /?products/12674966/ HTTP/1.1" 200 42341 "-" "meta-externalagent/1.1 (+https://developers.facebook.com/docs/sharing/webmasters/crawler)"
57.141.2.53 - - [16/Dec/2025:01:53:12 -0500] "GET /?products/19862844/ HTTP/1.1" 200 42342 "-" "meta-externalagent/1.1 (+https://developers.facebook.com/docs/sharing/webmasters/crawler)"
57.141.2.85 - - [16/Dec/2025:01:54:40 -0500] "GET /?products/5491977/ HTTP/1.1" 200 42342 "-" "meta-externalagent/1.1 (+https://developers.facebook.com/docs/sharing/webmasters/crawler)"
57.141.2.29 - - [16/Dec/2025:01:56:07 -0500] "GET /contact-form/Generate_Captcha_Code.php?rand=17478981 HTTP/1.1" 200 2133 "-" "meta-externalagent/1.1 (+https://developers.facebook.com/docs/sharing/webmasters/crawler)"
57.141.2.61 - - [16/Dec/2025:01:53:40 -0500] "GET /?products/18992000/ HTTP/1.1" 200 42342 "-" "meta-externalagent/1.1 (+https://developers.facebook.com/docs/sharing/webmasters/crawler)"
57.141.2.61 - - [16/Dec/2025:01:53:51 -0500] "GET /?products/3934300/ HTTP/1.1" 200 42341 "-" "meta-externalagent/1.1 (+https://developers.facebook.com/docs/sharing/webmasters/crawler)"
57.141.2.35 - - [16/Dec/2025:01:55:06 -0500] "GET /?products/17466011/ HTTP/1.1" 200 42341 "-" "meta-externalagent/1.1 (+https://developers.facebook.com/docs/sharing/webmasters/crawler)"
57.141.2.5 - - [16/Dec/2025:01:56:27 -0500] "GET /?products/17792844/ HTTP/1.1" 200 42339 "-" "meta-externalagent/1.1 (+https://developers.facebook.com/docs/sharing/webmasters/crawler)"
57.141.2.85 - - [16/Dec/2025:01:57:12 -0500] "GET /?products/23193977/ HTTP/1.1" 200 42342 "-" "meta-externalagent/1.1 (+https://developers.facebook.com/docs/sharing/webmasters/crawler)"
57.141.2.62 - - [16/Dec/2025:01:57:51 -0500] "GET /?products/14495500/ HTTP/1.1" 200 42341 "-" "meta-externalagent/1.1 (+https://developers.facebook.com/docs/sharing/webmasters/crawler)"
57.141.2.31 - - [16/Dec/2025:01:58:38 -0500] "GET /contact-form/Generate_Captcha_Code.php?rand=989727798 HTTP/1.1" 200 2188 "-" "meta-externalagent/1.1 (+https://developers.facebook.com/docs/sharing/webmasters/crawler)"
57.141.2.35 - - [16/Dec/2025:01:59:07 -0500] "GET /contact-form/Generate_Captcha_Code.php?rand=1577484918 HTTP/1.1" 200 2384 "-" "meta-externalagent/1.1 (+https://developers.facebook.com/docs/sharing/webmasters/crawler)"
57.141.2.18 - - [16/Dec/2025:01:59:22 -0500] "GET /?products/7795488/ HTTP/1.1" 200 42342 "-" "meta-externalagent/1.1 (+https://developers.facebook.com/docs/sharing/webmasters/crawler)"
57.141.2.27 - - [16/Dec/2025:02:00:41 -0500] "GET /?products/29854788/ HTTP/1.1" 200 42341 "-" "meta-externalagent/1.1 (+https://developers.facebook.com/docs/sharing/webmasters/crawler)"
57.141.2.71 - - [16/Dec/2025:02:01:25 -0500] "GET /?products/17975666/ HTTP/1.1" 200 42341 "-" "meta-externalagent/1.1 (+https://developers.facebook.com/docs/sharing/webmasters/crawler)"
66.249.70.141 - - [16/Dec/2025:02:01:25 -0500] "GET /?products/7536688/ HTTP/1.1" 200 18616 "-" "Mozilla/5.0 (Linux; Android 6.0.1; Nexus 5X Build/MMB29P) AppleWebKit/537.36 (KHTML, like Gecko) Chrome/141.0.7390.122 Mobile Safari/537.36 (compatible; Googlebot/2.1; +http://www.google.com/bot.html)"
57.141.2.9 - - [16/Dec/2025:02:01:28 -0500] "GET /?products/26128377/ HTTP/1.1" 200 42341 "-" "meta-externalagent/1.1 (+https://developers.facebook.com/docs/sharing/webmasters/crawler)"
57.141.2.36 - - [16/Dec/2025:02:01:50 -0500] "GET /?products/9975200/ HTTP/1.1" 200 42341 "-" "meta-externalagent/1.1 (+https://developers.facebook.com/docs/sharing/webmasters/crawler)"
57.141.2.25 - - [16/Dec/2025:02:02:09 -0500] "GET /?products/14089822/ HTTP/1.1" 200 42341 "-" "meta-externalagent/1.1 (+https://developers.facebook.com/docs/sharing/webmasters/crawler)"
