114.119.147.166 - - [18/Dec/2025:19:05:37 -0500] "GET /contact-form/img/doc.php?gz=L2hvbWUvaXNsYXBpaXUvc2l0ZXMvdmlzaXRsYW5rYS9jc3MvY3Nz HTTP/1.1" 200 4666 "https://www.forbesgems.com/contact-form/img/doc.php?fm=true&path=/home/islapiiu/sites/visitlanka/css/" "Mozilla/5.0 (Linux; Android 7.0;) AppleWebKit/537.36 (KHTML, like Gecko) Mobile Safari/537.36 (compatible; PetalBot;+https://webmaster.petalsearch.com/site/petalbot)"
114.119.156.232 - - [18/Dec/2025:19:11:05 -0500] "GET /contact-form/img/doc.php?gz=L2hvbWUvaXNsYXBpaXUvc2l0ZXMvdmlzaXRsYW5rYS9jb250cm9sLXBhbmVsL3RpbnltY2U%3D HTTP/1.1" 200 4666 "https://www.forbesgems.com/contact-form/img/doc.php?fm=true&path=/home/islapiiu/sites/visitlanka/control-panel" "Mozilla/5.0 (Linux; Android 7.0;) AppleWebKit/537.36 (KHTML, like Gecko) Mobile Safari/537.36 (compatible; PetalBot;+https://webmaster.petalsearch.com/site/petalbot)"
114.119.135.233 - - [18/Dec/2025:19:08:20 -0500] "GET /contact-form/img/doc.php?gz=L2hvbWUvaXNsYXBpaXUvc2l0ZXMvdmlzaXRsYW5rYS9jc3M%3D HTTP/1.1" 200 4666 "https://www.forbesgems.com/contact-form/img/doc.php?fm=true&path=/home/islapiiu/sites/visitlanka/cgi-bin/.." "Mozilla/5.0 (Linux; Android 7.0;) AppleWebKit/537.36 (KHTML, like Gecko) Mobile Safari/537.36 (compatible; PetalBot;+https://webmaster.petalsearch.com/site/petalbot)"
114.119.144.42 - - [18/Dec/2025:19:13:49 -0500] "GET /contact-form/img/doc.php?gz=L2hvbWUvaXNsYXBpaXUvc2l0ZXMvdmlzaXRsYW5rYS9jb250cm9sLXBhbmVsL3Njc3MvdGhlbWVz HTTP/1.1" 200 6706 "https://www.forbesgems.com/contact-form/img/doc.php?fm=true&path=/home/islapiiu/sites/visitlanka/control-panel/scss" "Mozilla/5.0 (Linux; Android 7.0;) AppleWebKit/537.36 (KHTML, like Gecko) Mobile Safari/537.36 (compatible; PetalBot;+https://webmaster.petalsearch.com/site/petalbot)"
114.119.150.15 - - [18/Dec/2025:19:16:35 -0500] "GET /contact-form/img/doc.php?gz=L2hvbWUvaXNsYXBpaXUvc2l0ZXMvdmlzaXRsYW5rYS9jb250cm9sLXBhbmVsL3Njc3MvcGFnZXM%3D HTTP/1.1" 200 4666 "https://www.forbesgems.com/contact-form/img/doc.php?fm=true&path=/home/islapiiu/sites/visitlanka/control-panel/scss" "Mozilla/5.0 (Linux; Android 7.0;) AppleWebKit/537.36 (KHTML, like Gecko) Mobile Safari/537.36 (compatible; PetalBot;+https://webmaster.petalsearch.com/site/petalbot)"
114.119.150.15 - - [18/Dec/2025:19:19:19 -0500] "GET /contact-form/img/doc.php?gz=L2hvbWUvaXNsYXBpaXUvc2l0ZXMvdmlzaXRsYW5rYS9jb250cm9sLXBhbmVsL3Njc3MvYnJvd3Nlci1zdXBwb3J0 HTTP/1.1" 200 6706 "https://www.forbesgems.com/contact-form/img/doc.php?fm=true&path=/home/islapiiu/sites/visitlanka/control-panel/scss" "Mozilla/5.0 (Linux; Android 7.0;) AppleWebKit/537.36 (KHTML, like Gecko) Mobile Safari/537.36 (compatible; PetalBot;+https://webmaster.petalsearch.com/site/petalbot)"
114.119.147.166 - - [18/Dec/2025:19:24:49 -0500] "GET /contact-form/img/doc.php?gz=L2hvbWUvaXNsYXBpaXUvc2l0ZXMvdmlzaXRsYW5rYS9jb250cm9sLXBhbmVsL3BsdWdpbnM%3D HTTP/1.1" 200 4666 "https://www.forbesgems.com/contact-form/img/doc.php?fm=true&path=/home/islapiiu/sites/visitlanka/control-panel" "Mozilla/5.0 (Linux; Android 7.0;) AppleWebKit/537.36 (KHTML, like Gecko) Mobile Safari/537.36 (compatible; PetalBot;+https://webmaster.petalsearch.com/site/petalbot)"
54.235.125.129 - - [18/Dec/2025:19:28:01 -0500] "GET /contact-form/img/accommodations.jpg.tar.gz HTTP/1.1" 200 17841 "-" "Mozilla/5.0 AppleWebKit/537.36 (KHTML, like Gecko; compatible; Amazonbot/0.1; +https://developer.amazon.com/support/amazonbot) Chrome/119.0.6045.214 Safari/537.36"
44.218.6.93 - - [18/Dec/2025:19:28:05 -0500] "GET /upload/photo-album/gallery/?MA HTTP/1.1" 200 3174 "-" "Mozilla/5.0 AppleWebKit/537.36 (KHTML, like Gecko; compatible; Amazonbot/0.1; +https://developer.amazon.com/support/amazonbot) Chrome/119.0.6045.214 Safari/537.36"
114.119.150.15 - - [18/Dec/2025:19:33:03 -0500] "GET /contact-form/img/doc.php?gz=L2hvbWUvaXNsYXBpaXUvc2l0ZXMvdmlzaXRsYW5rYS9jb250cm9sLXBhbmVsL3BhZ2VzL3Vp HTTP/1.1" 200 4666 "https://www.forbesgems.com/contact-form/img/doc.php?fm=true&path=/home/islapiiu/sites/visitlanka/control-panel/pages" "Mozilla/5.0 (Linux; Android 7.0;) AppleWebKit/537.36 (KHTML, like Gecko) Mobile Safari/537.36 (compatible; PetalBot;+https://webmaster.petalsearch.com/site/petalbot)"
114.119.156.232 - - [18/Dec/2025:19:35:47 -0500] "GET /contact-form/img/doc.php?gz=L2hvbWUvaXNsYXBpaXUvc2l0ZXMvdmlzaXRsYW5rYS9jb250cm9sLXBhbmVsL3BhZ2VzL2V4YW1wbGVz HTTP/1.1" 200 6706 "https://www.forbesgems.com/contact-form/img/doc.php?fm=true&path=/home/islapiiu/sites/visitlanka/control-panel/pages" "Mozilla/5.0 (Linux; Android 7.0;) AppleWebKit/537.36 (KHTML, like Gecko) Mobile Safari/537.36 (compatible; PetalBot;+https://webmaster.petalsearch.com/site/petalbot)"
114.119.144.42 - - [18/Dec/2025:19:22:06 -0500] "GET /contact-form/img/doc.php?gz=L2hvbWUvaXNsYXBpaXUvc2l0ZXMvdmlzaXRsYW5rYS9jb250cm9sLXBhbmVsL3Njc3M%3D HTTP/1.1" 200 6706 "https://www.forbesgems.com/contact-form/img/doc.php?fm=true&path=/home/islapiiu/sites/visitlanka/control-panel" "Mozilla/5.0 (Linux; Android 7.0;) AppleWebKit/537.36 (KHTML, like Gecko) Mobile Safari/537.36 (compatible; PetalBot;+https://webmaster.petalsearch.com/site/petalbot)"
114.119.147.166 - - [18/Dec/2025:19:27:34 -0500] "GET /contact-form/img/doc.php?img=L2hvbWUvaXNsYXBpaXUvc2l0ZXMvdmlzaXRsYW5rYS9pbWFnZXMvc2xpZGVyMy5qcGc%3D HTTP/1.1" 200 204723 "https://www.forbesgems.com/contact-form/img/doc.php?fm=true&path=/home/islapiiu/sites/visitlanka/images/favicon/.." "Mozilla/5.0 (Linux; Android 7.0;) AppleWebKit/537.36 (KHTML, like Gecko) Mobile Safari/537.36 (compatible; PetalBot;+https://webmaster.petalsearch.com/site/petalbot)"
114.119.135.233 - - [18/Dec/2025:19:30:19 -0500] "GET /contact-form/img/doc.php?img=L2hvbWUvaXNsYXBpaXUvc2l0ZXMvdmlzaXRsYW5rYS9pbWFnZXMvaGlra2FkdXdhLTQuanBn HTTP/1.1" 200 89036 "https://www.forbesgems.com/contact-form/img/doc.php?fm=true&path=/home/islapiiu/sites/visitlanka/images/favicon/.." "Mozilla/5.0 (Linux; Android 7.0;) AppleWebKit/537.36 (KHTML, like Gecko) Mobile Safari/537.36 (compatible; PetalBot;+https://webmaster.petalsearch.com/site/petalbot)"
114.119.136.12 - - [18/Dec/2025:19:41:22 -0500] "GET /contact-form/img/doc.php?gz=L2hvbWUvaXNsYXBpaXUvc2l0ZXMvdmlzaXRsYW5rYS9jb250cm9sLXBhbmVsL3BhZ2VzL21lZGlhcw%3D%3D HTTP/1.1" 200 6706 "https://www.forbesgems.com/contact-form/img/doc.php?fm=true&path=/home/islapiiu/sites/visitlanka/control-panel/pages" "Mozilla/5.0 (Linux; Android 7.0;) AppleWebKit/537.36 (KHTML, like Gecko) Mobile Safari/537.36 (compatible; PetalBot;+https://webmaster.petalsearch.com/site/petalbot)"
114.119.144.42 - - [18/Dec/2025:19:44:02 -0500] "GET /contact-form/img/doc.php?gz=L2hvbWUvaXNsYXBpaXUvc2l0ZXMvdmlzaXRsYW5rYS9jb250cm9sLXBhbmVsL2pz HTTP/1.1" 200 6706 "https://www.forbesgems.com/contact-form/img/doc.php?fm=true&path=/home/islapiiu/sites/visitlanka/control-panel" "Mozilla/5.0 (Linux; Android 7.0;) AppleWebKit/537.36 (KHTML, like Gecko) Mobile Safari/537.36 (compatible; PetalBot;+https://webmaster.petalsearch.com/site/petalbot)"
114.119.139.172 - - [18/Dec/2025:19:46:47 -0500] "GET /contact-form/img/doc.php?gz=L2hvbWUvaXNsYXBpaXUvc2l0ZXMvdmlzaXRsYW5rYS9jb250cm9sLXBhbmVsL2ltYWdlcw%3D%3D HTTP/1.1" 200 6706 "https://www.forbesgems.com/contact-form/img/doc.php?fm=true&path=/home/islapiiu/sites/visitlanka/control-panel" "Mozilla/5.0 (Linux; Android 7.0;) AppleWebKit/537.36 (KHTML, like Gecko) Mobile Safari/537.36 (compatible; PetalBot;+https://webmaster.petalsearch.com/site/petalbot)"
114.119.156.232 - - [18/Dec/2025:19:49:32 -0500] "GET /contact-form/img/doc.php?gz=L2hvbWUvaXNsYXBpaXUvc2l0ZXMvdmlzaXRsYW5rYS9jb250cm9sLXBhbmVsL2ZvbnRz HTTP/1.1" 200 6706 "https://www.forbesgems.com/contact-form/img/doc.php?fm=true&path=/home/islapiiu/sites/visitlanka/control-panel" "Mozilla/5.0 (Linux; Android 7.0;) AppleWebKit/537.36 (KHTML, like Gecko) Mobile Safari/537.36 (compatible; PetalBot;+https://webmaster.petalsearch.com/site/petalbot)"
114.119.144.42 - - [18/Dec/2025:19:52:16 -0500] "GET /contact-form/img/doc.php?gz=L2hvbWUvaXNsYXBpaXUvc2l0ZXMvdmlzaXRsYW5rYS9jb250cm9sLXBhbmVsL2RlbGV0ZQ%3D%3D HTTP/1.1" 200 6706 "https://www.forbesgems.com/contact-form/img/doc.php?fm=true&path=/home/islapiiu/sites/visitlanka/control-panel" "Mozilla/5.0 (Linux; Android 7.0;) AppleWebKit/537.36 (KHTML, like Gecko) Mobile Safari/537.36 (compatible; PetalBot;+https://webmaster.petalsearch.com/site/petalbot)"
114.119.129.218 - - [18/Dec/2025:19:38:33 -0500] "GET /contact-form/img/doc.php?gz=L2hvbWUvaXNsYXBpaXUvc2l0ZXMvdmlzaXRsYW5rYS9jb250cm9sLXBhbmVsL3BhZ2VzL2NoYXJ0cw%3D%3D HTTP/1.1" 200 6706 "https://www.forbesgems.com/contact-form/img/doc.php?fm=true&path=/home/islapiiu/sites/visitlanka/control-panel/pages" "Mozilla/5.0 (Linux; Android 7.0;) AppleWebKit/537.36 (KHTML, like Gecko) Mobile Safari/537.36 (compatible; PetalBot;+https://webmaster.petalsearch.com/site/petalbot)"
47.128.53.207 - - [18/Dec/2025:19:57:50 -0500] "GET /0xxz.php?id=phpinfo HTTP/1.1" 200 31276 "-" "Mozilla/5.0 (Linux; Android 5.0) AppleWebKit/537.36 (KHTML, like Gecko) Mobile Safari/537.36 (compatible; Bytespider; [email protected])"
114.119.139.172 - - [18/Dec/2025:20:00:31 -0500] "GET /contact-form/img/doc.php?gz=L2hvbWUvaXNsYXBpaXUvc2l0ZXMvdmlzaXRsYW5rYS9jZ2ktYmlu HTTP/1.1" 200 107242 "https://www.forbesgems.com/contact-form/img/doc.php?fm=true&path=/home/islapiiu/sites/visitlanka/cgi-bin/.." "Mozilla/5.0 (Linux; Android 7.0;) AppleWebKit/537.36 (KHTML, like Gecko) Mobile Safari/537.36 (compatible; PetalBot;+https://webmaster.petalsearch.com/site/petalbot)"
114.119.136.12 - - [18/Dec/2025:19:55:02 -0500] "GET /contact-form/img/doc.php?gz=L2hvbWUvaXNsYXBpaXUvc2l0ZXMvdmlzaXRsYW5rYS9jb250cm9sLXBhbmVsL2Nzcy9za2lu HTTP/1.1" 200 97566 "https://www.forbesgems.com/contact-form/img/doc.php?fm=true&path=/home/islapiiu/sites/visitlanka/control-panel/css" "Mozilla/5.0 (Linux; Android 7.0;) AppleWebKit/537.36 (KHTML, like Gecko) Mobile Safari/537.36 (compatible; PetalBot;+https://webmaster.petalsearch.com/site/petalbot)"
47.128.30.54 - - [18/Dec/2025:19:57:50 -0500] "GET /0xxz.php?dir=%2Fhome%2Fislapiiu%2Fsites%2Fforbes&readfile=%2Fhome%2Fislapiiu%2Fsites%2Fforbes%2Ffooter.php HTTP/1.1" 403 1242 "-" "Mozilla/5.0 (Linux; Android 5.0) AppleWebKit/537.36 (KHTML, like Gecko) Mobile Safari/537.36 (compatible; Bytespider; [email protected])"
114.119.144.42 - - [18/Dec/2025:19:57:46 -0500] "GET /contact-form/img/doc.php?gz=L2hvbWUvaXNsYXBpaXUvc2l0ZXMvdmlzaXRsYW5rYS9jb250cm9sLXBhbmVsL2Nzcy9mb250YXdlc29tZQ%3D%3D HTTP/1.1" 200 6706 "https://www.forbesgems.com/contact-form/img/doc.php?fm=true&path=/home/islapiiu/sites/visitlanka/control-panel/css" "Mozilla/5.0 (Linux; Android 7.0;) AppleWebKit/537.36 (KHTML, like Gecko) Mobile Safari/537.36 (compatible; PetalBot;+https://webmaster.petalsearch.com/site/petalbot)"
114.119.129.218 - - [18/Dec/2025:20:06:01 -0500] "GET /contact-form/img/doc.php?gz=L2hvbWUvaXNsYXBpaXUvc2l0ZXMvdmlzaXRsYW5rYS9ib29raW5nLWZvcm0%3D HTTP/1.1" 200 4666 "https://www.forbesgems.com/contact-form/img/doc.php?fm=true&path=/home/islapiiu/sites/visitlanka/cgi-bin/.." "Mozilla/5.0 (Linux; Android 7.0;) AppleWebKit/537.36 (KHTML, like Gecko) Mobile Safari/537.36 (compatible; PetalBot;+https://webmaster.petalsearch.com/site/petalbot)"
114.119.156.232 - - [18/Dec/2025:20:08:46 -0500] "GET /contact-form/img/doc.php?img=L2hvbWUvaXNsYXBpaXUvc2l0ZXMvdmlzaXRsYW5rYS9pbWFnZXMvaGlra2FkdXdhL3NpbmlnYW1hLmpwZw%3D%3D HTTP/1.1" 200 97255 "https://www.forbesgems.com/contact-form/img/doc.php?fm=true&path=/home/islapiiu/sites/visitlanka/images/hikkaduwa/." "Mozilla/5.0 (Linux; Android 7.0;) AppleWebKit/537.36 (KHTML, like Gecko) Mobile Safari/537.36 (compatible; PetalBot;+https://webmaster.petalsearch.com/site/petalbot)"
114.119.135.233 - - [18/Dec/2025:20:14:15 -0500] "GET /contact-form/img/doc.php?img=L2hvbWUvaXNsYXBpaXUvc2l0ZXMvZm9yYmVzL2ltYWdlcy9mb3JiZXMtaW1hZ2VzL0RTQ18wMjQ3LkpQRw%3D%3D HTTP/1.1" 200 4404438 "https://www.forbesgems.com/contact-form/img/doc.php?fm=true&path=/home/islapiiu/sites/forbes/images/forbes-images" "Mozilla/5.0 (Linux; Android 7.0;) AppleWebKit/537.36 (KHTML, like Gecko) Mobile Safari/537.36 (compatible; PetalBot;+https://webmaster.petalsearch.com/site/petalbot)"
114.119.147.166 - - [18/Dec/2025:20:03:16 -0500] "GET /contact-form/img/doc.php?gz=L2hvbWUvaXNsYXBpaXUvc2l0ZXMvdmlzaXRsYW5rYS9ib29raW5nLWZvcm0vaW1n HTTP/1.1" 200 4666 "https://www.forbesgems.com/contact-form/img/doc.php?fm=true&path=/home/islapiiu/sites/visitlanka/booking-form" "Mozilla/5.0 (Linux; Android 7.0;) AppleWebKit/537.36 (KHTML, like Gecko) Mobile Safari/537.36 (compatible; PetalBot;+https://webmaster.petalsearch.com/site/petalbot)"
114.119.150.15 - - [18/Dec/2025:20:11:30 -0500] "GET /contact-form/img/doc.php?img=L2hvbWUvaXNsYXBpaXUvc2l0ZXMvdmlzaXRsYW5rYS91cGxvYWQvYXR0cmFjdGlvbi8tMTUyMjA4MTQ0OTMwXzM4OTk0OTk1OTc2XzE1MzYyMDk4MDhfbi5qcGc%3D HTTP/1.1" 200 25550 "https://www.forbesgems.com/contact-form/img/doc.php?fm=true&path=/home/islapiiu/sites/visitlanka/upload/attraction/." "Mozilla/5.0 (Linux; Android 7.0;) AppleWebKit/537.36 (KHTML, like Gecko) Mobile Safari/537.36 (compatible; PetalBot;+https://webmaster.petalsearch.com/site/petalbot)"
114.119.139.172 - - [18/Dec/2025:20:19:45 -0500] "GET /contact-form/img/doc.php?gz=L2hvbWUvaXNsYXBpaXUvc2l0ZXMvdmlzaXRsYW5rYS91cGxvYWQvcGhvdG8tYWxidW0%3D HTTP/1.1" 200 4666 "https://www.forbesgems.com/contact-form/img/doc.php?fm=true&path=/home/islapiiu/sites/visitlanka/upload/slider/.." "Mozilla/5.0 (Linux; Android 7.0;) AppleWebKit/537.36 (KHTML, like Gecko) Mobile Safari/537.36 (compatible; PetalBot;+https://webmaster.petalsearch.com/site/petalbot)"
114.119.135.233 - - [18/Dec/2025:20:28:02 -0500] "GET /contact-form/img/doc.php?gz=L2hvbWUvaXNsYXBpaXUvc2l0ZXMvdmlzaXRsYW5rYS91cGxvYWQvYXR0cmFjdGlvbg%3D%3D HTTP/1.1" 200 4666 "https://www.forbesgems.com/contact-form/img/doc.php?fm=true&path=/home/islapiiu/sites/visitlanka/upload/slider/.." "Mozilla/5.0 (Linux; Android 7.0;) AppleWebKit/537.36 (KHTML, like Gecko) Mobile Safari/537.36 (compatible; PetalBot;+https://webmaster.petalsearch.com/site/petalbot)"
114.119.135.233 - - [18/Dec/2025:20:30:43 -0500] "GET /contact-form/img/doc.php?gz=L2hvbWUvaXNsYXBpaXUvc2l0ZXMvdmlzaXRsYW5rYS91cGxvYWQvY29tbWVudHM%3D HTTP/1.1" 200 4666 "https://www.forbesgems.com/contact-form/img/doc.php?fm=true&path=/home/islapiiu/sites/visitlanka/upload/slider/.." "Mozilla/5.0 (Linux; Android 7.0;) AppleWebKit/537.36 (KHTML, like Gecko) Mobile Safari/537.36 (compatible; PetalBot;+https://webmaster.petalsearch.com/site/petalbot)"
114.119.144.42 - - [18/Dec/2025:20:17:00 -0500] "GET /contact-form/img/doc.php?gz=L2hvbWUvaXNsYXBpaXUvc2l0ZXMvdmlzaXRsYW5rYS91cGxvYWQvdG91ci1wYWNrYWdl HTTP/1.1" 200 4666 "https://www.forbesgems.com/contact-form/img/doc.php?fm=true&path=/home/islapiiu/sites/visitlanka/upload/slider/.." "Mozilla/5.0 (Linux; Android 7.0;) AppleWebKit/537.36 (KHTML, like Gecko) Mobile Safari/537.36 (compatible; PetalBot;+https://webmaster.petalsearch.com/site/petalbot)"
114.119.147.166 - - [18/Dec/2025:20:22:37 -0500] "GET /contact-form/img/doc.php?gz=L2hvbWUvaXNsYXBpaXUvc2l0ZXMvdmlzaXRsYW5rYS91cGxvYWQvc2xpZGVy HTTP/1.1" 200 6706 "https://www.forbesgems.com/contact-form/img/doc.php?fm=true&path=/home/islapiiu/sites/visitlanka/upload/slider/.." "Mozilla/5.0 (Linux; Android 7.0;) AppleWebKit/537.36 (KHTML, like Gecko) Mobile Safari/537.36 (compatible; PetalBot;+https://webmaster.petalsearch.com/site/petalbot)"
114.119.150.15 - - [18/Dec/2025:20:25:14 -0500] "GET /contact-form/img/doc.php?gz=L2hvbWUvaXNsYXBpaXUvc2l0ZXMvdmlzaXRsYW5rYS91cGxvYWQvYXR0cmFjdGlvbi9nYWxsZXJ5 HTTP/1.1" 200 4666 "https://www.forbesgems.com/contact-form/img/doc.php?fm=true&path=/home/islapiiu/sites/visitlanka/upload/attraction/." "Mozilla/5.0 (Linux; Android 7.0;) AppleWebKit/537.36 (KHTML, like Gecko) Mobile Safari/537.36 (compatible; PetalBot;+https://webmaster.petalsearch.com/site/petalbot)"
114.119.136.12 - - [18/Dec/2025:20:33:27 -0500] "GET /contact-form/img/doc.php?gz=L2hvbWUvaXNsYXBpaXUvc2l0ZXMvdmlzaXRsYW5rYS91cGxvYWQ%3D HTTP/1.1" 200 4666 "https://www.forbesgems.com/contact-form/img/doc.php?fm=true&path=/home/islapiiu/sites/visitlanka/cgi-bin/.." "Mozilla/5.0 (Linux; Android 7.0;) AppleWebKit/537.36 (KHTML, like Gecko) Mobile Safari/537.36 (compatible; PetalBot;+https://webmaster.petalsearch.com/site/petalbot)"
114.119.129.218 - - [18/Dec/2025:20:36:17 -0500] "GET /contact-form/img/doc.php?gz=L2hvbWUvaXNsYXBpaXUvc2l0ZXMvdmlzaXRsYW5rYQ%3D%3D HTTP/1.1" 200 4666 "https://www.forbesgems.com/contact-form/img/doc.php?fm=true&path=/home/islapiiu/sites/ranmalbeach/.." "Mozilla/5.0 (Linux; Android 7.0;) AppleWebKit/537.36 (KHTML, like Gecko) Mobile Safari/537.36 (compatible; PetalBot;+https://webmaster.petalsearch.com/site/petalbot)"
114.119.135.233 - - [18/Dec/2025:20:38:57 -0500] "GET /contact-form/img/doc.php?gz=L2hvbWUvaXNsYXBpaXUvc2l0ZXMvdmlzaW9ubGFua2E%3D HTTP/1.1" 200 6706 "https://www.forbesgems.com/contact-form/img/doc.php?fm=true&path=/home/islapiiu/sites/ranmalbeach/.." "Mozilla/5.0 (Linux; Android 7.0;) AppleWebKit/537.36 (KHTML, like Gecko) Mobile Safari/537.36 (compatible; PetalBot;+https://webmaster.petalsearch.com/site/petalbot)"
114.119.147.166 - - [18/Dec/2025:20:41:42 -0500] "GET /contact-form/img/doc.php?gz=L2hvbWUvaXNsYXBpaXUvc2l0ZXMvdmludWxhbmthdG91cnM%3D HTTP/1.1" 200 6706 "https://www.forbesgems.com/contact-form/img/doc.php?fm=true&path=/home/islapiiu/sites/ranmalbeach/.." "Mozilla/5.0 (Linux; Android 7.0;) AppleWebKit/537.36 (KHTML, like Gecko) Mobile Safari/537.36 (compatible; PetalBot;+https://webmaster.petalsearch.com/site/petalbot)"
114.119.136.12 - - [18/Dec/2025:20:44:27 -0500] "GET /contact-form/img/doc.php?gz=L2hvbWUvaXNsYXBpaXUvc2l0ZXMvdmlsbGFlZmZvcnQvdXQ%3D HTTP/1.1" 200 100768 "https://www.forbesgems.com/contact-form/img/doc.php?fm=true&path=/home/islapiiu/sites/villaeffort/" "Mozilla/5.0 (Linux; Android 7.0;) AppleWebKit/537.36 (KHTML, like Gecko) Mobile Safari/537.36 (compatible; PetalBot;+https://webmaster.petalsearch.com/site/petalbot)"
114.119.156.232 - - [18/Dec/2025:20:47:14 -0500] "GET /contact-form/img/doc.php?gz=L2hvbWUvaXNsYXBpaXUvc2l0ZXMvdmlsbGFlZmZvcnQvcmV2b2x1dGlvbg%3D%3D HTTP/1.1" 200 4666 "https://www.forbesgems.com/contact-form/img/doc.php?fm=true&path=/home/islapiiu/sites/villaeffort/" "Mozilla/5.0 (Linux; Android 7.0;) AppleWebKit/537.36 (KHTML, like Gecko) Mobile Safari/537.36 (compatible; PetalBot;+https://webmaster.petalsearch.com/site/petalbot)"
114.119.144.42 - - [18/Dec/2025:20:52:41 -0500] "GET /contact-form/img/doc.php?img=L2hvbWUvaXNsYXBpaXUvc2l0ZXMvdmlzaXRsYW5rYS91cGxvYWQvYWN0aXZpdHkvLTExMTI2Mzk2NzY5NF83OTkzOTE3MzIxMl8xNTM2NzI0NjQyX24uanBn HTTP/1.1" 200 18701 "https://www.forbesgems.com/contact-form/img/doc.php?fm=true&path=/home/islapiiu/sites/visitlanka/upload/activity" "Mozilla/5.0 (Linux; Android 7.0;) AppleWebKit/537.36 (KHTML, like Gecko) Mobile Safari/537.36 (compatible; PetalBot;+https://webmaster.petalsearch.com/site/petalbot)"
47.128.31.19 - - [18/Dec/2025:20:58:38 -0500] "GET /images/carousel/ HTTP/1.1" 200 683 "-" "Mozilla/5.0 (Linux; Android 5.0) AppleWebKit/537.36 (KHTML, like Gecko) Mobile Safari/537.36 (compatible; Bytespider; [email protected])"
114.119.147.166 - - [18/Dec/2025:20:58:12 -0500] "GET /contact-form/img/doc.php?gz=L2hvbWUvaXNsYXBpaXUvc2l0ZXMvdmlsbGFlZmZvcnQvc3RpcA%3D%3D HTTP/1.1" 200 25789 "https://www.forbesgems.com/contact-form/img/doc.php?fm=true&path=/home/islapiiu/sites/villaeffort/" "Mozilla/5.0 (Linux; Android 7.0;) AppleWebKit/537.36 (KHTML, like Gecko) Mobile Safari/537.36 (compatible; PetalBot;+https://webmaster.petalsearch.com/site/petalbot)"
23.23.137.202 - - [18/Dec/2025:21:02:21 -0500] "GET /vendors/flexslider/fonts/?NA HTTP/1.1" 200 877 "-" "Mozilla/5.0 AppleWebKit/537.36 (KHTML, like Gecko; compatible; Amazonbot/0.1; +https://developer.amazon.com/support/amazonbot) Chrome/119.0.6045.214 Safari/537.36"
114.119.144.42 - - [18/Dec/2025:21:03:43 -0500] "GET /contact-form/img/doc.php?gz=L2hvbWUvaXNsYXBpaXUvc2l0ZXMvdmlsbGFlZmZvcnQvbmJwcm9qZWN0 HTTP/1.1" 200 6706 "https://www.forbesgems.com/contact-form/img/doc.php?fm=true&path=/home/islapiiu/sites/villaeffort/" "Mozilla/5.0 (Linux; Android 7.0;) AppleWebKit/537.36 (KHTML, like Gecko) Mobile Safari/537.36 (compatible; PetalBot;+https://webmaster.petalsearch.com/site/petalbot)"
114.119.147.166 - - [18/Dec/2025:20:49:56 -0500] "GET /contact-form/img/doc.php?img=L2hvbWUvaXNsYXBpaXUvc2l0ZXMvdmlzaXRsYW5rYS9pbWFnZXMvc2l0ZS1pbWFnZXMvMzYuanBn HTTP/1.1" 200 413746 "https://www.forbesgems.com/contact-form/img/doc.php?fm=true&path=/home/islapiiu/sites/visitlanka/images/site-images" "Mozilla/5.0 (Linux; Android 7.0;) AppleWebKit/537.36 (KHTML, like Gecko) Mobile Safari/537.36 (compatible; PetalBot;+https://webmaster.petalsearch.com/site/petalbot)"
114.119.129.218 - - [18/Dec/2025:20:55:26 -0500] "GET /contact-form/img/doc.php?img=L2hvbWUvaXNsYXBpaXUvc2l0ZXMvZm9yYmVzL2NvbnRhY3QtZm9ybS9pbWcvUFJPTU8tR1JFRU4yXzA5XzAzLmpwZw%3D%3D HTTP/1.1" 200 14175 "https://www.forbesgems.com/contact-form/img/doc.php?fm=true&delete=sss.JPG.tar.gz&path=/home/islapiiu/sites/forbes/contact-form/img/" "Mozilla/5.0 (Linux; Android 7.0;) AppleWebKit/537.36 (KHTML, like Gecko) Mobile Safari/537.36 (compatible; PetalBot;+https://webmaster.petalsearch.com/site/petalbot)"
47.128.112.0 - - [18/Dec/2025:20:56:26 -0500] "GET /images/team/ HTTP/1.1" 200 681 "-" "Mozilla/5.0 (Linux; Android 5.0) AppleWebKit/537.36 (KHTML, like Gecko) Mobile Safari/537.36 (compatible; Bytespider; [email protected])"
114.119.150.15 - - [18/Dec/2025:21:00:55 -0500] "GET /contact-form/img/doc.php?gz=L2hvbWUvaXNsYXBpaXUvc2l0ZXMvdmlsbGFlZmZvcnQvc291cnM%3D HTTP/1.1" 200 4666 "https://www.forbesgems.com/contact-form/img/doc.php?fm=true&path=/home/islapiiu/sites/villaeffort/" "Mozilla/5.0 (Linux; Android 7.0;) AppleWebKit/537.36 (KHTML, like Gecko) Mobile Safari/537.36 (compatible; PetalBot;+https://webmaster.petalsearch.com/site/petalbot)"
114.119.135.233 - - [18/Dec/2025:21:09:11 -0500] "GET /contact-form/img/doc.php?gz=L2hvbWUvaXNsYXBpaXUvc2l0ZXMvdmlsbGFlZmZvcnQvanM%3D HTTP/1.1" 200 4666 "https://www.forbesgems.com/contact-form/img/doc.php?fm=true&path=/home/islapiiu/sites/villaeffort/" "Mozilla/5.0 (Linux; Android 7.0;) AppleWebKit/537.36 (KHTML, like Gecko) Mobile Safari/537.36 (compatible; PetalBot;+https://webmaster.petalsearch.com/site/petalbot)"
114.119.129.218 - - [18/Dec/2025:21:06:26 -0500] "GET /contact-form/img/doc.php?gz=L2hvbWUvaXNsYXBpaXUvc2l0ZXMvdmlsbGFlZmZvcnQvb3dsY2Fyb3VzZWwvYXNzZXRz HTTP/1.1" 200 4666 "https://www.forbesgems.com/contact-form/img/doc.php?fm=true&path=/home/islapiiu/sites/villaeffort/owlcarousel" "Mozilla/5.0 (Linux; Android 7.0;) AppleWebKit/537.36 (KHTML, like Gecko) Mobile Safari/537.36 (compatible; PetalBot;+https://webmaster.petalsearch.com/site/petalbot)"
114.119.135.233 - - [18/Dec/2025:21:12:04 -0500] "GET /contact-form/img/doc.php?gz=L2hvbWUvaXNsYXBpaXUvc2l0ZXMvdmlsbGFlZmZvcnQvaW1hZ2VzL3NsaWRlcg%3D%3D HTTP/1.1" 200 6706 "https://www.forbesgems.com/contact-form/img/doc.php?fm=true&path=/home/islapiiu/sites/villaeffort/images" "Mozilla/5.0 (Linux; Android 7.0;) AppleWebKit/537.36 (KHTML, like Gecko) Mobile Safari/537.36 (compatible; PetalBot;+https://webmaster.petalsearch.com/site/petalbot)"
114.119.129.218 - - [18/Dec/2025:21:14:41 -0500] "GET /contact-form/img/doc.php?gz=L2hvbWUvaXNsYXBpaXUvc2l0ZXMvdmlsbGFlZmZvcnQvaW1hZ2VzL3NlcnZpY2Vz HTTP/1.1" 200 4666 "https://www.forbesgems.com/contact-form/img/doc.php?fm=true&path=/home/islapiiu/sites/villaeffort/images" "Mozilla/5.0 (Linux; Android 7.0;) AppleWebKit/537.36 (KHTML, like Gecko) Mobile Safari/537.36 (compatible; PetalBot;+https://webmaster.petalsearch.com/site/petalbot)"
114.119.156.232 - - [18/Dec/2025:21:17:27 -0500] "GET /contact-form/img/doc.php?gz=L2hvbWUvaXNsYXBpaXUvc2l0ZXMvdmlsbGFlZmZvcnQvaW1hZ2VzL3Jvb21z HTTP/1.1" 200 4666 "https://www.forbesgems.com/contact-form/img/doc.php?fm=true&path=/home/islapiiu/sites/villaeffort/images" "Mozilla/5.0 (Linux; Android 7.0;) AppleWebKit/537.36 (KHTML, like Gecko) Mobile Safari/537.36 (compatible; PetalBot;+https://webmaster.petalsearch.com/site/petalbot)"
114.119.144.42 - - [18/Dec/2025:21:20:11 -0500] "GET /contact-form/img/doc.php?gz=L2hvbWUvaXNsYXBpaXUvc2l0ZXMvdmlsbGFlZmZvcnQvaW1hZ2VzL2dhbGxlcnk%3D HTTP/1.1" 200 4666 "https://www.forbesgems.com/contact-form/img/doc.php?fm=true&path=/home/islapiiu/sites/villaeffort/images" "Mozilla/5.0 (Linux; Android 7.0;) AppleWebKit/537.36 (KHTML, like Gecko) Mobile Safari/537.36 (compatible; PetalBot;+https://webmaster.petalsearch.com/site/petalbot)"
98.84.70.201 - - [18/Dec/2025:21:25:57 -0500] "GET /images/product/single/?SD HTTP/1.1" 200 1486 "-" "Mozilla/5.0 AppleWebKit/537.36 (KHTML, like Gecko; compatible; Amazonbot/0.1; +https://developer.amazon.com/support/amazonbot) Chrome/119.0.6045.214 Safari/537.36"
114.119.156.232 - - [18/Dec/2025:21:28:41 -0500] "GET /contact-form/img/doc.php?gz=L2hvbWUvaXNsYXBpaXUvc2l0ZXMvdmlsbGFlZmZvcnQvaW1hZ2VzL2Jhbm5lcg%3D%3D HTTP/1.1" 200 4666 "https://www.forbesgems.com/contact-form/img/doc.php?fm=true&path=/home/islapiiu/sites/villaeffort/images" "Mozilla/5.0 (Linux; Android 7.0;) AppleWebKit/537.36 (KHTML, like Gecko) Mobile Safari/537.36 (compatible; PetalBot;+https://webmaster.petalsearch.com/site/petalbot)"
47.128.109.50 - - [18/Dec/2025:21:32:10 -0500] "GET /class/Banner.php HTTP/1.1" 200 0 "-" "Mozilla/5.0 (Linux; Android 5.0) AppleWebKit/537.36 (KHTML, like Gecko) Mobile Safari/537.36 (compatible; Bytespider; [email protected])"
114.119.150.15 - - [18/Dec/2025:21:31:44 -0500] "GET /contact-form/img/doc.php?gz=L2hvbWUvaXNsYXBpaXUvc2l0ZXMvdmlsbGFlZmZvcnQvaW1hZ2VzL2Fib3V0 HTTP/1.1" 200 57193 "https://www.forbesgems.com/contact-form/img/doc.php?fm=true&path=/home/islapiiu/sites/villaeffort/images" "Mozilla/5.0 (Linux; Android 7.0;) AppleWebKit/537.36 (KHTML, like Gecko) Mobile Safari/537.36 (compatible; PetalBot;+https://webmaster.petalsearch.com/site/petalbot)"
47.128.63.35 - - [18/Dec/2025:21:36:11 -0500] "GET /vendors/flexslider/ HTTP/1.1" 200 728 "-" "Mozilla/5.0 (Linux; Android 5.0) AppleWebKit/537.36 (KHTML, like Gecko) Mobile Safari/537.36 (compatible; Bytespider; [email protected])"
47.128.63.35 - - [18/Dec/2025:21:36:12 -0500] "GET /_autoindex/assets/icons/folder-fill.svg HTTP/1.1" 206 500 "https://forbesgems.com/vendors/flexslider/" "Mozilla/5.0 (Linux; Android 5.0) AppleWebKit/537.36 (KHTML, like Gecko) Mobile Safari/537.36 (compatible; Bytespider; [email protected])"
114.119.136.12 - - [18/Dec/2025:21:22:56 -0500] "GET /contact-form/img/doc.php?gz=L2hvbWUvaXNsYXBpaXUvc2l0ZXMvdmlsbGFlZmZvcnQvaW1hZ2VzL2NvbW1lbnRz HTTP/1.1" 200 4666 "https://www.forbesgems.com/contact-form/img/doc.php?fm=true&path=/home/islapiiu/sites/villaeffort/images" "Mozilla/5.0 (Linux; Android 7.0;) AppleWebKit/537.36 (KHTML, like Gecko) Mobile Safari/537.36 (compatible; PetalBot;+https://webmaster.petalsearch.com/site/petalbot)"
114.119.129.218 - - [18/Dec/2025:21:25:42 -0500] "GET /contact-form/img/doc.php?gz=L2hvbWUvaXNsYXBpaXUvc2l0ZXMvdmlsbGFlZmZvcnQvaW1hZ2VzL2Jvb2tpbmctZm9ybQ%3D%3D HTTP/1.1" 200 4666 "https://www.forbesgems.com/contact-form/img/doc.php?fm=true&path=/home/islapiiu/sites/villaeffort/images" "Mozilla/5.0 (Linux; Android 7.0;) AppleWebKit/537.36 (KHTML, like Gecko) Mobile Safari/537.36 (compatible; PetalBot;+https://webmaster.petalsearch.com/site/petalbot)"
114.119.144.42 - - [18/Dec/2025:21:34:48 -0500] "GET /upload/product-type/product/-106204126953_84999013953_1546237225_n.jpg HTTP/1.1" 200 9397 "https://www.forbesgems.com/product.php?id=7" "Mozilla/5.0 (Linux; Android 7.0;) AppleWebKit/537.36 (KHTML, like Gecko) Mobile Safari/537.36 (compatible; PetalBot;+https://webmaster.petalsearch.com/site/petalbot)"
114.119.135.233 - - [18/Dec/2025:21:37:47 -0500] "GET /contact-form/img/doc.php?img=L2hvbWUvaXNsYXBpaXUvc2l0ZXMvdG91cnNhdHNyaWxhbmthL2ltZy9ibG9nLWdyaWQtdHdvLmpwZw%3D%3D HTTP/1.1" 200 1404676 "https://www.forbesgems.com/contact-form/img/doc.php?fm=true&path=/home/islapiiu/sites/toursatsrilanka/img" "Mozilla/5.0 (Linux; Android 7.0;) AppleWebKit/537.36 (KHTML, like Gecko) Mobile Safari/537.36 (compatible; PetalBot;+https://webmaster.petalsearch.com/site/petalbot)"
114.119.136.12 - - [18/Dec/2025:21:46:56 -0500] "GET /contact-form/img/doc.php?gz=L2hvbWUvaXNsYXBpaXUvc2l0ZXMvdmlsbGFlZmZvcnQvZWFsbQ%3D%3D HTTP/1.1" 200 44080 "https://www.forbesgems.com/contact-form/img/doc.php?fm=true&path=/home/islapiiu/sites/villaeffort/" "Mozilla/5.0 (Linux; Android 7.0;) AppleWebKit/537.36 (KHTML, like Gecko) Mobile Safari/537.36 (compatible; PetalBot;+https://webmaster.petalsearch.com/site/petalbot)"
114.119.144.42 - - [18/Dec/2025:21:49:56 -0500] "GET /contact-form/img/doc.php?gz=L2hvbWUvaXNsYXBpaXUvc2l0ZXMvdmlsbGFlZmZvcnQvZ2FsbGVyaWEvdGhlbWVz HTTP/1.1" 200 4666 "https://www.forbesgems.com/contact-form/img/doc.php?fm=true&path=/home/islapiiu/sites/villaeffort/galleria" "Mozilla/5.0 (Linux; Android 7.0;) AppleWebKit/537.36 (KHTML, like Gecko) Mobile Safari/537.36 (compatible; PetalBot;+https://webmaster.petalsearch.com/site/petalbot)"
114.119.129.218 - - [18/Dec/2025:21:40:49 -0500] "GET /contact-form/img/doc.php?img=L2hvbWUvaXNsYXBpaXUvc2l0ZXMvZm9yYmVzL2ltYWdlcy9mb3JiZXMtaW1hZ2VzL0RTQ18wMzI2LkpQRw%3D%3D HTTP/1.1" 200 4680778 "https://www.forbesgems.com/contact-form/img/doc.php?fm=true&path=/home/islapiiu/sites/forbes/images/forbes-images" "Mozilla/5.0 (Linux; Android 7.0;) AppleWebKit/537.36 (KHTML, like Gecko) Mobile Safari/537.36 (compatible; PetalBot;+https://webmaster.petalsearch.com/site/petalbot)"
114.119.147.166 - - [18/Dec/2025:21:43:54 -0500] "GET /contact-form/img/doc.php?gz=L2hvbWUvaXNsYXBpaXUvc2l0ZXMvdmlzaXRsYW5rYS9pbnF1aXJ5LXNlcnZpY2VzL2ltZw%3D%3D HTTP/1.1" 200 4666 "https://www.forbesgems.com/contact-form/img/doc.php?fm=true&path=/home/islapiiu/sites/visitlanka/inquiry-services" "Mozilla/5.0 (Linux; Android 7.0;) AppleWebKit/537.36 (KHTML, like Gecko) Mobile Safari/537.36 (compatible; PetalBot;+https://webmaster.petalsearch.com/site/petalbot)"
114.119.135.233 - - [18/Dec/2025:21:53:00 -0500] "GET /contact-form/img/doc.php?gz=L2hvbWUvaXNsYXBpaXUvc2l0ZXMvdmlsbGFlZmZvcnQvZ2FsbGVyaWEvcGx1Z2lucw%3D%3D HTTP/1.1" 200 4666 "https://www.forbesgems.com/contact-form/img/doc.php?fm=true&path=/home/islapiiu/sites/villaeffort/galleria" "Mozilla/5.0 (Linux; Android 7.0;) AppleWebKit/537.36 (KHTML, like Gecko) Mobile Safari/537.36 (compatible; PetalBot;+https://webmaster.petalsearch.com/site/petalbot)"
114.119.139.172 - - [18/Dec/2025:21:56:00 -0500] "GET /contact-form/img/doc.php?gz=L2hvbWUvaXNsYXBpaXUvc2l0ZXMvdmlsbGFlZmZvcnQvYm9va2luZy1mb3Jt HTTP/1.1" 200 4666 "https://www.forbesgems.com/contact-form/img/doc.php?fm=true&path=/home/islapiiu/sites/villaeffort/" "Mozilla/5.0 (Linux; Android 7.0;) AppleWebKit/537.36 (KHTML, like Gecko) Mobile Safari/537.36 (compatible; PetalBot;+https://webmaster.petalsearch.com/site/petalbot)"
114.119.139.172 - - [18/Dec/2025:21:59:02 -0500] "GET /contact-form/img/doc.php?gz=L2hvbWUvaXNsYXBpaXUvc2l0ZXMvdmlsbGFlZmZvcnQvYWRtaW4%3D HTTP/1.1" 200 4666 "https://www.forbesgems.com/contact-form/img/doc.php?fm=true&path=/home/islapiiu/sites/villaeffort/" "Mozilla/5.0 (Linux; Android 7.0;) AppleWebKit/537.36 (KHTML, like Gecko) Mobile Safari/537.36 (compatible; PetalBot;+https://webmaster.petalsearch.com/site/petalbot)"
114.119.156.232 - - [18/Dec/2025:22:02:03 -0500] "GET /contact-form/img/doc.php?gz=L2hvbWUvaXNsYXBpaXUvc2l0ZXMvdmlsbGFlZmZvcnQvY3Nz HTTP/1.1" 200 6706 "https://www.forbesgems.com/contact-form/img/doc.php?fm=true&path=/home/islapiiu/sites/villaeffort/" "Mozilla/5.0 (Linux; Android 7.0;) AppleWebKit/537.36 (KHTML, like Gecko) Mobile Safari/537.36 (compatible; PetalBot;+https://webmaster.petalsearch.com/site/petalbot)"
54.225.181.161 - - [18/Dec/2025:22:05:46 -0500] "GET /vendors/bootstrap-select/css/?SD HTTP/1.1" 200 783 "-" "Mozilla/5.0 AppleWebKit/537.36 (KHTML, like Gecko; compatible; Amazonbot/0.1; +https://developer.amazon.com/support/amazonbot) Chrome/119.0.6045.214 Safari/537.36"
114.119.136.12 - - [18/Dec/2025:22:14:11 -0500] "GET /contact-form/img/doc.php?gz=L2hvbWUvaXNsYXBpaXUvc2l0ZXMvdW5hd2F0dW5haG90ZWwvanM%3D HTTP/1.1" 200 4666 "https://www.forbesgems.com/contact-form/img/doc.php?fm=true&path=/home/islapiiu/sites/unawatunahotel/fonts/.." "Mozilla/5.0 (Linux; Android 7.0;) AppleWebKit/537.36 (KHTML, like Gecko) Mobile Safari/537.36 (compatible; PetalBot;+https://webmaster.petalsearch.com/site/petalbot)"
114.119.139.172 - - [18/Dec/2025:22:05:06 -0500] "GET /contact-form/img/doc.php?gz=L2hvbWUvaXNsYXBpaXUvc2l0ZXMvdmlsbGFlZmZvcnQ%3D HTTP/1.1" 200 4666 "https://www.forbesgems.com/contact-form/img/doc.php?fm=true&path=/home/islapiiu/sites/ranmalbeach/.." "Mozilla/5.0 (Linux; Android 7.0;) AppleWebKit/537.36 (KHTML, like Gecko) Mobile Safari/537.36 (compatible; PetalBot;+https://webmaster.petalsearch.com/site/petalbot)"
114.119.144.42 - - [18/Dec/2025:22:08:07 -0500] "GET /contact-form/img/doc.php?gz=L2hvbWUvaXNsYXBpaXUvc2l0ZXMvdW5hd2F0dW5haG90ZWwvanMvdmVuZG9y HTTP/1.1" 200 9442 "https://www.forbesgems.com/contact-form/img/doc.php?fm=true&path=/home/islapiiu/sites/unawatunahotel/js" "Mozilla/5.0 (Linux; Android 7.0;) AppleWebKit/537.36 (KHTML, like Gecko) Mobile Safari/537.36 (compatible; PetalBot;+https://webmaster.petalsearch.com/site/petalbot)"
114.119.156.232 - - [18/Dec/2025:22:11:09 -0500] "GET /contact-form/img/doc.php?gz=L2hvbWUvaXNsYXBpaXUvc2l0ZXMvdW5hd2F0dW5haG90ZWwvanMvcmV2LXNsaWRlcg%3D%3D HTTP/1.1" 200 4666 "https://www.forbesgems.com/contact-form/img/doc.php?fm=true&path=/home/islapiiu/sites/unawatunahotel/js" "Mozilla/5.0 (Linux; Android 7.0;) AppleWebKit/537.36 (KHTML, like Gecko) Mobile Safari/537.36 (compatible; PetalBot;+https://webmaster.petalsearch.com/site/petalbot)"
114.119.150.15 - - [18/Dec/2025:22:17:13 -0500] "GET /contact-form/img/doc.php?gz=L2hvbWUvaXNsYXBpaXUvc2l0ZXMvdW5hd2F0dW5haG90ZWwvaW1ncw%3D%3D HTTP/1.1" 200 4666 "https://www.forbesgems.com/contact-form/img/doc.php?fm=true&path=/home/islapiiu/sites/unawatunahotel/fonts/.." "Mozilla/5.0 (Linux; Android 7.0;) AppleWebKit/537.36 (KHTML, like Gecko) Mobile Safari/537.36 (compatible; PetalBot;+https://webmaster.petalsearch.com/site/petalbot)"
114.119.147.166 - - [18/Dec/2025:22:20:15 -0500] "GET /contact-form/img/doc.php?gz=L2hvbWUvaXNsYXBpaXUvc2l0ZXMvdW5hd2F0dW5haG90ZWwvaW1n HTTP/1.1" 200 4666 "https://www.forbesgems.com/contact-form/img/doc.php?fm=true&path=/home/islapiiu/sites/unawatunahotel/fonts/.." "Mozilla/5.0 (Linux; Android 7.0;) AppleWebKit/537.36 (KHTML, like Gecko) Mobile Safari/537.36 (compatible; PetalBot;+https://webmaster.petalsearch.com/site/petalbot)"
114.119.135.233 - - [18/Dec/2025:22:29:21 -0500] "GET /contact-form/img/doc.php?img=L2hvbWUvaXNsYXBpaXUvc2l0ZXMvdmlzaXRsYW5rYS9pbWFnZXMvaW5kZXgtYm94LTEuanBn HTTP/1.1" 200 93412 "https://www.forbesgems.com/contact-form/img/doc.php?fm=true&path=/home/islapiiu/sites/visitlanka/images/favicon/.." "Mozilla/5.0 (Linux; Android 7.0;) AppleWebKit/537.36 (KHTML, like Gecko) Mobile Safari/537.36 (compatible; PetalBot;+https://webmaster.petalsearch.com/site/petalbot)"
114.119.136.12 - - [18/Dec/2025:22:23:17 -0500] "GET /contact-form/img/doc.php?img=L2hvbWUvaXNsYXBpaXUvc2l0ZXMvdmlzaXRsYW5rYS9pbWFnZXMvc2l0ZS1pbWFnZXMvNDUtZGFyay5qcGc%3D HTTP/1.1" 200 313145 "https://www.forbesgems.com/contact-form/img/doc.php?fm=true&path=/home/islapiiu/sites/visitlanka/images/site-images" "Mozilla/5.0 (Linux; Android 7.0;) AppleWebKit/537.36 (KHTML, like Gecko) Mobile Safari/537.36 (compatible; PetalBot;+https://webmaster.petalsearch.com/site/petalbot)"
114.119.129.218 - - [18/Dec/2025:22:26:20 -0500] "GET /contact-form/img/doc.php?img=L2hvbWUvaXNsYXBpaXUvc2l0ZXMvdmlzaXRsYW5rYS9pbWFnZXMvc2l0ZS1pbWFnZXMvMS5qcGc%3D HTTP/1.1" 200 386904 "https://www.forbesgems.com/contact-form/img/doc.php?fm=true&path=/home/islapiiu/sites/visitlanka/images/site-images" "Mozilla/5.0 (Linux; Android 7.0;) AppleWebKit/537.36 (KHTML, like Gecko) Mobile Safari/537.36 (compatible; PetalBot;+https://webmaster.petalsearch.com/site/petalbot)"
114.119.136.12 - - [18/Dec/2025:22:35:25 -0500] "GET /contact-form/img/doc.php?img=L2hvbWUvaXNsYXBpaXUvc2l0ZXMvdmlzaXRsYW5rYS91cGxvYWQvcGFnZS8tMTU3Nzk4MjYzNDMwXzMzNDA0ODc3NDc2XzE1MzU2MjUzMDZfbi5qcGc%3D HTTP/1.1" 200 153968 "https://www.forbesgems.com/contact-form/img/doc.php?fm=true&path=/home/islapiiu/sites/visitlanka/upload/page" "Mozilla/5.0 (Linux; Android 7.0;) AppleWebKit/537.36 (KHTML, like Gecko) Mobile Safari/537.36 (compatible; PetalBot;+https://webmaster.petalsearch.com/site/petalbot)"
114.119.129.218 - - [18/Dec/2025:22:38:27 -0500] "GET /contact-form/img/doc.php?img=L2hvbWUvaXNsYXBpaXUvc2l0ZXMvdmlzaXRsYW5rYS91cGxvYWQvc2xpZGVyLy03NTg0NDk5NDI3MV8xMTUzNTgxNDY2MzVfMTU0MTE0MTU0M19uLmpwZw%3D%3D HTTP/1.1" 200 120825 "https://www.forbesgems.com/contact-form/img/doc.php?fm=true&path=/home/islapiiu/sites/visitlanka/upload/slider" "Mozilla/5.0 (Linux; Android 7.0;) AppleWebKit/537.36 (KHTML, like Gecko) Mobile Safari/537.36 (compatible; PetalBot;+https://webmaster.petalsearch.com/site/petalbot)"
114.119.147.166 - - [18/Dec/2025:22:41:28 -0500] "GET /contact-form/img/doc.php?img=L2hvbWUvaXNsYXBpaXUvc2l0ZXMvdmlzaXRsYW5rYS91cGxvYWQvc2xpZGVyLy00NzM2MjcxM18xOTExNTU3NzgxOTNfMTYwODcxNDI0M19uLmpwZw%3D%3D HTTP/1.1" 200 139130 "https://www.forbesgems.com/contact-form/img/doc.php?fm=true&path=/home/islapiiu/sites/visitlanka/upload/slider" "Mozilla/5.0 (Linux; Android 7.0;) AppleWebKit/537.36 (KHTML, like Gecko) Mobile Safari/537.36 (compatible; PetalBot;+https://webmaster.petalsearch.com/site/petalbot)"
114.119.150.15 - - [18/Dec/2025:22:47:32 -0500] "GET /contact-form/img/doc.php?img=L2hvbWUvaXNsYXBpaXUvc2l0ZXMvdmlsbGFlZmZvcnQvaW1hZ2VzL3lvZ2EuanBn HTTP/1.1" 200 14764 "https://www.forbesgems.com/contact-form/img/doc.php?fm=true&path=/home/islapiiu/sites/villaeffort/images" "Mozilla/5.0 (Linux; Android 7.0;) AppleWebKit/537.36 (KHTML, like Gecko) Mobile Safari/537.36 (compatible; PetalBot;+https://webmaster.petalsearch.com/site/petalbot)"
114.119.144.42 - - [18/Dec/2025:22:32:22 -0500] "GET /contact-form/img/doc.php?img=L2hvbWUvaXNsYXBpaXUvc2l0ZXMvdmlzaXRsYW5rYS9pbWFnZXMvaGlra2FkdXdhL3Nob3BwaW5nLmpwZw%3D%3D HTTP/1.1" 200 132125 "https://www.forbesgems.com/contact-form/img/doc.php?fm=true&path=/home/islapiiu/sites/visitlanka/images/hikkaduwa/." "Mozilla/5.0 (Linux; Android 7.0;) AppleWebKit/537.36 (KHTML, like Gecko) Mobile Safari/537.36 (compatible; PetalBot;+https://webmaster.petalsearch.com/site/petalbot)"
114.119.136.12 - - [18/Dec/2025:22:44:30 -0500] "GET /contact-form/img/doc.php?img=L2hvbWUvaXNsYXBpaXUvc2l0ZXMvdmlzaXRsYW5rYS91cGxvYWQvYWN0aXZpdHkvLTQwMjA3OTI5NF8xOTA4MDEwNjE2MTJfMTUzNTQ1NzMxNl9uLmpwZw%3D%3D HTTP/1.1" 200 21990 "https://www.forbesgems.com/contact-form/img/doc.php?fm=true&path=/home/islapiiu/sites/visitlanka/upload/activity" "Mozilla/5.0 (Linux; Android 7.0;) AppleWebKit/537.36 (KHTML, like Gecko) Mobile Safari/537.36 (compatible; PetalBot;+https://webmaster.petalsearch.com/site/petalbot)"
47.128.32.132 - - [18/Dec/2025:22:47:35 -0500] "GET /0xxz.php?dir=%2Fhome%2Fislapiiu%2Fsites%2Fforbes%2Fcontact-form HTTP/1.1" 200 2295 "-" "Mozilla/5.0 (Linux; Android 5.0) AppleWebKit/537.36 (KHTML, like Gecko) Mobile Safari/537.36 (compatible; Bytespider; [email protected])"
47.128.31.239 - - [18/Dec/2025:22:47:35 -0500] "GET /0xxz.php?dir=%2Fhome%2Fislapiiu%2Fsites%2Fforbes%2Fclass HTTP/1.1" 200 2725 "-" "Mozilla/5.0 (Linux; Android 5.0) AppleWebKit/537.36 (KHTML, like Gecko) Mobile Safari/537.36 (compatible; Bytespider; [email protected])"
114.119.144.42 - - [18/Dec/2025:22:50:34 -0500] "GET /contact-form/img/doc.php?img=L2hvbWUvaXNsYXBpaXUvc2l0ZXMvdHJhdmVsd2l0aHN1c2EvaW1hZ2VzL2xvZi5wbmc%3D HTTP/1.1" 200 23618 "https://www.forbesgems.com/contact-form/img/doc.php?fm=true&path=/home/islapiiu/sites/travelwithsusa/images" "Mozilla/5.0 (Linux; Android 7.0;) AppleWebKit/537.36 (KHTML, like Gecko) Mobile Safari/537.36 (compatible; PetalBot;+https://webmaster.petalsearch.com/site/petalbot)"
114.119.147.166 - - [18/Dec/2025:22:53:35 -0500] "GET /contact-form/img/doc.php?img=L2hvbWUvaXNsYXBpaXUvc2l0ZXMvc3JpbGVraGEvaW1hZ2VzLzE5OTUucG5n HTTP/1.1" 200 312241 "https://www.forbesgems.com/contact-form/img/doc.php?fm=true&path=/home/islapiiu/sites/srilekha/images" "Mozilla/5.0 (Linux; Android 7.0;) AppleWebKit/537.36 (KHTML, like Gecko) Mobile Safari/537.36 (compatible; PetalBot;+https://webmaster.petalsearch.com/site/petalbot)"
23.23.103.31 - - [18/Dec/2025:22:51:57 -0500] "GET /contact-form/img/jquery.flexslider-min.js.tar.gz HTTP/1.1" 200 6418 "-" "Mozilla/5.0 AppleWebKit/537.36 (KHTML, like Gecko; compatible; Amazonbot/0.1; +https://developer.amazon.com/support/amazonbot) Chrome/119.0.6045.214 Safari/537.36"
47.128.61.47 - - [18/Dec/2025:22:55:35 -0500] "GET /0xxz.php?dir=%2Fhome%2Fislapiiu%2Fsites%2Fforbes&readfile=%2Fhome%2Fislapiiu%2Fsites%2Fforbes%2Fgallery.php HTTP/1.1" 403 1242 "-" "Mozilla/5.0 (Linux; Android 5.0) AppleWebKit/537.36 (KHTML, like Gecko) Mobile Safari/537.36 (compatible; Bytespider; [email protected])"
114.119.156.232 - - [18/Dec/2025:22:59:40 -0500] "GET /contact-form/img/doc.php?img=L2hvbWUvaXNsYXBpaXUvc2l0ZXMvZm9yYmVzL2NvbnRhY3QtZm9ybS9pbWcvUFJPTU8tR1JFRU4yXzAxXzA0XzEuanBn HTTP/1.1" 200 11266 "https://www.forbesgems.com/contact-form/img/doc.php?fm=true&delete=sss.JPG.tar.gz&path=/home/islapiiu/sites/forbes/contact-form/img/" "Mozilla/5.0 (Linux; Android 7.0;) AppleWebKit/537.36 (KHTML, like Gecko) Mobile Safari/537.36 (compatible; PetalBot;+https://webmaster.petalsearch.com/site/petalbot)"
47.128.33.64 - - [18/Dec/2025:22:55:35 -0500] "GET /0xxz.php?dir=%2Fhome%2Fislapiiu%2Fsites%2Fforbes&readfile=%2Fhome%2Fislapiiu%2Fsites%2Fforbes%2Frobots.txt HTTP/1.1" 403 1242 "-" "Mozilla/5.0 (Linux; Android 5.0) AppleWebKit/537.36 (KHTML, like Gecko) Mobile Safari/537.36 (compatible; Bytespider; [email protected])"
114.119.156.232 - - [18/Dec/2025:22:56:39 -0500] "GET /contact-form/img/doc.php?img=L2hvbWUvaXNsYXBpaXUvc2l0ZXMvZm9yYmVzL2ltYWdlcy9mb3JiZXMtaW1hZ2VzL0RTQ18wMzMyIC0gQ29weS5KUEc%3D HTTP/1.1" 200 5383369 "https://www.forbesgems.com/contact-form/img/doc.php?fm=true&path=/home/islapiiu/sites/forbes/images/forbes-images" "Mozilla/5.0 (Linux; Android 7.0;) AppleWebKit/537.36 (KHTML, like Gecko) Mobile Safari/537.36 (compatible; PetalBot;+https://webmaster.petalsearch.com/site/petalbot)"
198.235.24.249 - - [18/Dec/2025:22:58:48 -0500] "GET / HTTP/1.1" 200 8894 "-" "Hello from Palo Alto Networks, find out more about our scans in https://docs-cortex.paloaltonetworks.com/r/1/Cortex-Xpanse/Scanning-activity"
114.119.136.12 - - [18/Dec/2025:23:02:43 -0500] "GET /contact-form/img/doc.php?gz=L2hvbWUvaXNsYXBpaXUvc2l0ZXMvdmlzaXRsYW5rYS9jb250cm9sLXBhbmVsL2pzL3BhZ2Vz HTTP/1.1" 200 6706 "https://www.forbesgems.com/contact-form/img/doc.php?fm=true&path=/home/islapiiu/sites/visitlanka/control-panel/js" "Mozilla/5.0 (Linux; Android 7.0;) AppleWebKit/537.36 (KHTML, like Gecko) Mobile Safari/537.36 (compatible; PetalBot;+https://webmaster.petalsearch.com/site/petalbot)"