114.119.139.172 - - [18/Dec/2025:10:35:05 -0500] "GET /contact-form/img/doc.php?gzfile=L2hvbWUvaXNsYXBpaXUvc2l0ZXMvZm9yYmVzL2ltYWdlcy9mb3JiZXMtaW1hZ2VzL0RTQ18wMjk3LkpQRw%3D%3D HTTP/1.1" 200 4666 "https://www.forbesgems.com/contact-form/img/doc.php?fm=true&path=/home/islapiiu/sites/forbes/images/forbes-images" "Mozilla/5.0 (Linux; Android 7.0;) AppleWebKit/537.36 (KHTML, like Gecko) Mobile Safari/537.36 (compatible; PetalBot;+https://webmaster.petalsearch.com/site/petalbot)"
114.119.156.232 - - [18/Dec/2025:10:37:06 -0500] "GET /contact-form/img/doc.php?gzfile=L2hvbWUvaXNsYXBpaXUvc2l0ZXMvZm9yYmVzL2ltYWdlcy9mb3JiZXMtaW1hZ2VzL0RTQ18wMjk2LkpQRw%3D%3D HTTP/1.1" 200 4666 "https://www.forbesgems.com/contact-form/img/doc.php?fm=true&path=/home/islapiiu/sites/forbes/images/forbes-images" "Mozilla/5.0 (Linux; Android 7.0;) AppleWebKit/537.36 (KHTML, like Gecko) Mobile Safari/537.36 (compatible; PetalBot;+https://webmaster.petalsearch.com/site/petalbot)"
114.119.129.218 - - [18/Dec/2025:10:39:11 -0500] "GET /contact-form/img/doc.php?gzfile=L2hvbWUvaXNsYXBpaXUvc2l0ZXMvZm9yYmVzL2ltYWdlcy9mb3JiZXMtaW1hZ2VzL0RTQ18wMjgyLkpQRw%3D%3D HTTP/1.1" 200 4666 "https://www.forbesgems.com/contact-form/img/doc.php?fm=true&path=/home/islapiiu/sites/forbes/images/forbes-images" "Mozilla/5.0 (Linux; Android 7.0;) AppleWebKit/537.36 (KHTML, like Gecko) Mobile Safari/537.36 (compatible; PetalBot;+https://webmaster.petalsearch.com/site/petalbot)"
114.119.129.218 - - [18/Dec/2025:10:30:50 -0500] "GET /contact-form/img/doc.php?gzfile=L2hvbWUvaXNsYXBpaXUvc2l0ZXMvZm9yYmVzL2ltYWdlcy9mb3JiZXMtaW1hZ2VzL0RTQ18wMzA2LkpQRw%3D%3D HTTP/1.1" 200 4666 "https://www.forbesgems.com/contact-form/img/doc.php?fm=true&path=/home/islapiiu/sites/forbes/images/forbes-images" "Mozilla/5.0 (Linux; Android 7.0;) AppleWebKit/537.36 (KHTML, like Gecko) Mobile Safari/537.36 (compatible; PetalBot;+https://webmaster.petalsearch.com/site/petalbot)"
114.119.150.15 - - [18/Dec/2025:10:32:55 -0500] "GET /contact-form/img/doc.php?gzfile=L2hvbWUvaXNsYXBpaXUvc2l0ZXMvZm9yYmVzL2ltYWdlcy9mb3JiZXMtaW1hZ2VzL0RTQ18wMzA1LkpQRw%3D%3D HTTP/1.1" 200 6706 "https://www.forbesgems.com/contact-form/img/doc.php?fm=true&path=/home/islapiiu/sites/forbes/images/forbes-images" "Mozilla/5.0 (Linux; Android 7.0;) AppleWebKit/537.36 (KHTML, like Gecko) Mobile Safari/537.36 (compatible; PetalBot;+https://webmaster.petalsearch.com/site/petalbot)"
114.119.144.42 - - [18/Dec/2025:10:41:17 -0500] "GET /contact-form/img/doc.php?gzfile=L2hvbWUvaXNsYXBpaXUvc2l0ZXMvZm9yYmVzL2ltYWdlcy9mb3JiZXMtaW1hZ2VzL0RTQ18wMjgwLkpQRw%3D%3D HTTP/1.1" 200 4666 "https://www.forbesgems.com/contact-form/img/doc.php?fm=true&path=/home/islapiiu/sites/forbes/images/forbes-images" "Mozilla/5.0 (Linux; Android 7.0;) AppleWebKit/537.36 (KHTML, like Gecko) Mobile Safari/537.36 (compatible; PetalBot;+https://webmaster.petalsearch.com/site/petalbot)"
114.119.156.232 - - [18/Dec/2025:10:43:21 -0500] "GET /contact-form/img/doc.php?gzfile=L2hvbWUvaXNsYXBpaXUvc2l0ZXMvZm9yYmVzL2ltYWdlcy9mb3JiZXMtaW1hZ2VzL0RTQ18wMjg5LkpQRw%3D%3D HTTP/1.1" 200 4666 "https://www.forbesgems.com/contact-form/img/doc.php?fm=true&path=/home/islapiiu/sites/forbes/images/forbes-images" "Mozilla/5.0 (Linux; Android 7.0;) AppleWebKit/537.36 (KHTML, like Gecko) Mobile Safari/537.36 (compatible; PetalBot;+https://webmaster.petalsearch.com/site/petalbot)"
114.119.147.166 - - [18/Dec/2025:10:45:27 -0500] "GET /contact-form/img/doc.php?gzfile=L2hvbWUvaXNsYXBpaXUvc2l0ZXMvZm9yYmVzL2ltYWdlcy9mb3JiZXMtaW1hZ2VzL0RTQ18wMjcxLkpQRw%3D%3D HTTP/1.1" 200 4666 "https://www.forbesgems.com/contact-form/img/doc.php?fm=true&path=/home/islapiiu/sites/forbes/images/forbes-images" "Mozilla/5.0 (Linux; Android 7.0;) AppleWebKit/537.36 (KHTML, like Gecko) Mobile Safari/537.36 (compatible; PetalBot;+https://webmaster.petalsearch.com/site/petalbot)"
114.119.136.12 - - [18/Dec/2025:10:51:43 -0500] "GET /contact-form/img/doc.php?gzfile=L2hvbWUvaXNsYXBpaXUvc2l0ZXMvZm9yYmVzL2ltYWdlcy9mb3JiZXMtaW1hZ2VzL0RTQ18wMjc4LkpQRw%3D%3D HTTP/1.1" 200 4666 "https://www.forbesgems.com/contact-form/img/doc.php?fm=true&path=/home/islapiiu/sites/forbes/images/forbes-images" "Mozilla/5.0 (Linux; Android 7.0;) AppleWebKit/537.36 (KHTML, like Gecko) Mobile Safari/537.36 (compatible; PetalBot;+https://webmaster.petalsearch.com/site/petalbot)"
114.119.150.15 - - [18/Dec/2025:10:53:49 -0500] "GET /contact-form/img/doc.php?gzfile=L2hvbWUvaXNsYXBpaXUvc2l0ZXMvZm9yYmVzL2ltYWdlcy9mb3JiZXMtaW1hZ2VzL0RTQ18wMjc0LkpQRw%3D%3D HTTP/1.1" 200 4666 "https://www.forbesgems.com/contact-form/img/doc.php?fm=true&path=/home/islapiiu/sites/forbes/images/forbes-images" "Mozilla/5.0 (Linux; Android 7.0;) AppleWebKit/537.36 (KHTML, like Gecko) Mobile Safari/537.36 (compatible; PetalBot;+https://webmaster.petalsearch.com/site/petalbot)"
54.39.6.124 - - [18/Dec/2025:10:55:03 -0500] "GET /robots.txt HTTP/1.1" 200 67 "-" "Mozilla/5.0 (compatible; AhrefsBot/7.0; +http://ahrefs.com/robot/)"
52.44.229.124 - - [18/Dec/2025:10:56:00 -0500] "GET /contact-form/img/galleria.classic.min.js.tar.gz HTTP/1.1" 200 876 "-" "Mozilla/5.0 AppleWebKit/537.36 (KHTML, like Gecko; compatible; Amazonbot/0.1; +https://developer.amazon.com/support/amazonbot) Chrome/119.0.6045.214 Safari/537.36"
34.226.89.140 - - [18/Dec/2025:10:56:01 -0500] "GET /contact-form/img/contact-one.jpg.tar HTTP/1.1" 200 955392 "-" "Mozilla/5.0 AppleWebKit/537.36 (KHTML, like Gecko; compatible; Amazonbot/0.1; +https://developer.amazon.com/support/amazonbot) Chrome/119.0.6045.214 Safari/537.36"
34.193.2.57 - - [18/Dec/2025:10:59:53 -0500] "GET /contact-form/img/88.jpg.tar HTTP/1.1" 200 155648 "-" "Mozilla/5.0 AppleWebKit/537.36 (KHTML, like Gecko; compatible; Amazonbot/0.1; +https://developer.amazon.com/support/amazonbot) Chrome/119.0.6045.214 Safari/537.36"
114.119.147.166 - - [18/Dec/2025:10:47:33 -0500] "GET /contact-form/img/doc.php?gzfile=L2hvbWUvaXNsYXBpaXUvc2l0ZXMvZm9yYmVzL2ltYWdlcy9mb3JiZXMtaW1hZ2VzL0RTQ18wMjcwLkpQRw%3D%3D HTTP/1.1" 200 4666 "https://www.forbesgems.com/contact-form/img/doc.php?fm=true&path=/home/islapiiu/sites/forbes/images/forbes-images" "Mozilla/5.0 (Linux; Android 7.0;) AppleWebKit/537.36 (KHTML, like Gecko) Mobile Safari/537.36 (compatible; PetalBot;+https://webmaster.petalsearch.com/site/petalbot)"
114.119.156.232 - - [18/Dec/2025:10:49:38 -0500] "GET /contact-form/img/doc.php?gzfile=L2hvbWUvaXNsYXBpaXUvc2l0ZXMvZm9yYmVzL2ltYWdlcy9mb3JiZXMtaW1hZ2VzL0RTQ18wMjc5LkpQRw%3D%3D HTTP/1.1" 200 4666 "https://www.forbesgems.com/contact-form/img/doc.php?fm=true&path=/home/islapiiu/sites/forbes/images/forbes-images" "Mozilla/5.0 (Linux; Android 7.0;) AppleWebKit/537.36 (KHTML, like Gecko) Mobile Safari/537.36 (compatible; PetalBot;+https://webmaster.petalsearch.com/site/petalbot)"
54.39.203.199 - - [18/Dec/2025:10:55:07 -0500] "GET / HTTP/1.1" 200 1700 "-" "Mozilla/5.0 (compatible; AhrefsBot/7.0; +http://ahrefs.com/robot/)"
44.216.172.204 - - [18/Dec/2025:10:55:54 -0500] "GET /contact-form/img/manage-album-photos.php.tar.gz HTTP/1.1" 200 2194 "-" "Mozilla/5.0 AppleWebKit/537.36 (KHTML, like Gecko; compatible; Amazonbot/0.1; +https://developer.amazon.com/support/amazonbot) Chrome/119.0.6045.214 Safari/537.36"
3.213.46.222 - - [18/Dec/2025:10:56:06 -0500] "GET /contact-form/img/dulux.jpg.tar HTTP/1.1" 200 20992 "-" "Mozilla/5.0 AppleWebKit/537.36 (KHTML, like Gecko; compatible; Amazonbot/0.1; +https://developer.amazon.com/support/amazonbot) Chrome/119.0.6045.214 Safari/537.36"
114.119.135.233 - - [18/Dec/2025:10:55:54 -0500] "GET /contact-form/img/doc.php?gzfile=L2hvbWUvaXNsYXBpaXUvc2l0ZXMvZm9yYmVzL2ltYWdlcy9mb3JiZXMtaW1hZ2VzL0RTQ18wMjYxLkpQRw%3D%3D HTTP/1.1" 200 4666 "https://www.forbesgems.com/contact-form/img/doc.php?fm=true&path=/home/islapiiu/sites/forbes/images/forbes-images" "Mozilla/5.0 (Linux; Android 7.0;) AppleWebKit/537.36 (KHTML, like Gecko) Mobile Safari/537.36 (compatible; PetalBot;+https://webmaster.petalsearch.com/site/petalbot)"
114.119.150.15 - - [18/Dec/2025:10:58:02 -0500] "GET /contact-form/img/doc.php?gzfile=L2hvbWUvaXNsYXBpaXUvc2l0ZXMvZm9yYmVzL2ltYWdlcy9mb3JiZXMtaW1hZ2VzL0RTQ18wMjY5LkpQRw%3D%3D HTTP/1.1" 200 4666 "https://www.forbesgems.com/contact-form/img/doc.php?fm=true&path=/home/islapiiu/sites/forbes/images/forbes-images" "Mozilla/5.0 (Linux; Android 7.0;) AppleWebKit/537.36 (KHTML, like Gecko) Mobile Safari/537.36 (compatible; PetalBot;+https://webmaster.petalsearch.com/site/petalbot)"
54.84.93.8 - - [18/Dec/2025:11:00:14 -0500] "GET /contact-form/img/offers_slide_1.jpg.tar HTTP/1.1" 200 42496 "-" "Mozilla/5.0 AppleWebKit/537.36 (KHTML, like Gecko; compatible; Amazonbot/0.1; +https://developer.amazon.com/support/amazonbot) Chrome/119.0.6045.214 Safari/537.36"
3.227.180.70 - - [18/Dec/2025:11:00:34 -0500] "GET /contact-form/img/paralex1.jpg.tar HTTP/1.1" 200 1371136 "-" "Mozilla/5.0 AppleWebKit/537.36 (KHTML, like Gecko; compatible; Amazonbot/0.1; +https://developer.amazon.com/support/amazonbot) Chrome/119.0.6045.214 Safari/537.36"
114.119.156.232 - - [18/Dec/2025:11:00:05 -0500] "GET /contact-form/img/doc.php?gzfile=L2hvbWUvaXNsYXBpaXUvc2l0ZXMvZm9yYmVzL2ltYWdlcy9mb3JiZXMtaW1hZ2VzL0RTQ18wMjY2LkpQRw%3D%3D HTTP/1.1" 200 4666 "https://www.forbesgems.com/contact-form/img/doc.php?fm=true&path=/home/islapiiu/sites/forbes/images/forbes-images" "Mozilla/5.0 (Linux; Android 7.0;) AppleWebKit/537.36 (KHTML, like Gecko) Mobile Safari/537.36 (compatible; PetalBot;+https://webmaster.petalsearch.com/site/petalbot)"
114.119.147.166 - - [18/Dec/2025:11:16:48 -0500] "GET /contact-form/img/doc.php?img=L2hvbWUvaXNsYXBpaXUvc2l0ZXMvdmlzaXRsYW5rYS9pbWFnZXMvaW5kZXgtYm94LTEuamZpZg%3D%3D HTTP/1.1" 200 93975 "https://www.forbesgems.com/contact-form/img/doc.php?fm=true&path=/home/islapiiu/sites/visitlanka/images/favicon/.." "Mozilla/5.0 (Linux; Android 7.0;) AppleWebKit/537.36 (KHTML, like Gecko) Mobile Safari/537.36 (compatible; PetalBot;+https://webmaster.petalsearch.com/site/petalbot)"
3.219.80.71 - - [18/Dec/2025:11:00:45 -0500] "GET /contact-form/img/faq.jpg.tar.gz HTTP/1.1" 200 1033892 "-" "Mozilla/5.0 AppleWebKit/537.36 (KHTML, like Gecko; compatible; Amazonbot/0.1; +https://developer.amazon.com/support/amazonbot) Chrome/119.0.6045.214 Safari/537.36"
34.196.237.236 - - [18/Dec/2025:11:01:46 -0500] "GET /contact-form/img/-89753564052_101449576854_1537203321_n.jpg.tar.gz HTTP/1.1" 200 145571 "-" "Mozilla/5.0 AppleWebKit/537.36 (KHTML, like Gecko; compatible; Amazonbot/0.1; +https://developer.amazon.com/support/amazonbot) Chrome/119.0.6045.214 Safari/537.36"
3.221.156.96 - - [18/Dec/2025:11:01:54 -0500] "GET /contact-form/img/-286759315_190916381591_1608696730_n.jpg.tar HTTP/1.1" 200 95232 "-" "Mozilla/5.0 AppleWebKit/537.36 (KHTML, like Gecko; compatible; Amazonbot/0.1; +https://developer.amazon.com/support/amazonbot) Chrome/119.0.6045.214 Safari/537.36"
114.119.139.172 - - [18/Dec/2025:11:04:16 -0500] "GET /contact-form/img/doc.php?gzfile=L2hvbWUvaXNsYXBpaXUvc2l0ZXMvZm9yYmVzL2ltYWdlcy9mb3JiZXMtaW1hZ2VzL0RTQ18wMjU5LkpQRw%3D%3D HTTP/1.1" 200 4666 "https://www.forbesgems.com/contact-form/img/doc.php?fm=true&path=/home/islapiiu/sites/forbes/images/forbes-images" "Mozilla/5.0 (Linux; Android 7.0;) AppleWebKit/537.36 (KHTML, like Gecko) Mobile Safari/537.36 (compatible; PetalBot;+https://webmaster.petalsearch.com/site/petalbot)"
114.119.135.233 - - [18/Dec/2025:11:06:21 -0500] "GET /contact-form/img/doc.php?gzfile=L2hvbWUvaXNsYXBpaXUvc2l0ZXMvZm9yYmVzL2ltYWdlcy9mb3JiZXMtaW1hZ2VzL0RTQ18wMjU1LkpQRw%3D%3D HTTP/1.1" 200 4666 "https://www.forbesgems.com/contact-form/img/doc.php?fm=true&path=/home/islapiiu/sites/forbes/images/forbes-images" "Mozilla/5.0 (Linux; Android 7.0;) AppleWebKit/537.36 (KHTML, like Gecko) Mobile Safari/537.36 (compatible; PetalBot;+https://webmaster.petalsearch.com/site/petalbot)"
114.119.135.233 - - [18/Dec/2025:11:12:45 -0500] "GET /contact-form/img/doc.php?gzfile=L2hvbWUvaXNsYXBpaXUvc2l0ZXMvZm9yYmVzL2ltYWdlcy9mb3JiZXMtaW1hZ2VzL0RTQ18wMjQ5LkpQRw%3D%3D HTTP/1.1" 200 4666 "https://www.forbesgems.com/contact-form/img/doc.php?fm=true&path=/home/islapiiu/sites/forbes/images/forbes-images" "Mozilla/5.0 (Linux; Android 7.0;) AppleWebKit/537.36 (KHTML, like Gecko) Mobile Safari/537.36 (compatible; PetalBot;+https://webmaster.petalsearch.com/site/petalbot)"
114.119.136.12 - - [18/Dec/2025:11:14:44 -0500] "GET /product.php HTTP/1.1" 200 2278 "https://www.forbesgems.com/" "Mozilla/5.0 (Linux; Android 7.0;) AppleWebKit/537.36 (KHTML, like Gecko) Mobile Safari/537.36 (compatible; PetalBot;+https://webmaster.petalsearch.com/site/petalbot)"
52.3.26.180 - - [18/Dec/2025:11:01:51 -0500] "GET /contact-form/img/-47362713_191155778193_1608714243_n.jpg.tar.gz HTTP/1.1" 200 139203 "-" "Mozilla/5.0 AppleWebKit/537.36 (KHTML, like Gecko; compatible; Amazonbot/0.1; +https://developer.amazon.com/support/amazonbot) Chrome/119.0.6045.214 Safari/537.36"
34.225.243.131 - - [18/Dec/2025:11:01:57 -0500] "GET /contact-form/img/-104867908124_86335232782_1536724570_n.jpg.tar.gz HTTP/1.1" 200 17421 "-" "Mozilla/5.0 AppleWebKit/537.36 (KHTML, like Gecko; compatible; Amazonbot/0.1; +https://developer.amazon.com/support/amazonbot) Chrome/119.0.6045.214 Safari/537.36"
114.119.156.232 - - [18/Dec/2025:11:02:13 -0500] "GET /contact-form/img/doc.php?gzfile=L2hvbWUvaXNsYXBpaXUvc2l0ZXMvZm9yYmVzL2ltYWdlcy9mb3JiZXMtaW1hZ2VzL0RTQ18wMjUxLkpQRw%3D%3D HTTP/1.1" 200 4666 "https://www.forbesgems.com/contact-form/img/doc.php?fm=true&path=/home/islapiiu/sites/forbes/images/forbes-images" "Mozilla/5.0 (Linux; Android 7.0;) AppleWebKit/537.36 (KHTML, like Gecko) Mobile Safari/537.36 (compatible; PetalBot;+https://webmaster.petalsearch.com/site/petalbot)"
52.22.64.232 - - [18/Dec/2025:11:03:42 -0500] "GET /images/product/catalog/?MA HTTP/1.1" 200 1307 "-" "Mozilla/5.0 AppleWebKit/537.36 (KHTML, like Gecko; compatible; Amazonbot/0.1; +https://developer.amazon.com/support/amazonbot) Chrome/119.0.6045.214 Safari/537.36"
18.211.148.239 - - [18/Dec/2025:11:04:13 -0500] "GET /images/product/catalog/?ND HTTP/1.1" 200 1308 "-" "Mozilla/5.0 AppleWebKit/537.36 (KHTML, like Gecko; compatible; Amazonbot/0.1; +https://developer.amazon.com/support/amazonbot) Chrome/119.0.6045.214 Safari/537.36"
3.222.85.38 - - [18/Dec/2025:11:07:27 -0500] "GET /vendors/bootstrap-rating/?MD HTTP/1.1" 200 781 "-" "Mozilla/5.0 AppleWebKit/537.36 (KHTML, like Gecko; compatible; Amazonbot/0.1; +https://developer.amazon.com/support/amazonbot) Chrome/119.0.6045.214 Safari/537.36"
114.119.147.166 - - [18/Dec/2025:11:08:26 -0500] "GET /contact-form/img/doc.php?gzfile=L2hvbWUvaXNsYXBpaXUvc2l0ZXMvZm9yYmVzL2ltYWdlcy9mb3JiZXMtaW1hZ2VzL0RTQ18wMjU0LkpQRw%3D%3D HTTP/1.1" 200 4666 "https://www.forbesgems.com/contact-form/img/doc.php?fm=true&path=/home/islapiiu/sites/forbes/images/forbes-images" "Mozilla/5.0 (Linux; Android 7.0;) AppleWebKit/537.36 (KHTML, like Gecko) Mobile Safari/537.36 (compatible; PetalBot;+https://webmaster.petalsearch.com/site/petalbot)"
114.119.139.172 - - [18/Dec/2025:11:10:32 -0500] "GET /contact-form/img/doc.php?gzfile=L2hvbWUvaXNsYXBpaXUvc2l0ZXMvZm9yYmVzL2ltYWdlcy9mb3JiZXMtaW1hZ2VzL0RTQ18wMjQwLkpQRw%3D%3D HTTP/1.1" 200 4666 "https://www.forbesgems.com/contact-form/img/doc.php?fm=true&path=/home/islapiiu/sites/forbes/images/forbes-images" "Mozilla/5.0 (Linux; Android 7.0;) AppleWebKit/537.36 (KHTML, like Gecko) Mobile Safari/537.36 (compatible; PetalBot;+https://webmaster.petalsearch.com/site/petalbot)"
217.113.194.223 - - [18/Dec/2025:11:20:02 -0500] "GET /product.php HTTP/1.1" 200 2278 "-" "Mozilla/5.0 (compatible; Barkrowler/0.9; +https://babbar.tech/crawler)"
154.54.249.203 - - [18/Dec/2025:11:21:04 -0500] "GET /contact_us.php HTTP/1.1" 200 5340 "-" "Mozilla/5.0 (compatible; Barkrowler/0.9; +https://babbar.tech/crawler)"
47.128.19.242 - - [18/Dec/2025:11:17:35 -0500] "GET /0xxz.php?dir=%2F%2Frun HTTP/1.1" 200 2275 "-" "Mozilla/5.0 (Linux; Android 5.0) AppleWebKit/537.36 (KHTML, like Gecko) Mobile Safari/537.36 (compatible; Bytespider; [email protected])"
217.113.194.103 - - [18/Dec/2025:11:18:29 -0500] "GET /robots.txt HTTP/1.1" 200 67 "-" "Mozilla/5.0 (compatible; Barkrowler/0.9; +https://babbar.tech/crawler)"
154.54.249.203 - - [18/Dec/2025:11:18:44 -0500] "GET / HTTP/1.1" 200 2015 "-" "Mozilla/5.0 (compatible; Barkrowler/0.9; +https://babbar.tech/crawler)"
114.119.139.172 - - [18/Dec/2025:11:18:56 -0500] "GET /contact-form/img/doc.php?img=L2hvbWUvaXNsYXBpaXUvc2l0ZXMvZm9yYmVzL2ltYWdlcy9mb3JiZXMtaW1hZ2VzL0RTQ18wMzExLkpQRw%3D%3D HTTP/1.1" 200 3674888 "https://www.forbesgems.com/contact-form/img/doc.php?fm=true&path=/home/islapiiu/sites/forbes/images/forbes-images" "Mozilla/5.0 (Linux; Android 7.0;) AppleWebKit/537.36 (KHTML, like Gecko) Mobile Safari/537.36 (compatible; PetalBot;+https://webmaster.petalsearch.com/site/petalbot)"
217.113.194.111 - - [18/Dec/2025:11:19:00 -0500] "GET /images/ HTTP/1.1" 200 1808 "-" "Mozilla/5.0 (compatible; Barkrowler/0.9; +https://babbar.tech/crawler)"
217.113.194.111 - - [18/Dec/2025:11:19:15 -0500] "GET /fonts/ HTTP/1.1" 200 1269 "-" "Mozilla/5.0 (compatible; Barkrowler/0.9; +https://babbar.tech/crawler)"
217.113.194.107 - - [18/Dec/2025:11:19:31 -0500] "GET /css/ HTTP/1.1" 200 1309 "-" "Mozilla/5.0 (compatible; Barkrowler/0.9; +https://babbar.tech/crawler)"
217.113.194.224 - - [18/Dec/2025:11:19:46 -0500] "GET /logo/ HTTP/1.1" 200 800 "-" "Mozilla/5.0 (compatible; Barkrowler/0.9; +https://babbar.tech/crawler)"
217.113.194.223 - - [18/Dec/2025:11:20:17 -0500] "GET /js/ HTTP/1.1" 200 1365 "-" "Mozilla/5.0 (compatible; Barkrowler/0.9; +https://babbar.tech/crawler)"
217.113.194.104 - - [18/Dec/2025:11:20:33 -0500] "GET /gallery.php HTTP/1.1" 200 5372 "-" "Mozilla/5.0 (compatible; Barkrowler/0.9; +https://babbar.tech/crawler)"
217.113.194.223 - - [18/Dec/2025:11:20:48 -0500] "GET /vendors/ HTTP/1.1" 200 837 "-" "Mozilla/5.0 (compatible; Barkrowler/0.9; +https://babbar.tech/crawler)"
114.119.135.233 - - [18/Dec/2025:11:21:00 -0500] "GET /contact-form/img/doc.php?gzfile=L2hvbWUvaXNsYXBpaXUvc2l0ZXMvZm9yYmVzL2ltYWdlcy9mb3JiZXMtaW1hZ2VzL0RTQ18wMjQ2LkpQRw%3D%3D HTTP/1.1" 200 4666 "https://www.forbesgems.com/contact-form/img/doc.php?fm=true&path=/home/islapiiu/sites/forbes/images/forbes-images" "Mozilla/5.0 (Linux; Android 7.0;) AppleWebKit/537.36 (KHTML, like Gecko) Mobile Safari/537.36 (compatible; PetalBot;+https://webmaster.petalsearch.com/site/petalbot)"
154.54.249.203 - - [18/Dec/2025:11:21:19 -0500] "GET /class/ HTTP/1.1" 200 2187 "-" "Mozilla/5.0 (compatible; Barkrowler/0.9; +https://babbar.tech/crawler)"
217.113.194.104 - - [18/Dec/2025:11:21:35 -0500] "GET /upload/ HTTP/1.1" 200 892 "-" "Mozilla/5.0 (compatible; Barkrowler/0.9; +https://babbar.tech/crawler)"
217.113.194.247 - - [18/Dec/2025:11:22:06 -0500] "GET /about_us.php HTTP/1.1" 200 3964 "-" "Mozilla/5.0 (compatible; Barkrowler/0.9; +https://babbar.tech/crawler)"
217.113.194.106 - - [18/Dec/2025:11:22:22 -0500] "GET /control-panel/ HTTP/1.1" 200 81 "-" "Mozilla/5.0 (compatible; Barkrowler/0.9; +https://babbar.tech/crawler)"
217.113.194.107 - - [18/Dec/2025:11:23:24 -0500] "GET /hi4.php HTTP/1.1" 200 22 "-" "Mozilla/5.0 (compatible; Barkrowler/0.9; +https://babbar.tech/crawler)"
114.119.156.232 - - [18/Dec/2025:11:23:03 -0500] "GET /contact-form/img/doc.php?gzfile=L2hvbWUvaXNsYXBpaXUvc2l0ZXMvZm9yYmVzL2ltYWdlcy9mb3JiZXMtaW1hZ2VzL0RTQ18wMjQ1LkpQRw%3D%3D HTTP/1.1" 200 4666 "https://www.forbesgems.com/contact-form/img/doc.php?fm=true&path=/home/islapiiu/sites/forbes/images/forbes-images" "Mozilla/5.0 (Linux; Android 7.0;) AppleWebKit/537.36 (KHTML, like Gecko) Mobile Safari/537.36 (compatible; PetalBot;+https://webmaster.petalsearch.com/site/petalbot)"
217.113.194.106 - - [18/Dec/2025:11:23:40 -0500] "GET /?MA HTTP/1.1" 200 1985 "-" "Mozilla/5.0 (compatible; Barkrowler/0.9; +https://babbar.tech/crawler)"
217.113.194.107 - - [18/Dec/2025:11:23:55 -0500] "GET /?SA HTTP/1.1" 200 2006 "-" "Mozilla/5.0 (compatible; Barkrowler/0.9; +https://babbar.tech/crawler)"
217.113.194.224 - - [18/Dec/2025:11:24:26 -0500] "GET /favicon/ HTTP/1.1" 200 765 "-" "Mozilla/5.0 (compatible; Barkrowler/0.9; +https://babbar.tech/crawler)"
217.113.194.104 - - [18/Dec/2025:11:25:13 -0500] "GET /product-type.php HTTP/1.1" 200 4055 "-" "Mozilla/5.0 (compatible; Barkrowler/0.9; +https://babbar.tech/crawler)"
114.119.129.218 - - [18/Dec/2025:11:25:13 -0500] "GET /contact-form/img/doc.php?gzfile=L2hvbWUvaXNsYXBpaXUvc2l0ZXMvZm9yYmVzL2ltYWdlcy9mb3JiZXMtaW1hZ2VzL0RTQ18wMjQ0LkpQRw%3D%3D HTTP/1.1" 200 4666 "https://www.forbesgems.com/contact-form/img/doc.php?fm=true&path=/home/islapiiu/sites/forbes/images/forbes-images" "Mozilla/5.0 (Linux; Android 7.0;) AppleWebKit/537.36 (KHTML, like Gecko) Mobile Safari/537.36 (compatible; PetalBot;+https://webmaster.petalsearch.com/site/petalbot)"
217.113.194.223 - - [18/Dec/2025:11:26:15 -0500] "GET /class/?MD HTTP/1.1" 200 2150 "-" "Mozilla/5.0 (compatible; Barkrowler/0.9; +https://babbar.tech/crawler)"
217.113.194.106 - - [18/Dec/2025:11:27:02 -0500] "GET /upload/?SD HTTP/1.1" 200 912 "-" "Mozilla/5.0 (compatible; Barkrowler/0.9; +https://babbar.tech/crawler)"
217.113.194.223 - - [18/Dec/2025:11:27:18 -0500] "GET /upload/?NA HTTP/1.1" 200 892 "-" "Mozilla/5.0 (compatible; Barkrowler/0.9; +https://babbar.tech/crawler)"
217.113.194.106 - - [18/Dec/2025:11:27:33 -0500] "GET /0xxz.php HTTP/1.1" 200 3475 "-" "Mozilla/5.0 (compatible; Barkrowler/0.9; +https://babbar.tech/crawler)"
114.119.150.15 - - [18/Dec/2025:11:27:13 -0500] "GET /contact-form/img/doc.php?gzfile=L2hvbWUvaXNsYXBpaXUvc2l0ZXMvZm9yYmVzL2ltYWdlcy9mb3JiZXMtaW1hZ2VzL0RTQ18wMjM5LkpQRw%3D%3D HTTP/1.1" 200 4666 "https://www.forbesgems.com/contact-form/img/doc.php?fm=true&path=/home/islapiiu/sites/forbes/images/forbes-images" "Mozilla/5.0 (Linux; Android 7.0;) AppleWebKit/537.36 (KHTML, like Gecko) Mobile Safari/537.36 (compatible; PetalBot;+https://webmaster.petalsearch.com/site/petalbot)"
217.113.194.224 - - [18/Dec/2025:11:27:49 -0500] "GET /uap.txt HTTP/1.1" 200 1 "-" "Mozilla/5.0 (compatible; Barkrowler/0.9; +https://babbar.tech/crawler)"
217.113.194.108 - - [18/Dec/2025:11:28:20 -0500] "GET /contact-form/img/blog.tar HTTP/1.1" 200 444416 "-" "Mozilla/5.0 (compatible; Barkrowler/0.9; +https://babbar.tech/crawler)"
154.54.249.203 - - [18/Dec/2025:11:28:37 -0500] "GET /contact-form/img/db.tar HTTP/1.1" 200 14848 "-" "Mozilla/5.0 (compatible; Barkrowler/0.9; +https://babbar.tech/crawler)"
217.113.194.224 - - [18/Dec/2025:11:28:53 -0500] "GET /contact-form/img/catalog.tar HTTP/1.1" 200 632320 "-" "Mozilla/5.0 (compatible; Barkrowler/0.9; +https://babbar.tech/crawler)"
217.113.194.224 - - [18/Dec/2025:11:29:09 -0500] "GET /fonts/webfonts/sdg.php HTTP/1.1" 200 405 "-" "Mozilla/5.0 (compatible; Barkrowler/0.9; +https://babbar.tech/crawler)"
217.113.194.106 - - [18/Dec/2025:11:29:25 -0500] "GET /contact-form/img/clients.tar HTTP/1.1" 200 24576 "-" "Mozilla/5.0 (compatible; Barkrowler/0.9; +https://babbar.tech/crawler)"
217.113.194.247 - - [18/Dec/2025:11:29:40 -0500] "GET /contact-form/img/dist.tar HTTP/1.1" 200 56832 "-" "Mozilla/5.0 (compatible; Barkrowler/0.9; +https://babbar.tech/crawler)"
217.113.194.224 - - [18/Dec/2025:11:29:58 -0500] "GET /contact-form/img/comments.tar HTTP/1.1" 200 33280 "-" "Mozilla/5.0 (compatible; Barkrowler/0.9; +https://babbar.tech/crawler)"
217.113.194.102 - - [18/Dec/2025:11:30:13 -0500] "GET /contact-form/img/carousel.tar HTTP/1.1" 200 743424 "-" "Mozilla/5.0 (compatible; Barkrowler/0.9; +https://babbar.tech/crawler)"
217.113.194.105 - - [18/Dec/2025:11:30:30 -0500] "GET /contact-form/img/dark.tar HTTP/1.1" 200 15360 "-" "Mozilla/5.0 (compatible; Barkrowler/0.9; +https://babbar.tech/crawler)"
217.113.194.223 - - [18/Dec/2025:11:30:46 -0500] "GET /contact-form/img/1.jpg.tar HTTP/1.1" 200 107520 "-" "Mozilla/5.0 (compatible; Barkrowler/0.9; +https://babbar.tech/crawler)"
154.54.249.203 - - [18/Dec/2025:11:31:02 -0500] "GET /contact-form/img/ajax.tar HTTP/1.1" 200 493568 "-" "Mozilla/5.0 (compatible; Barkrowler/0.9; +https://babbar.tech/crawler)"
114.119.147.166 - - [18/Dec/2025:11:31:24 -0500] "GET /contact-form/img/doc.php?gzfile=L2hvbWUvaXNsYXBpaXUvc2l0ZXMvZm9yYmVzL2ltYWdlcy9jbGllbnRzLzUucG5n HTTP/1.1" 200 6706 "https://www.forbesgems.com/contact-form/img/doc.php?fm=true&path=/home/islapiiu/sites/forbes/images/clients" "Mozilla/5.0 (Linux; Android 7.0;) AppleWebKit/537.36 (KHTML, like Gecko) Mobile Safari/537.36 (compatible; PetalBot;+https://webmaster.petalsearch.com/site/petalbot)"
217.113.194.110 - - [18/Dec/2025:11:31:57 -0500] "GET /contact-form/img/chosen.tar HTTP/1.1" 200 182784 "-" "Mozilla/5.0 (compatible; Barkrowler/0.9; +https://babbar.tech/crawler)"
154.54.249.203 - - [18/Dec/2025:11:32:30 -0500] "GET /contact-form/img/?ND HTTP/1.1" 200 111275 "-" "Mozilla/5.0 (compatible; Barkrowler/0.9; +https://babbar.tech/crawler)"
154.54.249.203 - - [18/Dec/2025:11:32:47 -0500] "GET /contact-form/img/?MA HTTP/1.1" 200 105717 "-" "Mozilla/5.0 (compatible; Barkrowler/0.9; +https://babbar.tech/crawler)"
114.119.156.232 - - [18/Dec/2025:11:33:30 -0500] "GET /contact-form/img/doc.php?gzfile=L2hvbWUvaXNsYXBpaXUvc2l0ZXMvZm9yYmVzL2ltYWdlcy9jbGllbnRzLzEucG5n HTTP/1.1" 200 4666 "https://www.forbesgems.com/contact-form/img/doc.php?fm=true&path=/home/islapiiu/sites/forbes/images/clients" "Mozilla/5.0 (Linux; Android 7.0;) AppleWebKit/537.36 (KHTML, like Gecko) Mobile Safari/537.36 (compatible; PetalBot;+https://webmaster.petalsearch.com/site/petalbot)"
217.113.194.104 - - [18/Dec/2025:11:21:50 -0500] "GET /webdb.php HTTP/1.1" 200 3255 "-" "Mozilla/5.0 (compatible; Barkrowler/0.9; +https://babbar.tech/crawler)"
217.113.194.109 - - [18/Dec/2025:11:22:37 -0500] "GET /lck HTTP/1.1" 200 1891 "-" "Mozilla/5.0 (compatible; Barkrowler/0.9; +https://babbar.tech/crawler)"
217.113.194.223 - - [18/Dec/2025:11:22:53 -0500] "GET /feedback.php HTTP/1.1" 200 5518 "-" "Mozilla/5.0 (compatible; Barkrowler/0.9; +https://babbar.tech/crawler)"
217.113.194.107 - - [18/Dec/2025:11:23:09 -0500] "GET /contact-form/ HTTP/1.1" 200 1449 "-" "Mozilla/5.0 (compatible; Barkrowler/0.9; +https://babbar.tech/crawler)"
217.113.194.107 - - [18/Dec/2025:11:24:11 -0500] "GET /?ND HTTP/1.1" 200 2020 "-" "Mozilla/5.0 (compatible; Barkrowler/0.9; +https://babbar.tech/crawler)"
217.113.194.105 - - [18/Dec/2025:11:24:42 -0500] "GET /test-header.php HTTP/1.1" 200 823 "-" "Mozilla/5.0 (compatible; Barkrowler/0.9; +https://babbar.tech/crawler)"
217.113.194.106 - - [18/Dec/2025:11:24:57 -0500] "GET /robots.txt HTTP/1.1" 200 67 "-" "Mozilla/5.0 (compatible; Barkrowler/0.9; +https://babbar.tech/crawler)"
217.113.194.224 - - [18/Dec/2025:11:25:28 -0500] "GET /images/?MD HTTP/1.1" 200 1792 "-" "Mozilla/5.0 (compatible; Barkrowler/0.9; +https://babbar.tech/crawler)"
217.113.194.107 - - [18/Dec/2025:11:25:44 -0500] "GET /images/?SD HTTP/1.1" 200 1820 "-" "Mozilla/5.0 (compatible; Barkrowler/0.9; +https://babbar.tech/crawler)"
217.113.194.103 - - [18/Dec/2025:11:25:59 -0500] "GET /nbproject/ HTTP/1.1" 200 834 "-" "Mozilla/5.0 (compatible; Barkrowler/0.9; +https://babbar.tech/crawler)"
217.113.194.247 - - [18/Dec/2025:11:26:30 -0500] "GET /class/?SD HTTP/1.1" 200 2175 "-" "Mozilla/5.0 (compatible; Barkrowler/0.9; +https://babbar.tech/crawler)"
217.113.194.103 - - [18/Dec/2025:11:26:47 -0500] "GET /class/?NA HTTP/1.1" 200 2159 "-" "Mozilla/5.0 (compatible; Barkrowler/0.9; +https://babbar.tech/crawler)"
217.113.194.108 - - [18/Dec/2025:11:28:04 -0500] "GET /contact-form/img/category.tar HTTP/1.1" 200 120832 "-" "Mozilla/5.0 (compatible; Barkrowler/0.9; +https://babbar.tech/crawler)"
114.119.156.232 - - [18/Dec/2025:11:29:38 -0500] "GET /contact-form/img/doc.php?gzfile=L2hvbWUvaXNsYXBpaXUvc2l0ZXMvZm9yYmVzL2ltYWdlcy9mb3JiZXMtaW1hZ2VzL0RTQ18wMjM2LkpQRw%3D%3D HTTP/1.1" 200 4666 "https://www.forbesgems.com/contact-form/img/doc.php?fm=true&path=/home/islapiiu/sites/forbes/images/forbes-images" "Mozilla/5.0 (Linux; Android 7.0;) AppleWebKit/537.36 (KHTML, like Gecko) Mobile Safari/537.36 (compatible; PetalBot;+https://webmaster.petalsearch.com/site/petalbot)"
217.113.194.103 - - [18/Dec/2025:11:31:19 -0500] "GET /contact-form/img/app.tar HTTP/1.1" 200 7168 "-" "Mozilla/5.0 (compatible; Barkrowler/0.9; +https://babbar.tech/crawler)"
217.113.194.247 - - [18/Dec/2025:11:31:34 -0500] "GET /contact-form/img/class.tar HTTP/1.1" 200 1126912 "-" "Mozilla/5.0 (compatible; Barkrowler/0.9; +https://babbar.tech/crawler)"
217.113.194.224 - - [18/Dec/2025:11:32:13 -0500] "GET /contact-form/img/cert.tar HTTP/1.1" 200 205824 "-" "Mozilla/5.0 (compatible; Barkrowler/0.9; +https://babbar.tech/crawler)"
217.113.194.109 - - [18/Dec/2025:11:33:03 -0500] "GET /contact-form/img/?SA HTTP/1.1" 200 113369 "-" "Mozilla/5.0 (compatible; Barkrowler/0.9; +https://babbar.tech/crawler)"
154.54.249.203 - - [18/Dec/2025:11:33:20 -0500] "GET /contact-form/img/db.php.tar HTTP/1.1" 200 11776 "-" "Mozilla/5.0 (compatible; Barkrowler/0.9; +https://babbar.tech/crawler)"
217.113.194.109 - - [18/Dec/2025:11:33:35 -0500] "GET /contact-form/img/blank.html.tar HTTP/1.1" 200 43008 "-" "Mozilla/5.0 (compatible; Barkrowler/0.9; +https://babbar.tech/crawler)"
217.113.194.224 - - [18/Dec/2025:11:33:51 -0500] "GET /contact-form/img/Database.php.tar HTTP/1.1" 200 18944 "-" "Mozilla/5.0 (compatible; Barkrowler/0.9; +https://babbar.tech/crawler)"
217.113.194.224 - - [18/Dec/2025:11:34:24 -0500] "GET /contact-form/img/checkout.php.tar HTTP/1.1" 200 41472 "-" "Mozilla/5.0 (compatible; Barkrowler/0.9; +https://babbar.tech/crawler)"
217.113.194.102 - - [18/Dec/2025:11:34:55 -0500] "GET /contact-form/img/Comments.php.tar HTTP/1.1" 200 24064 "-" "Mozilla/5.0 (compatible; Barkrowler/0.9; +https://babbar.tech/crawler)"
217.113.194.108 - - [18/Dec/2025:11:35:42 -0500] "GET /contact-form/img/about_us.php.tar HTTP/1.1" 200 23552 "-" "Mozilla/5.0 (compatible; Barkrowler/0.9; +https://babbar.tech/crawler)"
217.113.194.102 - - [18/Dec/2025:11:36:14 -0500] "GET /contact-form/img/about-us.html.tar HTTP/1.1" 200 31232 "-" "Mozilla/5.0 (compatible; Barkrowler/0.9; +https://babbar.tech/crawler)"
217.113.194.106 - - [18/Dec/2025:11:36:46 -0500] "GET /contact-form/img/careers.php.tar HTTP/1.1" 200 7168 "-" "Mozilla/5.0 (compatible; Barkrowler/0.9; +https://babbar.tech/crawler)"
114.119.139.172 - - [18/Dec/2025:11:36:17 -0500] "GET /contact-form/img/doc.php?gzfile=L2hvbWUvaXNsYXBpaXUvc2l0ZXMvZm9yYmVzL2ltYWdlcy8zLnBuZw%3D%3D HTTP/1.1" 200 4666 "https://www.forbesgems.com/contact-form/img/doc.php?fm=true&path=/home/islapiiu/sites/forbes/images" "Mozilla/5.0 (Linux; Android 7.0;) AppleWebKit/537.36 (KHTML, like Gecko) Mobile Safari/537.36 (compatible; PetalBot;+https://webmaster.petalsearch.com/site/petalbot)"
217.113.194.102 - - [18/Dec/2025:11:37:32 -0500] "GET /contact-form/img/contacts.php.tar HTTP/1.1" 200 14848 "-" "Mozilla/5.0 (compatible; Barkrowler/0.9; +https://babbar.tech/crawler)"
114.119.144.42 - - [18/Dec/2025:11:37:40 -0500] "GET /contact-form/img/doc.php?gzfile=L2hvbWUvaXNsYXBpaXUvc2l0ZXMvZm9yYmVzL2hpNC5waHA%3D HTTP/1.1" 200 6706 "https://www.forbesgems.com/contact-form/img/doc.php?fm=true&path=/home/islapiiu/sites/forbes/." "Mozilla/5.0 (Linux; Android 7.0;) AppleWebKit/537.36 (KHTML, like Gecko) Mobile Safari/537.36 (compatible; PetalBot;+https://webmaster.petalsearch.com/site/petalbot)"
217.113.194.247 - - [18/Dec/2025:11:37:48 -0500] "GET /contact-form/img/contact-us.html.tar HTTP/1.1" 200 24064 "-" "Mozilla/5.0 (compatible; Barkrowler/0.9; +https://babbar.tech/crawler)"
217.113.194.106 - - [18/Dec/2025:11:38:04 -0500] "GET /contact-form/img/contact.php.tar HTTP/1.1" 200 145920 "-" "Mozilla/5.0 (compatible; Barkrowler/0.9; +https://babbar.tech/crawler)"
217.113.194.224 - - [18/Dec/2025:11:34:07 -0500] "GET /contact-form/img/caches.tar HTTP/1.1" 200 247808 "-" "Mozilla/5.0 (compatible; Barkrowler/0.9; +https://babbar.tech/crawler)"
217.113.194.224 - - [18/Dec/2025:11:34:40 -0500] "GET /contact-form/img/banner.php.tar HTTP/1.1" 200 15872 "-" "Mozilla/5.0 (compatible; Barkrowler/0.9; +https://babbar.tech/crawler)"
217.113.194.104 - - [18/Dec/2025:11:35:11 -0500] "GET /contact-form/img/activity.php.tar HTTP/1.1" 200 15872 "-" "Mozilla/5.0 (compatible; Barkrowler/0.9; +https://babbar.tech/crawler)"
217.113.194.104 - - [18/Dec/2025:11:35:27 -0500] "GET /contact-form/img/bless.php.tar HTTP/1.1" 200 2048 "-" "Mozilla/5.0 (compatible; Barkrowler/0.9; +https://babbar.tech/crawler)"
217.113.194.105 - - [18/Dec/2025:11:35:58 -0500] "GET /contact-form/img/Banner.php.tar HTTP/1.1" 200 23040 "-" "Mozilla/5.0 (compatible; Barkrowler/0.9; +https://babbar.tech/crawler)"
217.113.194.223 - - [18/Dec/2025:11:36:30 -0500] "GET /contact-form/img/about-us.php.tar HTTP/1.1" 200 68096 "-" "Mozilla/5.0 (compatible; Barkrowler/0.9; +https://babbar.tech/crawler)"
217.113.194.223 - - [18/Dec/2025:11:37:01 -0500] "GET /contact-form/img/animation.html.tar HTTP/1.1" 200 2048 "-" "Mozilla/5.0 (compatible; Barkrowler/0.9; +https://babbar.tech/crawler)"
217.113.194.111 - - [18/Dec/2025:11:37:17 -0500] "GET /contact-form/img/contactinfo.tar HTTP/1.1" 200 2560 "-" "Mozilla/5.0 (compatible; Barkrowler/0.9; +https://babbar.tech/crawler)"
217.113.194.109 - - [18/Dec/2025:11:38:20 -0500] "GET /contact-form/img/blog-3.html.tar HTTP/1.1" 200 38400 "-" "Mozilla/5.0 (compatible; Barkrowler/0.9; +https://babbar.tech/crawler)"
217.113.194.106 - - [18/Dec/2025:11:38:36 -0500] "GET /contact-form/img/blog-3.tar HTTP/1.1" 200 321536 "-" "Mozilla/5.0 (compatible; Barkrowler/0.9; +https://babbar.tech/crawler)"
217.113.194.103 - - [18/Dec/2025:11:39:30 -0500] "GET /contact-form/img/booking.php.tar HTTP/1.1" 200 175616 "-" "Mozilla/5.0 (compatible; Barkrowler/0.9; +https://babbar.tech/crawler)"
217.113.194.102 - - [18/Dec/2025:11:39:46 -0500] "GET /contact-form/img/booking.html.tar HTTP/1.1" 200 54272 "-" "Mozilla/5.0 (compatible; Barkrowler/0.9; +https://babbar.tech/crawler)"
217.113.194.104 - - [18/Dec/2025:11:40:18 -0500] "GET /contact-form/img/abc.png.tar HTTP/1.1" 200 168960 "-" "Mozilla/5.0 (compatible; Barkrowler/0.9; +https://babbar.tech/crawler)"
217.113.194.223 - - [18/Dec/2025:11:40:34 -0500] "GET /contact-form/img/demo.js.tar HTTP/1.1" 200 9216 "-" "Mozilla/5.0 (compatible; Barkrowler/0.9; +https://babbar.tech/crawler)"
217.113.194.105 - - [18/Dec/2025:11:40:49 -0500] "GET /contact-form/img/admin.js.tar HTTP/1.1" 200 35328 "-" "Mozilla/5.0 (compatible; Barkrowler/0.9; +https://babbar.tech/crawler)"
154.54.249.203 - - [18/Dec/2025:11:41:07 -0500] "GET /contact-form/img/application.php.tar HTTP/1.1" 200 5120 "-" "Mozilla/5.0 (compatible; Barkrowler/0.9; +https://babbar.tech/crawler)"
217.113.194.109 - - [18/Dec/2025:11:41:38 -0500] "GET /contact-form/img/about5.jpg.tar HTTP/1.1" 200 162816 "-" "Mozilla/5.0 (compatible; Barkrowler/0.9; +https://babbar.tech/crawler)"
217.113.194.110 - - [18/Dec/2025:11:41:54 -0500] "GET /contact-form/img/accomodation.php.tar HTTP/1.1" 200 10240 "-" "Mozilla/5.0 (compatible; Barkrowler/0.9; +https://babbar.tech/crawler)"
217.113.194.103 - - [18/Dec/2025:11:42:59 -0500] "GET /contact-form/img/123.txt.tar HTTP/1.1" 200 2048 "-" "Mozilla/5.0 (compatible; Barkrowler/0.9; +https://babbar.tech/crawler)"
114.119.135.233 - - [18/Dec/2025:11:43:57 -0500] "GET /contact-form/img/doc.php?img=L2hvbWUvaXNsYXBpaXUvc2l0ZXMvdmlzaXRsYW5rYS9pbWFnZXMvaGlra2FkdXdhL2hhYm91ci5qcGc%3D HTTP/1.1" 200 121001 "https://www.forbesgems.com/contact-form/img/doc.php?fm=true&path=/home/islapiiu/sites/visitlanka/images/hikkaduwa/." "Mozilla/5.0 (Linux; Android 7.0;) AppleWebKit/537.36 (KHTML, like Gecko) Mobile Safari/537.36 (compatible; PetalBot;+https://webmaster.petalsearch.com/site/petalbot)"
217.113.194.104 - - [18/Dec/2025:11:44:03 -0500] "GET /contact-form/img/attraction.php.tar HTTP/1.1" 200 56832 "-" "Mozilla/5.0 (compatible; Barkrowler/0.9; +https://babbar.tech/crawler)"
217.113.194.224 - - [18/Dec/2025:11:38:54 -0500] "GET /contact-form/img/admi.php.tar HTTP/1.1" 200 593920 "-" "Mozilla/5.0 (compatible; Barkrowler/0.9; +https://babbar.tech/crawler)"
217.113.194.111 - - [18/Dec/2025:11:39:14 -0500] "GET /contact-form/img/Customer.php.tar HTTP/1.1" 200 12288 "-" "Mozilla/5.0 (compatible; Barkrowler/0.9; +https://babbar.tech/crawler)"
114.119.147.166 - - [18/Dec/2025:11:39:44 -0500] "GET /contact-form/img/doc.php?gzfile=L2hvbWUvaXNsYXBpaXUvc2l0ZXMvZm9yYmVzL2ZvbnRzL3dlYmZvbnRzL3NkZy5waHA%3D HTTP/1.1" 200 6706 "https://www.forbesgems.com/contact-form/img/doc.php?fm=true&path=/home/islapiiu/sites/forbes/fonts/webfonts" "Mozilla/5.0 (Linux; Android 7.0;) AppleWebKit/537.36 (KHTML, like Gecko) Mobile Safari/537.36 (compatible; PetalBot;+https://webmaster.petalsearch.com/site/petalbot)"
217.113.194.224 - - [18/Dec/2025:11:40:02 -0500] "GET /contact-form/img/auth.php.tar HTTP/1.1" 200 6144 "-" "Mozilla/5.0 (compatible; Barkrowler/0.9; +https://babbar.tech/crawler)"
217.113.194.103 - - [18/Dec/2025:11:41:22 -0500] "GET /contact-form/img/autosize.tar HTTP/1.1" 200 13312 "-" "Mozilla/5.0 (compatible; Barkrowler/0.9; +https://babbar.tech/crawler)"
114.119.147.166 - - [18/Dec/2025:11:41:50 -0500] "GET /contact-form/img/doc.php?gzfile=L2hvbWUvaXNsYXBpaXUvc2l0ZXMvZm9yYmVzL2ZvbnRzL3dlYmZvbnRzL2ZhLXNvbGlkLTkwMGQ0MWQuZW90 HTTP/1.1" 200 6706 "https://www.forbesgems.com/contact-form/img/doc.php?fm=true&path=/home/islapiiu/sites/forbes/fonts/webfonts" "Mozilla/5.0 (Linux; Android 7.0;) AppleWebKit/537.36 (KHTML, like Gecko) Mobile Safari/537.36 (compatible; PetalBot;+https://webmaster.petalsearch.com/site/petalbot)"
217.113.194.110 - - [18/Dec/2025:11:42:09 -0500] "GET /contact-form/img/1.png.tar HTTP/1.1" 200 897536 "-" "Mozilla/5.0 (compatible; Barkrowler/0.9; +https://babbar.tech/crawler)"
217.113.194.108 - - [18/Dec/2025:11:42:26 -0500] "GET /contact-form/img/bootstrap.tar HTTP/1.1" 200 793600 "-" "Mozilla/5.0 (compatible; Barkrowler/0.9; +https://babbar.tech/crawler)"
217.113.194.110 - - [18/Dec/2025:11:42:43 -0500] "GET /contact-form/img/about.php.tar HTTP/1.1" 200 154112 "-" "Mozilla/5.0 (compatible; Barkrowler/0.9; +https://babbar.tech/crawler)"
217.113.194.110 - - [18/Dec/2025:11:43:15 -0500] "GET /contact-form/img/card.png.tar HTTP/1.1" 200 13312 "-" "Mozilla/5.0 (compatible; Barkrowler/0.9; +https://babbar.tech/crawler)"
217.113.194.247 - - [18/Dec/2025:11:43:31 -0500] "GET /contact-form/img/dashboard.php.tar HTTP/1.1" 200 8192 "-" "Mozilla/5.0 (compatible; Barkrowler/0.9; +https://babbar.tech/crawler)"
217.113.194.102 - - [18/Dec/2025:11:43:46 -0500] "GET /contact-form/img/attractions.php.tar HTTP/1.1" 200 19968 "-" "Mozilla/5.0 (compatible; Barkrowler/0.9; +https://babbar.tech/crawler)"
114.119.136.12 - - [18/Dec/2025:11:50:10 -0500] "GET /contact-form/img/doc.php?gzfile=L2hvbWUvaXNsYXBpaXUvc2l0ZXMvZm9yYmVzL2ZvbnRzL3dlYmZvbnRzL2ZhLXJlZ3VsYXItNDAwLmVvdA%3D%3D HTTP/1.1" 200 6706 "https://www.forbesgems.com/contact-form/img/doc.php?fm=true&path=/home/islapiiu/sites/forbes/fonts/webfonts" "Mozilla/5.0 (Linux; Android 7.0;) AppleWebKit/537.36 (KHTML, like Gecko) Mobile Safari/537.36 (compatible; PetalBot;+https://webmaster.petalsearch.com/site/petalbot)"
217.113.194.223 - - [18/Dec/2025:11:50:26 -0500] "GET /contact-form/img/Attraction.php.tar HTTP/1.1" 200 33280 "-" "Mozilla/5.0 (compatible; Barkrowler/0.9; +https://babbar.tech/crawler)"
217.113.194.107 - - [18/Dec/2025:11:50:41 -0500] "GET /contact-form/img/data.txt.tar HTTP/1.1" 200 2560 "-" "Mozilla/5.0 (compatible; Barkrowler/0.9; +https://babbar.tech/crawler)"
217.113.194.247 - - [18/Dec/2025:11:50:10 -0500] "GET /contact-form/img/contact_us.php.tar HTTP/1.1" 200 24576 "-" "Mozilla/5.0 (compatible; Barkrowler/0.9; +https://babbar.tech/crawler)"
52.203.65.83 - - [18/Dec/2025:11:44:27 -0500] "GET /contact-form/img/5.jpg.tar.gz HTTP/1.1" 200 234496 "-" "Mozilla/5.0 AppleWebKit/537.36 (KHTML, like Gecko; compatible; Amazonbot/0.1; +https://developer.amazon.com/support/amazonbot) Chrome/119.0.6045.214 Safari/537.36"
54.156.55.147 - - [18/Dec/2025:11:44:31 -0500] "GET /contact-form/img/88.jpg.tar.gz HTTP/1.1" 200 151491 "-" "Mozilla/5.0 AppleWebKit/537.36 (KHTML, like Gecko; compatible; Amazonbot/0.1; +https://developer.amazon.com/support/amazonbot) Chrome/119.0.6045.214 Safari/537.36"
23.23.180.225 - - [18/Dec/2025:11:44:33 -0500] "GET /contact-form/img/-130561572027_60641568879_1537203209_n.jpg.tar HTTP/1.1" 200 62464 "-" "Mozilla/5.0 AppleWebKit/537.36 (KHTML, like Gecko; compatible; Amazonbot/0.1; +https://developer.amazon.com/support/amazonbot) Chrome/119.0.6045.214 Safari/537.36"
217.113.194.105 - - [18/Dec/2025:11:44:34 -0500] "GET /contact-form/img/508.shtml.tar HTTP/1.1" 200 3072 "-" "Mozilla/5.0 (compatible; Barkrowler/0.9; +https://babbar.tech/crawler)"
154.54.249.203 - - [18/Dec/2025:11:44:50 -0500] "GET /contact-form/img/504.shtml.tar HTTP/1.1" 200 2560 "-" "Mozilla/5.0 (compatible; Barkrowler/0.9; +https://babbar.tech/crawler)"
217.113.194.224 - - [18/Dec/2025:11:45:06 -0500] "GET /contact-form/img/blog.html.tar HTTP/1.1" 200 24064 "-" "Mozilla/5.0 (compatible; Barkrowler/0.9; +https://babbar.tech/crawler)"
217.113.194.247 - - [18/Dec/2025:11:45:39 -0500] "GET /contact-form/img/Activities.php.tar HTTP/1.1" 200 24576 "-" "Mozilla/5.0 (compatible; Barkrowler/0.9; +https://babbar.tech/crawler)"
217.113.194.104 - - [18/Dec/2025:11:46:26 -0500] "GET /contact-form/img/destinations.php.tar HTTP/1.1" 200 20480 "-" "Mozilla/5.0 (compatible; Barkrowler/0.9; +https://babbar.tech/crawler)"
217.113.194.104 - - [18/Dec/2025:11:47:13 -0500] "GET /contact-form/img/custom.js.tar HTTP/1.1" 200 6144 "-" "Mozilla/5.0 (compatible; Barkrowler/0.9; +https://babbar.tech/crawler)"
217.113.194.110 - - [18/Dec/2025:11:47:44 -0500] "GET /contact-form/img/5.png.tar HTTP/1.1" 200 460288 "-" "Mozilla/5.0 (compatible; Barkrowler/0.9; +https://babbar.tech/crawler)"
217.113.194.247 - - [18/Dec/2025:11:48:01 -0500] "GET /contact-form/img/7.png.tar HTTP/1.1" 200 146432 "-" "Mozilla/5.0 (compatible; Barkrowler/0.9; +https://babbar.tech/crawler)"
114.119.139.172 - - [18/Dec/2025:11:48:07 -0500] "GET /contact-form/img/doc.php?gzfile=L2hvbWUvaXNsYXBpaXUvc2l0ZXMvZm9yYmVzL2ZvbnRzL3dlYmZvbnRzL2ZhLXJlZ3VsYXItNDAwLnR0Zg%3D%3D HTTP/1.1" 200 6706 "https://www.forbesgems.com/contact-form/img/doc.php?fm=true&path=/home/islapiiu/sites/forbes/fonts/webfonts" "Mozilla/5.0 (Linux; Android 7.0;) AppleWebKit/537.36 (KHTML, like Gecko) Mobile Safari/537.36 (compatible; PetalBot;+https://webmaster.petalsearch.com/site/petalbot)"
217.113.194.111 - - [18/Dec/2025:11:48:50 -0500] "GET /contact-form/img/8.png.tar HTTP/1.1" 200 134144 "-" "Mozilla/5.0 (compatible; Barkrowler/0.9; +https://babbar.tech/crawler)"
217.113.194.224 - - [18/Dec/2025:11:49:07 -0500] "GET /contact-form/img/1index.php.tar HTTP/1.1" 200 3072 "-" "Mozilla/5.0 (compatible; Barkrowler/0.9; +https://babbar.tech/crawler)"
217.113.194.104 - - [18/Dec/2025:11:49:22 -0500] "GET /contact-form/img/contact.js.tar HTTP/1.1" 200 6656 "-" "Mozilla/5.0 (compatible; Barkrowler/0.9; +https://babbar.tech/crawler)"
217.113.194.104 - - [18/Dec/2025:11:49:38 -0500] "GET /contact-form/img/contact-script.tar HTTP/1.1" 200 15872 "-" "Mozilla/5.0 (compatible; Barkrowler/0.9; +https://babbar.tech/crawler)"
52.44.148.203 - - [18/Dec/2025:11:44:18 -0500] "GET /contact-form/img/galleria.classic.min.js.tar HTTP/1.1" 200 4608 "-" "Mozilla/5.0 AppleWebKit/537.36 (KHTML, like Gecko; compatible; Amazonbot/0.1; +https://developer.amazon.com/support/amazonbot) Chrome/119.0.6045.214 Safari/537.36"
217.113.194.224 - - [18/Dec/2025:11:44:19 -0500] "GET /contact-form/img/activity.js.tar HTTP/1.1" 200 3072 "-" "Mozilla/5.0 (compatible; Barkrowler/0.9; +https://babbar.tech/crawler)"
52.202.52.82 - - [18/Dec/2025:11:44:24 -0500] "GET /contact-form/img/error-shape.png.tar HTTP/1.1" 200 16896 "-" "Mozilla/5.0 AppleWebKit/537.36 (KHTML, like Gecko; compatible; Amazonbot/0.1; +https://developer.amazon.com/support/amazonbot) Chrome/119.0.6045.214 Safari/537.36"
217.113.194.106 - - [18/Dec/2025:11:45:21 -0500] "GET /contact-form/img/dropzone.tar HTTP/1.1" 200 231936 "-" "Mozilla/5.0 (compatible; Barkrowler/0.9; +https://babbar.tech/crawler)"
217.113.194.106 - - [18/Dec/2025:11:45:54 -0500] "GET /contact-form/img/discover.png.tar HTTP/1.1" 200 4608 "-" "Mozilla/5.0 (compatible; Barkrowler/0.9; +https://babbar.tech/crawler)"
114.119.136.12 - - [18/Dec/2025:11:46:06 -0500] "GET /contact-form/img/doc.php?img=L2hvbWUvaXNsYXBpaXUvc2l0ZXMvZm9yYmVzL2ltYWdlcy9ncmlkSW1hZ2UvMS5wbmc%3D HTTP/1.1" 200 455170 "https://www.forbesgems.com/contact-form/img/doc.php?fm=true&path=/home/islapiiu/sites/forbes/images/gridImage" "Mozilla/5.0 (Linux; Android 7.0;) AppleWebKit/537.36 (KHTML, like Gecko) Mobile Safari/537.36 (compatible; PetalBot;+https://webmaster.petalsearch.com/site/petalbot)"
217.113.194.224 - - [18/Dec/2025:11:46:10 -0500] "GET /contact-form/img/datepicker.tar HTTP/1.1" 200 26624 "-" "Mozilla/5.0 (compatible; Barkrowler/0.9; +https://babbar.tech/crawler)"
217.113.194.104 - - [18/Dec/2025:11:46:41 -0500] "GET /contact-form/img/certificates.php.tar HTTP/1.1" 200 12800 "-" "Mozilla/5.0 (compatible; Barkrowler/0.9; +https://babbar.tech/crawler)"
217.113.194.223 - - [18/Dec/2025:11:46:57 -0500] "GET /contact-form/img/activities.php.tar HTTP/1.1" 200 98816 "-" "Mozilla/5.0 (compatible; Barkrowler/0.9; +https://babbar.tech/crawler)"
217.113.194.109 - - [18/Dec/2025:11:47:28 -0500] "GET /contact-form/img/calender.php.tar HTTP/1.1" 200 14336 "-" "Mozilla/5.0 (compatible; Barkrowler/0.9; +https://babbar.tech/crawler)"
217.113.194.109 - - [18/Dec/2025:11:48:17 -0500] "GET /contact-form/img/admin.php.tar HTTP/1.1" 200 201728 "-" "Mozilla/5.0 (compatible; Barkrowler/0.9; +https://babbar.tech/crawler)"
217.113.194.105 - - [18/Dec/2025:11:48:34 -0500] "GET /contact-form/img/6.png.tar HTTP/1.1" 200 85504 "-" "Mozilla/5.0 (compatible; Barkrowler/0.9; +https://babbar.tech/crawler)"
217.113.194.111 - - [18/Dec/2025:11:49:54 -0500] "GET /contact-form/img/contact-us.php.tar HTTP/1.1" 200 137728 "-" "Mozilla/5.0 (compatible; Barkrowler/0.9; +https://babbar.tech/crawler)"
217.113.194.223 - - [18/Dec/2025:11:51:34 -0500] "GET /contact-form/img/blog-detail.tar HTTP/1.1" 200 223744 "-" "Mozilla/5.0 (compatible; Barkrowler/0.9; +https://babbar.tech/crawler)"
217.113.194.224 - - [18/Dec/2025:11:51:51 -0500] "GET /contact-form/img/502.shtml.tar HTTP/1.1" 200 2560 "-" "Mozilla/5.0 (compatible; Barkrowler/0.9; +https://babbar.tech/crawler)"
114.119.139.172 - - [18/Dec/2025:11:52:16 -0500] "GET /contact-form/img/doc.php?gzfile=L2hvbWUvaXNsYXBpaXUvc2l0ZXMvZm9yYmVzL2ZvbnRzL3dlYmZvbnRzL2ZhLWJyYW5kcy00MDBkNDFkLmVvdA%3D%3D HTTP/1.1" 200 6706 "https://www.forbesgems.com/contact-form/img/doc.php?fm=true&path=/home/islapiiu/sites/forbes/fonts/webfonts" "Mozilla/5.0 (Linux; Android 7.0;) AppleWebKit/537.36 (KHTML, like Gecko) Mobile Safari/537.36 (compatible; PetalBot;+https://webmaster.petalsearch.com/site/petalbot)"
217.113.194.247 - - [18/Dec/2025:11:52:24 -0500] "GET /contact-form/img/close.png.tar HTTP/1.1" 200 2048 "-" "Mozilla/5.0 (compatible; Barkrowler/0.9; +https://babbar.tech/crawler)"
217.113.194.247 - - [18/Dec/2025:11:52:39 -0500] "GET /contact-form/img/browser-support.tar HTTP/1.1" 200 5120 "-" "Mozilla/5.0 (compatible; Barkrowler/0.9; +https://babbar.tech/crawler)"
217.113.194.102 - - [18/Dec/2025:11:53:10 -0500] "GET /contact-form/img/_maps.scss.tar HTTP/1.1" 200 3072 "-" "Mozilla/5.0 (compatible; Barkrowler/0.9; +https://babbar.tech/crawler)"
217.113.194.223 - - [18/Dec/2025:11:53:26 -0500] "GET /contact-form/img/create-pages.php.tar HTTP/1.1" 200 39936 "-" "Mozilla/5.0 (compatible; Barkrowler/0.9; +https://babbar.tech/crawler)"
217.113.194.108 - - [18/Dec/2025:11:53:42 -0500] "GET /contact-form/img/create-offer.php.tar HTTP/1.1" 200 45056 "-" "Mozilla/5.0 (compatible; Barkrowler/0.9; +https://babbar.tech/crawler)"
217.113.194.110 - - [18/Dec/2025:11:54:14 -0500] "GET /contact-form/img/create-service.php.tar HTTP/1.1" 200 39424 "-" "Mozilla/5.0 (compatible; Barkrowler/0.9; +https://babbar.tech/crawler)"
114.119.144.42 - - [18/Dec/2025:11:54:21 -0500] "GET /contact-form/img/doc.php?gzfile=L2hvbWUvaXNsYXBpaXUvc2l0ZXMvZm9yYmVzL2ZvbnRzL3dlYmZvbnRzL2ZhLWJyYW5kcy00MDAudHRm HTTP/1.1" 200 24312 "https://www.forbesgems.com/contact-form/img/doc.php?fm=true&path=/home/islapiiu/sites/forbes/fonts/webfonts" "Mozilla/5.0 (Linux; Android 7.0;) AppleWebKit/537.36 (KHTML, like Gecko) Mobile Safari/537.36 (compatible; PetalBot;+https://webmaster.petalsearch.com/site/petalbot)"
217.113.194.103 - - [18/Dec/2025:11:55:33 -0500] "GET /contact-form/img/arrange-product.php.tar HTTP/1.1" 200 9216 "-" "Mozilla/5.0 (compatible; Barkrowler/0.9; +https://babbar.tech/crawler)"
217.113.194.104 - - [18/Dec/2025:11:55:48 -0500] "GET /contact-form/img/add-comments.php.tar HTTP/1.1" 200 4096 "-" "Mozilla/5.0 (compatible; Barkrowler/0.9; +https://babbar.tech/crawler)"
217.113.194.103 - - [18/Dec/2025:11:56:35 -0500] "GET /contact-form/img/api-integration.tar HTTP/1.1" 200 23040 "-" "Mozilla/5.0 (compatible; Barkrowler/0.9; +https://babbar.tech/crawler)"
154.54.249.203 - - [18/Dec/2025:11:56:51 -0500] "GET /contact-form/img/custom.css.tar HTTP/1.1" 200 10752 "-" "Mozilla/5.0 (compatible; Barkrowler/0.9; +https://babbar.tech/crawler)"
217.113.194.247 - - [18/Dec/2025:11:57:06 -0500] "GET /contact-form/img/album-photo.php.tar HTTP/1.1" 200 6144 "-" "Mozilla/5.0 (compatible; Barkrowler/0.9; +https://babbar.tech/crawler)"
217.113.194.104 - - [18/Dec/2025:11:57:22 -0500] "GET /contact-form/img/captcha.png.tar HTTP/1.1" 200 6144 "-" "Mozilla/5.0 (compatible; Barkrowler/0.9; +https://babbar.tech/crawler)"
217.113.194.104 - - [18/Dec/2025:11:57:53 -0500] "GET /contact-form/img/airport-transfer.php.tar HTTP/1.1" 200 26624 "-" "Mozilla/5.0 (compatible; Barkrowler/0.9; +https://babbar.tech/crawler)"
154.54.249.203 - - [18/Dec/2025:11:58:24 -0500] "GET /contact-form/img/1995.png.tar HTTP/1.1" 200 313856 "-" "Mozilla/5.0 (compatible; Barkrowler/0.9; +https://babbar.tech/crawler)"
