217.113.194.105 - - [18/Dec/2025:12:43:44 -0500] "GET /contact-form/img/2019-08-27.log.tar HTTP/1.1" 200 1536 "-" "Mozilla/5.0 (compatible; Barkrowler/0.9; +https://babbar.tech/crawler)"
217.113.194.104 - - [18/Dec/2025:12:44:00 -0500] "GET /contact-form/img/2019-08-02.log.tar HTTP/1.1" 200 1536 "-" "Mozilla/5.0 (compatible; Barkrowler/0.9; +https://babbar.tech/crawler)"
54.235.172.96 - - [18/Dec/2025:12:42:30 -0500] "GET /contact-form/img/timthumb.jpg.tar.gz HTTP/1.1" 200 229933 "-" "Mozilla/5.0 AppleWebKit/537.36 (KHTML, like Gecko; compatible; Amazonbot/0.1; +https://developer.amazon.com/support/amazonbot) Chrome/119.0.6045.214 Safari/537.36"
52.200.93.170 - - [18/Dec/2025:12:42:38 -0500] "GET /fonts/webfonts/?NA HTTP/1.1" 200 1636 "-" "Mozilla/5.0 AppleWebKit/537.36 (KHTML, like Gecko; compatible; Amazonbot/0.1; +https://developer.amazon.com/support/amazonbot) Chrome/119.0.6045.214 Safari/537.36"
23.21.228.180 - - [18/Dec/2025:12:42:42 -0500] "GET /upload/photo-album/gallery/?ND HTTP/1.1" 200 3274 "-" "Mozilla/5.0 AppleWebKit/537.36 (KHTML, like Gecko; compatible; Amazonbot/0.1; +https://developer.amazon.com/support/amazonbot) Chrome/119.0.6045.214 Safari/537.36"
217.113.194.111 - - [18/Dec/2025:12:43:13 -0500] "GET /contact-form/img/2019-08-28.log.tar HTTP/1.1" 200 1536 "-" "Mozilla/5.0 (compatible; Barkrowler/0.9; +https://babbar.tech/crawler)"
217.113.194.110 - - [18/Dec/2025:12:43:29 -0500] "GET /contact-form/img/2019-04-04.log.tar HTTP/1.1" 200 1536 "-" "Mozilla/5.0 (compatible; Barkrowler/0.9; +https://babbar.tech/crawler)"
217.113.194.111 - - [18/Dec/2025:12:44:17 -0500] "GET /contact-form/img/2019-08-29.log.tar HTTP/1.1" 200 1536 "-" "Mozilla/5.0 (compatible; Barkrowler/0.9; +https://babbar.tech/crawler)"
217.113.194.106 - - [18/Dec/2025:12:44:32 -0500] "GET /contact-form/img/2019-04-03.log.tar HTTP/1.1" 200 1536 "-" "Mozilla/5.0 (compatible; Barkrowler/0.9; +https://babbar.tech/crawler)"
114.119.136.12 - - [18/Dec/2025:12:44:32 -0500] "GET /contact-form/img/doc.php?gzfile=L2hvbWUvaXNsYXBpaXUvc2l0ZXMvZm9yYmVzL2NvbnRyb2wtcGFuZWwvcG9zdC1hbmQtZ2V0L2Jhbm5lci5waHA%3D HTTP/1.1" 200 6706 "https://www.forbesgems.com/contact-form/img/doc.php?fm=true&path=/home/islapiiu/sites/forbes/control-panel/post-and-get" "Mozilla/5.0 (Linux; Android 7.0;) AppleWebKit/537.36 (KHTML, like Gecko) Mobile Safari/537.36 (compatible; PetalBot;+https://webmaster.petalsearch.com/site/petalbot)"
217.113.194.224 - - [18/Dec/2025:12:44:48 -0500] "GET /contact-form/img/2019-06-02.log.tar HTTP/1.1" 200 1536 "-" "Mozilla/5.0 (compatible; Barkrowler/0.9; +https://babbar.tech/crawler)"
154.54.249.203 - - [18/Dec/2025:12:45:03 -0500] "GET /contact-form/img/2019-05-03.log.tar HTTP/1.1" 200 1536 "-" "Mozilla/5.0 (compatible; Barkrowler/0.9; +https://babbar.tech/crawler)"
217.113.194.247 - - [18/Dec/2025:12:45:19 -0500] "GET /contact-form/img/2019-03-03.log.tar HTTP/1.1" 200 1536 "-" "Mozilla/5.0 (compatible; Barkrowler/0.9; +https://babbar.tech/crawler)"
217.113.194.103 - - [18/Dec/2025:12:45:35 -0500] "GET /contact-form/img/2019-05-06.log.tar HTTP/1.1" 200 1536 "-" "Mozilla/5.0 (compatible; Barkrowler/0.9; +https://babbar.tech/crawler)"
154.54.249.203 - - [18/Dec/2025:12:46:21 -0500] "GET /contact-form/img/2019-05-28.log.tar HTTP/1.1" 200 3072 "-" "Mozilla/5.0 (compatible; Barkrowler/0.9; +https://babbar.tech/crawler)"
217.113.194.224 - - [18/Dec/2025:12:46:37 -0500] "GET /contact-form/img/2019-09-02.log.tar HTTP/1.1" 200 1536 "-" "Mozilla/5.0 (compatible; Barkrowler/0.9; +https://babbar.tech/crawler)"
217.113.194.108 - - [18/Dec/2025:12:46:52 -0500] "GET /contact-form/img/2019-08-30.log.tar HTTP/1.1" 200 1536 "-" "Mozilla/5.0 (compatible; Barkrowler/0.9; +https://babbar.tech/crawler)"
217.113.194.223 - - [18/Dec/2025:12:47:24 -0500] "GET /contact-form/img/2019-06-24.log.tar HTTP/1.1" 200 1536 "-" "Mozilla/5.0 (compatible; Barkrowler/0.9; +https://babbar.tech/crawler)"
217.113.194.105 - - [18/Dec/2025:12:48:10 -0500] "GET /contact-form/img/2019-06-28.log.tar HTTP/1.1" 200 1536 "-" "Mozilla/5.0 (compatible; Barkrowler/0.9; +https://babbar.tech/crawler)"
217.113.194.102 - - [18/Dec/2025:12:49:29 -0500] "GET /fonts/webfonts/fa-solid-900.ttf HTTP/1.1" 200 132920 "-" "Mozilla/5.0 (compatible; Barkrowler/0.9; +https://babbar.tech/crawler)"
217.113.194.224 - - [18/Dec/2025:12:49:46 -0500] "GET /fonts/webfonts/fa-regular-400.svg HTTP/1.1" 200 39103 "-" "Mozilla/5.0 (compatible; Barkrowler/0.9; +https://babbar.tech/crawler)"
217.113.194.103 - - [18/Dec/2025:12:50:02 -0500] "GET /fonts/webfonts/fa-regular-400.eot HTTP/1.1" 200 31272 "-" "Mozilla/5.0 (compatible; Barkrowler/0.9; +https://babbar.tech/crawler)"
217.113.194.103 - - [18/Dec/2025:12:50:35 -0500] "GET /fonts/webfonts/fa-brands-400.ttf HTTP/1.1" 200 111384 "-" "Mozilla/5.0 (compatible; Barkrowler/0.9; +https://babbar.tech/crawler)"
217.113.194.224 - - [18/Dec/2025:12:50:51 -0500] "GET /contact-form/img/causes-grid-img01.jpg.tar HTTP/1.1" 200 37376 "-" "Mozilla/5.0 (compatible; Barkrowler/0.9; +https://babbar.tech/crawler)"
217.113.194.108 - - [18/Dec/2025:12:51:07 -0500] "GET /contact-form/img/_checkboxradio.scss.tar HTTP/1.1" 200 7168 "-" "Mozilla/5.0 (compatible; Barkrowler/0.9; +https://babbar.tech/crawler)"
154.54.249.203 - - [18/Dec/2025:12:51:23 -0500] "GET /contact-form/img/bootstrap-colorpicker.tar HTTP/1.1" 200 85504 "-" "Mozilla/5.0 (compatible; Barkrowler/0.9; +https://babbar.tech/crawler)"
217.113.194.103 - - [18/Dec/2025:12:51:55 -0500] "GET /contact-form/img/arrange-attraction-photos.php.tar HTTP/1.1" 200 33792 "-" "Mozilla/5.0 (compatible; Barkrowler/0.9; +https://babbar.tech/crawler)"
217.113.194.108 - - [18/Dec/2025:12:52:11 -0500] "GET /contact-form/img/add-new-brand.js.tar HTTP/1.1" 200 4096 "-" "Mozilla/5.0 (compatible; Barkrowler/0.9; +https://babbar.tech/crawler)"
217.113.194.108 - - [18/Dec/2025:12:52:27 -0500] "GET /contact-form/img/data_verified1.txt.tar HTTP/1.1" 200 2048 "-" "Mozilla/5.0 (compatible; Barkrowler/0.9; +https://babbar.tech/crawler)"
217.113.194.111 - - [18/Dec/2025:12:52:42 -0500] "GET /contact-form/img/2018-11-27.log.tar HTTP/1.1" 200 2048 "-" "Mozilla/5.0 (compatible; Barkrowler/0.9; +https://babbar.tech/crawler)"
114.119.135.233 - - [18/Dec/2025:12:52:55 -0500] "GET /contact-form/img/doc.php?gzfile=L2hvbWUvaXNsYXBpaXUvc2l0ZXMvZm9yYmVzL2NvbnRyb2wtcGFuZWwvc2Nzcy9fbmF2YmFyLnNjc3M%3D HTTP/1.1" 200 6706 "https://www.forbesgems.com/contact-form/img/doc.php?fm=true&path=/home/islapiiu/sites/forbes/control-panel/scss" "Mozilla/5.0 (Linux; Android 7.0;) AppleWebKit/537.36 (KHTML, like Gecko) Mobile Safari/537.36 (compatible; PetalBot;+https://webmaster.petalsearch.com/site/petalbot)"
217.113.194.107 - - [18/Dec/2025:12:45:50 -0500] "GET /contact-form/img/2019-02-08.log.tar HTTP/1.1" 200 2048 "-" "Mozilla/5.0 (compatible; Barkrowler/0.9; +https://babbar.tech/crawler)"
217.113.194.103 - - [18/Dec/2025:12:46:06 -0500] "GET /contact-form/img/2019-07-05.log.tar HTTP/1.1" 200 1536 "-" "Mozilla/5.0 (compatible; Barkrowler/0.9; +https://babbar.tech/crawler)"
114.119.147.166 - - [18/Dec/2025:12:46:40 -0500] "GET /contact-form/img/doc.php?gzfile=L2hvbWUvaXNsYXBpaXUvc2l0ZXMvZm9yYmVzL2NvbnRyb2wtcGFuZWwvc2Nzcy9fdGFibGVzLnNjc3M%3D HTTP/1.1" 200 6706 "https://www.forbesgems.com/contact-form/img/doc.php?fm=true&path=/home/islapiiu/sites/forbes/control-panel/scss" "Mozilla/5.0 (Linux; Android 7.0;) AppleWebKit/537.36 (KHTML, like Gecko) Mobile Safari/537.36 (compatible; PetalBot;+https://webmaster.petalsearch.com/site/petalbot)"
217.113.194.104 - - [18/Dec/2025:12:47:08 -0500] "GET /contact-form/img/2019-03-05.log.tar HTTP/1.1" 200 1536 "-" "Mozilla/5.0 (compatible; Barkrowler/0.9; +https://babbar.tech/crawler)"
217.113.194.102 - - [18/Dec/2025:12:47:39 -0500] "GET /contact-form/img/2019-09-25.log.tar HTTP/1.1" 200 1536 "-" "Mozilla/5.0 (compatible; Barkrowler/0.9; +https://babbar.tech/crawler)"
217.113.194.104 - - [18/Dec/2025:12:47:55 -0500] "GET /contact-form/img/2019-07-30.log.tar HTTP/1.1" 200 1536 "-" "Mozilla/5.0 (compatible; Barkrowler/0.9; +https://babbar.tech/crawler)"
217.113.194.247 - - [18/Dec/2025:12:48:26 -0500] "GET /contact-form/img/2019-08-05.log.tar HTTP/1.1" 200 2048 "-" "Mozilla/5.0 (compatible; Barkrowler/0.9; +https://babbar.tech/crawler)"
217.113.194.223 - - [18/Dec/2025:12:48:42 -0500] "GET /contact-form/Generate_Captcha_Code.php HTTP/1.1" 200 3282 "-" "Mozilla/5.0 (compatible; Barkrowler/0.9; +https://babbar.tech/crawler)"
114.119.150.15 - - [18/Dec/2025:12:48:44 -0500] "GET /contact-form/img/doc.php?gzfile=L2hvbWUvaXNsYXBpaXUvc2l0ZXMvZm9yYmVzL2NvbnRyb2wtcGFuZWwvc2Nzcy9fcGFnaW5hdGlvbi5zY3Nz HTTP/1.1" 200 6706 "https://www.forbesgems.com/contact-form/img/doc.php?fm=true&path=/home/islapiiu/sites/forbes/control-panel/scss" "Mozilla/5.0 (Linux; Android 7.0;) AppleWebKit/537.36 (KHTML, like Gecko) Mobile Safari/537.36 (compatible; PetalBot;+https://webmaster.petalsearch.com/site/petalbot)"
217.113.194.111 - - [18/Dec/2025:12:48:58 -0500] "GET /fonts/glyphicons-halflings-regular.svg HTTP/1.1" 200 19399 "-" "Mozilla/5.0 (compatible; Barkrowler/0.9; +https://babbar.tech/crawler)"
217.113.194.105 - - [18/Dec/2025:12:49:13 -0500] "GET /fonts/webfonts/fa-solid-900.woff HTTP/1.1" 200 63836 "-" "Mozilla/5.0 (compatible; Barkrowler/0.9; +https://babbar.tech/crawler)"
217.113.194.247 - - [18/Dec/2025:12:50:18 -0500] "GET /fonts/webfonts/fa-brands-400.eot HTTP/1.1" 200 111620 "-" "Mozilla/5.0 (compatible; Barkrowler/0.9; +https://babbar.tech/crawler)"
114.119.156.232 - - [18/Dec/2025:12:50:49 -0500] "GET /contact-form/img/doc.php?gzfile=L2hvbWUvaXNsYXBpaXUvc2l0ZXMvZm9yYmVzL2NvbnRyb2wtcGFuZWwvc2Nzcy9fbmF2dGFicy5zY3Nz HTTP/1.1" 200 16437 "https://www.forbesgems.com/contact-form/img/doc.php?fm=true&path=/home/islapiiu/sites/forbes/control-panel/scss" "Mozilla/5.0 (Linux; Android 7.0;) AppleWebKit/537.36 (KHTML, like Gecko) Mobile Safari/537.36 (compatible; PetalBot;+https://webmaster.petalsearch.com/site/petalbot)"
217.113.194.224 - - [18/Dec/2025:12:51:40 -0500] "GET /contact-form/img/bootstrap-rating.css.tar HTTP/1.1" 200 2048 "-" "Mozilla/5.0 (compatible; Barkrowler/0.9; +https://babbar.tech/crawler)"
217.113.194.103 - - [18/Dec/2025:12:53:13 -0500] "GET /contact-form/img/Diamond_Sprite.png.tar HTTP/1.1" 200 427008 "-" "Mozilla/5.0 (compatible; Barkrowler/0.9; +https://babbar.tech/crawler)"
217.113.194.224 - - [18/Dec/2025:12:54:03 -0500] "GET /contact-form/img/edit-attraction-photo.php.tar HTTP/1.1" 200 36864 "-" "Mozilla/5.0 (compatible; Barkrowler/0.9; +https://babbar.tech/crawler)"
217.113.194.108 - - [18/Dec/2025:12:52:58 -0500] "GET /contact-form/img/_customanimate.scss.tar HTTP/1.1" 200 3584 "-" "Mozilla/5.0 (compatible; Barkrowler/0.9; +https://babbar.tech/crawler)"
217.113.194.247 - - [18/Dec/2025:12:53:32 -0500] "GET /contact-form/img/araliyagardens.com.tar HTTP/1.1" 200 2048 "-" "Mozilla/5.0 (compatible; Barkrowler/0.9; +https://babbar.tech/crawler)"
217.113.194.110 - - [18/Dec/2025:12:53:48 -0500] "GET /contact-form/img/edit-activity-photo.php.tar HTTP/1.1" 200 29696 "-" "Mozilla/5.0 (compatible; Barkrowler/0.9; +https://babbar.tech/crawler)"
217.113.194.110 - - [18/Dec/2025:12:54:19 -0500] "GET /fonts/glyphicons-halflings-regular.eot HTTP/1.1" 200 20335 "-" "Mozilla/5.0 (compatible; Barkrowler/0.9; +https://babbar.tech/crawler)"
217.113.194.107 - - [18/Dec/2025:12:54:35 -0500] "GET /fonts/glyphicons-halflings-regular.woff HTTP/1.1" 200 23320 "-" "Mozilla/5.0 (compatible; Barkrowler/0.9; +https://babbar.tech/crawler)"
217.113.194.109 - - [18/Dec/2025:12:54:51 -0500] "GET /fonts/webfonts/fa-regular-400.ttf HTTP/1.1" 200 31044 "-" "Mozilla/5.0 (compatible; Barkrowler/0.9; +https://babbar.tech/crawler)"
217.113.194.104 - - [18/Dec/2025:12:55:08 -0500] "GET /fonts/webfonts/fa-regular-400.woff HTTP/1.1" 200 14724 "-" "Mozilla/5.0 (compatible; Barkrowler/0.9; +https://babbar.tech/crawler)"
217.113.194.110 - - [18/Dec/2025:12:55:24 -0500] "GET /fonts/webfonts/fa-brands-400.woff HTTP/1.1" 200 71560 "-" "Mozilla/5.0 (compatible; Barkrowler/0.9; +https://babbar.tech/crawler)"
217.113.194.110 - - [18/Dec/2025:12:55:41 -0500] "GET /contact-form/img/branchxxxxxxxx.php.tar HTTP/1.1" 200 10752 "-" "Mozilla/5.0 (compatible; Barkrowler/0.9; +https://babbar.tech/crawler)"
217.113.194.109 - - [18/Dec/2025:12:56:12 -0500] "GET /contact-form/img/_dropdownmenu.scss.tar HTTP/1.1" 200 4608 "-" "Mozilla/5.0 (compatible; Barkrowler/0.9; +https://babbar.tech/crawler)"
217.113.194.223 - - [18/Dec/2025:12:56:28 -0500] "GET /contact-form/img/_waveseffect.scss.tar HTTP/1.1" 200 2048 "-" "Mozilla/5.0 (compatible; Barkrowler/0.9; +https://babbar.tech/crawler)"
217.113.194.110 - - [18/Dec/2025:12:56:59 -0500] "GET /contact-form/img/_breadcrumbs.scss.tar HTTP/1.1" 200 3072 "-" "Mozilla/5.0 (compatible; Barkrowler/0.9; +https://babbar.tech/crawler)"
217.113.194.224 - - [18/Dec/2025:12:57:15 -0500] "GET /contact-form/img/arrange-tour-date-photos.php.tar HTTP/1.1" 200 41984 "-" "Mozilla/5.0 (compatible; Barkrowler/0.9; +https://babbar.tech/crawler)"
217.113.194.110 - - [18/Dec/2025:12:57:31 -0500] "GET /contact-form/img/_progressbars.scss.tar HTTP/1.1" 200 2048 "-" "Mozilla/5.0 (compatible; Barkrowler/0.9; +https://babbar.tech/crawler)"
217.113.194.104 - - [18/Dec/2025:12:58:02 -0500] "GET /contact-form/img/dovecot.list.index.log.tar HTTP/1.1" 200 6656 "-" "Mozilla/5.0 (compatible; Barkrowler/0.9; +https://babbar.tech/crawler)"
217.113.194.224 - - [18/Dec/2025:12:58:17 -0500] "GET /contact-form/img/data_verified12.txt.tar HTTP/1.1" 200 2048 "-" "Mozilla/5.0 (compatible; Barkrowler/0.9; +https://babbar.tech/crawler)"
154.54.249.203 - - [18/Dec/2025:12:58:33 -0500] "GET /fonts/glyphicons-halflings-regular.ttf HTTP/1.1" 200 41280 "-" "Mozilla/5.0 (compatible; Barkrowler/0.9; +https://babbar.tech/crawler)"
217.113.194.108 - - [18/Dec/2025:12:59:05 -0500] "GET /fonts/webfonts/fa-regular-400.woff2 HTTP/1.1" 200 12188 "-" "Mozilla/5.0 (compatible; Barkrowler/0.9; +https://babbar.tech/crawler)"
114.119.139.172 - - [18/Dec/2025:12:59:08 -0500] "GET /contact-form/img/doc.php?gzfile=L2hvbWUvaXNsYXBpaXUvc2l0ZXMvZm9yYmVzL2NvbnRyb2wtcGFuZWwvc2Nzcy9fZGlhbG9ncy5zY3Nz HTTP/1.1" 200 6706 "https://www.forbesgems.com/contact-form/img/doc.php?fm=true&path=/home/islapiiu/sites/forbes/control-panel/scss" "Mozilla/5.0 (Linux; Android 7.0;) AppleWebKit/537.36 (KHTML, like Gecko) Mobile Safari/537.36 (compatible; PetalBot;+https://webmaster.petalsearch.com/site/petalbot)"
217.113.194.104 - - [18/Dec/2025:12:59:37 -0500] "GET /?dir=%2Fhome%2Fislapiiu%2Fsites HTTP/1.1" 200 2009 "-" "Mozilla/5.0 (compatible; Barkrowler/0.9; +https://babbar.tech/crawler)"
114.119.156.232 - - [18/Dec/2025:12:55:08 -0500] "GET /contact-form/img/doc.php?gzfile=L2hvbWUvaXNsYXBpaXUvc2l0ZXMvZm9yYmVzL2NvbnRyb2wtcGFuZWwvc2Nzcy9fbWVkaWEuc2Nzcw%3D%3D HTTP/1.1" 200 6706 "https://www.forbesgems.com/contact-form/img/doc.php?fm=true&path=/home/islapiiu/sites/forbes/control-panel/scss" "Mozilla/5.0 (Linux; Android 7.0;) AppleWebKit/537.36 (KHTML, like Gecko) Mobile Safari/537.36 (compatible; PetalBot;+https://webmaster.petalsearch.com/site/petalbot)"
217.113.194.111 - - [18/Dec/2025:12:55:56 -0500] "GET /contact-form/img/_datetimepicker.scss.tar HTTP/1.1" 200 4096 "-" "Mozilla/5.0 (compatible; Barkrowler/0.9; +https://babbar.tech/crawler)"
217.113.194.224 - - [18/Dec/2025:12:56:43 -0500] "GET /contact-form/img/create-tour-package-normal.php.tar HTTP/1.1" 200 42496 "-" "Mozilla/5.0 (compatible; Barkrowler/0.9; +https://babbar.tech/crawler)"
114.119.156.232 - - [18/Dec/2025:12:57:03 -0500] "GET /contact-form/img/doc.php?gzfile=L2hvbWUvaXNsYXBpaXUvc2l0ZXMvZm9yYmVzL2NvbnRyb2wtcGFuZWwvc2Nzcy9fanF1ZXJ5bmVzdGFibGUuc2Nzcw%3D%3D HTTP/1.1" 200 6706 "https://www.forbesgems.com/contact-form/img/doc.php?fm=true&path=/home/islapiiu/sites/forbes/control-panel/scss" "Mozilla/5.0 (Linux; Android 7.0;) AppleWebKit/537.36 (KHTML, like Gecko) Mobile Safari/537.36 (compatible; PetalBot;+https://webmaster.petalsearch.com/site/petalbot)"
217.113.194.111 - - [18/Dec/2025:12:57:46 -0500] "GET /contact-form/img/_noUISlider.scss.tar HTTP/1.1" 200 13312 "-" "Mozilla/5.0 (compatible; Barkrowler/0.9; +https://babbar.tech/crawler)"
154.54.249.203 - - [18/Dec/2025:12:58:49 -0500] "GET /fonts/webfonts/fa-solid-900.woff2 HTTP/1.1" 200 50372 "-" "Mozilla/5.0 (compatible; Barkrowler/0.9; +https://babbar.tech/crawler)"
217.113.194.107 - - [18/Dec/2025:12:59:21 -0500] "GET /fonts/webfonts/fa-brands-400.woff2 HTTP/1.1" 200 61336 "-" "Mozilla/5.0 (compatible; Barkrowler/0.9; +https://babbar.tech/crawler)"
217.113.194.247 - - [18/Dec/2025:13:00:24 -0500] "GET /contact-form/img/_badgelistgroupitem.scss.tar HTTP/1.1" 200 7168 "-" "Mozilla/5.0 (compatible; Barkrowler/0.9; +https://babbar.tech/crawler)"
217.113.194.110 - - [18/Dec/2025:13:00:55 -0500] "GET /contact-form/img/_bootstrapselect.scss.tar HTTP/1.1" 200 6144 "-" "Mozilla/5.0 (compatible; Barkrowler/0.9; +https://babbar.tech/crawler)"
217.113.194.102 - - [18/Dec/2025:13:01:11 -0500] "GET /contact-form/img/_inputformgroup.scss.tar HTTP/1.1" 200 11264 "-" "Mozilla/5.0 (compatible; Barkrowler/0.9; +https://babbar.tech/crawler)"
114.119.144.42 - - [18/Dec/2025:13:01:13 -0500] "GET /contact-form/img/doc.php?gzfile=L2hvbWUvaXNsYXBpaXUvc2l0ZXMvZm9yYmVzL2NvbnRyb2wtcGFuZWwvc2Nzcy9fZ2VuZXJhbC5zY3Nz HTTP/1.1" 200 6706 "https://www.forbesgems.com/contact-form/img/doc.php?fm=true&path=/home/islapiiu/sites/forbes/control-panel/scss" "Mozilla/5.0 (Linux; Android 7.0;) AppleWebKit/537.36 (KHTML, like Gecko) Mobile Safari/537.36 (compatible; PetalBot;+https://webmaster.petalsearch.com/site/petalbot)"
217.113.194.109 - - [18/Dec/2025:13:01:26 -0500] "GET /fonts/webfonts/fa-solid-900d41d.eot HTTP/1.1" 200 133140 "-" "Mozilla/5.0 (compatible; Barkrowler/0.9; +https://babbar.tech/crawler)"
217.113.194.110 - - [18/Dec/2025:12:59:53 -0500] "GET /contact-form/img/_jquerydatatable.scss.tar HTTP/1.1" 200 5120 "-" "Mozilla/5.0 (compatible; Barkrowler/0.9; +https://babbar.tech/crawler)"
154.54.249.203 - - [18/Dec/2025:13:00:08 -0500] "GET /contact-form/img/bootstrap-theme.min.css.tar HTTP/1.1" 200 22528 "-" "Mozilla/5.0 (compatible; Barkrowler/0.9; +https://babbar.tech/crawler)"
217.113.194.103 - - [18/Dec/2025:13:00:39 -0500] "GET /contact-form/img/_ionrangeslider.scss.tar HTTP/1.1" 200 3072 "-" "Mozilla/5.0 (compatible; Barkrowler/0.9; +https://babbar.tech/crawler)"
217.113.194.107 - - [18/Dec/2025:13:01:42 -0500] "GET /fonts/webfonts/fa-regular-400d41d.eot HTTP/1.1" 200 31272 "-" "Mozilla/5.0 (compatible; Barkrowler/0.9; +https://babbar.tech/crawler)"
217.113.194.223 - - [18/Dec/2025:13:02:15 -0500] "GET /contact-form/img/_jquerynestable.scss.tar HTTP/1.1" 200 3072 "-" "Mozilla/5.0 (compatible; Barkrowler/0.9; +https://babbar.tech/crawler)"
217.113.194.110 - - [18/Dec/2025:13:02:30 -0500] "GET /contact-form/img/dreamround.sublime.lk.tar HTTP/1.1" 200 5632 "-" "Mozilla/5.0 (compatible; Barkrowler/0.9; +https://babbar.tech/crawler)"
217.113.194.224 - - [18/Dec/2025:13:03:17 -0500] "GET /contact-form/img/blog_grid_img_05.jpg.tar HTTP/1.1" 200 24064 "-" "Mozilla/5.0 (compatible; Barkrowler/0.9; +https://babbar.tech/crawler)"
217.113.194.105 - - [18/Dec/2025:13:04:20 -0500] "GET /?dir=%2Fhome%2Fislapiiu%2Fsites%2Fforbes HTTP/1.1" 200 2015 "-" "Mozilla/5.0 (compatible; Barkrowler/0.9; +https://babbar.tech/crawler)"
217.113.194.108 - - [18/Dec/2025:13:04:36 -0500] "GET /contact-form/img/accts%40sliid-lk.org.tar HTTP/1.1" 200 2048 "-" "Mozilla/5.0 (compatible; Barkrowler/0.9; +https://babbar.tech/crawler)"
34.205.170.13 - - [18/Dec/2025:13:04:57 -0500] "GET /contact-form/img/admission.php.tar HTTP/1.1" 200 15360 "-" "Mozilla/5.0 AppleWebKit/537.36 (KHTML, like Gecko; compatible; Amazonbot/0.1; +https://developer.amazon.com/support/amazonbot) Chrome/119.0.6045.214 Safari/537.36"
18.211.148.239 - - [18/Dec/2025:13:05:01 -0500] "GET /contact-form/img/loader.gif.tar HTTP/1.1" 200 59392 "-" "Mozilla/5.0 AppleWebKit/537.36 (KHTML, like Gecko; compatible; Amazonbot/0.1; +https://developer.amazon.com/support/amazonbot) Chrome/119.0.6045.214 Safari/537.36"
217.113.194.103 - - [18/Dec/2025:13:05:07 -0500] "GET /?dir=%2Fhome%2Fislapiiu%2Fsites%2Fforbes%2Fclass HTTP/1.1" 200 2009 "-" "Mozilla/5.0 (compatible; Barkrowler/0.9; +https://babbar.tech/crawler)"
23.21.228.180 - - [18/Dec/2025:13:05:10 -0500] "GET /contact-form/img/footer.css.tar HTTP/1.1" 200 2560 "-" "Mozilla/5.0 AppleWebKit/537.36 (KHTML, like Gecko; compatible; Amazonbot/0.1; +https://developer.amazon.com/support/amazonbot) Chrome/119.0.6045.214 Safari/537.36"
34.238.45.183 - - [18/Dec/2025:13:05:18 -0500] "GET /contact-form/img/index-box9.jpg.tar HTTP/1.1" 200 91136 "-" "Mozilla/5.0 AppleWebKit/537.36 (KHTML, like Gecko; compatible; Amazonbot/0.1; +https://developer.amazon.com/support/amazonbot) Chrome/119.0.6045.214 Safari/537.36"
54.88.84.219 - - [18/Dec/2025:13:05:22 -0500] "GET /contact-form/img/course-grid.jpg.tar.gz HTTP/1.1" 200 1658133 "-" "Mozilla/5.0 AppleWebKit/537.36 (KHTML, like Gecko; compatible; Amazonbot/0.1; +https://developer.amazon.com/support/amazonbot) Chrome/119.0.6045.214 Safari/537.36"
217.113.194.106 - - [18/Dec/2025:13:05:23 -0500] "GET /contact-form/img/de.trippingsrilanka.sublime.lk.tar HTTP/1.1" 200 4608 "-" "Mozilla/5.0 (compatible; Barkrowler/0.9; +https://babbar.tech/crawler)"
54.198.33.233 - - [18/Dec/2025:13:05:25 -0500] "GET /contact-form/img/fontawesome-webfont.svg.tar.gz HTTP/1.1" 200 94355 "-" "Mozilla/5.0 AppleWebKit/537.36 (KHTML, like Gecko; compatible; Amazonbot/0.1; +https://developer.amazon.com/support/amazonbot) Chrome/119.0.6045.214 Safari/537.36"
114.119.136.12 - - [18/Dec/2025:13:05:31 -0500] "GET /contact-form/img/doc.php?gzfile=L2hvbWUvaXNsYXBpaXUvc2l0ZXMvZm9yYmVzL2NvbnRyb2wtcGFuZWwvbWFuYWdlLXRvdXItcGFja2FnZS5waHA%3D HTTP/1.1" 200 6706 "https://www.forbesgems.com/contact-form/img/doc.php?fm=true&path=/home/islapiiu/sites/forbes/control-panel/." "Mozilla/5.0 (Linux; Android 7.0;) AppleWebKit/537.36 (KHTML, like Gecko) Mobile Safari/537.36 (compatible; PetalBot;+https://webmaster.petalsearch.com/site/petalbot)"
217.113.194.103 - - [18/Dec/2025:13:05:39 -0500] "GET /?dir=%2Fhome%2Fislapiiu%2Fsites%2Fforbes%2Fvendors HTTP/1.1" 200 2009 "-" "Mozilla/5.0 (compatible; Barkrowler/0.9; +https://babbar.tech/crawler)"
217.113.194.224 - - [18/Dec/2025:13:01:58 -0500] "GET /fonts/webfonts/fa-brands-400d41d.eot HTTP/1.1" 200 111620 "-" "Mozilla/5.0 (compatible; Barkrowler/0.9; +https://babbar.tech/crawler)"
217.113.194.103 - - [18/Dec/2025:13:02:46 -0500] "GET /contact-form/img/arrange-tour-package-normal-photos.php.tar HTTP/1.1" 200 33792 "-" "Mozilla/5.0 (compatible; Barkrowler/0.9; +https://babbar.tech/crawler)"
217.113.194.107 - - [18/Dec/2025:13:03:02 -0500] "GET /contact-form/img/_bootstrapnotify.scss.tar HTTP/1.1" 200 3072 "-" "Mozilla/5.0 (compatible; Barkrowler/0.9; +https://babbar.tech/crawler)"
114.119.150.15 - - [18/Dec/2025:13:03:26 -0500] "GET /contact-form/img/doc.php?gzfile=L2hvbWUvaXNsYXBpaXUvc2l0ZXMvZm9yYmVzL2NvbnRyb2wtcGFuZWwvc2Nzcy9fYm9vdHN0cmFwbm90aWZ5LnNjc3M%3D HTTP/1.1" 200 6706 "https://www.forbesgems.com/contact-form/img/doc.php?fm=true&path=/home/islapiiu/sites/forbes/control-panel/scss" "Mozilla/5.0 (Linux; Android 7.0;) AppleWebKit/537.36 (KHTML, like Gecko) Mobile Safari/537.36 (compatible; PetalBot;+https://webmaster.petalsearch.com/site/petalbot)"
217.113.194.106 - - [18/Dec/2025:13:03:33 -0500] "GET /fonts/glyphicons-halflings-regulard41d.eot HTTP/1.1" 200 20335 "-" "Mozilla/5.0 (compatible; Barkrowler/0.9; +https://babbar.tech/crawler)"
217.113.194.223 - - [18/Dec/2025:13:03:49 -0500] "GET /contact-form/img/_leftsidebaroverlay.scss.tar HTTP/1.1" 200 16384 "-" "Mozilla/5.0 (compatible; Barkrowler/0.9; +https://babbar.tech/crawler)"
217.113.194.102 - - [18/Dec/2025:13:04:05 -0500] "GET /contact-form/img/_tooltippopovers.scss.tar HTTP/1.1" 200 3072 "-" "Mozilla/5.0 (compatible; Barkrowler/0.9; +https://babbar.tech/crawler)"
217.113.194.223 - - [18/Dec/2025:13:04:51 -0500] "GET /contact-form/img/applevacationsmv.sublime.lk.tar HTTP/1.1" 200 5632 "-" "Mozilla/5.0 (compatible; Barkrowler/0.9; +https://babbar.tech/crawler)"
100.29.107.38 - - [18/Dec/2025:13:04:54 -0500] "GET /images/menu/?NA HTTP/1.1" 200 815 "-" "Mozilla/5.0 AppleWebKit/537.36 (KHTML, like Gecko; compatible; Amazonbot/0.1; +https://developer.amazon.com/support/amazonbot) Chrome/119.0.6045.214 Safari/537.36"
23.23.212.212 - - [18/Dec/2025:13:05:05 -0500] "GET /contact-form/img/view-team.php.tar.gz HTTP/1.1" 200 2078 "-" "Mozilla/5.0 AppleWebKit/537.36 (KHTML, like Gecko; compatible; Amazonbot/0.1; +https://developer.amazon.com/support/amazonbot) Chrome/119.0.6045.214 Safari/537.36"
54.157.84.74 - - [18/Dec/2025:13:05:15 -0500] "GET /contact-form/img/fontawesome-webfont.woff.tar.gz HTTP/1.1" 200 71651 "-" "Mozilla/5.0 AppleWebKit/537.36 (KHTML, like Gecko; compatible; Amazonbot/0.1; +https://developer.amazon.com/support/amazonbot) Chrome/119.0.6045.214 Safari/537.36"
184.73.195.18 - - [18/Dec/2025:13:05:30 -0500] "GET /contact-form/img/34.jpg.tar HTTP/1.1" 200 564224 "-" "Mozilla/5.0 AppleWebKit/537.36 (KHTML, like Gecko; compatible; Amazonbot/0.1; +https://developer.amazon.com/support/amazonbot) Chrome/119.0.6045.214 Safari/537.36"
18.209.201.119 - - [18/Dec/2025:13:05:34 -0500] "GET /contact-form/img/-83570661418_107632479488_1535699563_n.jpg.tar.gz HTTP/1.1" 200 136046 "-" "Mozilla/5.0 AppleWebKit/537.36 (KHTML, like Gecko; compatible; Amazonbot/0.1; +https://developer.amazon.com/support/amazonbot) Chrome/119.0.6045.214 Safari/537.36"
44.214.19.8 - - [18/Dec/2025:13:05:38 -0500] "GET /upload/product-type/product/?MA HTTP/1.1" 200 7118 "-" "Mozilla/5.0 AppleWebKit/537.36 (KHTML, like Gecko; compatible; Amazonbot/0.1; +https://developer.amazon.com/support/amazonbot) Chrome/119.0.6045.214 Safari/537.36"
34.239.85.139 - - [18/Dec/2025:13:05:42 -0500] "GET /images/product/catalog/?SA HTTP/1.1" 200 1312 "-" "Mozilla/5.0 AppleWebKit/537.36 (KHTML, like Gecko; compatible; Amazonbot/0.1; +https://developer.amazon.com/support/amazonbot) Chrome/119.0.6045.214 Safari/537.36"
107.22.208.39 - - [18/Dec/2025:13:05:49 -0500] "GET /images/product/pro1p/?MA HTTP/1.1" 200 1271 "-" "Mozilla/5.0 AppleWebKit/537.36 (KHTML, like Gecko; compatible; Amazonbot/0.1; +https://developer.amazon.com/support/amazonbot) Chrome/119.0.6045.214 Safari/537.36"
23.21.228.180 - - [18/Dec/2025:13:05:45 -0500] "GET /images/product/?MD HTTP/1.1" 200 1448 "-" "Mozilla/5.0 AppleWebKit/537.36 (KHTML, like Gecko; compatible; Amazonbot/0.1; +https://developer.amazon.com/support/amazonbot) Chrome/119.0.6045.214 Safari/537.36"
217.113.194.110 - - [18/Dec/2025:13:05:55 -0500] "GET /?dir=%2Fhome%2Fislapiiu%2Fsites%2Fforbes%2Fcss HTTP/1.1" 200 2009 "-" "Mozilla/5.0 (compatible; Barkrowler/0.9; +https://babbar.tech/crawler)"
217.113.194.247 - - [18/Dec/2025:13:06:10 -0500] "GET /?dir=%2Fhome%2Fislapiiu%2Fsites%2Fforbes%2Ffonts HTTP/1.1" 200 2009 "-" "Mozilla/5.0 (compatible; Barkrowler/0.9; +https://babbar.tech/crawler)"
217.113.194.102 - - [18/Dec/2025:13:06:41 -0500] "GET /?dir=%2Fhome%2Fislapiiu%2Fsites%2Fforbes%2Fimages HTTP/1.1" 200 2009 "-" "Mozilla/5.0 (compatible; Barkrowler/0.9; +https://babbar.tech/crawler)"
217.113.194.224 - - [18/Dec/2025:13:06:57 -0500] "GET /?dir=%2Fhome%2Fislapiiu%2Fsites%2Fforbes%2Fupload HTTP/1.1" 200 2009 "-" "Mozilla/5.0 (compatible; Barkrowler/0.9; +https://babbar.tech/crawler)"
154.54.249.203 - - [18/Dec/2025:13:07:12 -0500] "GET /?dir=%2Fhome%2Fislapiiu%2Fsites%2Fforbes%2Fcgi-bin HTTP/1.1" 200 2009 "-" "Mozilla/5.0 (compatible; Barkrowler/0.9; +https://babbar.tech/crawler)"
154.54.249.203 - - [18/Dec/2025:13:07:28 -0500] "GET /?dir=%2Fhome%2Fislapiiu%2Fsites%2Fforbes%2Flogo HTTP/1.1" 200 2009 "-" "Mozilla/5.0 (compatible; Barkrowler/0.9; +https://babbar.tech/crawler)"
154.54.249.203 - - [18/Dec/2025:13:07:59 -0500] "GET /?dir=%2Fhome%2Fislapiiu%2Fsites%2Fforbes%2Fnbproject HTTP/1.1" 200 2009 "-" "Mozilla/5.0 (compatible; Barkrowler/0.9; +https://babbar.tech/crawler)"
217.113.194.104 - - [18/Dec/2025:13:09:34 -0500] "GET /contact-form/img/-404930612_190798210294_1545210350_n.jpg.tar HTTP/1.1" 200 4608 "-" "Mozilla/5.0 (compatible; Barkrowler/0.9; +https://babbar.tech/crawler)"
114.119.135.233 - - [18/Dec/2025:13:09:36 -0500] "GET /contact-form/img/doc.php?gzfile=L2hvbWUvaXNsYXBpaXUvc2l0ZXMvZm9yYmVzL2NvbnRyb2wtcGFuZWwvbWFuYWdlLXByb2R1Y3QucGhw HTTP/1.1" 200 6706 "https://www.forbesgems.com/contact-form/img/doc.php?fm=true&path=/home/islapiiu/sites/forbes/control-panel/." "Mozilla/5.0 (Linux; Android 7.0;) AppleWebKit/537.36 (KHTML, like Gecko) Mobile Safari/537.36 (compatible; PetalBot;+https://webmaster.petalsearch.com/site/petalbot)"
217.113.194.223 - - [18/Dec/2025:13:10:07 -0500] "GET /contact-form/img/-91132846402_100070294504_1547120845_n.jpg.tar HTTP/1.1" 200 14336 "-" "Mozilla/5.0 (compatible; Barkrowler/0.9; +https://babbar.tech/crawler)"
217.113.194.103 - - [18/Dec/2025:13:10:22 -0500] "GET /contact-form/img/-583004086_190620136820_1545210112_n.jpg.tar HTTP/1.1" 200 4608 "-" "Mozilla/5.0 (compatible; Barkrowler/0.9; +https://babbar.tech/crawler)"
217.113.194.223 - - [18/Dec/2025:13:10:38 -0500] "GET /contact-form/img/-521981243_190681159663_1545191520_n.jpg.tar HTTP/1.1" 200 15360 "-" "Mozilla/5.0 (compatible; Barkrowler/0.9; +https://babbar.tech/crawler)"
154.54.249.203 - - [18/Dec/2025:13:10:54 -0500] "GET /contact-form/img/-298240347_190904900559_1544784410_n.jpg.tar HTTP/1.1" 200 201216 "-" "Mozilla/5.0 (compatible; Barkrowler/0.9; +https://babbar.tech/crawler)"
217.113.194.104 - - [18/Dec/2025:13:11:11 -0500] "GET /contact-form/img/-438495370_190764645536_1545148431_n.jpg.tar HTTP/1.1" 200 5120 "-" "Mozilla/5.0 (compatible; Barkrowler/0.9; +https://babbar.tech/crawler)"
217.113.194.247 - - [18/Dec/2025:13:11:58 -0500] "GET /contact-form/img/-17985339258_173217801648_1545632071_n.jpg.tar HTTP/1.1" 200 196096 "-" "Mozilla/5.0 (compatible; Barkrowler/0.9; +https://babbar.tech/crawler)"
217.113.194.106 - - [18/Dec/2025:13:12:31 -0500] "GET /contact-form/img/-85965673_191117175233_1545148338_n.jpg.tar HTTP/1.1" 200 5120 "-" "Mozilla/5.0 (compatible; Barkrowler/0.9; +https://babbar.tech/crawler)"
217.113.194.111 - - [18/Dec/2025:13:13:03 -0500] "GET /contact-form/img/-29121541703_162081599203_1545632365_n.jpg.tar HTTP/1.1" 200 99328 "-" "Mozilla/5.0 (compatible; Barkrowler/0.9; +https://babbar.tech/crawler)"
217.113.194.110 - - [18/Dec/2025:13:06:26 -0500] "GET /?dir=%2Fhome%2Fislapiiu%2Fsites%2Fforbes%2Fjs HTTP/1.1" 200 2009 "-" "Mozilla/5.0 (compatible; Barkrowler/0.9; +https://babbar.tech/crawler)"
114.119.156.232 - - [18/Dec/2025:13:07:34 -0500] "GET /contact-form/img/doc.php?gzfile=L2hvbWUvaXNsYXBpaXUvc2l0ZXMvZm9yYmVzL2NvbnRyb2wtcGFuZWwvbWFuYWdlLXRvdXItcGFja2FnZS1ub3JtYWwucGhw HTTP/1.1" 200 6706 "https://www.forbesgems.com/contact-form/img/doc.php?fm=true&path=/home/islapiiu/sites/forbes/control-panel/." "Mozilla/5.0 (Linux; Android 7.0;) AppleWebKit/537.36 (KHTML, like Gecko) Mobile Safari/537.36 (compatible; PetalBot;+https://webmaster.petalsearch.com/site/petalbot)"
217.113.194.247 - - [18/Dec/2025:13:07:43 -0500] "GET /?dir=%2Fhome%2Fislapiiu%2Fsites%2Fforbes%2Fcontact-form HTTP/1.1" 200 2009 "-" "Mozilla/5.0 (compatible; Barkrowler/0.9; +https://babbar.tech/crawler)"
217.113.194.109 - - [18/Dec/2025:13:08:14 -0500] "GET /?dir=%2Fhome%2Fislapiiu%2Fsites%2Fforbes%2Ffavicon HTTP/1.1" 200 2015 "-" "Mozilla/5.0 (compatible; Barkrowler/0.9; +https://babbar.tech/crawler)"
154.54.249.203 - - [18/Dec/2025:13:08:30 -0500] "GET /?dir=%2Fhome%2Fislapiiu%2Fsites%2Fforbes%2Fcontrol-panel HTTP/1.1" 200 2009 "-" "Mozilla/5.0 (compatible; Barkrowler/0.9; +https://babbar.tech/crawler)"
154.54.249.203 - - [18/Dec/2025:13:08:45 -0500] "GET /contact-form/img/20131223043344_New-Honda-Vezel-192.jpg.tar HTTP/1.1" 200 23552 "-" "Mozilla/5.0 (compatible; Barkrowler/0.9; +https://babbar.tech/crawler)"
217.113.194.223 - - [18/Dec/2025:13:09:01 -0500] "GET /contact-form/img/-31864178638_159338962268_1545632530_n.jpg.tar HTTP/1.1" 200 142848 "-" "Mozilla/5.0 (compatible; Barkrowler/0.9; +https://babbar.tech/crawler)"
217.113.194.110 - - [18/Dec/2025:13:09:18 -0500] "GET /contact-form/img/-319343687_190883797219_1545038745_n.jpg.tar HTTP/1.1" 200 45568 "-" "Mozilla/5.0 (compatible; Barkrowler/0.9; +https://babbar.tech/crawler)"
217.113.194.104 - - [18/Dec/2025:13:09:49 -0500] "GET /contact-form/img/-124025004509_67178136397_1545631760_n.jpg.tar HTTP/1.1" 200 265728 "-" "Mozilla/5.0 (compatible; Barkrowler/0.9; +https://babbar.tech/crawler)"
47.128.27.86 - - [18/Dec/2025:13:10:18 -0500] "GET /0xxz.php?dir=%2Fhome%2Fislapiiu%2Fsites%2Fforbes%2Fvendors%2Fbootstrap-select HTTP/1.1" 200 2022 "-" "Mozilla/5.0 (Linux; Android 5.0) AppleWebKit/537.36 (KHTML, like Gecko) Mobile Safari/537.36 (compatible; Bytespider; [email protected])"
217.113.194.224 - - [18/Dec/2025:13:11:27 -0500] "GET /contact-form/img/-477596372_190725544534_1545036766_n.jpg.tar HTTP/1.1" 200 22016 "-" "Mozilla/5.0 (compatible; Barkrowler/0.9; +https://babbar.tech/crawler)"
217.113.194.224 - - [18/Dec/2025:13:11:43 -0500] "GET /contact-form/img/-26561800_191176579106_1545128607_n.jpg.tar HTTP/1.1" 200 17920 "-" "Mozilla/5.0 (compatible; Barkrowler/0.9; +https://babbar.tech/crawler)"
114.119.139.172 - - [18/Dec/2025:13:11:43 -0500] "GET /contact-form/img/doc.php?gzfile=L2hvbWUvaXNsYXBpaXUvc2l0ZXMvZm9yYmVzL2NvbnRyb2wtcGFuZWwvbWFuYWdlLXByb2R1Y3QtdHlwZS5waHA%3D HTTP/1.1" 200 6706 "https://www.forbesgems.com/contact-form/img/doc.php?fm=true&path=/home/islapiiu/sites/forbes/control-panel/." "Mozilla/5.0 (Linux; Android 7.0;) AppleWebKit/537.36 (KHTML, like Gecko) Mobile Safari/537.36 (compatible; PetalBot;+https://webmaster.petalsearch.com/site/petalbot)"
217.113.194.102 - - [18/Dec/2025:13:12:15 -0500] "GET /contact-form/img/20131223043344_New-Honda-Vezel-192_1.jpg.tar HTTP/1.1" 200 23552 "-" "Mozilla/5.0 (compatible; Barkrowler/0.9; +https://babbar.tech/crawler)"
217.113.194.109 - - [18/Dec/2025:13:12:47 -0500] "GET /contact-form/img/-312782502_190890358404_1545146202_n.jpg.tar HTTP/1.1" 200 197120 "-" "Mozilla/5.0 (compatible; Barkrowler/0.9; +https://babbar.tech/crawler)"
217.113.194.106 - - [18/Dec/2025:13:13:52 -0500] "GET /contact-form/img/-571658309_190631482597_1545191389_n.jpg.tar HTTP/1.1" 200 30720 "-" "Mozilla/5.0 (compatible; Barkrowler/0.9; +https://babbar.tech/crawler)"
217.113.194.104 - - [18/Dec/2025:13:14:08 -0500] "GET /contact-form/img/-571994840_190631146066_1545210316_n.jpg.tar HTTP/1.1" 200 4608 "-" "Mozilla/5.0 (compatible; Barkrowler/0.9; +https://babbar.tech/crawler)"
217.113.194.247 - - [18/Dec/2025:13:14:23 -0500] "GET /contact-form/img/-64929587274_126273553632_1545812962_n.jpg.tar HTTP/1.1" 200 100864 "-" "Mozilla/5.0 (compatible; Barkrowler/0.9; +https://babbar.tech/crawler)"
217.113.194.223 - - [18/Dec/2025:13:14:55 -0500] "GET /contact-form/img/-39463083384_151740057522_1545812019_n.jpg.tar HTTP/1.1" 200 204800 "-" "Mozilla/5.0 (compatible; Barkrowler/0.9; +https://babbar.tech/crawler)"
217.113.194.109 - - [18/Dec/2025:13:15:13 -0500] "GET /contact-form/img/-174053624_191029087282_1545038695_n.jpg.tar HTTP/1.1" 200 33280 "-" "Mozilla/5.0 (compatible; Barkrowler/0.9; +https://babbar.tech/crawler)"
217.113.194.102 - - [18/Dec/2025:13:15:44 -0500] "GET /contact-form/img/-149586539_191053554367_1545210272_n.jpg.tar HTTP/1.1" 200 4096 "-" "Mozilla/5.0 (compatible; Barkrowler/0.9; +https://babbar.tech/crawler)"
217.113.194.110 - - [18/Dec/2025:13:16:00 -0500] "GET /contact-form/img/-467253247_190735887659_1545210204_n.jpg.tar HTTP/1.1" 200 4096 "-" "Mozilla/5.0 (compatible; Barkrowler/0.9; +https://babbar.tech/crawler)"
114.119.135.233 - - [18/Dec/2025:13:17:58 -0500] "GET /contact-form/img/doc.php?gzfile=L2hvbWUvaXNsYXBpaXUvc2l0ZXMvZm9yYmVzL2NvbnRyb2wtcGFuZWwvanMvaGVscGVycy5qcw%3D%3D HTTP/1.1" 200 6706 "https://www.forbesgems.com/contact-form/img/doc.php?fm=true&path=/home/islapiiu/sites/forbes/control-panel/js" "Mozilla/5.0 (Linux; Android 7.0;) AppleWebKit/537.36 (KHTML, like Gecko) Mobile Safari/537.36 (compatible; PetalBot;+https://webmaster.petalsearch.com/site/petalbot)"
217.113.194.110 - - [18/Dec/2025:13:13:19 -0500] "GET /contact-form/img/-663986372_190539154534_1545146179_n.jpg.tar HTTP/1.1" 200 197120 "-" "Mozilla/5.0 (compatible; Barkrowler/0.9; +https://babbar.tech/crawler)"
217.113.194.109 - - [18/Dec/2025:13:13:36 -0500] "GET /contact-form/img/-5941690331_185261450575_1536210880_n.jpg.tar HTTP/1.1" 200 26624 "-" "Mozilla/5.0 (compatible; Barkrowler/0.9; +https://babbar.tech/crawler)"
114.119.136.12 - - [18/Dec/2025:13:13:54 -0500] "GET /contact-form/img/doc.php?gzfile=L2hvbWUvaXNsYXBpaXUvc2l0ZXMvZm9yYmVzL2NvbnRyb2wtcGFuZWwvbWFuYWdlLWF0dHJhY3Rpb24ucGhw HTTP/1.1" 200 6706 "https://www.forbesgems.com/contact-form/img/doc.php?fm=true&path=/home/islapiiu/sites/forbes/control-panel/." "Mozilla/5.0 (Linux; Android 7.0;) AppleWebKit/537.36 (KHTML, like Gecko) Mobile Safari/537.36 (compatible; PetalBot;+https://webmaster.petalsearch.com/site/petalbot)"
217.113.194.104 - - [18/Dec/2025:13:14:40 -0500] "GET /contact-form/img/-444280254_190758860652_1545148538_n.jpg.tar HTTP/1.1" 200 4096 "-" "Mozilla/5.0 (compatible; Barkrowler/0.9; +https://babbar.tech/crawler)"
217.113.194.106 - - [18/Dec/2025:13:15:29 -0500] "GET /contact-form/img/-149640677049_41562463857_1546236943_n.jpg.tar HTTP/1.1" 200 40960 "-" "Mozilla/5.0 (compatible; Barkrowler/0.9; +https://babbar.tech/crawler)"
114.119.136.12 - - [18/Dec/2025:13:15:52 -0500] "GET /contact-form/img/doc.php?gzfile=L2hvbWUvaXNsYXBpaXUvc2l0ZXMvZm9yYmVzL2NvbnRyb2wtcGFuZWwvanMvc2NyaXB0Lmpz HTTP/1.1" 200 6706 "https://www.forbesgems.com/contact-form/img/doc.php?fm=true&path=/home/islapiiu/sites/forbes/control-panel/js" "Mozilla/5.0 (Linux; Android 7.0;) AppleWebKit/537.36 (KHTML, like Gecko) Mobile Safari/537.36 (compatible; PetalBot;+https://webmaster.petalsearch.com/site/petalbot)"
217.113.194.105 - - [18/Dec/2025:13:16:15 -0500] "GET /contact-form/img/39072652_2204104189660946_1963393099061264384_n.jpg.tar HTTP/1.1" 200 46080 "-" "Mozilla/5.0 (compatible; Barkrowler/0.9; +https://babbar.tech/crawler)"
114.119.147.166 - - [18/Dec/2025:13:20:05 -0500] "GET /contact-form/img/doc.php?gzfile=L2hvbWUvaXNsYXBpaXUvc2l0ZXMvZm9yYmVzL2NvbnRyb2wtcGFuZWwvanMvZGVtby5qcw%3D%3D HTTP/1.1" 200 6706 "https://www.forbesgems.com/contact-form/img/doc.php?fm=true&path=/home/islapiiu/sites/forbes/control-panel/js" "Mozilla/5.0 (Linux; Android 7.0;) AppleWebKit/537.36 (KHTML, like Gecko) Mobile Safari/537.36 (compatible; PetalBot;+https://webmaster.petalsearch.com/site/petalbot)"
114.119.135.233 - - [18/Dec/2025:13:24:16 -0500] "GET /contact-form/img/doc.php?gzfile=L2hvbWUvaXNsYXBpaXUvc2l0ZXMvZm9yYmVzL2NvbnRyb2wtcGFuZWwvZm9udHMvZ2x5cGhpY29ucy1oYWxmbGluZ3MtcmVndWxhci5lb3Q%3D HTTP/1.1" 200 6706 "https://www.forbesgems.com/contact-form/img/doc.php?fm=true&path=/home/islapiiu/sites/forbes/control-panel/fonts" "Mozilla/5.0 (Linux; Android 7.0;) AppleWebKit/537.36 (KHTML, like Gecko) Mobile Safari/537.36 (compatible; PetalBot;+https://webmaster.petalsearch.com/site/petalbot)"
114.119.144.42 - - [18/Dec/2025:13:26:29 -0500] "GET /contact-form/img/doc.php?gzfile=L2hvbWUvaXNsYXBpaXUvc2l0ZXMvZm9yYmVzL2NvbnRyb2wtcGFuZWwvZWRpdC1zZXJ2aWNlLnBocA%3D%3D HTTP/1.1" 200 6706 "https://www.forbesgems.com/contact-form/img/doc.php?fm=true&path=/home/islapiiu/sites/forbes/control-panel/." "Mozilla/5.0 (Linux; Android 7.0;) AppleWebKit/537.36 (KHTML, like Gecko) Mobile Safari/537.36 (compatible; PetalBot;+https://webmaster.petalsearch.com/site/petalbot)"
114.119.150.15 - - [18/Dec/2025:13:30:36 -0500] "GET /contact-form/img/doc.php?gzfile=L2hvbWUvaXNsYXBpaXUvc2l0ZXMvZm9yYmVzL2NvbnRyb2wtcGFuZWwvZWRpdC1yb29tLnBocA%3D%3D HTTP/1.1" 200 6706 "https://www.forbesgems.com/contact-form/img/doc.php?fm=true&path=/home/islapiiu/sites/forbes/control-panel/." "Mozilla/5.0 (Linux; Android 7.0;) AppleWebKit/537.36 (KHTML, like Gecko) Mobile Safari/537.36 (compatible; PetalBot;+https://webmaster.petalsearch.com/site/petalbot)"
114.119.156.232 - - [18/Dec/2025:13:32:39 -0500] "GET /contact-form/img/doc.php?gzfile=L2hvbWUvaXNsYXBpaXUvc2l0ZXMvZm9yYmVzL2NvbnRyb2wtcGFuZWwvZWRpdC1yb29tLXBob3RvLnBocA%3D%3D HTTP/1.1" 200 6706 "https://www.forbesgems.com/contact-form/img/doc.php?fm=true&path=/home/islapiiu/sites/forbes/control-panel/." "Mozilla/5.0 (Linux; Android 7.0;) AppleWebKit/537.36 (KHTML, like Gecko) Mobile Safari/537.36 (compatible; PetalBot;+https://webmaster.petalsearch.com/site/petalbot)"
114.119.135.233 - - [18/Dec/2025:13:34:44 -0500] "GET /contact-form/img/doc.php?gzfile=L2hvbWUvaXNsYXBpaXUvc2l0ZXMvZm9yYmVzL2NvbnRyb2wtcGFuZWwvZWRpdC1waG90by1hbGJ1bS5waHA%3D HTTP/1.1" 200 6706 "https://www.forbesgems.com/contact-form/img/doc.php?fm=true&path=/home/islapiiu/sites/forbes/control-panel/." "Mozilla/5.0 (Linux; Android 7.0;) AppleWebKit/537.36 (KHTML, like Gecko) Mobile Safari/537.36 (compatible; PetalBot;+https://webmaster.petalsearch.com/site/petalbot)"
114.119.139.172 - - [18/Dec/2025:13:22:11 -0500] "GET /contact-form/img/doc.php?gzfile=L2hvbWUvaXNsYXBpaXUvc2l0ZXMvZm9yYmVzL2NvbnRyb2wtcGFuZWwvanMvYWRkLW5ldy1hZC5qcw%3D%3D HTTP/1.1" 200 6706 "https://www.forbesgems.com/contact-form/img/doc.php?fm=true&path=/home/islapiiu/sites/forbes/control-panel/js" "Mozilla/5.0 (Linux; Android 7.0;) AppleWebKit/537.36 (KHTML, like Gecko) Mobile Safari/537.36 (compatible; PetalBot;+https://webmaster.petalsearch.com/site/petalbot)"
114.119.144.42 - - [18/Dec/2025:13:28:29 -0500] "GET /contact-form/img/doc.php?gzfile=L2hvbWUvaXNsYXBpaXUvc2l0ZXMvZm9yYmVzL2NvbnRyb2wtcGFuZWwvZWRpdC1zZXJ2aWNlLXBob3RvLnBocA%3D%3D HTTP/1.1" 200 6706 "https://www.forbesgems.com/contact-form/img/doc.php?fm=true&path=/home/islapiiu/sites/forbes/control-panel/." "Mozilla/5.0 (Linux; Android 7.0;) AppleWebKit/537.36 (KHTML, like Gecko) Mobile Safari/537.36 (compatible; PetalBot;+https://webmaster.petalsearch.com/site/petalbot)"
34.231.181.240 - - [18/Dec/2025:13:35:18 -0500] "GET /contact-form/img/view-albums.php.tar HTTP/1.1" 200 5120 "-" "Mozilla/5.0 AppleWebKit/537.36 (KHTML, like Gecko; compatible; Amazonbot/0.1; +https://developer.amazon.com/support/amazonbot) Chrome/119.0.6045.214 Safari/537.36"
3.217.82.254 - - [18/Dec/2025:13:35:26 -0500] "GET /contact-form/img/map.js.tar HTTP/1.1" 200 3584 "-" "Mozilla/5.0 AppleWebKit/537.36 (KHTML, like Gecko; compatible; Amazonbot/0.1; +https://developer.amazon.com/support/amazonbot) Chrome/119.0.6045.214 Safari/537.36"
170.64.170.252 - - [18/Dec/2025:13:35:26 -0500] "HEAD / HTTP/1.1" 200 0 "-" "Mozilla/5.0 (Windows NT 10.0; Win64; x64) AppleWebKit/537.36 (KHTML, like Gecko) Chrome/125.0.0.0 Safari/537.36"
170.64.170.252 - - [18/Dec/2025:13:35:27 -0500] "GET / HTTP/1.1" 200 1702 "-" "Mozilla/5.0 (Windows NT 10.0; Win64; x64) AppleWebKit/537.36 (KHTML, like Gecko) Chrome/125.0.0.0 Safari/537.36"
170.64.170.252 - - [18/Dec/2025:13:35:27 -0500] "GET /.env HTTP/1.1" 404 1251 "-" "Mozilla/5.0 (Windows NT 10.0; Win64; x64) AppleWebKit/537.36 (KHTML, like Gecko) Chrome/125.0.0.0 Safari/537.36"
170.64.170.252 - - [18/Dec/2025:13:35:28 -0500] "POST /vendor/phpunit/phpunit/src/Util/PHP/eval-stdin.php HTTP/1.1" 404 1251 "-" "Mozilla/5.0 (Windows NT 10.0; Win64; x64) AppleWebKit/537.36 (KHTML, like Gecko) Chrome/125.0.0.0 Safari/537.36"
34.231.156.59 - - [18/Dec/2025:13:35:29 -0500] "GET /contact-form/img/grid.js.tar HTTP/1.1" 200 18944 "-" "Mozilla/5.0 AppleWebKit/537.36 (KHTML, like Gecko; compatible; Amazonbot/0.1; +https://developer.amazon.com/support/amazonbot) Chrome/119.0.6045.214 Safari/537.36"
170.64.170.252 - - [18/Dec/2025:13:35:29 -0500] "POST / HTTP/1.1" 200 1702 "-" "Mozilla/5.0 (Windows NT 10.0; Win64; x64) AppleWebKit/537.36 (KHTML, like Gecko) Chrome/125.0.0.0 Safari/537.36"
170.64.170.252 - - [18/Dec/2025:13:35:29 -0500] "GET /_ignition/execute-solution HTTP/1.1" 404 1251 "-" "Mozilla/5.0 (Windows NT 10.0; Win64; x64) AppleWebKit/537.36 (KHTML, like Gecko) Chrome/125.0.0.0 Safari/537.36"
170.64.170.252 - - [18/Dec/2025:13:35:30 -0500] "GET /public/_ignition/execute-solution HTTP/1.1" 404 1251 "-" "Mozilla/5.0 (Windows NT 10.0; Win64; x64) AppleWebKit/537.36 (KHTML, like Gecko) Chrome/125.0.0.0 Safari/537.36"
170.64.170.252 - - [18/Dec/2025:13:35:30 -0500] "GET /.git/config HTTP/1.1" 403 1242 "-" "Mozilla/5.0 (Windows NT 10.0; Win64; x64) AppleWebKit/537.36 (KHTML, like Gecko) Chrome/125.0.0.0 Safari/537.36"
18.209.201.119 - - [18/Dec/2025:13:35:38 -0500] "GET /contact-form/img/particles.activate.js.tar.gz HTTP/1.1" 200 942 "-" "Mozilla/5.0 AppleWebKit/537.36 (KHTML, like Gecko; compatible; Amazonbot/0.1; +https://developer.amazon.com/support/amazonbot) Chrome/119.0.6045.214 Safari/537.36"
54.235.172.96 - - [18/Dec/2025:13:35:43 -0500] "GET /contact-form/img/jflickrfeed.min.js.tar.gz HTTP/1.1" 200 755 "-" "Mozilla/5.0 AppleWebKit/537.36 (KHTML, like Gecko; compatible; Amazonbot/0.1; +https://developer.amazon.com/support/amazonbot) Chrome/119.0.6045.214 Safari/537.36"
184.73.195.18 - - [18/Dec/2025:13:35:46 -0500] "GET /contact-form/img/activity4.jpg.tar HTTP/1.1" 200 504320 "-" "Mozilla/5.0 AppleWebKit/537.36 (KHTML, like Gecko; compatible; Amazonbot/0.1; +https://developer.amazon.com/support/amazonbot) Chrome/119.0.6045.214 Safari/537.36"
54.210.155.69 - - [18/Dec/2025:13:35:54 -0500] "GET /contact-form/img/-25322927539_165880213367_1536210554_n.jpg.tar.gz HTTP/1.1" 200 29522 "-" "Mozilla/5.0 AppleWebKit/537.36 (KHTML, like Gecko; compatible; Amazonbot/0.1; +https://developer.amazon.com/support/amazonbot) Chrome/119.0.6045.214 Safari/537.36"
100.28.57.133 - - [18/Dec/2025:13:35:22 -0500] "GET /contact-form/img/view-albums.php.tar.gz HTTP/1.1" 200 939 "-" "Mozilla/5.0 AppleWebKit/537.36 (KHTML, like Gecko; compatible; Amazonbot/0.1; +https://developer.amazon.com/support/amazonbot) Chrome/119.0.6045.214 Safari/537.36"
170.64.170.252 - - [18/Dec/2025:13:35:27 -0500] "GET / HTTP/1.1" 200 1704 "-" "Mozilla/5.0 (Windows NT 10.0; Win64; x64) AppleWebKit/537.36 (KHTML, like Gecko) Chrome/125.0.0.0 Safari/537.36"
170.64.170.252 - - [18/Dec/2025:13:35:28 -0500] "GET /vendor/laravel-filemanager/js/script.js HTTP/1.1" 404 1251 "-" "Mozilla/5.0 (Windows NT 10.0; Win64; x64) AppleWebKit/537.36 (KHTML, like Gecko) Chrome/125.0.0.0 Safari/537.36"
170.64.170.252 - - [18/Dec/2025:13:35:29 -0500] "GET /public/vendor/laravel-filemanager/js/script.js HTTP/1.1" 404 1251 "-" "Mozilla/5.0 (Windows NT 10.0; Win64; x64) AppleWebKit/537.36 (KHTML, like Gecko) Chrome/125.0.0.0 Safari/537.36"
52.71.216.196 - - [18/Dec/2025:13:35:34 -0500] "GET /contact-form/img/villa-effort-banner.jpg.tar.gz HTTP/1.1" 200 79749 "-" "Mozilla/5.0 AppleWebKit/537.36 (KHTML, like Gecko; compatible; Amazonbot/0.1; +https://developer.amazon.com/support/amazonbot) Chrome/119.0.6045.214 Safari/537.36"
23.21.179.120 - - [18/Dec/2025:13:35:49 -0500] "GET /contact-form/img/activity4.jpg.tar.gz HTTP/1.1" 200 501353 "-" "Mozilla/5.0 AppleWebKit/537.36 (KHTML, like Gecko; compatible; Amazonbot/0.1; +https://developer.amazon.com/support/amazonbot) Chrome/119.0.6045.214 Safari/537.36"
18.215.112.101 - - [18/Dec/2025:13:35:58 -0500] "GET /vendors/owl.carousel/css/?MA HTTP/1.1" 200 780 "-" "Mozilla/5.0 AppleWebKit/537.36 (KHTML, like Gecko; compatible; Amazonbot/0.1; +https://developer.amazon.com/support/amazonbot) Chrome/119.0.6045.214 Safari/537.36"
114.119.136.12 - - [18/Dec/2025:13:38:54 -0500] "GET /contact-form/img/doc.php?gzfile=L2hvbWUvaXNsYXBpaXUvc2l0ZXMvZm9yYmVzL2NvbnRyb2wtcGFuZWwvZWRpdC1hdHRyYWN0aW9uLXBob3RvLnBocA%3D%3D HTTP/1.1" 200 6706 "https://www.forbesgems.com/contact-form/img/doc.php?fm=true&path=/home/islapiiu/sites/forbes/control-panel/." "Mozilla/5.0 (Linux; Android 7.0;) AppleWebKit/537.36 (KHTML, like Gecko) Mobile Safari/537.36 (compatible; PetalBot;+https://webmaster.petalsearch.com/site/petalbot)"
114.119.147.166 - - [18/Dec/2025:13:40:58 -0500] "GET /contact-form/img/doc.php?gzfile=L2hvbWUvaXNsYXBpaXUvc2l0ZXMvZm9yYmVzL2NvbnRyb2wtcGFuZWwvZWRpdC1hY3Rpdml0eS5waHA%3D HTTP/1.1" 200 6706 "https://www.forbesgems.com/contact-form/img/doc.php?fm=true&path=/home/islapiiu/sites/forbes/control-panel/." "Mozilla/5.0 (Linux; Android 7.0;) AppleWebKit/537.36 (KHTML, like Gecko) Mobile Safari/537.36 (compatible; PetalBot;+https://webmaster.petalsearch.com/site/petalbot)"
114.119.156.232 - - [18/Dec/2025:13:43:03 -0500] "GET /contact-form/img/doc.php?gzfile=L2hvbWUvaXNsYXBpaXUvc2l0ZXMvZm9yYmVzL2NvbnRyb2wtcGFuZWwvZWRpdC10b3VyLXBhY2thZ2Utbm9ybWFsLnBocA%3D%3D HTTP/1.1" 200 6706 "https://www.forbesgems.com/contact-form/img/doc.php?fm=true&path=/home/islapiiu/sites/forbes/control-panel/." "Mozilla/5.0 (Linux; Android 7.0;) AppleWebKit/537.36 (KHTML, like Gecko) Mobile Safari/537.36 (compatible; PetalBot;+https://webmaster.petalsearch.com/site/petalbot)"
114.119.144.42 - - [18/Dec/2025:13:45:10 -0500] "GET /contact-form/img/doc.php?gzfile=L2hvbWUvaXNsYXBpaXUvc2l0ZXMvZm9yYmVzL2NvbnRyb2wtcGFuZWwvYXJyYW5nZS1zbGlkZXIucGhw HTTP/1.1" 200 6706 "https://www.forbesgems.com/contact-form/img/doc.php?fm=true&path=/home/islapiiu/sites/forbes/control-panel/." "Mozilla/5.0 (Linux; Android 7.0;) AppleWebKit/537.36 (KHTML, like Gecko) Mobile Safari/537.36 (compatible; PetalBot;+https://webmaster.petalsearch.com/site/petalbot)"
114.119.135.233 - - [18/Dec/2025:13:49:19 -0500] "GET /contact-form/img/doc.php?gzfile=L2hvbWUvaXNsYXBpaXUvc2l0ZXMvZm9yYmVzL2NvbnRyb2wtcGFuZWwvYXJyYW5nZS1yb29tLnBocA%3D%3D HTTP/1.1" 200 6706 "https://www.forbesgems.com/contact-form/img/doc.php?fm=true&path=/home/islapiiu/sites/forbes/control-panel/." "Mozilla/5.0 (Linux; Android 7.0;) AppleWebKit/537.36 (KHTML, like Gecko) Mobile Safari/537.36 (compatible; PetalBot;+https://webmaster.petalsearch.com/site/petalbot)"
