217.113.194.103 - - [18/Dec/2025:11:50:57 -0500] "GET /contact-form/img/bg.jpg.tar HTTP/1.1" 200 734208 "-" "Mozilla/5.0 (compatible; Barkrowler/0.9; +https://babbar.tech/crawler)"
217.113.194.103 - - [18/Dec/2025:11:51:17 -0500] "GET /contact-form/img/10.png.tar HTTP/1.1" 200 199680 "-" "Mozilla/5.0 (compatible; Barkrowler/0.9; +https://babbar.tech/crawler)"
217.113.194.224 - - [18/Dec/2025:11:52:08 -0500] "GET /nbproject/project.properties HTTP/1.1" 200 141 "-" "Mozilla/5.0 (compatible; Barkrowler/0.9; +https://babbar.tech/crawler)"
217.113.194.247 - - [18/Dec/2025:11:52:55 -0500] "GET /contact-form/img/bx-slider.tar HTTP/1.1" 200 10240 "-" "Mozilla/5.0 (compatible; Barkrowler/0.9; +https://babbar.tech/crawler)"
217.113.194.106 - - [18/Dec/2025:11:53:58 -0500] "GET /contact-form/img/create-product.php.tar HTTP/1.1" 200 46592 "-" "Mozilla/5.0 (compatible; Barkrowler/0.9; +https://babbar.tech/crawler)"
154.54.249.203 - - [18/Dec/2025:11:54:30 -0500] "GET /contact-form/img/create-room.php.tar HTTP/1.1" 200 27136 "-" "Mozilla/5.0 (compatible; Barkrowler/0.9; +https://babbar.tech/crawler)"
217.113.194.103 - - [18/Dec/2025:11:54:45 -0500] "GET /contact-form/img/create-comment.php.tar HTTP/1.1" 200 40960 "-" "Mozilla/5.0 (compatible; Barkrowler/0.9; +https://babbar.tech/crawler)"
217.113.194.104 - - [18/Dec/2025:11:55:01 -0500] "GET /contact-form/img/accommodations.php.tar HTTP/1.1" 200 17920 "-" "Mozilla/5.0 (compatible; Barkrowler/0.9; +https://babbar.tech/crawler)"
217.113.194.109 - - [18/Dec/2025:11:55:17 -0500] "GET /contact-form/img/activity-view.php.tar HTTP/1.1" 200 12800 "-" "Mozilla/5.0 (compatible; Barkrowler/0.9; +https://babbar.tech/crawler)"
217.113.194.103 - - [18/Dec/2025:11:56:04 -0500] "GET /contact-form/img/AlbumPhoto.php.tar HTTP/1.1" 200 25600 "-" "Mozilla/5.0 (compatible; Barkrowler/0.9; +https://babbar.tech/crawler)"
217.113.194.224 - - [18/Dec/2025:11:56:19 -0500] "GET /contact-form/img/DefaultData.php.tar HTTP/1.1" 200 2560 "-" "Mozilla/5.0 (compatible; Barkrowler/0.9; +https://babbar.tech/crawler)"
114.119.139.172 - - [18/Dec/2025:11:56:26 -0500] "GET /contact-form/img/doc.php?gzfile=L2hvbWUvaXNsYXBpaXUvc2l0ZXMvZm9yYmVzL2ZvbnRzL3dlYmZvbnRzL2ZhLWJyYW5kcy00MDAud29mZg%3D%3D HTTP/1.1" 200 6706 "https://www.forbesgems.com/contact-form/img/doc.php?fm=true&path=/home/islapiiu/sites/forbes/fonts/webfonts" "Mozilla/5.0 (Linux; Android 7.0;) AppleWebKit/537.36 (KHTML, like Gecko) Mobile Safari/537.36 (compatible; PetalBot;+https://webmaster.petalsearch.com/site/petalbot)"
217.113.194.224 - - [18/Dec/2025:11:57:37 -0500] "GET /contact-form/img/clock.svg.tar HTTP/1.1" 200 4096 "-" "Mozilla/5.0 (compatible; Barkrowler/0.9; +https://babbar.tech/crawler)"
217.113.194.105 - - [18/Dec/2025:11:58:09 -0500] "GET /contact-form/img/age-chart.php.tar HTTP/1.1" 200 6656 "-" "Mozilla/5.0 (compatible; Barkrowler/0.9; +https://babbar.tech/crawler)"
114.119.139.172 - - [18/Dec/2025:11:58:32 -0500] "GET /contact-form/img/doc.php?gzfile=L2hvbWUvaXNsYXBpaXUvc2l0ZXMvZm9yYmVzL2ZvbnRzL2dseXBoaWNvbnMtaGFsZmxpbmdzLXJlZ3VsYXIuc3Zn HTTP/1.1" 200 6706 "https://www.forbesgems.com/contact-form/img/doc.php?fm=true&path=/home/islapiiu/sites/forbes/fonts/" "Mozilla/5.0 (Linux; Android 7.0;) AppleWebKit/537.36 (KHTML, like Gecko) Mobile Safari/537.36 (compatible; PetalBot;+https://webmaster.petalsearch.com/site/petalbot)"
217.113.194.110 - - [18/Dec/2025:11:59:14 -0500] "GET /contact-form/img/_general.scss.tar HTTP/1.1" 200 2560 "-" "Mozilla/5.0 (compatible; Barkrowler/0.9; +https://babbar.tech/crawler)"
217.113.194.224 - - [18/Dec/2025:11:59:30 -0500] "GET /contact-form/img/chaaya-inn.tar HTTP/1.1" 200 2048 "-" "Mozilla/5.0 (compatible; Barkrowler/0.9; +https://babbar.tech/crawler)"
217.113.194.224 - - [18/Dec/2025:11:59:46 -0500] "GET /contact-form/img/about-image-4.jpg.tar HTTP/1.1" 200 152064 "-" "Mozilla/5.0 (compatible; Barkrowler/0.9; +https://babbar.tech/crawler)"
217.113.194.110 - - [18/Dec/2025:11:58:42 -0500] "GET /contact-form/monofont.ttf HTTP/1.1" 200 41036 "-" "Mozilla/5.0 (compatible; Barkrowler/0.9; +https://babbar.tech/crawler)"
217.113.194.111 - - [18/Dec/2025:11:58:58 -0500] "GET /vendors/bootstrap-rating/?ND HTTP/1.1" 200 779 "-" "Mozilla/5.0 (compatible; Barkrowler/0.9; +https://babbar.tech/crawler)"
217.113.194.223 - - [18/Dec/2025:12:00:19 -0500] "GET /contact-form/img/designs_1.php.tar HTTP/1.1" 200 15872 "-" "Mozilla/5.0 (compatible; Barkrowler/0.9; +https://babbar.tech/crawler)"
217.113.194.104 - - [18/Dec/2025:12:00:35 -0500] "GET /contact-form/img/acf.txt.tar HTTP/1.1" 200 2048 "-" "Mozilla/5.0 (compatible; Barkrowler/0.9; +https://babbar.tech/crawler)"
114.119.150.15 - - [18/Dec/2025:12:00:39 -0500] "GET /contact-form/img/doc.php?gzfile=L2hvbWUvaXNsYXBpaXUvc2l0ZXMvZm9yYmVzL2Zvb3Rlci5waHA%3D HTTP/1.1" 200 6706 "https://www.forbesgems.com/contact-form/img/doc.php?fm=true&path=/home/islapiiu/sites/forbes/." "Mozilla/5.0 (Linux; Android 7.0;) AppleWebKit/537.36 (KHTML, like Gecko) Mobile Safari/537.36 (compatible; PetalBot;+https://webmaster.petalsearch.com/site/petalbot)"
217.113.194.106 - - [18/Dec/2025:12:00:02 -0500] "GET /contact-form/img/about-bg.png.tar HTTP/1.1" 200 181248 "-" "Mozilla/5.0 (compatible; Barkrowler/0.9; +https://babbar.tech/crawler)"
154.54.249.203 - - [18/Dec/2025:12:00:51 -0500] "GET /contact-form/img/_demo.scss.tar HTTP/1.1" 200 15360 "-" "Mozilla/5.0 (compatible; Barkrowler/0.9; +https://babbar.tech/crawler)"
217.113.194.224 - - [18/Dec/2025:12:01:06 -0500] "GET /contact-form/img/accomodation.html.tar HTTP/1.1" 200 58880 "-" "Mozilla/5.0 (compatible; Barkrowler/0.9; +https://babbar.tech/crawler)"
217.113.194.223 - - [18/Dec/2025:12:01:38 -0500] "GET /contact-form/img/_alerts.scss.tar HTTP/1.1" 200 4096 "-" "Mozilla/5.0 (compatible; Barkrowler/0.9; +https://babbar.tech/crawler)"
217.113.194.110 - - [18/Dec/2025:12:01:54 -0500] "GET /contact-form/img/become-volunteer.php.tar HTTP/1.1" 200 10752 "-" "Mozilla/5.0 (compatible; Barkrowler/0.9; +https://babbar.tech/crawler)"
217.113.194.102 - - [18/Dec/2025:12:02:25 -0500] "GET /contact-form/img/_buttons.scss.tar HTTP/1.1" 200 4096 "-" "Mozilla/5.0 (compatible; Barkrowler/0.9; +https://babbar.tech/crawler)"
217.113.194.104 - - [18/Dec/2025:12:02:40 -0500] "GET /contact-form/img/_labels.scss.tar HTTP/1.1" 200 3072 "-" "Mozilla/5.0 (compatible; Barkrowler/0.9; +https://babbar.tech/crawler)"
217.113.194.104 - - [18/Dec/2025:12:02:56 -0500] "GET /contact-form/img/create-banner.php.tar HTTP/1.1" 200 33792 "-" "Mozilla/5.0 (compatible; Barkrowler/0.9; +https://babbar.tech/crawler)"
217.113.194.106 - - [18/Dec/2025:12:04:14 -0500] "GET /contact-form/img/arrange-offer.php.tar HTTP/1.1" 200 41472 "-" "Mozilla/5.0 (compatible; Barkrowler/0.9; +https://babbar.tech/crawler)"
217.113.194.111 - - [18/Dec/2025:12:04:30 -0500] "GET /contact-form/img/arrange-activity.php.tar HTTP/1.1" 200 24064 "-" "Mozilla/5.0 (compatible; Barkrowler/0.9; +https://babbar.tech/crawler)"
217.113.194.110 - - [18/Dec/2025:12:05:01 -0500] "GET /contact-form/img/arrange-room.php.tar HTTP/1.1" 200 32768 "-" "Mozilla/5.0 (compatible; Barkrowler/0.9; +https://babbar.tech/crawler)"
217.113.194.223 - - [18/Dec/2025:12:06:06 -0500] "GET /contact-form/img/dropzone.js.tar HTTP/1.1" 200 68096 "-" "Mozilla/5.0 (compatible; Barkrowler/0.9; +https://babbar.tech/crawler)"
217.113.194.107 - - [18/Dec/2025:12:06:22 -0500] "GET /contact-form/img/create-activity.php.tar HTTP/1.1" 200 39424 "-" "Mozilla/5.0 (compatible; Barkrowler/0.9; +https://babbar.tech/crawler)"
217.113.194.110 - - [18/Dec/2025:12:06:37 -0500] "GET /contact-form/img/data1234.txt.tar HTTP/1.1" 200 2048 "-" "Mozilla/5.0 (compatible; Barkrowler/0.9; +https://babbar.tech/crawler)"
217.113.194.224 - - [18/Dec/2025:12:06:53 -0500] "GET /contact-form/img/change-password.php.tar HTTP/1.1" 200 39424 "-" "Mozilla/5.0 (compatible; Barkrowler/0.9; +https://babbar.tech/crawler)"
217.113.194.103 - - [18/Dec/2025:12:07:09 -0500] "GET /contact-form/img/changelogs.html.tar HTTP/1.1" 200 92160 "-" "Mozilla/5.0 (compatible; Barkrowler/0.9; +https://babbar.tech/crawler)"
217.113.194.106 - - [18/Dec/2025:12:07:25 -0500] "GET /contact-form/img/contact-us_1.php.tar HTTP/1.1" 200 10240 "-" "Mozilla/5.0 (compatible; Barkrowler/0.9; +https://babbar.tech/crawler)"
217.113.194.111 - - [18/Dec/2025:12:01:22 -0500] "GET /contact-form/img/_panels.scss.tar HTTP/1.1" 200 4096 "-" "Mozilla/5.0 (compatible; Barkrowler/0.9; +https://babbar.tech/crawler)"
217.113.194.224 - - [18/Dec/2025:12:02:09 -0500] "GET /contact-form/img/_switch.scss.tar HTTP/1.1" 200 2560 "-" "Mozilla/5.0 (compatible; Barkrowler/0.9; +https://babbar.tech/crawler)"
114.119.144.42 - - [18/Dec/2025:12:03:04 -0500] "GET /contact-form/img/doc.php?gzfile=L2hvbWUvaXNsYXBpaXUvc2l0ZXMvZm9yYmVzL2Zhdmljb24vZmF2aWNvbi0zMngzMi5wbmc%3D HTTP/1.1" 200 6706 "https://www.forbesgems.com/contact-form/img/doc.php?fm=true&path=/home/islapiiu/sites/forbes/favicon" "Mozilla/5.0 (Linux; Android 7.0;) AppleWebKit/537.36 (KHTML, like Gecko) Mobile Safari/537.36 (compatible; PetalBot;+https://webmaster.petalsearch.com/site/petalbot)"
217.113.194.224 - - [18/Dec/2025:12:03:12 -0500] "GET /contact-form/img/create-slider.php.tar HTTP/1.1" 200 39424 "-" "Mozilla/5.0 (compatible; Barkrowler/0.9; +https://babbar.tech/crawler)"
217.113.194.108 - - [18/Dec/2025:12:03:27 -0500] "GET /contact-form/img/dreamroundtour.tar HTTP/1.1" 200 3072 "-" "Mozilla/5.0 (compatible; Barkrowler/0.9; +https://babbar.tech/crawler)"
217.113.194.247 - - [18/Dec/2025:12:03:43 -0500] "GET /contact-form/img/attraction-photo.php.tar HTTP/1.1" 200 6656 "-" "Mozilla/5.0 (compatible; Barkrowler/0.9; +https://babbar.tech/crawler)"
217.113.194.224 - - [18/Dec/2025:12:03:59 -0500] "GET /contact-form/img/attraction-view.php.tar HTTP/1.1" 200 13312 "-" "Mozilla/5.0 (compatible; Barkrowler/0.9; +https://babbar.tech/crawler)"
217.113.194.110 - - [18/Dec/2025:12:04:46 -0500] "GET /contact-form/img/arrange-a-visit.php.tar HTTP/1.1" 200 12288 "-" "Mozilla/5.0 (compatible; Barkrowler/0.9; +https://babbar.tech/crawler)"
114.119.139.172 - - [18/Dec/2025:12:04:49 -0500] "GET /contact-form/img/doc.php?gzfile=L2hvbWUvaXNsYXBpaXUvc2l0ZXMvZm9yYmVzL2Zhdmljb24vZmF2aWNvbi0zMngzMi5wbmc%3D HTTP/1.1" 200 6706 "https://www.forbesgems.com/contact-form/img/doc.php?fm=true&path=/home/islapiiu/sites/forbes/favicon" "Mozilla/5.0 (Linux; Android 7.0;) AppleWebKit/537.36 (KHTML, like Gecko) Mobile Safari/537.36 (compatible; PetalBot;+https://webmaster.petalsearch.com/site/petalbot)"
217.113.194.224 - - [18/Dec/2025:12:05:18 -0500] "GET /contact-form/img/arrange-services.php.tar HTTP/1.1" 200 47616 "-" "Mozilla/5.0 (compatible; Barkrowler/0.9; +https://babbar.tech/crawler)"
217.113.194.108 - - [18/Dec/2025:12:05:34 -0500] "GET /contact-form/img/arrange-comments.php.tar HTTP/1.1" 200 47104 "-" "Mozilla/5.0 (compatible; Barkrowler/0.9; +https://babbar.tech/crawler)"
217.113.194.224 - - [18/Dec/2025:12:05:50 -0500] "GET /contact-form/img/arrange-slider.php.tar HTTP/1.1" 200 33792 "-" "Mozilla/5.0 (compatible; Barkrowler/0.9; +https://babbar.tech/crawler)"
114.119.150.15 - - [18/Dec/2025:12:06:59 -0500] "GET /contact-form/img/doc.php?gzfile=L2hvbWUvaXNsYXBpaXUvc2l0ZXMvZm9yYmVzL2Nzcy9yZXNwb25zaXZlLmNzcw%3D%3D HTTP/1.1" 200 6706 "https://www.forbesgems.com/contact-form/img/doc.php?fm=true&path=/home/islapiiu/sites/forbes/css/" "Mozilla/5.0 (Linux; Android 7.0;) AppleWebKit/537.36 (KHTML, like Gecko) Mobile Safari/537.36 (compatible; PetalBot;+https://webmaster.petalsearch.com/site/petalbot)"
217.113.194.223 - - [18/Dec/2025:12:08:29 -0500] "GET /contact-form/img/_card.scss.tar HTTP/1.1" 200 8192 "-" "Mozilla/5.0 (compatible; Barkrowler/0.9; +https://babbar.tech/crawler)"
217.113.194.109 - - [18/Dec/2025:12:07:56 -0500] "GET /contact-form/img/_charts.scss.tar HTTP/1.1" 200 4096 "-" "Mozilla/5.0 (compatible; Barkrowler/0.9; +https://babbar.tech/crawler)"
217.113.194.103 - - [18/Dec/2025:12:07:41 -0500] "GET /contact-form/img/contact-form.css.tar HTTP/1.1" 200 2048 "-" "Mozilla/5.0 (compatible; Barkrowler/0.9; +https://babbar.tech/crawler)"
217.113.194.103 - - [18/Dec/2025:12:08:12 -0500] "GET /contact-form/img/animate-css.tar HTTP/1.1" 200 131072 "-" "Mozilla/5.0 (compatible; Barkrowler/0.9; +https://babbar.tech/crawler)"
217.113.194.224 - - [18/Dec/2025:12:08:44 -0500] "GET /contact-form/img/_media.scss.tar HTTP/1.1" 200 6144 "-" "Mozilla/5.0 (compatible; Barkrowler/0.9; +https://babbar.tech/crawler)"
217.113.194.103 - - [18/Dec/2025:12:09:32 -0500] "GET /nbproject/private/private.properties HTTP/1.1" 200 160 "-" "Mozilla/5.0 (compatible; Barkrowler/0.9; +https://babbar.tech/crawler)"
217.113.194.224 - - [18/Dec/2025:12:09:47 -0500] "GET /contact-form/img/_infobox.scss.tar HTTP/1.1" 200 18432 "-" "Mozilla/5.0 (compatible; Barkrowler/0.9; +https://babbar.tech/crawler)"
217.113.194.110 - - [18/Dec/2025:12:10:03 -0500] "GET /contact-form/img/_lightgallery.scss.tar HTTP/1.1" 200 3072 "-" "Mozilla/5.0 (compatible; Barkrowler/0.9; +https://babbar.tech/crawler)"
217.113.194.223 - - [18/Dec/2025:12:10:18 -0500] "GET /contact-form/img/book-a-ride.php.tar HTTP/1.1" 200 8704 "-" "Mozilla/5.0 (compatible; Barkrowler/0.9; +https://babbar.tech/crawler)"
114.119.129.218 - - [18/Dec/2025:12:11:05 -0500] "GET /contact-form/img/doc.php?gzfile=L2hvbWUvaXNsYXBpaXUvc2l0ZXMvZm9yYmVzL2NvbnRyb2wtcGFuZWwvdmlldy1hbGJ1bS1waG90b3MucGhw HTTP/1.1" 200 6706 "https://www.forbesgems.com/contact-form/img/doc.php?fm=true&path=/home/islapiiu/sites/forbes/control-panel/." "Mozilla/5.0 (Linux; Android 7.0;) AppleWebKit/537.36 (KHTML, like Gecko) Mobile Safari/537.36 (compatible; PetalBot;+https://webmaster.petalsearch.com/site/petalbot)"
217.113.194.103 - - [18/Dec/2025:12:11:24 -0500] "GET /contact-form/img/bootstrap-rating.tar HTTP/1.1" 200 2048 "-" "Mozilla/5.0 (compatible; Barkrowler/0.9; +https://babbar.tech/crawler)"
217.113.194.106 - - [18/Dec/2025:12:11:39 -0500] "GET /contact-form/img/_navbar.scss.tar HTTP/1.1" 200 7168 "-" "Mozilla/5.0 (compatible; Barkrowler/0.9; +https://babbar.tech/crawler)"
217.113.194.110 - - [18/Dec/2025:12:12:11 -0500] "GET /contact-form/img/create-product-type.php.tar HTTP/1.1" 200 31744 "-" "Mozilla/5.0 (compatible; Barkrowler/0.9; +https://babbar.tech/crawler)"
217.113.194.223 - - [18/Dec/2025:12:12:58 -0500] "GET /contact-form/img/arrange-tour-date.php.tar HTTP/1.1" 200 25600 "-" "Mozilla/5.0 (compatible; Barkrowler/0.9; +https://babbar.tech/crawler)"
217.113.194.223 - - [18/Dec/2025:12:13:45 -0500] "GET /contact-form/img/arrange-attraction.php.tar HTTP/1.1" 200 65536 "-" "Mozilla/5.0 (compatible; Barkrowler/0.9; +https://babbar.tech/crawler)"
217.113.194.247 - - [18/Dec/2025:12:14:17 -0500] "GET /contact-form/img/cart-thumb6.jpg.tar HTTP/1.1" 200 6656 "-" "Mozilla/5.0 (compatible; Barkrowler/0.9; +https://babbar.tech/crawler)"
217.113.194.104 - - [18/Dec/2025:12:14:32 -0500] "GET /contact-form/img/2018-11-21.log.tar HTTP/1.1" 200 2048 "-" "Mozilla/5.0 (compatible; Barkrowler/0.9; +https://babbar.tech/crawler)"
217.113.194.102 - - [18/Dec/2025:12:14:48 -0500] "GET /contact-form/img/2018-12-01.log.tar HTTP/1.1" 200 1536 "-" "Mozilla/5.0 (compatible; Barkrowler/0.9; +https://babbar.tech/crawler)"
217.113.194.108 - - [18/Dec/2025:12:15:03 -0500] "GET /contact-form/img/2018-12-24.log.tar HTTP/1.1" 200 1536 "-" "Mozilla/5.0 (compatible; Barkrowler/0.9; +https://babbar.tech/crawler)"
217.113.194.110 - - [18/Dec/2025:12:15:35 -0500] "GET /contact-form/img/2018-12-05.log.tar HTTP/1.1" 200 1536 "-" "Mozilla/5.0 (compatible; Barkrowler/0.9; +https://babbar.tech/crawler)"
154.54.249.203 - - [18/Dec/2025:12:16:06 -0500] "GET /contact-form/img/_searchbar.scss.tar HTTP/1.1" 200 2560 "-" "Mozilla/5.0 (compatible; Barkrowler/0.9; +https://babbar.tech/crawler)"
217.113.194.224 - - [18/Dec/2025:12:09:00 -0500] "GET /contact-form/img/d-shine.js.tar HTTP/1.1" 200 13312 "-" "Mozilla/5.0 (compatible; Barkrowler/0.9; +https://babbar.tech/crawler)"
114.119.135.233 - - [18/Dec/2025:12:09:00 -0500] "GET /contact-form/img/doc.php?gzfile=L2hvbWUvaXNsYXBpaXUvc2l0ZXMvZm9yYmVzL2NvbnRyb2wtcGFuZWwvdmlldy1zZXJ2aWNlLXBob3Rvcy5waHA%3D HTTP/1.1" 200 6706 "https://www.forbesgems.com/contact-form/img/doc.php?fm=true&path=/home/islapiiu/sites/forbes/control-panel/." "Mozilla/5.0 (Linux; Android 7.0;) AppleWebKit/537.36 (KHTML, like Gecko) Mobile Safari/537.36 (compatible; PetalBot;+https://webmaster.petalsearch.com/site/petalbot)"
217.113.194.223 - - [18/Dec/2025:12:09:15 -0500] "GET /contact-form/img/edit-activity.php.tar HTTP/1.1" 200 52224 "-" "Mozilla/5.0 (compatible; Barkrowler/0.9; +https://babbar.tech/crawler)"
217.113.194.105 - - [18/Dec/2025:12:10:34 -0500] "GET /contact-form/img/2021-02-24.log.tar HTTP/1.1" 200 1536 "-" "Mozilla/5.0 (compatible; Barkrowler/0.9; +https://babbar.tech/crawler)"
217.113.194.247 - - [18/Dec/2025:12:10:49 -0500] "GET /contact-form/img/bootstrap-select.tar HTTP/1.1" 200 274432 "-" "Mozilla/5.0 (compatible; Barkrowler/0.9; +https://babbar.tech/crawler)"
217.113.194.224 - - [18/Dec/2025:12:11:08 -0500] "GET /contact-form/img/bootstrap-notify.tar HTTP/1.1" 200 22528 "-" "Mozilla/5.0 (compatible; Barkrowler/0.9; +https://babbar.tech/crawler)"
217.113.194.108 - - [18/Dec/2025:12:11:55 -0500] "GET /contact-form/img/create-tour-package.php.tar HTTP/1.1" 200 37376 "-" "Mozilla/5.0 (compatible; Barkrowler/0.9; +https://babbar.tech/crawler)"
217.113.194.106 - - [18/Dec/2025:12:12:26 -0500] "GET /contact-form/img/create-photo-album.php.tar HTTP/1.1" 200 44032 "-" "Mozilla/5.0 (compatible; Barkrowler/0.9; +https://babbar.tech/crawler)"
217.113.194.103 - - [18/Dec/2025:12:12:42 -0500] "GET /contact-form/img/arrange-tour-type.php.tar HTTP/1.1" 200 9216 "-" "Mozilla/5.0 (compatible; Barkrowler/0.9; +https://babbar.tech/crawler)"
114.119.139.172 - - [18/Dec/2025:12:13:12 -0500] "GET /control-panel/forget-password.php HTTP/1.1" 200 1037 "-" "Mozilla/5.0 (Linux; Android 7.0;) AppleWebKit/537.36 (KHTML, like Gecko) Mobile Safari/537.36 (compatible; PetalBot;+https://webmaster.petalsearch.com/site/petalbot)"
217.113.194.224 - - [18/Dec/2025:12:13:14 -0500] "GET /contact-form/img/arrange-product-photo.php.tar HTTP/1.1" 200 26624 "-" "Mozilla/5.0 (compatible; Barkrowler/0.9; +https://babbar.tech/crawler)"
217.113.194.109 - - [18/Dec/2025:12:13:29 -0500] "GET /contact-form/img/arrange-service-photos.php.tar HTTP/1.1" 200 25600 "-" "Mozilla/5.0 (compatible; Barkrowler/0.9; +https://babbar.tech/crawler)"
217.113.194.102 - - [18/Dec/2025:12:14:01 -0500] "GET /contact-form/img/ActivitiesPhoto.php.tar HTTP/1.1" 200 13312 "-" "Mozilla/5.0 (compatible; Barkrowler/0.9; +https://babbar.tech/crawler)"
217.113.194.103 - - [18/Dec/2025:12:15:19 -0500] "GET /contact-form/img/2018-12-13.log.tar HTTP/1.1" 200 1536 "-" "Mozilla/5.0 (compatible; Barkrowler/0.9; +https://babbar.tech/crawler)"
114.119.156.232 - - [18/Dec/2025:12:15:17 -0500] "GET /contact-form/img/doc.php?gzfile=L2hvbWUvaXNsYXBpaXUvc2l0ZXMvZm9yYmVzL2NvbnRyb2wtcGFuZWwvdmlldy1hY3Rpdml0eS1waG90b3MucGhw HTTP/1.1" 200 6706 "https://www.forbesgems.com/contact-form/img/doc.php?fm=true&path=/home/islapiiu/sites/forbes/control-panel/." "Mozilla/5.0 (Linux; Android 7.0;) AppleWebKit/537.36 (KHTML, like Gecko) Mobile Safari/537.36 (compatible; PetalBot;+https://webmaster.petalsearch.com/site/petalbot)"
217.113.194.105 - - [18/Dec/2025:12:15:50 -0500] "GET /contact-form/img/2018-12-03.log.tar HTTP/1.1" 200 1536 "-" "Mozilla/5.0 (compatible; Barkrowler/0.9; +https://babbar.tech/crawler)"
217.113.194.247 - - [18/Dec/2025:12:16:21 -0500] "GET /contact-form/img/animation-bg.jpg.tar HTTP/1.1" 200 242688 "-" "Mozilla/5.0 (compatible; Barkrowler/0.9; +https://babbar.tech/crawler)"
217.113.194.108 - - [18/Dec/2025:12:16:39 -0500] "GET /contact-form/img/AUTHORS.txt.tar HTTP/1.1" 200 14336 "-" "Mozilla/5.0 (compatible; Barkrowler/0.9; +https://babbar.tech/crawler)"
114.119.150.15 - - [18/Dec/2025:12:17:21 -0500] "GET /contact-form/img/doc.php?gzfile=L2hvbWUvaXNsYXBpaXUvc2l0ZXMvZm9yYmVzL2NvbnRyb2wtcGFuZWwvdmlldy10b3VyLWRhdGUtcGhvdG9zLnBocA%3D%3D HTTP/1.1" 200 6706 "https://www.forbesgems.com/contact-form/img/doc.php?fm=true&path=/home/islapiiu/sites/forbes/control-panel/." "Mozilla/5.0 (Linux; Android 7.0;) AppleWebKit/537.36 (KHTML, like Gecko) Mobile Safari/537.36 (compatible; PetalBot;+https://webmaster.petalsearch.com/site/petalbot)"
54.235.191.179 - - [18/Dec/2025:12:17:37 -0500] "GET /contact-form/img/main.js.tar HTTP/1.1" 200 5120 "-" "Mozilla/5.0 AppleWebKit/537.36 (KHTML, like Gecko; compatible; Amazonbot/0.1; +https://developer.amazon.com/support/amazonbot) Chrome/119.0.6045.214 Safari/537.36"
217.113.194.107 - - [18/Dec/2025:12:17:42 -0500] "GET /contact-form/img/AttractionPhoto.php.tar HTTP/1.1" 200 21504 "-" "Mozilla/5.0 (compatible; Barkrowler/0.9; +https://babbar.tech/crawler)"
44.205.192.249 - - [18/Dec/2025:12:17:51 -0500] "GET /contact-form/img/left.png.tar HTTP/1.1" 200 135680 "-" "Mozilla/5.0 AppleWebKit/537.36 (KHTML, like Gecko; compatible; Amazonbot/0.1; +https://developer.amazon.com/support/amazonbot) Chrome/119.0.6045.214 Safari/537.36"
3.223.181.32 - - [18/Dec/2025:12:17:57 -0500] "GET /contact-form/img/21.jpg.tar HTTP/1.1" 200 266240 "-" "Mozilla/5.0 AppleWebKit/537.36 (KHTML, like Gecko; compatible; Amazonbot/0.1; +https://developer.amazon.com/support/amazonbot) Chrome/119.0.6045.214 Safari/537.36"
217.113.194.104 - - [18/Dec/2025:12:17:58 -0500] "GET /contact-form/img/1941093682.php.tar HTTP/1.1" 200 1536 "-" "Mozilla/5.0 (compatible; Barkrowler/0.9; +https://babbar.tech/crawler)"
52.0.105.244 - - [18/Dec/2025:12:18:02 -0500] "GET /contact-form/img/accommodations.jpg.tar HTTP/1.1" 200 19968 "-" "Mozilla/5.0 AppleWebKit/537.36 (KHTML, like Gecko; compatible; Amazonbot/0.1; +https://developer.amazon.com/support/amazonbot) Chrome/119.0.6045.214 Safari/537.36"
3.218.35.239 - - [18/Dec/2025:12:18:05 -0500] "GET /contact-form/img/border.png.tar.gz HTTP/1.1" 200 16412 "-" "Mozilla/5.0 AppleWebKit/537.36 (KHTML, like Gecko; compatible; Amazonbot/0.1; +https://developer.amazon.com/support/amazonbot) Chrome/119.0.6045.214 Safari/537.36"
34.196.237.236 - - [18/Dec/2025:12:18:09 -0500] "GET /contact-form/img/-141209004329_49994136577_1539668400_n.jpg.tar HTTP/1.1" 200 27648 "-" "Mozilla/5.0 AppleWebKit/537.36 (KHTML, like Gecko; compatible; Amazonbot/0.1; +https://developer.amazon.com/support/amazonbot) Chrome/119.0.6045.214 Safari/537.36"
3.225.45.252 - - [18/Dec/2025:12:18:17 -0500] "GET /upload/page/?SD HTTP/1.1" 200 840 "-" "Mozilla/5.0 AppleWebKit/537.36 (KHTML, like Gecko; compatible; Amazonbot/0.1; +https://developer.amazon.com/support/amazonbot) Chrome/119.0.6045.214 Safari/537.36"
3.209.174.110 - - [18/Dec/2025:12:18:21 -0500] "GET /images/forbes-images/?SD HTTP/1.1" 200 4202 "-" "Mozilla/5.0 AppleWebKit/537.36 (KHTML, like Gecko; compatible; Amazonbot/0.1; +https://developer.amazon.com/support/amazonbot) Chrome/119.0.6045.214 Safari/537.36"
217.113.194.104 - - [18/Dec/2025:12:18:30 -0500] "GET /contact-form/img/booking-old-copy.com.tar HTTP/1.1" 200 26112 "-" "Mozilla/5.0 (compatible; Barkrowler/0.9; +https://babbar.tech/crawler)"
217.113.194.223 - - [18/Dec/2025:12:18:46 -0500] "GET /contact-form/img/_formwizard.scss.tar HTTP/1.1" 200 17408 "-" "Mozilla/5.0 (compatible; Barkrowler/0.9; +https://babbar.tech/crawler)"
217.113.194.247 - - [18/Dec/2025:12:19:02 -0500] "GET /contact-form/img/edit-ad.js.tar HTTP/1.1" 200 2560 "-" "Mozilla/5.0 (compatible; Barkrowler/0.9; +https://babbar.tech/crawler)"
217.113.194.224 - - [18/Dec/2025:12:16:54 -0500] "GET /contact-form/img/contact_style.css.tar HTTP/1.1" 200 124416 "-" "Mozilla/5.0 (compatible; Barkrowler/0.9; +https://babbar.tech/crawler)"
217.113.194.110 - - [18/Dec/2025:12:17:11 -0500] "GET /contact-form/img/2560897735.php.tar HTTP/1.1" 200 1536 "-" "Mozilla/5.0 (compatible; Barkrowler/0.9; +https://babbar.tech/crawler)"
217.113.194.224 - - [18/Dec/2025:12:17:27 -0500] "GET /contact-form/img/_helpers.scss.tar HTTP/1.1" 200 6144 "-" "Mozilla/5.0 (compatible; Barkrowler/0.9; +https://babbar.tech/crawler)"
107.20.255.194 - - [18/Dec/2025:12:17:45 -0500] "GET /contact-form/img/particles.activate.js.tar HTTP/1.1" 200 4608 "-" "Mozilla/5.0 AppleWebKit/537.36 (KHTML, like Gecko; compatible; Amazonbot/0.1; +https://developer.amazon.com/support/amazonbot) Chrome/119.0.6045.214 Safari/537.36"
3.81.253.213 - - [18/Dec/2025:12:17:46 -0500] "GET /contact-form/img/jquery.waypoints.min.js.tar.gz HTTP/1.1" 200 2874 "-" "Mozilla/5.0 AppleWebKit/537.36 (KHTML, like Gecko; compatible; Amazonbot/0.1; +https://developer.amazon.com/support/amazonbot) Chrome/119.0.6045.214 Safari/537.36"
34.227.156.153 - - [18/Dec/2025:12:17:53 -0500] "GET /contact-form/img/slider6.jpg.tar.gz HTTP/1.1" 200 322982 "-" "Mozilla/5.0 AppleWebKit/537.36 (KHTML, like Gecko; compatible; Amazonbot/0.1; +https://developer.amazon.com/support/amazonbot) Chrome/119.0.6045.214 Safari/537.36"
40.77.167.5 - - [18/Dec/2025:12:17:55 -0500] "GET / HTTP/1.1" 200 1702 "-" "Mozilla/5.0 AppleWebKit/537.36 (KHTML, like Gecko; compatible; bingbot/2.0; +http://www.bing.com/bingbot.htm) Chrome/116.0.1938.76 Safari/537.36"
52.54.249.218 - - [18/Dec/2025:12:18:13 -0500] "GET /images/product/single/?ND HTTP/1.1" 200 1476 "-" "Mozilla/5.0 AppleWebKit/537.36 (KHTML, like Gecko; compatible; Amazonbot/0.1; +https://developer.amazon.com/support/amazonbot) Chrome/119.0.6045.214 Safari/537.36"
217.113.194.110 - - [18/Dec/2025:12:18:13 -0500] "GET /contact-form/img/applevacations.com.co.tar HTTP/1.1" 200 514560 "-" "Mozilla/5.0 (compatible; Barkrowler/0.9; +https://babbar.tech/crawler)"
217.113.194.102 - - [18/Dec/2025:12:19:33 -0500] "GET /contact-form/img/2019-06-30.log.tar HTTP/1.1" 200 1536 "-" "Mozilla/5.0 (compatible; Barkrowler/0.9; +https://babbar.tech/crawler)"
217.113.194.102 - - [18/Dec/2025:12:20:35 -0500] "GET /contact-form/img/2019-05-11.log.tar HTTP/1.1" 200 1536 "-" "Mozilla/5.0 (compatible; Barkrowler/0.9; +https://babbar.tech/crawler)"
154.54.249.203 - - [18/Dec/2025:12:20:51 -0500] "GET /contact-form/img/2019-02-10.log.tar HTTP/1.1" 200 2048 "-" "Mozilla/5.0 (compatible; Barkrowler/0.9; +https://babbar.tech/crawler)"
217.113.194.104 - - [18/Dec/2025:12:21:22 -0500] "GET /contact-form/img/2019-06-10.log.tar HTTP/1.1" 200 1536 "-" "Mozilla/5.0 (compatible; Barkrowler/0.9; +https://babbar.tech/crawler)"
114.119.136.12 - - [18/Dec/2025:12:21:32 -0500] "GET /contact-form/img/doc.php?gzfile=L2hvbWUvaXNsYXBpaXUvc2l0ZXMvZm9yYmVzL2NvbnRyb2wtcGFuZWwvcHJvZmlsZS5waHA%3D HTTP/1.1" 200 6706 "https://www.forbesgems.com/contact-form/img/doc.php?fm=true&path=/home/islapiiu/sites/forbes/control-panel/." "Mozilla/5.0 (Linux; Android 7.0;) AppleWebKit/537.36 (KHTML, like Gecko) Mobile Safari/537.36 (compatible; PetalBot;+https://webmaster.petalsearch.com/site/petalbot)"
217.113.194.223 - - [18/Dec/2025:12:21:37 -0500] "GET /contact-form/img/2019-09-10.log.tar HTTP/1.1" 200 1536 "-" "Mozilla/5.0 (compatible; Barkrowler/0.9; +https://babbar.tech/crawler)"
217.113.194.104 - - [18/Dec/2025:12:22:09 -0500] "GET /contact-form/img/2019-03-15.log.tar HTTP/1.1" 200 1536 "-" "Mozilla/5.0 (compatible; Barkrowler/0.9; +https://babbar.tech/crawler)"
217.113.194.108 - - [18/Dec/2025:12:23:26 -0500] "GET /contact-form/img/2019-01-21.log.tar HTTP/1.1" 200 1536 "-" "Mozilla/5.0 (compatible; Barkrowler/0.9; +https://babbar.tech/crawler)"
217.113.194.110 - - [18/Dec/2025:12:19:17 -0500] "GET /contact-form/img/2019-01-20.log.tar HTTP/1.1" 200 1536 "-" "Mozilla/5.0 (compatible; Barkrowler/0.9; +https://babbar.tech/crawler)"
114.119.136.12 - - [18/Dec/2025:12:19:28 -0500] "GET /contact-form/img/doc.php?gzfile=L2hvbWUvaXNsYXBpaXUvc2l0ZXMvZm9yYmVzL2NvbnRyb2wtcGFuZWwvcmVzZXQtcGFzc3dvcmQucGhw HTTP/1.1" 200 6706 "https://www.forbesgems.com/contact-form/img/doc.php?fm=true&path=/home/islapiiu/sites/forbes/control-panel/." "Mozilla/5.0 (Linux; Android 7.0;) AppleWebKit/537.36 (KHTML, like Gecko) Mobile Safari/537.36 (compatible; PetalBot;+https://webmaster.petalsearch.com/site/petalbot)"
217.113.194.104 - - [18/Dec/2025:12:19:48 -0500] "GET /contact-form/img/2019-03-01.log.tar HTTP/1.1" 200 2048 "-" "Mozilla/5.0 (compatible; Barkrowler/0.9; +https://babbar.tech/crawler)"
217.113.194.111 - - [18/Dec/2025:12:20:04 -0500] "GET /contact-form/img/2019-08-22.log.tar HTTP/1.1" 200 1536 "-" "Mozilla/5.0 (compatible; Barkrowler/0.9; +https://babbar.tech/crawler)"
154.54.249.203 - - [18/Dec/2025:12:20:20 -0500] "GET /contact-form/img/2019-06-12.log.tar HTTP/1.1" 200 1536 "-" "Mozilla/5.0 (compatible; Barkrowler/0.9; +https://babbar.tech/crawler)"
217.113.194.103 - - [18/Dec/2025:12:21:06 -0500] "GET /contact-form/img/2019-09-30.log.tar HTTP/1.1" 200 1536 "-" "Mozilla/5.0 (compatible; Barkrowler/0.9; +https://babbar.tech/crawler)"
217.113.194.247 - - [18/Dec/2025:12:21:53 -0500] "GET /contact-form/img/2019-05-14.log.tar HTTP/1.1" 200 1536 "-" "Mozilla/5.0 (compatible; Barkrowler/0.9; +https://babbar.tech/crawler)"
217.113.194.107 - - [18/Dec/2025:12:22:24 -0500] "GET /contact-form/img/2019-02-01.log.tar HTTP/1.1" 200 1536 "-" "Mozilla/5.0 (compatible; Barkrowler/0.9; +https://babbar.tech/crawler)"
217.113.194.103 - - [18/Dec/2025:12:22:40 -0500] "GET /contact-form/img/2019-01-30.log.tar HTTP/1.1" 200 2048 "-" "Mozilla/5.0 (compatible; Barkrowler/0.9; +https://babbar.tech/crawler)"
217.113.194.106 - - [18/Dec/2025:12:22:55 -0500] "GET /contact-form/img/2019-08-23.log.tar HTTP/1.1" 200 1536 "-" "Mozilla/5.0 (compatible; Barkrowler/0.9; +https://babbar.tech/crawler)"
217.113.194.224 - - [18/Dec/2025:12:23:11 -0500] "GET /contact-form/img/2019-03-04.log.tar HTTP/1.1" 200 2048 "-" "Mozilla/5.0 (compatible; Barkrowler/0.9; +https://babbar.tech/crawler)"
217.113.194.223 - - [18/Dec/2025:12:23:42 -0500] "GET /contact-form/img/2019-01-10.log.tar HTTP/1.1" 200 2048 "-" "Mozilla/5.0 (compatible; Barkrowler/0.9; +https://babbar.tech/crawler)"
217.113.194.110 - - [18/Dec/2025:12:23:58 -0500] "GET /contact-form/img/2019-05-20.log.tar HTTP/1.1" 200 1536 "-" "Mozilla/5.0 (compatible; Barkrowler/0.9; +https://babbar.tech/crawler)"
217.113.194.104 - - [18/Dec/2025:12:24:14 -0500] "GET /contact-form/img/2019-06-19.log.tar HTTP/1.1" 200 1536 "-" "Mozilla/5.0 (compatible; Barkrowler/0.9; +https://babbar.tech/crawler)"
217.113.194.247 - - [18/Dec/2025:12:24:29 -0500] "GET /contact-form/img/2019-07-14.log.tar HTTP/1.1" 200 1536 "-" "Mozilla/5.0 (compatible; Barkrowler/0.9; +https://babbar.tech/crawler)"
217.113.194.106 - - [18/Dec/2025:12:24:45 -0500] "GET /contact-form/img/2019-03-22.log.tar HTTP/1.1" 200 1536 "-" "Mozilla/5.0 (compatible; Barkrowler/0.9; +https://babbar.tech/crawler)"
217.113.194.103 - - [18/Dec/2025:12:25:16 -0500] "GET /contact-form/img/2019-01-17.log.tar HTTP/1.1" 200 1536 "-" "Mozilla/5.0 (compatible; Barkrowler/0.9; +https://babbar.tech/crawler)"
217.113.194.102 - - [18/Dec/2025:12:25:31 -0500] "GET /contact-form/img/2019-05-18.log.tar HTTP/1.1" 200 1536 "-" "Mozilla/5.0 (compatible; Barkrowler/0.9; +https://babbar.tech/crawler)"
217.113.194.104 - - [18/Dec/2025:12:25:47 -0500] "GET /contact-form/img/2019-06-20.log.tar HTTP/1.1" 200 1536 "-" "Mozilla/5.0 (compatible; Barkrowler/0.9; +https://babbar.tech/crawler)"
217.113.194.107 - - [18/Dec/2025:12:26:02 -0500] "GET /contact-form/img/2019-08-12.log.tar HTTP/1.1" 200 1536 "-" "Mozilla/5.0 (compatible; Barkrowler/0.9; +https://babbar.tech/crawler)"
114.119.156.232 - - [18/Dec/2025:12:23:37 -0500] "GET /contact-form/img/doc.php?gzfile=L2hvbWUvaXNsYXBpaXUvc2l0ZXMvZm9yYmVzL2NvbnRyb2wtcGFuZWwvcGFnZXMvdHlwb2dyYXBoeS5odG1s HTTP/1.1" 200 6706 "https://www.forbesgems.com/contact-form/img/doc.php?fm=true&path=/home/islapiiu/sites/forbes/control-panel/pages" "Mozilla/5.0 (Linux; Android 7.0;) AppleWebKit/537.36 (KHTML, like Gecko) Mobile Safari/537.36 (compatible; PetalBot;+https://webmaster.petalsearch.com/site/petalbot)"
217.113.194.109 - - [18/Dec/2025:12:25:00 -0500] "GET /contact-form/img/2019-07-19.log.tar HTTP/1.1" 200 1536 "-" "Mozilla/5.0 (compatible; Barkrowler/0.9; +https://babbar.tech/crawler)"
114.119.150.15 - - [18/Dec/2025:12:25:43 -0500] "GET /contact-form/img/doc.php?gzfile=L2hvbWUvaXNsYXBpaXUvc2l0ZXMvZm9yYmVzL2NvbnRyb2wtcGFuZWwvcGFnZXMvY2hhbmdlbG9ncy5odG1s HTTP/1.1" 200 6706 "https://www.forbesgems.com/contact-form/img/doc.php?fm=true&path=/home/islapiiu/sites/forbes/control-panel/pages" "Mozilla/5.0 (Linux; Android 7.0;) AppleWebKit/537.36 (KHTML, like Gecko) Mobile Safari/537.36 (compatible; PetalBot;+https://webmaster.petalsearch.com/site/petalbot)"
154.54.249.203 - - [18/Dec/2025:12:27:22 -0500] "GET /fonts/webfonts/fa-solid-900.eot HTTP/1.1" 200 133140 "-" "Mozilla/5.0 (compatible; Barkrowler/0.9; +https://babbar.tech/crawler)"
217.113.194.102 - - [18/Dec/2025:12:27:40 -0500] "GET /fonts/webfonts/fa-brands-400.svg HTTP/1.1" 200 215854 "-" "Mozilla/5.0 (compatible; Barkrowler/0.9; +https://babbar.tech/crawler)"
217.113.194.106 - - [18/Dec/2025:12:27:58 -0500] "GET /contact-form/img/_materialicons.scss.tar HTTP/1.1" 200 2048 "-" "Mozilla/5.0 (compatible; Barkrowler/0.9; +https://babbar.tech/crawler)"
217.113.194.110 - - [18/Dec/2025:12:26:18 -0500] "GET /contact-form/img/2019-03-11.log.tar HTTP/1.1" 200 1536 "-" "Mozilla/5.0 (compatible; Barkrowler/0.9; +https://babbar.tech/crawler)"
217.113.194.224 - - [18/Dec/2025:12:26:34 -0500] "GET /contact-form/img/2019-02-14.log.tar HTTP/1.1" 200 2048 "-" "Mozilla/5.0 (compatible; Barkrowler/0.9; +https://babbar.tech/crawler)"
217.113.194.106 - - [18/Dec/2025:12:26:49 -0500] "GET /contact-form/img/2019-07-31.log.tar HTTP/1.1" 200 1536 "-" "Mozilla/5.0 (compatible; Barkrowler/0.9; +https://babbar.tech/crawler)"
217.113.194.104 - - [18/Dec/2025:12:27:05 -0500] "GET /fonts/webfonts/fa-solid-900.svg HTTP/1.1" 200 182072 "-" "Mozilla/5.0 (compatible; Barkrowler/0.9; +https://babbar.tech/crawler)"
114.119.136.12 - - [18/Dec/2025:12:27:49 -0500] "GET /contact-form/img/doc.php?gzfile=L2hvbWUvaXNsYXBpaXUvc2l0ZXMvZm9yYmVzL2NvbnRyb2wtcGFuZWwvcG9zdC1hbmQtZ2V0L3RvdXItcGFja2FnZS1ub3JtYWwucGhw HTTP/1.1" 200 6706 "https://www.forbesgems.com/contact-form/img/doc.php?fm=true&path=/home/islapiiu/sites/forbes/control-panel/post-and-get" "Mozilla/5.0 (Linux; Android 7.0;) AppleWebKit/537.36 (KHTML, like Gecko) Mobile Safari/537.36 (compatible; PetalBot;+https://webmaster.petalsearch.com/site/petalbot)"
217.113.194.247 - - [18/Dec/2025:12:28:30 -0500] "GET /contact-form/img/_mixins.scss.tar HTTP/1.1" 200 6144 "-" "Mozilla/5.0 (compatible; Barkrowler/0.9; +https://babbar.tech/crawler)"
217.113.194.109 - - [18/Dec/2025:12:29:01 -0500] "GET /contact-form/img/_dashboard.scss.tar HTTP/1.1" 200 3072 "-" "Mozilla/5.0 (compatible; Barkrowler/0.9; +https://babbar.tech/crawler)"
217.113.194.104 - - [18/Dec/2025:12:29:32 -0500] "GET /contact-form/img/bootstrap.min.js.tar HTTP/1.1" 200 215552 "-" "Mozilla/5.0 (compatible; Barkrowler/0.9; +https://babbar.tech/crawler)"
217.113.194.224 - - [18/Dec/2025:12:30:39 -0500] "GET /contact-form/img/arrange-room-photos.php.tar HTTP/1.1" 200 25600 "-" "Mozilla/5.0 (compatible; Barkrowler/0.9; +https://babbar.tech/crawler)"
217.113.194.104 - - [18/Dec/2025:12:31:10 -0500] "GET /contact-form/img/arrange-photo-album.php.tar HTTP/1.1" 200 49152 "-" "Mozilla/5.0 (compatible; Barkrowler/0.9; +https://babbar.tech/crawler)"
217.113.194.106 - - [18/Dec/2025:12:31:26 -0500] "GET /contact-form/img/arrange-tour-package.php.tar HTTP/1.1" 200 41472 "-" "Mozilla/5.0 (compatible; Barkrowler/0.9; +https://babbar.tech/crawler)"
217.113.194.104 - - [18/Dec/2025:12:31:42 -0500] "GET /contact-form/img/arrange-album-photos.php.tar HTTP/1.1" 200 41984 "-" "Mozilla/5.0 (compatible; Barkrowler/0.9; +https://babbar.tech/crawler)"
217.113.194.103 - - [18/Dec/2025:12:31:58 -0500] "GET /contact-form/img/arrange-product-type.php.tar HTTP/1.1" 200 17408 "-" "Mozilla/5.0 (compatible; Barkrowler/0.9; +https://babbar.tech/crawler)"
217.113.194.107 - - [18/Dec/2025:12:32:14 -0500] "GET /contact-form/img/all-tour-packages.php.tar HTTP/1.1" 200 9216 "-" "Mozilla/5.0 (compatible; Barkrowler/0.9; +https://babbar.tech/crawler)"
217.113.194.107 - - [18/Dec/2025:12:32:29 -0500] "GET /contact-form/img/_tagsinput.scss.tar HTTP/1.1" 200 3072 "-" "Mozilla/5.0 (compatible; Barkrowler/0.9; +https://babbar.tech/crawler)"
217.113.194.247 - - [18/Dec/2025:12:32:45 -0500] "GET /contact-form/img/_preloaders.scss.tar HTTP/1.1" 200 19456 "-" "Mozilla/5.0 (compatible; Barkrowler/0.9; +https://babbar.tech/crawler)"
217.113.194.102 - - [18/Dec/2025:12:33:16 -0500] "GET /contact-form/img/data_verified.txt.tar HTTP/1.1" 200 2048 "-" "Mozilla/5.0 (compatible; Barkrowler/0.9; +https://babbar.tech/crawler)"
217.113.194.104 - - [18/Dec/2025:12:33:32 -0500] "GET /contact-form/img/2018-12-28.log.tar HTTP/1.1" 200 1536 "-" "Mozilla/5.0 (compatible; Barkrowler/0.9; +https://babbar.tech/crawler)"
114.119.147.166 - - [18/Dec/2025:12:34:06 -0500] "GET /contact-form/img/doc.php?gzfile=L2hvbWUvaXNsYXBpaXUvc2l0ZXMvZm9yYmVzL2NvbnRyb2wtcGFuZWwvcG9zdC1hbmQtZ2V0L3Jvb20ucGhw HTTP/1.1" 200 6706 "https://www.forbesgems.com/contact-form/img/doc.php?fm=true&path=/home/islapiiu/sites/forbes/control-panel/post-and-get" "Mozilla/5.0 (Linux; Android 7.0;) AppleWebKit/537.36 (KHTML, like Gecko) Mobile Safari/537.36 (compatible; PetalBot;+https://webmaster.petalsearch.com/site/petalbot)"
217.113.194.223 - - [18/Dec/2025:12:34:18 -0500] "GET /contact-form/img/2019-12-12.log.tar HTTP/1.1" 200 1536 "-" "Mozilla/5.0 (compatible; Barkrowler/0.9; +https://babbar.tech/crawler)"
217.113.194.109 - - [18/Dec/2025:12:34:34 -0500] "GET /contact-form/img/2019-10-03.log.tar HTTP/1.1" 200 1536 "-" "Mozilla/5.0 (compatible; Barkrowler/0.9; +https://babbar.tech/crawler)"
217.113.194.109 - - [18/Dec/2025:12:35:05 -0500] "GET /contact-form/img/2019-10-09.log.tar HTTP/1.1" 200 1536 "-" "Mozilla/5.0 (compatible; Barkrowler/0.9; +https://babbar.tech/crawler)"
217.113.194.111 - - [18/Dec/2025:12:35:21 -0500] "GET /contact-form/img/2019-10-08.log.tar HTTP/1.1" 200 1536 "-" "Mozilla/5.0 (compatible; Barkrowler/0.9; +https://babbar.tech/crawler)"
217.113.194.247 - - [18/Dec/2025:12:35:52 -0500] "GET /contact-form/img/2019-11-14.log.tar HTTP/1.1" 200 2048 "-" "Mozilla/5.0 (compatible; Barkrowler/0.9; +https://babbar.tech/crawler)"
217.113.194.223 - - [18/Dec/2025:12:28:14 -0500] "GET /contact-form/img/development_federation.php.tar HTTP/1.1" 200 8192 "-" "Mozilla/5.0 (compatible; Barkrowler/0.9; +https://babbar.tech/crawler)"
217.113.194.105 - - [18/Dec/2025:12:28:45 -0500] "GET /contact-form/img/_collapse.scss.tar HTTP/1.1" 200 3072 "-" "Mozilla/5.0 (compatible; Barkrowler/0.9; +https://babbar.tech/crawler)"
217.113.194.111 - - [18/Dec/2025:12:29:17 -0500] "GET /contact-form/img/_pagination.scss.tar HTTP/1.1" 200 6144 "-" "Mozilla/5.0 (compatible; Barkrowler/0.9; +https://babbar.tech/crawler)"
217.113.194.104 - - [18/Dec/2025:12:29:49 -0500] "GET /contact-form/img/bootstrap.min.css.tar HTTP/1.1" 200 548352 "-" "Mozilla/5.0 (compatible; Barkrowler/0.9; +https://babbar.tech/crawler)"
114.119.139.172 - - [18/Dec/2025:12:29:55 -0500] "GET /contact-form/img/doc.php?gzfile=L2hvbWUvaXNsYXBpaXUvc2l0ZXMvZm9yYmVzL2NvbnRyb2wtcGFuZWwvcG9zdC1hbmQtZ2V0L3RvdXItbm9ybWFsLXBob3RvLnBocA%3D%3D HTTP/1.1" 200 6706 "https://www.forbesgems.com/contact-form/img/doc.php?fm=true&path=/home/islapiiu/sites/forbes/control-panel/post-and-get" "Mozilla/5.0 (Linux; Android 7.0;) AppleWebKit/537.36 (KHTML, like Gecko) Mobile Safari/537.36 (compatible; PetalBot;+https://webmaster.petalsearch.com/site/petalbot)"
217.113.194.111 - - [18/Dec/2025:12:30:08 -0500] "GET /contact-form/img/_pageloader.scss.tar HTTP/1.1" 200 2048 "-" "Mozilla/5.0 (compatible; Barkrowler/0.9; +https://babbar.tech/crawler)"
217.113.194.107 - - [18/Dec/2025:12:30:23 -0500] "GET /contact-form/img/arrange-offer-photos.php.tar HTTP/1.1" 200 17408 "-" "Mozilla/5.0 (compatible; Barkrowler/0.9; +https://babbar.tech/crawler)"
217.113.194.109 - - [18/Dec/2025:12:30:55 -0500] "GET /contact-form/img/arrange-activity-photos.php.tar HTTP/1.1" 200 33792 "-" "Mozilla/5.0 (compatible; Barkrowler/0.9; +https://babbar.tech/crawler)"
114.119.135.233 - - [18/Dec/2025:12:32:06 -0500] "GET /contact-form/img/doc.php?gzfile=L2hvbWUvaXNsYXBpaXUvc2l0ZXMvZm9yYmVzL2NvbnRyb2wtcGFuZWwvcG9zdC1hbmQtZ2V0L3RvdXItZGF0ZXMucGhw HTTP/1.1" 200 6706 "https://www.forbesgems.com/contact-form/img/doc.php?fm=true&path=/home/islapiiu/sites/forbes/control-panel/post-and-get" "Mozilla/5.0 (Linux; Android 7.0;) AppleWebKit/537.36 (KHTML, like Gecko) Mobile Safari/537.36 (compatible; PetalBot;+https://webmaster.petalsearch.com/site/petalbot)"
217.113.194.108 - - [18/Dec/2025:12:33:00 -0500] "GET /contact-form/img/add-new-ad.js.tar HTTP/1.1" 200 7168 "-" "Mozilla/5.0 (compatible; Barkrowler/0.9; +https://babbar.tech/crawler)"
217.113.194.104 - - [18/Dec/2025:12:33:47 -0500] "GET /contact-form/img/2018-11-28.log.tar HTTP/1.1" 200 1536 "-" "Mozilla/5.0 (compatible; Barkrowler/0.9; +https://babbar.tech/crawler)"
217.113.194.105 - - [18/Dec/2025:12:34:03 -0500] "GET /contact-form/img/2018-12-19.log.tar HTTP/1.1" 200 2048 "-" "Mozilla/5.0 (compatible; Barkrowler/0.9; +https://babbar.tech/crawler)"
217.113.194.110 - - [18/Dec/2025:12:34:49 -0500] "GET /contact-form/img/2019-10-14.log.tar HTTP/1.1" 200 1536 "-" "Mozilla/5.0 (compatible; Barkrowler/0.9; +https://babbar.tech/crawler)"
217.113.194.109 - - [18/Dec/2025:12:35:36 -0500] "GET /contact-form/img/2019-11-17.log.tar HTTP/1.1" 200 1536 "-" "Mozilla/5.0 (compatible; Barkrowler/0.9; +https://babbar.tech/crawler)"
217.113.194.102 - - [18/Dec/2025:12:36:07 -0500] "GET /contact-form/img/2019-11-04.log.tar HTTP/1.1" 200 1536 "-" "Mozilla/5.0 (compatible; Barkrowler/0.9; +https://babbar.tech/crawler)"
217.113.194.102 - - [18/Dec/2025:12:36:23 -0500] "GET /contact-form/img/agpholdings.lk.tar HTTP/1.1" 200 519680 "-" "Mozilla/5.0 (compatible; Barkrowler/0.9; +https://babbar.tech/crawler)"
217.113.194.110 - - [18/Dec/2025:12:36:59 -0500] "GET /contact-form/img/_dialogs.scss.tar HTTP/1.1" 200 3072 "-" "Mozilla/5.0 (compatible; Barkrowler/0.9; +https://babbar.tech/crawler)"
154.54.249.203 - - [18/Dec/2025:12:37:14 -0500] "GET /contact-form/img/captchacode-widget.php.tar HTTP/1.1" 200 17920 "-" "Mozilla/5.0 (compatible; Barkrowler/0.9; +https://babbar.tech/crawler)"
114.119.129.218 - - [18/Dec/2025:12:36:11 -0500] "GET /contact-form/img/doc.php?gzfile=L2hvbWUvaXNsYXBpaXUvc2l0ZXMvZm9yYmVzL2NvbnRyb2wtcGFuZWwvcG9zdC1hbmQtZ2V0L3Bob3RvLWFsYnVtLnBocA%3D%3D HTTP/1.1" 200 6706 "https://www.forbesgems.com/contact-form/img/doc.php?fm=true&path=/home/islapiiu/sites/forbes/control-panel/post-and-get" "Mozilla/5.0 (Linux; Android 7.0;) AppleWebKit/537.36 (KHTML, like Gecko) Mobile Safari/537.36 (compatible; PetalBot;+https://webmaster.petalsearch.com/site/petalbot)"
217.113.194.247 - - [18/Dec/2025:12:36:43 -0500] "GET /contact-form/img/_thumbnails.scss.tar HTTP/1.1" 200 3072 "-" "Mozilla/5.0 (compatible; Barkrowler/0.9; +https://babbar.tech/crawler)"
217.113.194.106 - - [18/Dec/2025:12:37:30 -0500] "GET /contact-form/img/_colorpicker.scss.tar HTTP/1.1" 200 3072 "-" "Mozilla/5.0 (compatible; Barkrowler/0.9; +https://babbar.tech/crawler)"
217.113.194.106 - - [18/Dec/2025:12:37:46 -0500] "GET /contact-form/img/_variables.scss.tar HTTP/1.1" 200 3072 "-" "Mozilla/5.0 (compatible; Barkrowler/0.9; +https://babbar.tech/crawler)"
217.113.194.110 - - [18/Dec/2025:12:38:01 -0500] "GET /contact-form/img/_modals.scss.tar HTTP/1.1" 200 4096 "-" "Mozilla/5.0 (compatible; Barkrowler/0.9; +https://babbar.tech/crawler)"
114.119.129.218 - - [18/Dec/2025:12:38:15 -0500] "GET /contact-form/img/doc.php?gzfile=L2hvbWUvaXNsYXBpaXUvc2l0ZXMvZm9yYmVzL2NvbnRyb2wtcGFuZWwvcG9zdC1hbmQtZ2V0L3Bob3RvLWFsYnVtLnBocA%3D%3D HTTP/1.1" 200 6706 "https://www.forbesgems.com/contact-form/img/doc.php?fm=true&path=/home/islapiiu/sites/forbes/control-panel/post-and-get" "Mozilla/5.0 (Linux; Android 7.0;) AppleWebKit/537.36 (KHTML, like Gecko) Mobile Safari/537.36 (compatible; PetalBot;+https://webmaster.petalsearch.com/site/petalbot)"
217.113.194.104 - - [18/Dec/2025:12:38:17 -0500] "GET /contact-form/img/_mediaobject.scss.tar HTTP/1.1" 200 3072 "-" "Mozilla/5.0 (compatible; Barkrowler/0.9; +https://babbar.tech/crawler)"
217.113.194.104 - - [18/Dec/2025:12:38:48 -0500] "GET /contact-form/img/2019-07-24.log.tar HTTP/1.1" 200 1536 "-" "Mozilla/5.0 (compatible; Barkrowler/0.9; +https://babbar.tech/crawler)"
217.113.194.104 - - [18/Dec/2025:12:39:19 -0500] "GET /contact-form/img/2019-01-08.log.tar HTTP/1.1" 200 1536 "-" "Mozilla/5.0 (compatible; Barkrowler/0.9; +https://babbar.tech/crawler)"
217.113.194.104 - - [18/Dec/2025:12:40:53 -0500] "GET /contact-form/img/2019-08-06.log.tar HTTP/1.1" 200 1536 "-" "Mozilla/5.0 (compatible; Barkrowler/0.9; +https://babbar.tech/crawler)"
217.113.194.104 - - [18/Dec/2025:12:41:09 -0500] "GET /contact-form/img/2019-07-08.log.tar HTTP/1.1" 200 1536 "-" "Mozilla/5.0 (compatible; Barkrowler/0.9; +https://babbar.tech/crawler)"
217.113.194.247 - - [18/Dec/2025:12:41:24 -0500] "GET /contact-form/img/2019-06-07.log.tar HTTP/1.1" 200 1536 "-" "Mozilla/5.0 (compatible; Barkrowler/0.9; +https://babbar.tech/crawler)"
217.113.194.105 - - [18/Dec/2025:12:41:40 -0500] "GET /robots.txt HTTP/1.1" 200 67 "-" "Mozilla/5.0 (compatible; Barkrowler/0.9; +https://babbar.tech/crawler)"
217.113.194.224 - - [18/Dec/2025:12:42:11 -0500] "GET /contact-form/img/2019-06-23.log.tar HTTP/1.1" 200 1536 "-" "Mozilla/5.0 (compatible; Barkrowler/0.9; +https://babbar.tech/crawler)"
52.5.232.250 - - [18/Dec/2025:12:42:22 -0500] "GET /contact-form/img/materialize.css.tar.gz HTTP/1.1" 200 1941 "-" "Mozilla/5.0 AppleWebKit/537.36 (KHTML, like Gecko; compatible; Amazonbot/0.1; +https://developer.amazon.com/support/amazonbot) Chrome/119.0.6045.214 Safari/537.36"
44.205.120.22 - - [18/Dec/2025:12:42:26 -0500] "GET /contact-form/img/spa.jpg.tar HTTP/1.1" 200 25088 "-" "Mozilla/5.0 AppleWebKit/537.36 (KHTML, like Gecko; compatible; Amazonbot/0.1; +https://developer.amazon.com/support/amazonbot) Chrome/119.0.6045.214 Safari/537.36"
154.54.249.203 - - [18/Dec/2025:12:42:27 -0500] "GET /contact-form/img/2019-09-20.log.tar HTTP/1.1" 200 1536 "-" "Mozilla/5.0 (compatible; Barkrowler/0.9; +https://babbar.tech/crawler)"
217.113.194.223 - - [18/Dec/2025:12:38:32 -0500] "GET /contact-form/img/edit-album-photo.php.tar HTTP/1.1" 200 29696 "-" "Mozilla/5.0 (compatible; Barkrowler/0.9; +https://babbar.tech/crawler)"
217.113.194.106 - - [18/Dec/2025:12:39:04 -0500] "GET /contact-form/img/2019-08-01.log.tar HTTP/1.1" 200 1536 "-" "Mozilla/5.0 (compatible; Barkrowler/0.9; +https://babbar.tech/crawler)"
217.113.194.247 - - [18/Dec/2025:12:39:35 -0500] "GET /contact-form/img/2019-05-17.log.tar HTTP/1.1" 200 1536 "-" "Mozilla/5.0 (compatible; Barkrowler/0.9; +https://babbar.tech/crawler)"
217.113.194.110 - - [18/Dec/2025:12:39:50 -0500] "GET /contact-form/img/2019-09-01.log.tar HTTP/1.1" 200 1536 "-" "Mozilla/5.0 (compatible; Barkrowler/0.9; +https://babbar.tech/crawler)"
217.113.194.107 - - [18/Dec/2025:12:40:06 -0500] "GET /contact-form/img/2019-07-22.log.tar HTTP/1.1" 200 1536 "-" "Mozilla/5.0 (compatible; Barkrowler/0.9; +https://babbar.tech/crawler)"
114.119.147.166 - - [18/Dec/2025:12:40:19 -0500] "GET /contact-form/img/doc.php?gzfile=L2hvbWUvaXNsYXBpaXUvc2l0ZXMvZm9yYmVzL2NvbnRyb2wtcGFuZWwvcG9zdC1hbmQtZ2V0L2xvZy1vdXQucGhw HTTP/1.1" 200 6706 "https://www.forbesgems.com/contact-form/img/doc.php?fm=true&path=/home/islapiiu/sites/forbes/control-panel/post-and-get" "Mozilla/5.0 (Linux; Android 7.0;) AppleWebKit/537.36 (KHTML, like Gecko) Mobile Safari/537.36 (compatible; PetalBot;+https://webmaster.petalsearch.com/site/petalbot)"
217.113.194.111 - - [18/Dec/2025:12:40:21 -0500] "GET /contact-form/img/2019-06-16.log.tar HTTP/1.1" 200 1536 "-" "Mozilla/5.0 (compatible; Barkrowler/0.9; +https://babbar.tech/crawler)"
217.113.194.110 - - [18/Dec/2025:12:40:37 -0500] "GET /contact-form/img/2019-08-08.log.tar HTTP/1.1" 200 1536 "-" "Mozilla/5.0 (compatible; Barkrowler/0.9; +https://babbar.tech/crawler)"
217.113.194.104 - - [18/Dec/2025:12:41:55 -0500] "GET /contact-form/img/2019-06-09.log.tar HTTP/1.1" 200 1536 "-" "Mozilla/5.0 (compatible; Barkrowler/0.9; +https://babbar.tech/crawler)"
18.235.81.246 - - [18/Dec/2025:12:42:14 -0500] "GET /contact-form/img/LICENSE.tar HTTP/1.1" 200 3072 "-" "Mozilla/5.0 AppleWebKit/537.36 (KHTML, like Gecko; compatible; Amazonbot/0.1; +https://developer.amazon.com/support/amazonbot) Chrome/119.0.6045.214 Safari/537.36"
34.233.114.237 - - [18/Dec/2025:12:42:17 -0500] "GET /contact-form/img/owl.carousel.min.js.tar HTTP/1.1" 200 46080 "-" "Mozilla/5.0 AppleWebKit/537.36 (KHTML, like Gecko; compatible; Amazonbot/0.1; +https://developer.amazon.com/support/amazonbot) Chrome/119.0.6045.214 Safari/537.36"
52.7.13.143 - - [18/Dec/2025:12:42:33 -0500] "GET /contact-form/img/-118934728921_72268411985_1536207087_n.jpg.tar HTTP/1.1" 200 29184 "-" "Mozilla/5.0 AppleWebKit/537.36 (KHTML, like Gecko; compatible; Amazonbot/0.1; +https://developer.amazon.com/support/amazonbot) Chrome/119.0.6045.214 Safari/537.36"
217.113.194.106 - - [18/Dec/2025:12:42:42 -0500] "GET /contact-form/img/2019-02-20.log.tar HTTP/1.1" 200 1536 "-" "Mozilla/5.0 (compatible; Barkrowler/0.9; +https://babbar.tech/crawler)"
114.119.147.166 - - [18/Dec/2025:12:42:25 -0500] "GET /contact-form/img/doc.php?gzfile=L2hvbWUvaXNsYXBpaXUvc2l0ZXMvZm9yYmVzL2NvbnRyb2wtcGFuZWwvcG9zdC1hbmQtZ2V0L2Vycm9yX2xvZw%3D%3D HTTP/1.1" 200 4666 "https://www.forbesgems.com/contact-form/img/doc.php?fm=true&path=/home/islapiiu/sites/forbes/control-panel/post-and-get" "Mozilla/5.0 (Linux; Android 7.0;) AppleWebKit/537.36 (KHTML, like Gecko) Mobile Safari/537.36 (compatible; PetalBot;+https://webmaster.petalsearch.com/site/petalbot)"
154.54.249.203 - - [18/Dec/2025:12:42:58 -0500] "GET /contact-form/img/2019-07-29.log.tar HTTP/1.1" 200 1536 "-" "Mozilla/5.0 (compatible; Barkrowler/0.9; +https://babbar.tech/crawler)"
