66.249.70.128 - - [12/Dec/2025:08:47:50 -0500] "GET /?products/29702766/ HTTP/1.1" 200 18087 "-" "Mozilla/5.0 (Linux; Android 6.0.1; Nexus 5X Build/MMB29P) AppleWebKit/537.36 (KHTML, like Gecko) Chrome/141.0.7390.122 Mobile Safari/537.36 (compatible; Googlebot/2.1; +http://www.google.com/bot.html)"
57.141.2.29 - - [12/Dec/2025:08:49:10 -0500] "GET /?products/13444444/ HTTP/1.1" 200 42342 "-" "meta-externalagent/1.1 (+https://developers.facebook.com/docs/sharing/webmasters/crawler)"
57.141.2.21 - - [12/Dec/2025:08:50:02 -0500] "GET /?products/30059077/ HTTP/1.1" 200 42342 "-" "meta-externalagent/1.1 (+https://developers.facebook.com/docs/sharing/webmasters/crawler)"
57.141.2.21 - - [12/Dec/2025:08:52:26 -0500] "GET /?products/13023866/ HTTP/1.1" 200 42342 "-" "meta-externalagent/1.1 (+https://developers.facebook.com/docs/sharing/webmasters/crawler)"
66.249.70.141 - - [12/Dec/2025:08:53:18 -0500] "GET /?products/13834922/ HTTP/1.1" 200 17805 "-" "Mozilla/5.0 (Linux; Android 6.0.1; Nexus 5X Build/MMB29P) AppleWebKit/537.36 (KHTML, like Gecko) Chrome/141.0.7390.122 Mobile Safari/537.36 (compatible; GoogleOther)"
66.249.70.142 - - [12/Dec/2025:08:56:38 -0500] "GET /?products/2789455/ HTTP/1.1" 200 18761 "-" "Mozilla/5.0 (Linux; Android 6.0.1; Nexus 5X Build/MMB29P) AppleWebKit/537.36 (KHTML, like Gecko) Chrome/141.0.7390.122 Mobile Safari/537.36 (compatible; Googlebot/2.1; +http://www.google.com/bot.html)"
66.249.70.142 - - [12/Dec/2025:08:57:27 -0500] "GET /?products/11623022/ HTTP/1.1" 200 17928 "-" "Mozilla/5.0 (Linux; Android 6.0.1; Nexus 5X Build/MMB29P) AppleWebKit/537.36 (KHTML, like Gecko) Chrome/141.0.7390.122 Mobile Safari/537.36 (compatible; GoogleOther)"
66.249.70.128 - - [12/Dec/2025:09:05:37 -0500] "GET /?products/29978466/ HTTP/1.1" 200 18214 "-" "Mozilla/5.0 (Linux; Android 6.0.1; Nexus 5X Build/MMB29P) AppleWebKit/537.36 (KHTML, like Gecko) Chrome/141.0.7390.122 Mobile Safari/537.36 (compatible; Googlebot/2.1; +http://www.google.com/bot.html)"
57.141.2.34 - - [12/Dec/2025:09:08:02 -0500] "GET /contact-form/Generate_Captcha_Code.php?rand=1247437964 HTTP/1.1" 200 2140 "-" "meta-externalagent/1.1 (+https://developers.facebook.com/docs/sharing/webmasters/crawler)"
66.249.70.128 - - [12/Dec/2025:09:09:57 -0500] "GET /?products/12881188/ HTTP/1.1" 200 18643 "-" "Mozilla/5.0 (Linux; Android 6.0.1; Nexus 5X Build/MMB29P) AppleWebKit/537.36 (KHTML, like Gecko) Chrome/141.0.7390.122 Mobile Safari/537.36 (compatible; GoogleOther)"
57.141.2.35 - - [12/Dec/2025:09:10:47 -0500] "GET /?products/23936033/ HTTP/1.1" 200 42342 "-" "meta-externalagent/1.1 (+https://developers.facebook.com/docs/sharing/webmasters/crawler)"
185.191.171.19 - - [12/Dec/2025:09:11:50 -0500] "GET /robots.txt HTTP/1.1" 200 72 "-" "Mozilla/5.0 (compatible; SemrushBot/7~bl; +http://www.semrush.com/bot.html)"
51.68.107.137 - - [12/Dec/2025:09:13:48 -0500] "GET / HTTP/1.1" 403 0 "-" "Mozilla/5.0 (compatible; MJ12bot/v2.0.4; http://mj12bot.com/)"
57.141.2.29 - - [12/Dec/2025:09:14:20 -0500] "GET /contact-form/Generate_Captcha_Code.php?rand=516257081 HTTP/1.1" 200 2366 "-" "meta-externalagent/1.1 (+https://developers.facebook.com/docs/sharing/webmasters/crawler)"
57.141.2.69 - - [12/Dec/2025:09:14:22 -0500] "GET /contact-form/Generate_Captcha_Code.php?rand=516257081 HTTP/1.1" 200 2306 "-" "meta-externalagent/1.1 (+https://developers.facebook.com/docs/sharing/webmasters/crawler)"
66.249.70.128 - - [12/Dec/2025:09:16:46 -0500] "GET /?products/24668799/ HTTP/1.1" 200 17533 "-" "Mozilla/5.0 (Linux; Android 6.0.1; Nexus 5X Build/MMB29P) AppleWebKit/537.36 (KHTML, like Gecko) Chrome/141.0.7390.122 Mobile Safari/537.36 (compatible; Googlebot/2.1; +http://www.google.com/bot.html)"
66.249.70.142 - - [12/Dec/2025:09:05:47 -0500] "GET /?products/6261255/ HTTP/1.1" 200 17698 "-" "Mozilla/5.0 (Linux; Android 6.0.1; Nexus 5X Build/MMB29P) AppleWebKit/537.36 (KHTML, like Gecko) Chrome/141.0.7390.122 Mobile Safari/537.36 (compatible; GoogleOther)"
66.249.70.141 - - [12/Dec/2025:09:05:52 -0500] "GET /?products/28308922/ HTTP/1.1" 200 18176 "-" "Mozilla/5.0 (Linux; Android 6.0.1; Nexus 5X Build/MMB29P) AppleWebKit/537.36 (KHTML, like Gecko) Chrome/141.0.7390.122 Mobile Safari/537.36 (compatible; GoogleOther)"
57.141.2.57 - - [12/Dec/2025:09:08:04 -0500] "GET /contact-form/Generate_Captcha_Code.php?rand=1247437964 HTTP/1.1" 200 2561 "-" "meta-externalagent/1.1 (+https://developers.facebook.com/docs/sharing/webmasters/crawler)"
66.249.70.142 - - [12/Dec/2025:09:10:57 -0500] "GET /?products/5844655/ HTTP/1.1" 200 17982 "-" "Mozilla/5.0 (Linux; Android 6.0.1; Nexus 5X Build/MMB29P) AppleWebKit/537.36 (KHTML, like Gecko) Chrome/141.0.7390.122 Mobile Safari/537.36 (compatible; Googlebot/2.1; +http://www.google.com/bot.html)"
85.208.96.199 - - [12/Dec/2025:09:11:51 -0500] "GET / HTTP/1.1" 403 0 "-" "Mozilla/5.0 (compatible; SemrushBot/7~bl; +http://www.semrush.com/bot.html)"
51.68.107.137 - - [12/Dec/2025:09:13:48 -0500] "GET /robots.txt HTTP/1.1" 200 72 "-" "Mozilla/5.0 (compatible; MJ12bot/v2.0.4; http://mj12bot.com/)"
66.249.70.141 - - [12/Dec/2025:09:14:07 -0500] "GET /?products/9340133/ HTTP/1.1" 200 17601 "-" "Mozilla/5.0 (Linux; Android 6.0.1; Nexus 5X Build/MMB29P) AppleWebKit/537.36 (KHTML, like Gecko) Chrome/141.0.7390.122 Mobile Safari/537.36 (compatible; GoogleOther)"
66.249.70.141 - - [12/Dec/2025:09:18:17 -0500] "GET /?products/8268411/ HTTP/1.1" 200 18772 "-" "Mozilla/5.0 (Linux; Android 6.0.1; Nexus 5X Build/MMB29P) AppleWebKit/537.36 (KHTML, like Gecko) Chrome/141.0.7390.122 Mobile Safari/537.36 (compatible; GoogleOther)"
66.249.70.128 - - [12/Dec/2025:09:22:27 -0500] "GET /?products/10957322/ HTTP/1.1" 200 17585 "-" "Mozilla/5.0 (Linux; Android 6.0.1; Nexus 5X Build/MMB29P) AppleWebKit/537.36 (KHTML, like Gecko) Chrome/141.0.7390.122 Mobile Safari/537.36 (compatible; GoogleOther)"
66.249.70.141 - - [12/Dec/2025:09:25:31 -0500] "GET /?zhHant/product/surugaya/56404663?campaign_uid=f64d716db5e979ed2f947dbaf4296895b951ae7f HTTP/1.1" 200 17961 "-" "Mozilla/5.0 (Linux; Android 6.0.1; Nexus 5X Build/MMB29P) AppleWebKit/537.36 (KHTML, like Gecko) Chrome/141.0.7390.122 Mobile Safari/537.36 (compatible; GoogleOther)"
57.141.2.25 - - [12/Dec/2025:09:25:45 -0500] "GET /contact-form/Generate_Captcha_Code.php?rand=1782569212 HTTP/1.1" 200 2234 "-" "meta-externalagent/1.1 (+https://developers.facebook.com/docs/sharing/webmasters/crawler)"
57.141.2.71 - - [12/Dec/2025:09:25:48 -0500] "GET /contact-form/Generate_Captcha_Code.php?rand=1782569212 HTTP/1.1" 200 2253 "-" "meta-externalagent/1.1 (+https://developers.facebook.com/docs/sharing/webmasters/crawler)"
66.249.70.141 - - [12/Dec/2025:09:26:37 -0500] "GET /?products/29067366/ HTTP/1.1" 200 17565 "-" "Mozilla/5.0 (Linux; Android 6.0.1; Nexus 5X Build/MMB29P) AppleWebKit/537.36 (KHTML, like Gecko) Chrome/141.0.7390.122 Mobile Safari/537.36 (compatible; GoogleOther)"
57.141.2.16 - - [12/Dec/2025:09:26:59 -0500] "GET /contact-form/Generate_Captcha_Code.php?rand=2094887846 HTTP/1.1" 200 2094 "-" "meta-externalagent/1.1 (+https://developers.facebook.com/docs/sharing/webmasters/crawler)"
216.73.216.15 - - [12/Dec/2025:09:30:53 -0500] "GET /robots.txt HTTP/1.1" 200 72 "-" "Mozilla/5.0 AppleWebKit/537.36 (KHTML, like Gecko; compatible; ClaudeBot/1.0; [email protected])"
66.249.70.141 - - [12/Dec/2025:09:33:34 -0500] "GET /?products/28308022/ HTTP/1.1" 200 18960 "-" "Mozilla/5.0 (Linux; Android 6.0.1; Nexus 5X Build/MMB29P) AppleWebKit/537.36 (KHTML, like Gecko) Chrome/141.0.7390.122 Mobile Safari/537.36 (compatible; Googlebot/2.1; +http://www.google.com/bot.html)"
66.249.70.142 - - [12/Dec/2025:09:34:55 -0500] "GET /?products/6964122/ HTTP/1.1" 200 18305 "-" "Mozilla/5.0 (Linux; Android 6.0.1; Nexus 5X Build/MMB29P) AppleWebKit/537.36 (KHTML, like Gecko) Chrome/141.0.7390.122 Mobile Safari/537.36 (compatible; GoogleOther)"
66.249.70.128 - - [12/Dec/2025:09:34:57 -0500] "GET /?products/7075766/ HTTP/1.1" 200 17965 "-" "Mozilla/5.0 (Linux; Android 6.0.1; Nexus 5X Build/MMB29P) AppleWebKit/537.36 (KHTML, like Gecko) Chrome/141.0.7390.122 Mobile Safari/537.36 (compatible; GoogleOther)"
66.249.70.128 - - [12/Dec/2025:09:36:31 -0500] "GET /?products/9592755/ HTTP/1.1" 200 17539 "-" "Mozilla/5.0 (Linux; Android 6.0.1; Nexus 5X Build/MMB29P) AppleWebKit/537.36 (KHTML, like Gecko) Chrome/141.0.7390.122 Mobile Safari/537.36 (compatible; Googlebot/2.1; +http://www.google.com/bot.html)"
66.249.70.142 - - [12/Dec/2025:09:25:44 -0500] "GET /?products/20202522/ HTTP/1.1" 200 18026 "-" "Mozilla/5.0 (Linux; Android 6.0.1; Nexus 5X Build/MMB29P) AppleWebKit/537.36 (KHTML, like Gecko) Chrome/141.0.7390.122 Mobile Safari/537.36 (compatible; Googlebot/2.1; +http://www.google.com/bot.html)"
57.141.2.85 - - [12/Dec/2025:09:29:40 -0500] "GET /contact-form/Generate_Captcha_Code.php?rand=2094887846 HTTP/1.1" 200 2368 "-" "meta-externalagent/1.1 (+https://developers.facebook.com/docs/sharing/webmasters/crawler)"
66.249.70.128 - - [12/Dec/2025:09:30:48 -0500] "GET /?products/1719766/ HTTP/1.1" 200 18053 "-" "Mozilla/5.0 (Linux; Android 6.0.1; Nexus 5X Build/MMB29P) AppleWebKit/537.36 (KHTML, like Gecko) Chrome/141.0.7390.122 Mobile Safari/537.36 (compatible; GoogleOther)"
216.73.216.15 - - [12/Dec/2025:09:30:53 -0500] "GET /view-destinations.php?type=4 HTTP/1.1" 200 3944 "-" "Mozilla/5.0 AppleWebKit/537.36 (KHTML, like Gecko; compatible; ClaudeBot/1.0; [email protected])"
66.249.70.142 - - [12/Dec/2025:09:39:07 -0500] "GET /?products/1393677/ HTTP/1.1" 200 17336 "-" "Mozilla/5.0 (Linux; Android 6.0.1; Nexus 5X Build/MMB29P) AppleWebKit/537.36 (KHTML, like Gecko) Chrome/141.0.7390.122 Mobile Safari/537.36 (compatible; GoogleOther)"
57.141.2.53 - - [12/Dec/2025:09:40:34 -0500] "GET /contact-form/Generate_Captcha_Code.php?rand=1744384860 HTTP/1.1" 200 2183 "-" "meta-externalagent/1.1 (+https://developers.facebook.com/docs/sharing/webmasters/crawler)"
57.141.2.30 - - [12/Dec/2025:09:40:31 -0500] "GET /contact-form/Generate_Captcha_Code.php?rand=1744384860 HTTP/1.1" 200 2027 "-" "meta-externalagent/1.1 (+https://developers.facebook.com/docs/sharing/webmasters/crawler)"
66.249.70.141 - - [12/Dec/2025:09:41:30 -0500] "GET /?products/18013955/ HTTP/1.1" 200 17751 "-" "Mozilla/5.0 (Linux; Android 6.0.1; Nexus 5X Build/MMB29P) AppleWebKit/537.36 (KHTML, like Gecko) Chrome/141.0.7390.122 Mobile Safari/537.36 (compatible; Googlebot/2.1; +http://www.google.com/bot.html)"
66.249.70.141 - - [12/Dec/2025:09:43:17 -0500] "GET /?products/8538299/ HTTP/1.1" 200 17790 "-" "Mozilla/5.0 (Linux; Android 6.0.1; Nexus 5X Build/MMB29P) AppleWebKit/537.36 (KHTML, like Gecko) Chrome/141.0.7390.122 Mobile Safari/537.36 (compatible; GoogleOther)"
66.249.70.141 - - [12/Dec/2025:09:47:09 -0500] "GET /?products/28332388/ HTTP/1.1" 200 18217 "-" "Mozilla/5.0 (Linux; Android 6.0.1; Nexus 5X Build/MMB29P) AppleWebKit/537.36 (KHTML, like Gecko) Chrome/141.0.7390.122 Mobile Safari/537.36 (compatible; Googlebot/2.1; +http://www.google.com/bot.html)"
66.249.70.141 - - [12/Dec/2025:09:47:27 -0500] "GET /?products/16920399/ HTTP/1.1" 200 17912 "-" "Mozilla/5.0 (Linux; Android 6.0.1; Nexus 5X Build/MMB29P) AppleWebKit/537.36 (KHTML, like Gecko) Chrome/141.0.7390.122 Mobile Safari/537.36 (compatible; GoogleOther)"
66.249.70.141 - - [12/Dec/2025:09:51:37 -0500] "GET /?products/16899233/ HTTP/1.1" 200 17346 "-" "Mozilla/5.0 (Linux; Android 6.0.1; Nexus 5X Build/MMB29P) AppleWebKit/537.36 (KHTML, like Gecko) Chrome/141.0.7390.122 Mobile Safari/537.36 (compatible; GoogleOther)"
66.249.70.141 - - [12/Dec/2025:10:00:57 -0500] "GET /?products/6466733/ HTTP/1.1" 200 17812 "-" "Mozilla/5.0 (Linux; Android 6.0.1; Nexus 5X Build/MMB29P) AppleWebKit/537.36 (KHTML, like Gecko) Chrome/141.0.7390.122 Mobile Safari/537.36 (compatible; GoogleOther)"
66.249.70.142 - - [12/Dec/2025:09:55:47 -0500] "GET /?products/14144222/ HTTP/1.1" 200 17834 "-" "Mozilla/5.0 (Linux; Android 6.0.1; Nexus 5X Build/MMB29P) AppleWebKit/537.36 (KHTML, like Gecko) Chrome/141.0.7390.122 Mobile Safari/537.36 (compatible; GoogleOther)"
66.249.70.141 - - [12/Dec/2025:09:59:57 -0500] "GET /?products/7034855/ HTTP/1.1" 200 17914 "-" "Mozilla/5.0 (Linux; Android 6.0.1; Nexus 5X Build/MMB29P) AppleWebKit/537.36 (KHTML, like Gecko) Chrome/141.0.7390.122 Mobile Safari/537.36 (compatible; GoogleOther)"
66.249.70.141 - - [12/Dec/2025:10:00:58 -0500] "GET /?products/4308244/ HTTP/1.1" 200 18096 "-" "Mozilla/5.0 (Linux; Android 6.0.1; Nexus 5X Build/MMB29P) AppleWebKit/537.36 (KHTML, like Gecko) Chrome/141.0.7390.122 Mobile Safari/537.36 (compatible; GoogleOther)"
66.249.70.141 - - [12/Dec/2025:10:04:02 -0500] "GET /?products/8220666/ HTTP/1.1" 200 18257 "-" "Mozilla/5.0 (Linux; Android 6.0.1; Nexus 5X Build/MMB29P) AppleWebKit/537.36 (KHTML, like Gecko) Chrome/141.0.7390.122 Mobile Safari/537.36 (compatible; GoogleOther)"
66.249.70.141 - - [12/Dec/2025:10:08:07 -0500] "GET /?products/25911888/ HTTP/1.1" 200 17958 "-" "Mozilla/5.0 (Linux; Android 6.0.1; Nexus 5X Build/MMB29P) AppleWebKit/537.36 (KHTML, like Gecko) Chrome/141.0.7390.122 Mobile Safari/537.36 (compatible; GoogleOther)"
66.249.70.141 - - [12/Dec/2025:10:12:12 -0500] "GET /?products/16903033/ HTTP/1.1" 200 17534 "-" "Mozilla/5.0 (Linux; Android 6.0.1; Nexus 5X Build/MMB29P) AppleWebKit/537.36 (KHTML, like Gecko) Chrome/141.0.7390.122 Mobile Safari/537.36 (compatible; GoogleOther)"
66.249.70.141 - - [12/Dec/2025:10:16:17 -0500] "GET /?products/11082144/ HTTP/1.1" 200 17482 "-" "Mozilla/5.0 (Linux; Android 6.0.1; Nexus 5X Build/MMB29P) AppleWebKit/537.36 (KHTML, like Gecko) Chrome/141.0.7390.122 Mobile Safari/537.36 (compatible; GoogleOther)"
66.249.70.142 - - [12/Dec/2025:10:20:56 -0500] "GET /?products/5182577/ HTTP/1.1" 200 18653 "-" "Mozilla/5.0 (Linux; Android 6.0.1; Nexus 5X Build/MMB29P) AppleWebKit/537.36 (KHTML, like Gecko) Chrome/141.0.7390.122 Mobile Safari/537.36 (compatible; GoogleOther)"
66.249.70.128 - - [12/Dec/2025:10:21:09 -0500] "GET /?products/30362599/ HTTP/1.1" 200 17527 "-" "Mozilla/5.0 (Linux; Android 6.0.1; Nexus 5X Build/MMB29P) AppleWebKit/537.36 (KHTML, like Gecko) Chrome/141.0.7390.122 Mobile Safari/537.36 (compatible; Googlebot/2.1; +http://www.google.com/bot.html)"
66.249.70.141 - - [12/Dec/2025:10:21:49 -0500] "GET /?zhHant/product/surugaya/56404663?campaign_uid=f64d716db5e979ed2f947dbaf4296895b951ae7f HTTP/1.1" 200 17961 "-" "Mozilla/5.0 (Linux; Android 6.0.1; Nexus 5X Build/MMB29P) AppleWebKit/537.36 (KHTML, like Gecko) Chrome/141.0.7390.122 Mobile Safari/537.36 (compatible; Googlebot/2.1; +http://www.google.com/bot.html)"
66.249.70.142 - - [12/Dec/2025:10:24:27 -0500] "GET /?products/11453077/ HTTP/1.1" 200 18022 "-" "Mozilla/5.0 (Linux; Android 6.0.1; Nexus 5X Build/MMB29P) AppleWebKit/537.36 (KHTML, like Gecko) Chrome/141.0.7390.122 Mobile Safari/537.36 (compatible; GoogleOther)"
66.249.70.141 - - [12/Dec/2025:10:20:22 -0500] "GET /?products/14647088/ HTTP/1.1" 200 17992 "-" "Mozilla/5.0 (Linux; Android 6.0.1; Nexus 5X Build/MMB29P) AppleWebKit/537.36 (KHTML, like Gecko) Chrome/141.0.7390.122 Mobile Safari/537.36 (compatible; GoogleOther)"
66.249.70.142 - - [12/Dec/2025:10:20:52 -0500] "GET /?products/26255655/ HTTP/1.1" 200 17557 "-" "Mozilla/5.0 (Linux; Android 6.0.1; Nexus 5X Build/MMB29P) AppleWebKit/537.36 (KHTML, like Gecko) Chrome/141.0.7390.122 Mobile Safari/537.36 (compatible; GoogleOther)"
66.249.70.141 - - [12/Dec/2025:10:28:32 -0500] "GET /?products/23580722/ HTTP/1.1" 200 18775 "-" "Mozilla/5.0 (Linux; Android 6.0.1; Nexus 5X Build/MMB29P) AppleWebKit/537.36 (KHTML, like Gecko) Chrome/141.0.7390.122 Mobile Safari/537.36 (compatible; GoogleOther)"
66.249.70.128 - - [12/Dec/2025:10:34:24 -0500] "GET /?products/8626677/ HTTP/1.1" 200 18003 "-" "Mozilla/5.0 (Linux; Android 6.0.1; Nexus 5X Build/MMB29P) AppleWebKit/537.36 (KHTML, like Gecko) Chrome/141.0.7390.122 Mobile Safari/537.36 (compatible; Googlebot/2.1; +http://www.google.com/bot.html)"
66.249.70.128 - - [12/Dec/2025:10:36:42 -0500] "GET /?products/13171333/ HTTP/1.1" 200 18522 "-" "Mozilla/5.0 (Linux; Android 6.0.1; Nexus 5X Build/MMB29P) AppleWebKit/537.36 (KHTML, like Gecko) Chrome/141.0.7390.122 Mobile Safari/537.36 (compatible; GoogleOther)"
66.249.70.142 - - [12/Dec/2025:10:40:47 -0500] "GET /?products/14327144/ HTTP/1.1" 200 18696 "-" "Mozilla/5.0 (Linux; Android 6.0.1; Nexus 5X Build/MMB29P) AppleWebKit/537.36 (KHTML, like Gecko) Chrome/141.0.7390.122 Mobile Safari/537.36 (compatible; GoogleOther)"
66.249.70.128 - - [12/Dec/2025:10:44:52 -0500] "GET /?products/15594055/ HTTP/1.1" 200 17363 "-" "Mozilla/5.0 (Linux; Android 6.0.1; Nexus 5X Build/MMB29P) AppleWebKit/537.36 (KHTML, like Gecko) Chrome/141.0.7390.122 Mobile Safari/537.36 (compatible; GoogleOther)"
66.249.70.142 - - [12/Dec/2025:10:47:38 -0500] "GET /?products/870588/ HTTP/1.1" 200 17426 "-" "Mozilla/5.0 (Linux; Android 6.0.1; Nexus 5X Build/MMB29P) AppleWebKit/537.36 (KHTML, like Gecko) Chrome/141.0.7390.122 Mobile Safari/537.36 (compatible; Googlebot/2.1; +http://www.google.com/bot.html)"
66.249.70.141 - - [12/Dec/2025:10:32:37 -0500] "GET /?products/14707199/ HTTP/1.1" 200 18432 "-" "Mozilla/5.0 (Linux; Android 6.0.1; Nexus 5X Build/MMB29P) AppleWebKit/537.36 (KHTML, like Gecko) Chrome/141.0.7390.122 Mobile Safari/537.36 (compatible; GoogleOther)"
51.161.37.126 - - [12/Dec/2025:10:39:59 -0500] "GET /?sitemap.xml HTTP/1.1" 403 0 "-" "Mozilla/5.0 (compatible; AhrefsBot/7.0; +http://ahrefs.com/robot/)"
66.249.70.141 - - [12/Dec/2025:10:40:31 -0500] "GET /?zhHant/product/surugaya/10945429?campaign_uid=f64d716db5e979ed2f947dbaf4296895b951ae7f HTTP/1.1" 200 17982 "-" "Mozilla/5.0 (Linux; Android 6.0.1; Nexus 5X Build/MMB29P) AppleWebKit/537.36 (KHTML, like Gecko) Chrome/141.0.7390.122 Mobile Safari/537.36 (compatible; GoogleOther)"
43.134.1.203 - - [12/Dec/2025:10:48:08 -0500] "GET /view-destinations.php?type=13 HTTP/1.1" 200 4034 "https://www.taxigalle.com/view-destinations.php?type=13" "Mozilla/5.0 (Windows NT 10.0; Win64; x64) AppleWebKit/537.36 (KHTML, like Gecko) Chrome/116.0.0.0 Safari/537.36"
66.249.70.141 - - [12/Dec/2025:10:48:57 -0500] "GET /?products/9563344/ HTTP/1.1" 200 18229 "-" "Mozilla/5.0 (Linux; Android 6.0.1; Nexus 5X Build/MMB29P) AppleWebKit/537.36 (KHTML, like Gecko) Chrome/141.0.7390.122 Mobile Safari/537.36 (compatible; GoogleOther)"
66.249.70.128 - - [12/Dec/2025:10:49:54 -0500] "GET /?products/28749788/ HTTP/1.1" 200 18133 "-" "Mozilla/5.0 (Linux; Android 6.0.1; Nexus 5X Build/MMB29P) AppleWebKit/537.36 (KHTML, like Gecko) Chrome/141.0.7390.122 Mobile Safari/537.36 (compatible; GoogleOther)"
216.73.216.15 - - [12/Dec/2025:10:55:20 -0500] "GET /robots.txt HTTP/1.1" 200 72 "-" "Mozilla/5.0 AppleWebKit/537.36 (KHTML, like Gecko; compatible; ClaudeBot/1.0; [email protected])"
216.73.216.15 - - [12/Dec/2025:10:55:20 -0500] "GET /gallery.php HTTP/1.1" 200 3635 "-" "Mozilla/5.0 AppleWebKit/537.36 (KHTML, like Gecko; compatible; ClaudeBot/1.0; [email protected])"
216.73.216.15 - - [12/Dec/2025:10:55:21 -0500] "GET /about.php HTTP/1.1" 200 3021 "-" "Mozilla/5.0 AppleWebKit/537.36 (KHTML, like Gecko; compatible; ClaudeBot/1.0; [email protected])"
216.73.216.15 - - [12/Dec/2025:10:55:21 -0500] "GET /view-destinations.php?type=6 HTTP/1.1" 200 3744 "-" "Mozilla/5.0 AppleWebKit/537.36 (KHTML, like Gecko; compatible; ClaudeBot/1.0; [email protected])"
216.73.216.15 - - [12/Dec/2025:10:56:39 -0500] "GET /destinations.php HTTP/1.1" 200 3941 "-" "Mozilla/5.0 AppleWebKit/537.36 (KHTML, like Gecko; compatible; ClaudeBot/1.0; [email protected])"
216.73.216.15 - - [12/Dec/2025:10:56:39 -0500] "GET /view-destinations.php?type=5 HTTP/1.1" 200 4275 "-" "Mozilla/5.0 AppleWebKit/537.36 (KHTML, like Gecko; compatible; ClaudeBot/1.0; [email protected])"
216.73.216.15 - - [12/Dec/2025:10:56:55 -0500] "GET /services.php HTTP/1.1" 200 3531 "-" "Mozilla/5.0 AppleWebKit/537.36 (KHTML, like Gecko; compatible; ClaudeBot/1.0; [email protected])"
216.73.216.15 - - [12/Dec/2025:10:56:56 -0500] "GET /tours.php HTTP/1.1" 200 3005 "-" "Mozilla/5.0 AppleWebKit/537.36 (KHTML, like Gecko; compatible; ClaudeBot/1.0; [email protected])"
216.73.216.15 - - [12/Dec/2025:10:57:35 -0500] "GET /contact.php HTTP/1.1" 200 4043 "-" "Mozilla/5.0 AppleWebKit/537.36 (KHTML, like Gecko; compatible; ClaudeBot/1.0; [email protected])"
216.73.216.15 - - [12/Dec/2025:10:57:35 -0500] "GET /vehicles.php HTTP/1.1" 200 3046 "-" "Mozilla/5.0 AppleWebKit/537.36 (KHTML, like Gecko; compatible; ClaudeBot/1.0; [email protected])"
216.73.216.15 - - [12/Dec/2025:10:58:15 -0500] "GET /view-destinations.php?type=1 HTTP/1.1" 200 3841 "-" "Mozilla/5.0 AppleWebKit/537.36 (KHTML, like Gecko; compatible; ClaudeBot/1.0; [email protected])"
216.73.216.15 - - [12/Dec/2025:10:58:15 -0500] "GET /index.php HTTP/1.1" 403 0 "-" "Mozilla/5.0 AppleWebKit/537.36 (KHTML, like Gecko; compatible; ClaudeBot/1.0; [email protected])"
57.141.2.27 - - [12/Dec/2025:11:00:08 -0500] "GET /contact-form/Generate_Captcha_Code.php?rand=401787942 HTTP/1.1" 200 2144 "-" "meta-externalagent/1.1 (+https://developers.facebook.com/docs/sharing/webmasters/crawler)"
114.119.153.220 - - [12/Dec/2025:11:01:16 -0500] "GET /upload/tour-package/date/gallery/thumb/-175682595196_15520545710_1601284880_n.jpg HTTP/1.1" 200 149171 "https://www.taxigalle.com/view-tours.php?id=16" "Mozilla/5.0 (Linux; Android 7.0;) AppleWebKit/537.36 (KHTML, like Gecko) Mobile Safari/537.36 (compatible; PetalBot;+https://webmaster.petalsearch.com/site/petalbot)"
66.249.70.128 - - [12/Dec/2025:10:51:38 -0500] "GET /?zhHant/product/surugaya/10945429?campaign_uid=f64d716db5e979ed2f947dbaf4296895b951ae7f HTTP/1.1" 200 17982 "-" "Mozilla/5.0 (Linux; Android 6.0.1; Nexus 5X Build/MMB29P) AppleWebKit/537.36 (KHTML, like Gecko) Chrome/141.0.7390.122 Mobile Safari/537.36 (compatible; Googlebot/2.1; +http://www.google.com/bot.html)"
66.249.70.128 - - [12/Dec/2025:10:53:02 -0500] "GET /?products/12205800/ HTTP/1.1" 200 18571 "-" "Mozilla/5.0 (Linux; Android 6.0.1; Nexus 5X Build/MMB29P) AppleWebKit/537.36 (KHTML, like Gecko) Chrome/141.0.7390.122 Mobile Safari/537.36 (compatible; GoogleOther)"
216.73.216.15 - - [12/Dec/2025:10:56:38 -0500] "GET /view-destinations.php?type=8 HTTP/1.1" 200 3792 "-" "Mozilla/5.0 AppleWebKit/537.36 (KHTML, like Gecko; compatible; ClaudeBot/1.0; [email protected])"
216.73.216.15 - - [12/Dec/2025:10:56:55 -0500] "GET /book-a-ride.php HTTP/1.1" 200 3624 "-" "Mozilla/5.0 AppleWebKit/537.36 (KHTML, like Gecko; compatible; ClaudeBot/1.0; [email protected])"
66.249.70.128 - - [12/Dec/2025:10:57:07 -0500] "GET /?products/9962433/ HTTP/1.1" 200 18656 "-" "Mozilla/5.0 (Linux; Android 6.0.1; Nexus 5X Build/MMB29P) AppleWebKit/537.36 (KHTML, like Gecko) Chrome/141.0.7390.122 Mobile Safari/537.36 (compatible; GoogleOther)"
216.73.216.15 - - [12/Dec/2025:10:58:14 -0500] "GET /view-destinations.php?type=3 HTTP/1.1" 200 4315 "-" "Mozilla/5.0 AppleWebKit/537.36 (KHTML, like Gecko; compatible; ClaudeBot/1.0; [email protected])"
66.249.70.142 - - [12/Dec/2025:10:59:56 -0500] "GET /?products/5638066/ HTTP/1.1" 200 17810 "-" "Mozilla/5.0 (Linux; Android 6.0.1; Nexus 5X Build/MMB29P) AppleWebKit/537.36 (KHTML, like Gecko) Chrome/141.0.7390.122 Mobile Safari/537.36 (compatible; Googlebot/2.1; +http://www.google.com/bot.html)"
66.249.70.128 - - [12/Dec/2025:11:01:12 -0500] "GET /?products/15556977/ HTTP/1.1" 200 18868 "-" "Mozilla/5.0 (Linux; Android 6.0.1; Nexus 5X Build/MMB29P) AppleWebKit/537.36 (KHTML, like Gecko) Chrome/141.0.7390.122 Mobile Safari/537.36 (compatible; GoogleOther)"
57.141.2.12 - - [12/Dec/2025:11:03:20 -0500] "GET /contact-form/Generate_Captcha_Code.php?rand=1859787988 HTTP/1.1" 200 2301 "-" "meta-externalagent/1.1 (+https://developers.facebook.com/docs/sharing/webmasters/crawler)"
57.141.2.1 - - [12/Dec/2025:11:04:02 -0500] "GET /contact-form/Generate_Captcha_Code.php?rand=401787942 HTTP/1.1" 200 2460 "-" "meta-externalagent/1.1 (+https://developers.facebook.com/docs/sharing/webmasters/crawler)"
114.119.153.220 - - [12/Dec/2025:11:02:56 -0500] "GET /upload/tour-package/date/gallery/thumb/-55507165336_135695975570_1600937006_n.jpg HTTP/1.1" 200 134558 "https://www.taxigalle.com/view-tours.php?id=7" "Mozilla/5.0 (Linux; Android 7.0;) AppleWebKit/537.36 (KHTML, like Gecko) Mobile Safari/537.36 (compatible; PetalBot;+https://webmaster.petalsearch.com/site/petalbot)"
57.141.2.24 - - [12/Dec/2025:11:04:04 -0500] "GET /contact-form/Generate_Captcha_Code.php?rand=1859787988 HTTP/1.1" 200 2283 "-" "meta-externalagent/1.1 (+https://developers.facebook.com/docs/sharing/webmasters/crawler)"
66.249.70.142 - - [12/Dec/2025:11:14:22 -0500] "GET /?products/1974011/ HTTP/1.1" 200 17659 "-" "Mozilla/5.0 (Linux; Android 6.0.1; Nexus 5X Build/MMB29P) AppleWebKit/537.36 (KHTML, like Gecko) Chrome/141.0.7390.122 Mobile Safari/537.36 (compatible; Googlebot/2.1; +http://www.google.com/bot.html)"
74.125.151.128 - - [12/Dec/2025:11:15:27 -0500] "GET /css/style.css HTTP/1.1" 200 8669 "https://www.taxigalle.com/?products/10069099/" "Mozilla/5.0 (X11; Linux x86_64) AppleWebKit/537.36 (KHTML, like Gecko) Chrome/141.0.7390.122 Safari/537.36"
74.125.151.128 - - [12/Dec/2025:11:15:28 -0500] "GET /booking/style.css HTTP/1.1" 200 1160 "https://www.taxigalle.com/?products/10069099/" "Mozilla/5.0 (X11; Linux x86_64) AppleWebKit/537.36 (KHTML, like Gecko) Chrome/141.0.7390.122 Safari/537.36"
74.125.151.141 - - [12/Dec/2025:11:15:28 -0500] "GET /contact-form/Generate_Captcha_Code.php?rand=1120640499 HTTP/1.1" 200 2269 "https://www.taxigalle.com/?products/10069099/" "Mozilla/5.0 (X11; Linux x86_64) AppleWebKit/537.36 (KHTML, like Gecko) Chrome/141.0.7390.122 Safari/537.36"
74.125.151.141 - - [12/Dec/2025:11:15:28 -0500] "GET /images/iconsuv-01.png HTTP/1.1" 200 1382 "https://www.taxigalle.com/?products/10069099/" "Mozilla/5.0 (X11; Linux x86_64) AppleWebKit/537.36 (KHTML, like Gecko) Chrome/141.0.7390.122 Safari/537.36"
74.125.151.128 - - [12/Dec/2025:11:15:28 -0500] "GET /images/iconbus-01-01.png HTTP/1.1" 200 1175 "https://www.taxigalle.com/?products/10069099/" "Mozilla/5.0 (X11; Linux x86_64) AppleWebKit/537.36 (KHTML, like Gecko) Chrome/141.0.7390.122 Safari/537.36"
74.125.151.142 - - [12/Dec/2025:11:15:28 -0500] "GET /common/owl-carousel/css/owl.carousel.min.css HTTP/1.1" 200 917 "https://www.taxigalle.com/?products/10069099/" "Mozilla/5.0 (X11; Linux x86_64) AppleWebKit/537.36 (KHTML, like Gecko) Chrome/141.0.7390.122 Safari/537.36"
74.125.151.142 - - [12/Dec/2025:11:15:28 -0500] "GET /css/custom.css HTTP/1.1" 200 31 "https://www.taxigalle.com/?products/10069099/" "Mozilla/5.0 (X11; Linux x86_64) AppleWebKit/537.36 (KHTML, like Gecko) Chrome/141.0.7390.122 Safari/537.36"
74.125.151.128 - - [12/Dec/2025:11:15:28 -0500] "GET /images/vehicles/KDH%20townAce1.png HTTP/1.1" 200 161499 "https://www.taxigalle.com/?products/10069099/" "Mozilla/5.0 (X11; Linux x86_64) AppleWebKit/537.36 (KHTML, like Gecko) Chrome/141.0.7390.122 Safari/537.36"
74.125.151.128 - - [12/Dec/2025:11:15:29 -0500] "GET /images/vehicles/Bus-01.png HTTP/1.1" 200 224169 "https://www.taxigalle.com/?products/10069099/" "Mozilla/5.0 (X11; Linux x86_64) AppleWebKit/537.36 (KHTML, like Gecko) Chrome/141.0.7390.122 Safari/537.36"
74.125.151.141 - - [12/Dec/2025:11:15:29 -0500] "GET /images/iconvan-01.png HTTP/1.1" 200 1533 "https://www.taxigalle.com/?products/10069099/" "Mozilla/5.0 (X11; Linux x86_64) AppleWebKit/537.36 (KHTML, like Gecko) Chrome/141.0.7390.122 Safari/537.36"
74.125.151.142 - - [12/Dec/2025:11:15:30 -0500] "GET /upload/service/-379846424_190823294482_1600335554_n.jpg HTTP/1.1" 200 178399 "https://www.taxigalle.com/?products/10069099/" "Mozilla/5.0 (X11; Linux x86_64) AppleWebKit/537.36 (KHTML, like Gecko) Chrome/141.0.7390.122 Safari/537.36"
74.125.151.141 - - [12/Dec/2025:11:15:30 -0500] "GET /upload/product-type/product/-51519754273_139683386633_1601548839_n.jpg HTTP/1.1" 200 80672 "https://www.taxigalle.com/?products/10069099/" "Mozilla/5.0 (X11; Linux x86_64) AppleWebKit/537.36 (KHTML, like Gecko) Chrome/141.0.7390.122 Safari/537.36"
74.125.151.142 - - [12/Dec/2025:11:15:30 -0500] "GET /upload/service/-61020435315_130182705591_1600936969_n.jpg HTTP/1.1" 200 29515 "https://www.taxigalle.com/?products/10069099/" "Mozilla/5.0 (X11; Linux x86_64) AppleWebKit/537.36 (KHTML, like Gecko) Chrome/141.0.7390.122 Safari/537.36"
74.125.151.141 - - [12/Dec/2025:11:15:30 -0500] "GET /images/nationwide.png HTTP/1.1" 200 6517 "https://www.taxigalle.com/?products/10069099/" "Mozilla/5.0 (X11; Linux x86_64) AppleWebKit/537.36 (KHTML, like Gecko) Chrome/141.0.7390.122 Safari/537.36"
74.125.151.142 - - [12/Dec/2025:11:15:27 -0500] "GET /?products/10069099/ HTTP/1.1" 200 6866 "-" "Mozilla/5.0 (X11; Linux x86_64) AppleWebKit/537.36 (KHTML, like Gecko) Chrome/141.0.7390.122 Safari/537.36"
74.125.151.128 - - [12/Dec/2025:11:15:28 -0500] "GET /common/bootstrap/css/bootstrap.min.css HTTP/1.1" 200 21469 "https://www.taxigalle.com/?products/10069099/" "Mozilla/5.0 (X11; Linux x86_64) AppleWebKit/537.36 (KHTML, like Gecko) Chrome/141.0.7390.122 Safari/537.36"
74.125.151.128 - - [12/Dec/2025:11:15:28 -0500] "GET /common/fancybox/jquery.fancybox.min.css HTTP/1.1" 200 2897 "https://www.taxigalle.com/?products/10069099/" "Mozilla/5.0 (X11; Linux x86_64) AppleWebKit/537.36 (KHTML, like Gecko) Chrome/141.0.7390.122 Safari/537.36"
74.125.151.142 - - [12/Dec/2025:11:15:28 -0500] "GET /images/vehicles/tperius.png HTTP/1.1" 200 131551 "https://www.taxigalle.com/?products/10069099/" "Mozilla/5.0 (X11; Linux x86_64) AppleWebKit/537.36 (KHTML, like Gecko) Chrome/141.0.7390.122 Safari/537.36"
74.125.151.141 - - [12/Dec/2025:11:15:29 -0500] "GET /images/logo07.png HTTP/1.1" 200 10758 "https://www.taxigalle.com/?products/10069099/" "Mozilla/5.0 (X11; Linux x86_64) AppleWebKit/537.36 (KHTML, like Gecko) Chrome/141.0.7390.122 Safari/537.36"
74.125.151.141 - - [12/Dec/2025:11:15:29 -0500] "GET /images/vehicles/peugeot-5008.png HTTP/1.1" 200 211176 "https://www.taxigalle.com/?products/10069099/" "Mozilla/5.0 (X11; Linux x86_64) AppleWebKit/537.36 (KHTML, like Gecko) Chrome/141.0.7390.122 Safari/537.36"
74.125.151.128 - - [12/Dec/2025:11:15:29 -0500] "GET /images/iconcar-01.png HTTP/1.1" 200 1464 "https://www.taxigalle.com/?products/10069099/" "Mozilla/5.0 (X11; Linux x86_64) AppleWebKit/537.36 (KHTML, like Gecko) Chrome/141.0.7390.122 Safari/537.36"
74.125.151.141 - - [12/Dec/2025:11:15:29 -0500] "GET /upload/service/-110206705_191092934201_1600335573_n.jpg HTTP/1.1" 200 26301 "https://www.taxigalle.com/?products/10069099/" "Mozilla/5.0 (X11; Linux x86_64) AppleWebKit/537.36 (KHTML, like Gecko) Chrome/141.0.7390.122 Safari/537.36"
74.125.151.128 - - [12/Dec/2025:11:15:29 -0500] "GET /contact-form/img/refresh.png HTTP/1.1" 200 438 "https://www.taxigalle.com/?products/10069099/" "Mozilla/5.0 (X11; Linux x86_64) AppleWebKit/537.36 (KHTML, like Gecko) Chrome/141.0.7390.122 Safari/537.36"
74.125.151.141 - - [12/Dec/2025:11:15:30 -0500] "GET /upload/service/-66338947648_124864193258_1600936314_n.jpg HTTP/1.1" 200 41348 "https://www.taxigalle.com/?products/10069099/" "Mozilla/5.0 (X11; Linux x86_64) AppleWebKit/537.36 (KHTML, like Gecko) Chrome/141.0.7390.122 Safari/537.36"
74.125.151.141 - - [12/Dec/2025:11:15:30 -0500] "GET /images/pleasure.png HTTP/1.1" 200 5712 "https://www.taxigalle.com/?products/10069099/" "Mozilla/5.0 (X11; Linux x86_64) AppleWebKit/537.36 (KHTML, like Gecko) Chrome/141.0.7390.122 Safari/537.36"
74.125.151.141 - - [12/Dec/2025:11:15:31 -0500] "GET /upload/product-type/product/-166571169534_24631971372_1601548411_n.jpg HTTP/1.1" 200 73836 "https://www.taxigalle.com/?products/10069099/" "Mozilla/5.0 (X11; Linux x86_64) AppleWebKit/537.36 (KHTML, like Gecko) Chrome/141.0.7390.122 Safari/537.36"
74.125.151.142 - - [12/Dec/2025:11:15:31 -0500] "GET /js/jquery.min.js HTTP/1.1" 200 30278 "https://www.taxigalle.com/?products/10069099/" "Mozilla/5.0 (X11; Linux x86_64) AppleWebKit/537.36 (KHTML, like Gecko) Chrome/141.0.7390.122 Safari/537.36"
74.125.151.141 - - [12/Dec/2025:11:15:31 -0500] "GET /images/easy-to-use.png HTTP/1.1" 200 6302 "https://www.taxigalle.com/?products/10069099/" "Mozilla/5.0 (X11; Linux x86_64) AppleWebKit/537.36 (KHTML, like Gecko) Chrome/141.0.7390.122 Safari/537.36"
74.125.151.142 - - [12/Dec/2025:11:15:32 -0500] "GET /upload/product-type/product/-146267739950_44935400956_1669110085_n.jpg HTTP/1.1" 200 13266 "https://www.taxigalle.com/?products/10069099/" "Mozilla/5.0 (X11; Linux x86_64) AppleWebKit/537.36 (KHTML, like Gecko) Chrome/141.0.7390.122 Safari/537.36"
74.125.151.141 - - [12/Dec/2025:11:15:30 -0500] "GET /upload/product-type/product/-128663770754_62539370152_1601547897_n.jpg HTTP/1.1" 200 74587 "https://www.taxigalle.com/?products/10069099/" "Mozilla/5.0 (X11; Linux x86_64) AppleWebKit/537.36 (KHTML, like Gecko) Chrome/141.0.7390.122 Safari/537.36"
74.125.151.128 - - [12/Dec/2025:11:15:30 -0500] "GET /upload/tour-type/-477215162_190725925744_1600332917_n.jpg HTTP/1.1" 200 21250 "https://www.taxigalle.com/?products/10069099/" "Mozilla/5.0 (X11; Linux x86_64) AppleWebKit/537.36 (KHTML, like Gecko) Chrome/141.0.7390.122 Safari/537.36"
74.125.151.141 - - [12/Dec/2025:11:15:30 -0500] "GET /upload/service/-10144527978_181058612928_1669012464_n.jpg HTTP/1.1" 200 33980 "https://www.taxigalle.com/?products/10069099/" "Mozilla/5.0 (X11; Linux x86_64) AppleWebKit/537.36 (KHTML, like Gecko) Chrome/141.0.7390.122 Safari/537.36"
74.125.151.141 - - [12/Dec/2025:11:15:31 -0500] "GET /common/fancybox/jquery.fancybox.min.js HTTP/1.1" 200 20983 "https://www.taxigalle.com/?products/10069099/" "Mozilla/5.0 (X11; Linux x86_64) AppleWebKit/537.36 (KHTML, like Gecko) Chrome/141.0.7390.122 Safari/537.36"
74.125.151.141 - - [12/Dec/2025:11:15:31 -0500] "GET /upload/product-type/product/-122263015934_68940124972_1669019526_n.jpg HTTP/1.1" 200 64727 "https://www.taxigalle.com/?products/10069099/" "Mozilla/5.0 (X11; Linux x86_64) AppleWebKit/537.36 (KHTML, like Gecko) Chrome/141.0.7390.122 Safari/537.36"
74.125.151.141 - - [12/Dec/2025:11:15:31 -0500] "GET /js/all.min.js HTTP/1.1" 200 399481 "https://www.taxigalle.com/?products/10069099/" "Mozilla/5.0 (X11; Linux x86_64) AppleWebKit/537.36 (KHTML, like Gecko) Chrome/141.0.7390.122 Safari/537.36"
74.125.151.142 - - [12/Dec/2025:11:15:31 -0500] "GET /upload/service/-149748172078_41454968828_1669011857_n.jpg HTTP/1.1" 200 37230 "https://www.taxigalle.com/?products/10069099/" "Mozilla/5.0 (X11; Linux x86_64) AppleWebKit/537.36 (KHTML, like Gecko) Chrome/141.0.7390.122 Safari/537.36"
74.125.151.141 - - [12/Dec/2025:11:15:31 -0500] "GET /upload/tour-type/-435799268_190767341638_1600333053_n.jpg HTTP/1.1" 200 22114 "https://www.taxigalle.com/?products/10069099/" "Mozilla/5.0 (X11; Linux x86_64) AppleWebKit/537.36 (KHTML, like Gecko) Chrome/141.0.7390.122 Safari/537.36"
74.125.151.142 - - [12/Dec/2025:11:15:32 -0500] "GET /booking/scripts.js HTTP/1.1" 200 1026 "https://www.taxigalle.com/?products/10069099/" "Mozilla/5.0 (X11; Linux x86_64) AppleWebKit/537.36 (KHTML, like Gecko) Chrome/141.0.7390.122 Safari/537.36"
74.125.151.142 - - [12/Dec/2025:11:15:32 -0500] "GET /images/fixed-price.png HTTP/1.1" 200 6041 "https://www.taxigalle.com/?products/10069099/" "Mozilla/5.0 (X11; Linux x86_64) AppleWebKit/537.36 (KHTML, like Gecko) Chrome/141.0.7390.122 Safari/537.36"
74.125.151.141 - - [12/Dec/2025:11:15:32 -0500] "GET /common/bootstrap/js/bootstrap.min.js HTTP/1.1" 200 14242 "https://www.taxigalle.com/?products/10069099/" "Mozilla/5.0 (X11; Linux x86_64) AppleWebKit/537.36 (KHTML, like Gecko) Chrome/141.0.7390.122 Safari/537.36"
74.125.151.141 - - [12/Dec/2025:11:15:32 -0500] "GET /images/no-fee.png HTTP/1.1" 200 5994 "https://www.taxigalle.com/?products/10069099/" "Mozilla/5.0 (X11; Linux x86_64) AppleWebKit/537.36 (KHTML, like Gecko) Chrome/141.0.7390.122 Safari/537.36"
74.125.151.141 - - [12/Dec/2025:11:15:32 -0500] "GET /images/whatsapp.png HTTP/1.1" 200 8120 "https://www.taxigalle.com/?products/10069099/" "Mozilla/5.0 (X11; Linux x86_64) AppleWebKit/537.36 (KHTML, like Gecko) Chrome/141.0.7390.122 Safari/537.36"
74.125.151.141 - - [12/Dec/2025:11:15:32 -0500] "GET /images/bonuse--for-ride.png HTTP/1.1" 200 6342 "https://www.taxigalle.com/?products/10069099/" "Mozilla/5.0 (X11; Linux x86_64) AppleWebKit/537.36 (KHTML, like Gecko) Chrome/141.0.7390.122 Safari/537.36"
74.125.151.141 - - [12/Dec/2025:11:15:33 -0500] "GET /common/owl-carousel/js/owl.carousel.js HTTP/1.1" 200 19365 "https://www.taxigalle.com/?products/10069099/" "Mozilla/5.0 (X11; Linux x86_64) AppleWebKit/537.36 (KHTML, like Gecko) Chrome/141.0.7390.122 Safari/537.36"
66.249.70.128 - - [12/Dec/2025:11:05:17 -0500] "GET /?products/12405800/ HTTP/1.1" 200 17889 "-" "Mozilla/5.0 (Linux; Android 6.0.1; Nexus 5X Build/MMB29P) AppleWebKit/537.36 (KHTML, like Gecko) Chrome/141.0.7390.122 Mobile Safari/537.36 (compatible; GoogleOther)"
57.141.2.75 - - [12/Dec/2025:11:07:49 -0500] "GET /?products/2448411/ HTTP/1.1" 200 42341 "-" "meta-externalagent/1.1 (+https://developers.facebook.com/docs/sharing/webmasters/crawler)"
66.249.70.128 - - [12/Dec/2025:11:08:50 -0500] "GET /?products/13932300/ HTTP/1.1" 200 17560 "-" "Mozilla/5.0 (Linux; Android 6.0.1; Nexus 5X Build/MMB29P) AppleWebKit/537.36 (KHTML, like Gecko) Chrome/141.0.7390.122 Mobile Safari/537.36 (compatible; Googlebot/2.1; +http://www.google.com/bot.html)"
66.249.70.141 - - [12/Dec/2025:11:09:22 -0500] "GET /?products/23573155/ HTTP/1.1" 200 18081 "-" "Mozilla/5.0 (Linux; Android 6.0.1; Nexus 5X Build/MMB29P) AppleWebKit/537.36 (KHTML, like Gecko) Chrome/141.0.7390.122 Mobile Safari/537.36 (compatible; GoogleOther)"
66.249.70.142 - - [12/Dec/2025:11:13:27 -0500] "GET /?products/7098466/ HTTP/1.1" 200 17749 "-" "Mozilla/5.0 (Linux; Android 6.0.1; Nexus 5X Build/MMB29P) AppleWebKit/537.36 (KHTML, like Gecko) Chrome/141.0.7390.122 Mobile Safari/537.36 (compatible; GoogleOther)"
74.125.151.142 - - [12/Dec/2025:11:15:33 -0500] "GET /images/banner/back_dark.jpg HTTP/1.1" 200 631757 "https://www.taxigalle.com/?products/10069099/" "Mozilla/5.0 (X11; Linux x86_64) AppleWebKit/537.36 (KHTML, like Gecko) Chrome/141.0.7390.122 Safari/537.36"
74.125.151.141 - - [12/Dec/2025:11:15:33 -0500] "GET /images/left-shadow.png HTTP/1.1" 200 5711 "https://www.taxigalle.com/css/style.css" "Mozilla/5.0 (X11; Linux x86_64) AppleWebKit/537.36 (KHTML, like Gecko) Chrome/141.0.7390.122 Safari/537.36"
74.125.151.142 - - [12/Dec/2025:11:15:34 -0500] "GET /images/testimonial-icon.png HTTP/1.1" 200 4019 "https://www.taxigalle.com/css/style.css" "Mozilla/5.0 (X11; Linux x86_64) AppleWebKit/537.36 (KHTML, like Gecko) Chrome/141.0.7390.122 Safari/537.36"
74.125.151.141 - - [12/Dec/2025:11:15:32 -0500] "GET /upload/product-type/product/-139833547621_51369593285_1601548234_n.jpg HTTP/1.1" 200 13491 "https://www.taxigalle.com/?products/10069099/" "Mozilla/5.0 (X11; Linux x86_64) AppleWebKit/537.36 (KHTML, like Gecko) Chrome/141.0.7390.122 Safari/537.36"
74.125.151.142 - - [12/Dec/2025:11:15:32 -0500] "GET /upload/comments/-294463194_190908677712_1600333912_n.jpg HTTP/1.1" 200 7337 "https://www.taxigalle.com/?products/10069099/" "Mozilla/5.0 (X11; Linux x86_64) AppleWebKit/537.36 (KHTML, like Gecko) Chrome/141.0.7390.122 Safari/537.36"
74.125.151.142 - - [12/Dec/2025:11:15:33 -0500] "GET /js/custom.js HTTP/1.1" 200 674 "https://www.taxigalle.com/?products/10069099/" "Mozilla/5.0 (X11; Linux x86_64) AppleWebKit/537.36 (KHTML, like Gecko) Chrome/141.0.7390.122 Safari/537.36"
74.125.151.142 - - [12/Dec/2025:11:15:33 -0500] "GET /images/right-shadow.png HTTP/1.1" 200 5669 "https://www.taxigalle.com/css/style.css" "Mozilla/5.0 (X11; Linux x86_64) AppleWebKit/537.36 (KHTML, like Gecko) Chrome/141.0.7390.122 Safari/537.36"
74.125.151.141 - - [12/Dec/2025:11:15:33 -0500] "GET /images/banner/index.png HTTP/1.1" 200 1744907 "https://www.taxigalle.com/css/style.css" "Mozilla/5.0 (X11; Linux x86_64) AppleWebKit/537.36 (KHTML, like Gecko) Chrome/141.0.7390.122 Safari/537.36"
74.125.151.142 - - [12/Dec/2025:11:15:34 -0500] "GET /images/testimonial-qoute.png HTTP/1.1" 200 4119 "https://www.taxigalle.com/css/style.css" "Mozilla/5.0 (X11; Linux x86_64) AppleWebKit/537.36 (KHTML, like Gecko) Chrome/141.0.7390.122 Safari/537.36"
66.249.70.141 - - [12/Dec/2025:11:18:11 -0500] "GET /?products/16507022/ HTTP/1.1" 200 18473 "-" "Mozilla/5.0 (Linux; Android 6.0.1; Nexus 5X Build/MMB29P) AppleWebKit/537.36 (KHTML, like Gecko) Chrome/141.0.7390.122 Mobile Safari/537.36 (compatible; Googlebot/2.1; +http://www.google.com/bot.html)"
66.249.70.128 - - [12/Dec/2025:11:24:40 -0500] "GET /?zhHant/product/surugaya/22058986?campaign_uid=f64d716db5e979ed2f947dbaf4296895b951ae7f HTTP/1.1" 200 18359 "-" "Mozilla/5.0 (Linux; Android 6.0.1; Nexus 5X Build/MMB29P) AppleWebKit/537.36 (KHTML, like Gecko) Chrome/141.0.7390.122 Mobile Safari/537.36 (compatible; Googlebot/2.1; +http://www.google.com/bot.html)"
66.249.70.141 - - [12/Dec/2025:11:25:59 -0500] "GET /?zhHant/product/surugaya/58349027?campaign_uid=f64d716db5e979ed2f947dbaf4296895b951ae7f HTTP/1.1" 200 17948 "-" "Mozilla/5.0 (Linux; Android 6.0.1; Nexus 5X Build/MMB29P) AppleWebKit/537.36 (KHTML, like Gecko) Chrome/141.0.7390.122 Mobile Safari/537.36 (compatible; Googlebot/2.1; +http://www.google.com/bot.html)"
66.249.70.141 - - [12/Dec/2025:11:26:14 -0500] "GET /?zhHant/product/surugaya/17859161?campaign_uid=f64d716db5e979ed2f947dbaf4296895b951ae7f HTTP/1.1" 200 17786 "-" "Mozilla/5.0 (Linux; Android 6.0.1; Nexus 5X Build/MMB29P) AppleWebKit/537.36 (KHTML, like Gecko) Chrome/141.0.7390.122 Mobile Safari/537.36 (compatible; Googlebot/2.1; +http://www.google.com/bot.html)"
66.249.70.141 - - [12/Dec/2025:11:26:21 -0500] "GET /?zhHant/product/surugaya/80142240?campaign_uid=f64d716db5e979ed2f947dbaf4296895b951ae7f HTTP/1.1" 200 18008 "-" "Mozilla/5.0 (Linux; Android 6.0.1; Nexus 5X Build/MMB29P) AppleWebKit/537.36 (KHTML, like Gecko) Chrome/141.0.7390.122 Mobile Safari/537.36 (compatible; Googlebot/2.1; +http://www.google.com/bot.html)"
66.249.70.128 - - [12/Dec/2025:11:30:46 -0500] "GET /?products/6293833/ HTTP/1.1" 200 18253 "-" "Mozilla/5.0 (Linux; Android 6.0.1; Nexus 5X Build/MMB29P) AppleWebKit/537.36 (KHTML, like Gecko) Chrome/141.0.7390.122 Mobile Safari/537.36 (compatible; Googlebot/2.1; +http://www.google.com/bot.html)"
66.249.70.141 - - [12/Dec/2025:11:31:20 -0500] "GET /?zhHant/product/surugaya/29972904?campaign_uid=f64d716db5e979ed2f947dbaf4296895b951ae7f HTTP/1.1" 200 18113 "-" "Mozilla/5.0 (Linux; Android 6.0.1; Nexus 5X Build/MMB29P) AppleWebKit/537.36 (KHTML, like Gecko) Chrome/141.0.7390.122 Mobile Safari/537.36 (compatible; Googlebot/2.1; +http://www.google.com/bot.html)"
66.249.70.128 - - [12/Dec/2025:11:33:17 -0500] "GET /?zhHant/product/surugaya/33025182?campaign_uid=f64d716db5e979ed2f947dbaf4296895b951ae7f HTTP/1.1" 200 18423 "-" "Mozilla/5.0 (Linux; Android 6.0.1; Nexus 5X Build/MMB29P) AppleWebKit/537.36 (KHTML, like Gecko) Chrome/141.0.7390.122 Mobile Safari/537.36 (compatible; Googlebot/2.1; +http://www.google.com/bot.html)"
57.141.2.16 - - [12/Dec/2025:11:33:41 -0500] "GET /contact-form/Generate_Captcha_Code.php?rand=1020855113 HTTP/1.1" 200 2386 "-" "meta-externalagent/1.1 (+https://developers.facebook.com/docs/sharing/webmasters/crawler)"
66.249.70.142 - - [12/Dec/2025:11:34:27 -0500] "GET /?zhHant/product/surugaya/26977072?campaign_uid=f64d716db5e979ed2f947dbaf4296895b951ae7f HTTP/1.1" 200 17927 "-" "Mozilla/5.0 (Linux; Android 6.0.1; Nexus 5X Build/MMB29P) AppleWebKit/537.36 (KHTML, like Gecko) Chrome/141.0.7390.122 Mobile Safari/537.36 (compatible; Googlebot/2.1; +http://www.google.com/bot.html)"
66.249.70.141 - - [12/Dec/2025:11:35:52 -0500] "GET /?products/4966877/ HTTP/1.1" 200 17700 "-" "Mozilla/5.0 (Linux; Android 6.0.1; Nexus 5X Build/MMB29P) AppleWebKit/537.36 (KHTML, like Gecko) Chrome/141.0.7390.122 Mobile Safari/537.36 (compatible; GoogleOther)"
57.141.2.90 - - [12/Dec/2025:11:37:32 -0500] "GET /contact-form/Generate_Captcha_Code.php?rand=1020855113 HTTP/1.1" 200 2180 "-" "meta-externalagent/1.1 (+https://developers.facebook.com/docs/sharing/webmasters/crawler)"
66.249.70.141 - - [12/Dec/2025:11:37:42 -0500] "GET /?zhHant/product/surugaya/28553904?campaign_uid=f64d716db5e979ed2f947dbaf4296895b951ae7f HTTP/1.1" 200 17966 "-" "Mozilla/5.0 (Linux; Android 6.0.1; Nexus 5X Build/MMB29P) AppleWebKit/537.36 (KHTML, like Gecko) Chrome/141.0.7390.122 Mobile Safari/537.36 (compatible; Googlebot/2.1; +http://www.google.com/bot.html)"
66.249.70.141 - - [12/Dec/2025:11:37:55 -0500] "GET /?products/7710833/ HTTP/1.1" 200 17518 "-" "Mozilla/5.0 (Linux; Android 6.0.1; Nexus 5X Build/MMB29P) AppleWebKit/537.36 (KHTML, like Gecko) Chrome/141.0.7390.122 Mobile Safari/537.36 (compatible; Googlebot/2.1; +http://www.google.com/bot.html)"
66.249.70.142 - - [12/Dec/2025:11:22:59 -0500] "GET /?zhHant/product/surugaya/34576067?campaign_uid=f64d716db5e979ed2f947dbaf4296895b951ae7f HTTP/1.1" 200 18059 "-" "Mozilla/5.0 (Linux; Android 6.0.1; Nexus 5X Build/MMB29P) AppleWebKit/537.36 (KHTML, like Gecko) Chrome/141.0.7390.122 Mobile Safari/537.36 (compatible; Googlebot/2.1; +http://www.google.com/bot.html)"
66.249.70.142 - - [12/Dec/2025:11:24:53 -0500] "GET /?products/17367922/ HTTP/1.1" 200 17626 "-" "Mozilla/5.0 (Linux; Android 6.0.1; Nexus 5X Build/MMB29P) AppleWebKit/537.36 (KHTML, like Gecko) Chrome/141.0.7390.122 Mobile Safari/537.36 (compatible; Googlebot/2.1; +http://www.google.com/bot.html)"
66.249.70.141 - - [12/Dec/2025:11:31:13 -0500] "GET /?products/10398522/ HTTP/1.1" 200 17999 "-" "Mozilla/5.0 (Linux; Android 6.0.1; Nexus 5X Build/MMB29P) AppleWebKit/537.36 (KHTML, like Gecko) Chrome/141.0.7390.122 Mobile Safari/537.36 (compatible; Googlebot/2.1; +http://www.google.com/bot.html)"
66.249.70.142 - - [12/Dec/2025:11:33:24 -0500] "GET /?products/10639155/ HTTP/1.1" 200 18370 "-" "Mozilla/5.0 (Linux; Android 6.0.1; Nexus 5X Build/MMB29P) AppleWebKit/537.36 (KHTML, like Gecko) Chrome/141.0.7390.122 Mobile Safari/537.36 (compatible; Googlebot/2.1; +http://www.google.com/bot.html)"
66.249.70.128 - - [12/Dec/2025:11:35:21 -0500] "GET /?zhHant/product/surugaya/11196836?campaign_uid=f64d716db5e979ed2f947dbaf4296895b951ae7f HTTP/1.1" 200 18268 "-" "Mozilla/5.0 (Linux; Android 6.0.1; Nexus 5X Build/MMB29P) AppleWebKit/537.36 (KHTML, like Gecko) Chrome/141.0.7390.122 Mobile Safari/537.36 (compatible; Googlebot/2.1; +http://www.google.com/bot.html)"
66.249.70.141 - - [12/Dec/2025:11:35:28 -0500] "GET /?zhHant/product/surugaya/17492068?campaign_uid=f64d716db5e979ed2f947dbaf4296895b951ae7f HTTP/1.1" 200 17808 "-" "Mozilla/5.0 (Linux; Android 6.0.1; Nexus 5X Build/MMB29P) AppleWebKit/537.36 (KHTML, like Gecko) Chrome/141.0.7390.122 Mobile Safari/537.36 (compatible; Googlebot/2.1; +http://www.google.com/bot.html)"
66.249.70.141 - - [12/Dec/2025:11:35:41 -0500] "GET /?products/7153244/ HTTP/1.1" 200 17756 "-" "Mozilla/5.0 (Linux; Android 6.0.1; Nexus 5X Build/MMB29P) AppleWebKit/537.36 (KHTML, like Gecko) Chrome/141.0.7390.122 Mobile Safari/537.36 (compatible; Googlebot/2.1; +http://www.google.com/bot.html)"
66.249.70.141 - - [12/Dec/2025:11:35:56 -0500] "GET /?products/28453277/ HTTP/1.1" 200 18365 "-" "Mozilla/5.0 (Linux; Android 6.0.1; Nexus 5X Build/MMB29P) AppleWebKit/537.36 (KHTML, like Gecko) Chrome/141.0.7390.122 Mobile Safari/537.36 (compatible; GoogleOther)"
114.119.140.79 - - [12/Dec/2025:11:39:35 -0500] "GET /view-tours.php?id=26 HTTP/1.1" 200 5028 "https://www.taxigalle.com/view-tours.php?id=26" "Mozilla/5.0 (Linux; Android 7.0;) AppleWebKit/537.36 (KHTML, like Gecko) Mobile Safari/537.36 (compatible; PetalBot;+https://webmaster.petalsearch.com/site/petalbot)"
66.249.70.141 - - [12/Dec/2025:11:39:57 -0500] "GET /?zhHant/product/surugaya/91955663?campaign_uid=f64d716db5e979ed2f947dbaf4296895b951ae7f HTTP/1.1" 200 18158 "-" "Mozilla/5.0 (Linux; Android 6.0.1; Nexus 5X Build/MMB29P) AppleWebKit/537.36 (KHTML, like Gecko) Chrome/141.0.7390.122 Mobile Safari/537.36 (compatible; Googlebot/2.1; +http://www.google.com/bot.html)"
66.249.70.142 - - [12/Dec/2025:11:40:04 -0500] "GET /?products/6349200/ HTTP/1.1" 200 19124 "-" "Mozilla/5.0 (Linux; Android 6.0.1; Nexus 5X Build/MMB29P) AppleWebKit/537.36 (KHTML, like Gecko) Chrome/141.0.7390.122 Mobile Safari/537.36 (compatible; Googlebot/2.1; +http://www.google.com/bot.html)"
66.249.70.128 - - [12/Dec/2025:11:43:11 -0500] "GET /?zhHant/product/surugaya/78202912?campaign_uid=f64d716db5e979ed2f947dbaf4296895b951ae7f HTTP/1.1" 200 17866 "-" "Mozilla/5.0 (Linux; Android 6.0.1; Nexus 5X Build/MMB29P) AppleWebKit/537.36 (KHTML, like Gecko) Chrome/141.0.7390.122 Mobile Safari/537.36 (compatible; Googlebot/2.1; +http://www.google.com/bot.html)"
66.249.70.141 - - [12/Dec/2025:11:43:24 -0500] "GET /?zhHant/product/surugaya/56175787?campaign_uid=f64d716db5e979ed2f947dbaf4296895b951ae7f HTTP/1.1" 200 17648 "-" "Mozilla/5.0 (Linux; Android 6.0.1; Nexus 5X Build/MMB29P) AppleWebKit/537.36 (KHTML, like Gecko) Chrome/141.0.7390.122 Mobile Safari/537.36 (compatible; Googlebot/2.1; +http://www.google.com/bot.html)"
66.249.70.141 - - [12/Dec/2025:11:43:51 -0500] "GET /?products/6026988/ HTTP/1.1" 200 17610 "-" "Mozilla/5.0 (Linux; Android 6.0.1; Nexus 5X Build/MMB29P) AppleWebKit/537.36 (KHTML, like Gecko) Chrome/141.0.7390.122 Mobile Safari/537.36 (compatible; Googlebot/2.1; +http://www.google.com/bot.html)"
114.119.137.211 - - [12/Dec/2025:11:46:16 -0500] "GET /?sitemap.xml HTTP/1.1" 403 0 "-" "Mozilla/5.0 (Linux; Android 7.0;) AppleWebKit/537.36 (KHTML, like Gecko) Mobile Safari/537.36 (compatible; PetalBot;+https://webmaster.petalsearch.com/site/petalbot)"
66.249.70.142 - - [12/Dec/2025:11:46:22 -0500] "GET /?products/8019566/ HTTP/1.1" 200 17560 "-" "Mozilla/5.0 (Linux; Android 6.0.1; Nexus 5X Build/MMB29P) AppleWebKit/537.36 (KHTML, like Gecko) Chrome/141.0.7390.122 Mobile Safari/537.36 (compatible; Googlebot/2.1; +http://www.google.com/bot.html)"
