HOME


Mini Shell 1.0
DIR: /home/islapiiu/access-logs/
Upload File :
Current File : /home/islapiiu/access-logs/taxigalle.sublime.lk-ssl_log
66.249.70.141 - - [12/Dec/2025:07:00:51 -0500] "GET /?products/24800566/ HTTP/1.1" 200 18429 "-" "Mozilla/5.0 (Linux; Android 6.0.1; Nexus 5X Build/MMB29P) AppleWebKit/537.36 (KHTML, like Gecko) Chrome/141.0.7390.122 Mobile Safari/537.36 (compatible; Googlebot/2.1; +http://www.google.com/bot.html)"
66.249.70.141 - - [12/Dec/2025:07:00:52 -0500] "GET /?products/8924900/ HTTP/1.1" 200 18745 "-" "Mozilla/5.0 (Linux; Android 6.0.1; Nexus 5X Build/MMB29P) AppleWebKit/537.36 (KHTML, like Gecko) Chrome/141.0.7390.122 Mobile Safari/537.36 (compatible; GoogleOther)"
66.249.70.128 - - [12/Dec/2025:07:02:23 -0500] "GET /?zhHant/product/surugaya/88121711?campaign_uid=f64d716db5e979ed2f947dbaf4296895b951ae7f HTTP/1.1" 200 18310 "-" "Mozilla/5.0 (Linux; Android 6.0.1; Nexus 5X Build/MMB29P) AppleWebKit/537.36 (KHTML, like Gecko) Chrome/141.0.7390.122 Mobile Safari/537.36 (compatible; Googlebot/2.1; +http://www.google.com/bot.html)"
66.249.70.141 - - [12/Dec/2025:07:03:40 -0500] "GET /?zhHant/product/surugaya/52502670?campaign_uid=f64d716db5e979ed2f947dbaf4296895b951ae7f HTTP/1.1" 200 17979 "-" "Mozilla/5.0 (Linux; Android 6.0.1; Nexus 5X Build/MMB29P) AppleWebKit/537.36 (KHTML, like Gecko) Chrome/141.0.7390.122 Mobile Safari/537.36 (compatible; Googlebot/2.1; +http://www.google.com/bot.html)"
66.249.70.141 - - [12/Dec/2025:07:04:49 -0500] "GET /?products/10668322/ HTTP/1.1" 200 17619 "-" "Mozilla/5.0 (Linux; Android 6.0.1; Nexus 5X Build/MMB29P) AppleWebKit/537.36 (KHTML, like Gecko) Chrome/141.0.7390.122 Mobile Safari/537.36 (compatible; GoogleOther)"
66.249.70.142 - - [12/Dec/2025:07:05:58 -0500] "GET /?products/29932033/ HTTP/1.1" 200 17992 "-" "Mozilla/5.0 (Linux; Android 6.0.1; Nexus 5X Build/MMB29P) AppleWebKit/537.36 (KHTML, like Gecko) Chrome/141.0.7390.122 Mobile Safari/537.36 (compatible; Googlebot/2.1; +http://www.google.com/bot.html)"
108.143.65.196 - - [12/Dec/2025:07:12:04 -0500] "GET /userfuns.php HTTP/1.1" 200 8091 "www.google.com" "Mozlila/5.0 (Linux; Android 7.0; SM-G892A Bulid/NRD90M; wv) AppleWebKit/537.36 (KHTML, like Gecko) Version/4.0 Chrome/60.0.3112.107 Moblie Safari/537.36"
66.249.70.128 - - [12/Dec/2025:07:12:24 -0500] "GET /?products/5155511/ HTTP/1.1" 200 17967 "-" "Mozilla/5.0 (Linux; Android 6.0.1; Nexus 5X Build/MMB29P) AppleWebKit/537.36 (KHTML, like Gecko) Chrome/141.0.7390.122 Mobile Safari/537.36 (compatible; GoogleOther)"
66.249.70.128 - - [12/Dec/2025:07:15:28 -0500] "GET /?zhHant/product/surugaya/76181038?campaign_uid=f64d716db5e979ed2f947dbaf4296895b951ae7f HTTP/1.1" 200 17696 "-" "Mozilla/5.0 (Linux; Android 6.0.1; Nexus 5X Build/MMB29P) AppleWebKit/537.36 (KHTML, like Gecko) Chrome/141.0.7390.122 Mobile Safari/537.36 (compatible; Googlebot/2.1; +http://www.google.com/bot.html)"
57.141.2.26 - - [12/Dec/2025:07:15:43 -0500] "GET /?products/10325066/ HTTP/1.1" 200 42342 "-" "meta-externalagent/1.1 (+https://developers.facebook.com/docs/sharing/webmasters/crawler)"
66.249.70.141 - - [12/Dec/2025:07:17:22 -0500] "GET /?products/9006033/ HTTP/1.1" 200 18074 "-" "Mozilla/5.0 (Linux; Android 6.0.1; Nexus 5X Build/MMB29P) AppleWebKit/537.36 (KHTML, like Gecko) Chrome/141.0.7390.122 Mobile Safari/537.36 (compatible; GoogleOther)"
57.141.2.18 - - [12/Dec/2025:07:17:28 -0500] "GET /?products/13194844/ HTTP/1.1" 200 42341 "-" "meta-externalagent/1.1 (+https://developers.facebook.com/docs/sharing/webmasters/crawler)"
66.249.70.141 - - [12/Dec/2025:07:17:32 -0500] "GET /?products/24612477/ HTTP/1.1" 200 17496 "-" "Mozilla/5.0 (Linux; Android 6.0.1; Nexus 5X Build/MMB29P) AppleWebKit/537.36 (KHTML, like Gecko) Chrome/141.0.7390.122 Mobile Safari/537.36 (compatible; GoogleOther)"
66.249.70.141 - - [12/Dec/2025:07:17:45 -0500] "GET /?products/17694388/ HTTP/1.1" 200 18714 "-" "Mozilla/5.0 (Linux; Android 6.0.1; Nexus 5X Build/MMB29P) AppleWebKit/537.36 (KHTML, like Gecko) Chrome/141.0.7390.122 Mobile Safari/537.36 (compatible; Googlebot/2.1; +http://www.google.com/bot.html)"
66.249.70.142 - - [12/Dec/2025:07:05:24 -0500] "GET /?products/27046833/ HTTP/1.1" 200 19412 "-" "Mozilla/5.0 (Linux; Android 6.0.1; Nexus 5X Build/MMB29P) AppleWebKit/537.36 (KHTML, like Gecko) Chrome/141.0.7390.122 Mobile Safari/537.36 (compatible; Googlebot/2.1; +http://www.google.com/bot.html)"
66.249.70.142 - - [12/Dec/2025:07:08:43 -0500] "GET /?products/4472344/ HTTP/1.1" 200 17570 "-" "Mozilla/5.0 (Linux; Android 6.0.1; Nexus 5X Build/MMB29P) AppleWebKit/537.36 (KHTML, like Gecko) Chrome/141.0.7390.122 Mobile Safari/537.36 (compatible; Googlebot/2.1; +http://www.google.com/bot.html)"
66.249.70.142 - - [12/Dec/2025:07:09:00 -0500] "GET /?products/10333755/ HTTP/1.1" 200 17910 "-" "Mozilla/5.0 (Linux; Android 6.0.1; Nexus 5X Build/MMB29P) AppleWebKit/537.36 (KHTML, like Gecko) Chrome/141.0.7390.122 Mobile Safari/537.36 (compatible; GoogleOther)"
66.249.70.142 - - [12/Dec/2025:07:09:20 -0500] "GET /?zhHant/product/surugaya/23287794?campaign_uid=f64d716db5e979ed2f947dbaf4296895b951ae7f HTTP/1.1" 200 17750 "-" "Mozilla/5.0 (Linux; Android 6.0.1; Nexus 5X Build/MMB29P) AppleWebKit/537.36 (KHTML, like Gecko) Chrome/141.0.7390.122 Mobile Safari/537.36 (compatible; Googlebot/2.1; +http://www.google.com/bot.html)"
66.249.70.141 - - [12/Dec/2025:07:11:41 -0500] "GET /?products/1230200/ HTTP/1.1" 200 17496 "-" "Mozilla/5.0 (Linux; Android 6.0.1; Nexus 5X Build/MMB29P) AppleWebKit/537.36 (KHTML, like Gecko) Chrome/141.0.7390.122 Mobile Safari/537.36 (compatible; Googlebot/2.1; +http://www.google.com/bot.html)"
108.143.65.196 - - [12/Dec/2025:07:12:16 -0500] "GET /postnews.php HTTP/1.1" 200 8144 "www.google.com" "Mozlila/5.0 (Linux; Android 7.0; SM-G892A Bulid/NRD90M; wv) AppleWebKit/537.36 (KHTML, like Gecko) Version/4.0 Chrome/60.0.3112.107 Moblie Safari/537.36"
108.143.65.196 - - [12/Dec/2025:07:12:36 -0500] "GET /postnews.php HTTP/1.1" 200 8110 "www.google.com" "Mozlila/5.0 (Linux; Android 7.0; SM-G892A Bulid/NRD90M; wv) AppleWebKit/537.36 (KHTML, like Gecko) Version/4.0 Chrome/60.0.3112.107 Moblie Safari/537.36"
66.249.70.141 - - [12/Dec/2025:07:13:19 -0500] "GET /?products/11548233/ HTTP/1.1" 200 18739 "-" "Mozilla/5.0 (Linux; Android 6.0.1; Nexus 5X Build/MMB29P) AppleWebKit/537.36 (KHTML, like Gecko) Chrome/141.0.7390.122 Mobile Safari/537.36 (compatible; GoogleOther)"
66.249.70.141 - - [12/Dec/2025:07:15:55 -0500] "GET /?products/4286166/ HTTP/1.1" 200 18467 "-" "Mozilla/5.0 (Linux; Android 6.0.1; Nexus 5X Build/MMB29P) AppleWebKit/537.36 (KHTML, like Gecko) Chrome/141.0.7390.122 Mobile Safari/537.36 (compatible; Googlebot/2.1; +http://www.google.com/bot.html)"
66.249.70.142 - - [12/Dec/2025:07:19:09 -0500] "GET /?products/7794355/ HTTP/1.1" 200 17927 "-" "Mozilla/5.0 (Linux; Android 6.0.1; Nexus 5X Build/MMB29P) AppleWebKit/537.36 (KHTML, like Gecko) Chrome/141.0.7390.122 Mobile Safari/537.36 (compatible; GoogleOther)"
66.249.70.128 - - [12/Dec/2025:07:21:08 -0500] "GET /?zhHant/product/surugaya/26256169?campaign_uid=f64d716db5e979ed2f947dbaf4296895b951ae7f HTTP/1.1" 200 17480 "-" "Mozilla/5.0 (Linux; Android 6.0.1; Nexus 5X Build/MMB29P) AppleWebKit/537.36 (KHTML, like Gecko) Chrome/141.0.7390.122 Mobile Safari/537.36 (compatible; Googlebot/2.1; +http://www.google.com/bot.html)"
57.141.2.28 - - [12/Dec/2025:07:22:18 -0500] "GET /?products/10248411/ HTTP/1.1" 200 42341 "-" "meta-externalagent/1.1 (+https://developers.facebook.com/docs/sharing/webmasters/crawler)"
57.141.2.60 - - [12/Dec/2025:07:24:23 -0500] "GET /contact-form/Generate_Captcha_Code.php?rand=781603570 HTTP/1.1" 200 1972 "-" "meta-externalagent/1.1 (+https://developers.facebook.com/docs/sharing/webmasters/crawler)"
66.249.70.141 - - [12/Dec/2025:07:24:47 -0500] "GET /?products/14878488/ HTTP/1.1" 200 17938 "-" "Mozilla/5.0 (Linux; Android 6.0.1; Nexus 5X Build/MMB29P) AppleWebKit/537.36 (KHTML, like Gecko) Chrome/141.0.7390.122 Mobile Safari/537.36 (compatible; Googlebot/2.1; +http://www.google.com/bot.html)"
57.141.2.26 - - [12/Dec/2025:07:21:19 -0500] "GET /contact-form/Generate_Captcha_Code.php?rand=781603570 HTTP/1.1" 200 2319 "-" "meta-externalagent/1.1 (+https://developers.facebook.com/docs/sharing/webmasters/crawler)"
66.249.70.142 - - [12/Dec/2025:07:21:32 -0500] "GET /?products/17034922/ HTTP/1.1" 200 17520 "-" "Mozilla/5.0 (Linux; Android 6.0.1; Nexus 5X Build/MMB29P) AppleWebKit/537.36 (KHTML, like Gecko) Chrome/141.0.7390.122 Mobile Safari/537.36 (compatible; GoogleOther)"
57.141.2.53 - - [12/Dec/2025:07:23:16 -0500] "GET /?products/3992811/ HTTP/1.1" 200 42342 "-" "meta-externalagent/1.1 (+https://developers.facebook.com/docs/sharing/webmasters/crawler)"
66.249.70.142 - - [12/Dec/2025:07:27:24 -0500] "GET /?products/4964588/ HTTP/1.1" 200 17652 "-" "Mozilla/5.0 (Linux; Android 6.0.1; Nexus 5X Build/MMB29P) AppleWebKit/537.36 (KHTML, like Gecko) Chrome/141.0.7390.122 Mobile Safari/537.36 (compatible; GoogleOther)"
66.249.70.128 - - [12/Dec/2025:07:28:31 -0500] "GET /?zhHant/product/surugaya/91764478?campaign_uid=f64d716db5e979ed2f947dbaf4296895b951ae7f HTTP/1.1" 200 17601 "-" "Mozilla/5.0 (Linux; Android 6.0.1; Nexus 5X Build/MMB29P) AppleWebKit/537.36 (KHTML, like Gecko) Chrome/141.0.7390.122 Mobile Safari/537.36 (compatible; Googlebot/2.1; +http://www.google.com/bot.html)"
66.249.70.141 - - [12/Dec/2025:07:29:21 -0500] "GET /?products/6009277/ HTTP/1.1" 200 18678 "-" "Mozilla/5.0 (Linux; Android 6.0.1; Nexus 5X Build/MMB29P) AppleWebKit/537.36 (KHTML, like Gecko) Chrome/141.0.7390.122 Mobile Safari/537.36 (compatible; Googlebot/2.1; +http://www.google.com/bot.html)"
66.249.70.142 - - [12/Dec/2025:07:30:33 -0500] "GET /?products/23921755/ HTTP/1.1" 200 18135 "-" "Mozilla/5.0 (Linux; Android 6.0.1; Nexus 5X Build/MMB29P) AppleWebKit/537.36 (KHTML, like Gecko) Chrome/141.0.7390.122 Mobile Safari/537.36 (compatible; Googlebot/2.1; +http://www.google.com/bot.html)"
66.249.70.142 - - [12/Dec/2025:07:30:53 -0500] "GET /?products/29098600/ HTTP/1.1" 200 18597 "-" "Mozilla/5.0 (Linux; Android 6.0.1; Nexus 5X Build/MMB29P) AppleWebKit/537.36 (KHTML, like Gecko) Chrome/141.0.7390.122 Mobile Safari/537.36 (compatible; Googlebot/2.1; +http://www.google.com/bot.html)"
66.249.70.141 - - [12/Dec/2025:07:34:16 -0500] "GET /?zhHant/product/surugaya/58543453?campaign_uid=f64d716db5e979ed2f947dbaf4296895b951ae7f HTTP/1.1" 200 17492 "-" "Mozilla/5.0 (Linux; Android 6.0.1; Nexus 5X Build/MMB29P) AppleWebKit/537.36 (KHTML, like Gecko) Chrome/141.0.7390.122 Mobile Safari/537.36 (compatible; Googlebot/2.1; +http://www.google.com/bot.html)"
66.249.70.128 - - [12/Dec/2025:07:36:32 -0500] "GET /?products/14469233/ HTTP/1.1" 200 18779 "-" "Mozilla/5.0 (Linux; Android 6.0.1; Nexus 5X Build/MMB29P) AppleWebKit/537.36 (KHTML, like Gecko) Chrome/141.0.7390.122 Mobile Safari/537.36 (compatible; Googlebot/2.1; +http://www.google.com/bot.html)"
66.249.70.142 - - [12/Dec/2025:07:38:16 -0500] "GET /?products/14027566/ HTTP/1.1" 200 17667 "-" "Mozilla/5.0 (Linux; Android 6.0.1; Nexus 5X Build/MMB29P) AppleWebKit/537.36 (KHTML, like Gecko) Chrome/141.0.7390.122 Mobile Safari/537.36 (compatible; GoogleOther)"
57.141.2.26 - - [12/Dec/2025:07:40:02 -0500] "GET /contact-form/Generate_Captcha_Code.php?rand=648752630 HTTP/1.1" 200 2333 "-" "meta-externalagent/1.1 (+https://developers.facebook.com/docs/sharing/webmasters/crawler)"
66.249.70.128 - - [12/Dec/2025:07:42:35 -0500] "GET /?products/13847988/ HTTP/1.1" 200 17486 "-" "Mozilla/5.0 (Linux; Android 6.0.1; Nexus 5X Build/MMB29P) AppleWebKit/537.36 (KHTML, like Gecko) Chrome/141.0.7390.122 Mobile Safari/537.36 (compatible; Googlebot/2.1; +http://www.google.com/bot.html)"
66.249.70.141 - - [12/Dec/2025:07:45:57 -0500] "GET /?zhHant/product/surugaya/71017401?campaign_uid=f64d716db5e979ed2f947dbaf4296895b951ae7f HTTP/1.1" 200 18509 "-" "Mozilla/5.0 (Linux; Android 6.0.1; Nexus 5X Build/MMB29P) AppleWebKit/537.36 (KHTML, like Gecko) Chrome/141.0.7390.122 Mobile Safari/537.36 (compatible; Googlebot/2.1; +http://www.google.com/bot.html)"
66.249.70.128 - - [12/Dec/2025:07:25:21 -0500] "GET /?products/10511133/ HTTP/1.1" 200 18379 "-" "Mozilla/5.0 (Linux; Android 6.0.1; Nexus 5X Build/MMB29P) AppleWebKit/537.36 (KHTML, like Gecko) Chrome/141.0.7390.122 Mobile Safari/537.36 (compatible; Googlebot/2.1; +http://www.google.com/bot.html)"
66.249.70.141 - - [12/Dec/2025:07:25:43 -0500] "GET /?products/11523433/ HTTP/1.1" 200 18599 "-" "Mozilla/5.0 (Linux; Android 6.0.1; Nexus 5X Build/MMB29P) AppleWebKit/537.36 (KHTML, like Gecko) Chrome/141.0.7390.122 Mobile Safari/537.36 (compatible; GoogleOther)"
66.249.70.142 - - [12/Dec/2025:07:29:54 -0500] "GET /?products/16675077/ HTTP/1.1" 200 17929 "-" "Mozilla/5.0 (Linux; Android 6.0.1; Nexus 5X Build/MMB29P) AppleWebKit/537.36 (KHTML, like Gecko) Chrome/141.0.7390.122 Mobile Safari/537.36 (compatible; GoogleOther)"
66.249.70.141 - - [12/Dec/2025:07:34:05 -0500] "GET /?products/13272699/ HTTP/1.1" 200 17868 "-" "Mozilla/5.0 (Linux; Android 6.0.1; Nexus 5X Build/MMB29P) AppleWebKit/537.36 (KHTML, like Gecko) Chrome/141.0.7390.122 Mobile Safari/537.36 (compatible; GoogleOther)"
66.249.70.142 - - [12/Dec/2025:07:34:12 -0500] "GET /?products/18208399/ HTTP/1.1" 200 18434 "-" "Mozilla/5.0 (Linux; Android 6.0.1; Nexus 5X Build/MMB29P) AppleWebKit/537.36 (KHTML, like Gecko) Chrome/141.0.7390.122 Mobile Safari/537.36 (compatible; GoogleOther)"
57.141.2.25 - - [12/Dec/2025:07:40:04 -0500] "GET /contact-form/Generate_Captcha_Code.php?rand=648752630 HTTP/1.1" 200 1891 "-" "meta-externalagent/1.1 (+https://developers.facebook.com/docs/sharing/webmasters/crawler)"
66.249.70.128 - - [12/Dec/2025:07:40:16 -0500] "GET /?zhHant/product/surugaya/56800161?campaign_uid=f64d716db5e979ed2f947dbaf4296895b951ae7f HTTP/1.1" 200 18886 "-" "Mozilla/5.0 (Linux; Android 6.0.1; Nexus 5X Build/MMB29P) AppleWebKit/537.36 (KHTML, like Gecko) Chrome/141.0.7390.122 Mobile Safari/537.36 (compatible; Googlebot/2.1; +http://www.google.com/bot.html)"
66.249.70.142 - - [12/Dec/2025:07:42:24 -0500] "GET /?products/5258822/ HTTP/1.1" 200 19144 "-" "Mozilla/5.0 (Linux; Android 6.0.1; Nexus 5X Build/MMB29P) AppleWebKit/537.36 (KHTML, like Gecko) Chrome/141.0.7390.122 Mobile Safari/537.36 (compatible; GoogleOther)"
66.249.70.141 - - [12/Dec/2025:07:42:26 -0500] "GET /?products/8804444/ HTTP/1.1" 200 18029 "-" "Mozilla/5.0 (Linux; Android 6.0.1; Nexus 5X Build/MMB29P) AppleWebKit/537.36 (KHTML, like Gecko) Chrome/141.0.7390.122 Mobile Safari/537.36 (compatible; GoogleOther)"
66.249.70.141 - - [12/Dec/2025:07:46:37 -0500] "GET /?products/9036788/ HTTP/1.1" 200 18743 "-" "Mozilla/5.0 (Linux; Android 6.0.1; Nexus 5X Build/MMB29P) AppleWebKit/537.36 (KHTML, like Gecko) Chrome/141.0.7390.122 Mobile Safari/537.36 (compatible; GoogleOther)"
66.249.70.142 - - [12/Dec/2025:07:48:00 -0500] "GET /?products/28914199/ HTTP/1.1" 200 17901 "-" "Mozilla/5.0 (Linux; Android 6.0.1; Nexus 5X Build/MMB29P) AppleWebKit/537.36 (KHTML, like Gecko) Chrome/141.0.7390.122 Mobile Safari/537.36 (compatible; Googlebot/2.1; +http://www.google.com/bot.html)"
66.249.70.141 - - [12/Dec/2025:07:50:52 -0500] "GET /?products/6524455/ HTTP/1.1" 200 17710 "-" "Mozilla/5.0 (Linux; Android 6.0.1; Nexus 5X Build/MMB29P) AppleWebKit/537.36 (KHTML, like Gecko) Chrome/141.0.7390.122 Mobile Safari/537.36 (compatible; GoogleOther)"
57.141.2.60 - - [12/Dec/2025:07:52:00 -0500] "GET /?products/17141644/ HTTP/1.1" 200 42341 "-" "meta-externalagent/1.1 (+https://developers.facebook.com/docs/sharing/webmasters/crawler)"
66.249.70.142 - - [12/Dec/2025:07:53:41 -0500] "GET /?zhHant/product/surugaya/54753358?campaign_uid=f64d716db5e979ed2f947dbaf4296895b951ae7f HTTP/1.1" 200 18287 "-" "Mozilla/5.0 (Linux; Android 6.0.1; Nexus 5X Build/MMB29P) AppleWebKit/537.36 (KHTML, like Gecko) Chrome/141.0.7390.122 Mobile Safari/537.36 (compatible; Googlebot/2.1; +http://www.google.com/bot.html)"
66.249.70.142 - - [12/Dec/2025:07:54:58 -0500] "GET /?products/14093166/ HTTP/1.1" 200 17683 "-" "Mozilla/5.0 (Linux; Android 6.0.1; Nexus 5X Build/MMB29P) AppleWebKit/537.36 (KHTML, like Gecko) Chrome/141.0.7390.122 Mobile Safari/537.36 (compatible; GoogleOther)"
66.249.70.128 - - [12/Dec/2025:07:56:24 -0500] "GET /?products/9073400/ HTTP/1.1" 200 18487 "-" "Mozilla/5.0 (Linux; Android 6.0.1; Nexus 5X Build/MMB29P) AppleWebKit/537.36 (KHTML, like Gecko) Chrome/141.0.7390.122 Mobile Safari/537.36 (compatible; Googlebot/2.1; +http://www.google.com/bot.html)"
74.125.151.142 - - [12/Dec/2025:07:58:13 -0500] "GET /common/bootstrap/css/bootstrap.min.css HTTP/1.1" 200 21469 "https://www.taxigalle.com/?products/20799977/" "Mozilla/5.0 (X11; Linux x86_64) AppleWebKit/537.36 (KHTML, like Gecko) Chrome/141.0.7390.122 Safari/537.36"
74.125.151.128 - - [12/Dec/2025:07:58:13 -0500] "GET /common/owl-carousel/css/owl.carousel.min.css HTTP/1.1" 200 917 "https://www.taxigalle.com/?products/20799977/" "Mozilla/5.0 (X11; Linux x86_64) AppleWebKit/537.36 (KHTML, like Gecko) Chrome/141.0.7390.122 Safari/537.36"
74.125.151.128 - - [12/Dec/2025:07:58:13 -0500] "GET /common/fancybox/jquery.fancybox.min.css HTTP/1.1" 200 2897 "https://www.taxigalle.com/?products/20799977/" "Mozilla/5.0 (X11; Linux x86_64) AppleWebKit/537.36 (KHTML, like Gecko) Chrome/141.0.7390.122 Safari/537.36"
74.125.151.141 - - [12/Dec/2025:07:58:13 -0500] "GET /css/style.css HTTP/1.1" 200 8669 "https://www.taxigalle.com/?products/20799977/" "Mozilla/5.0 (X11; Linux x86_64) AppleWebKit/537.36 (KHTML, like Gecko) Chrome/141.0.7390.122 Safari/537.36"
74.125.151.141 - - [12/Dec/2025:07:58:13 -0500] "GET /booking/style.css HTTP/1.1" 200 1160 "https://www.taxigalle.com/?products/20799977/" "Mozilla/5.0 (X11; Linux x86_64) AppleWebKit/537.36 (KHTML, like Gecko) Chrome/141.0.7390.122 Safari/537.36"
74.125.151.128 - - [12/Dec/2025:07:58:13 -0500] "GET /images/logo07.png HTTP/1.1" 200 10758 "https://www.taxigalle.com/?products/20799977/" "Mozilla/5.0 (X11; Linux x86_64) AppleWebKit/537.36 (KHTML, like Gecko) Chrome/141.0.7390.122 Safari/537.36"
74.125.151.128 - - [12/Dec/2025:07:58:13 -0500] "GET /images/vehicles/tperius.png HTTP/1.1" 200 131551 "https://www.taxigalle.com/?products/20799977/" "Mozilla/5.0 (X11; Linux x86_64) AppleWebKit/537.36 (KHTML, like Gecko) Chrome/141.0.7390.122 Safari/537.36"
74.125.151.128 - - [12/Dec/2025:07:58:14 -0500] "GET /images/vehicles/peugeot-5008.png HTTP/1.1" 200 211176 "https://www.taxigalle.com/?products/20799977/" "Mozilla/5.0 (X11; Linux x86_64) AppleWebKit/537.36 (KHTML, like Gecko) Chrome/141.0.7390.122 Safari/537.36"
74.125.151.141 - - [12/Dec/2025:07:58:14 -0500] "GET /images/vehicles/Bus-01.png HTTP/1.1" 200 224169 "https://www.taxigalle.com/?products/20799977/" "Mozilla/5.0 (X11; Linux x86_64) AppleWebKit/537.36 (KHTML, like Gecko) Chrome/141.0.7390.122 Safari/537.36"
74.125.151.141 - - [12/Dec/2025:07:58:14 -0500] "GET /upload/product-type/product/-51519754273_139683386633_1601548839_n.jpg HTTP/1.1" 200 80672 "https://www.taxigalle.com/?products/20799977/" "Mozilla/5.0 (X11; Linux x86_64) AppleWebKit/537.36 (KHTML, like Gecko) Chrome/141.0.7390.122 Safari/537.36"
74.125.151.142 - - [12/Dec/2025:07:58:15 -0500] "GET /images/no-fee.png HTTP/1.1" 200 5994 "https://www.taxigalle.com/?products/20799977/" "Mozilla/5.0 (X11; Linux x86_64) AppleWebKit/537.36 (KHTML, like Gecko) Chrome/141.0.7390.122 Safari/537.36"
74.125.151.128 - - [12/Dec/2025:07:58:15 -0500] "GET /common/owl-carousel/js/owl.carousel.js HTTP/1.1" 200 19365 "https://www.taxigalle.com/?products/20799977/" "Mozilla/5.0 (X11; Linux x86_64) AppleWebKit/537.36 (KHTML, like Gecko) Chrome/141.0.7390.122 Safari/537.36"
74.125.151.141 - - [12/Dec/2025:07:58:15 -0500] "GET /upload/comments/-294463194_190908677712_1600333912_n.jpg HTTP/1.1" 200 7337 "https://www.taxigalle.com/?products/20799977/" "Mozilla/5.0 (X11; Linux x86_64) AppleWebKit/537.36 (KHTML, like Gecko) Chrome/141.0.7390.122 Safari/537.36"
66.249.70.142 - - [12/Dec/2025:07:48:57 -0500] "GET /?products/14377577/ HTTP/1.1" 200 17922 "-" "Mozilla/5.0 (Linux; Android 6.0.1; Nexus 5X Build/MMB29P) AppleWebKit/537.36 (KHTML, like Gecko) Chrome/141.0.7390.122 Mobile Safari/537.36 (compatible; Googlebot/2.1; +http://www.google.com/bot.html)"
66.249.70.142 - - [12/Dec/2025:07:50:48 -0500] "GET /?products/20122000/ HTTP/1.1" 200 17791 "-" "Mozilla/5.0 (Linux; Android 6.0.1; Nexus 5X Build/MMB29P) AppleWebKit/537.36 (KHTML, like Gecko) Chrome/141.0.7390.122 Mobile Safari/537.36 (compatible; GoogleOther)"
66.249.70.128 - - [12/Dec/2025:07:52:01 -0500] "GET /?products/24500555/ HTTP/1.1" 200 17416 "-" "Mozilla/5.0 (Linux; Android 6.0.1; Nexus 5X Build/MMB29P) AppleWebKit/537.36 (KHTML, like Gecko) Chrome/141.0.7390.122 Mobile Safari/537.36 (compatible; Googlebot/2.1; +http://www.google.com/bot.html)"
66.249.70.142 - - [12/Dec/2025:07:55:15 -0500] "GET /?products/27023855/ HTTP/1.1" 200 18376 "-" "Mozilla/5.0 (Linux; Android 6.0.1; Nexus 5X Build/MMB29P) AppleWebKit/537.36 (KHTML, like Gecko) Chrome/141.0.7390.122 Mobile Safari/537.36 (compatible; Googlebot/2.1; +http://www.google.com/bot.html)"
57.141.2.26 - - [12/Dec/2025:07:56:55 -0500] "GET /contact-form/Generate_Captcha_Code.php?rand=2066863158 HTTP/1.1" 200 2237 "-" "meta-externalagent/1.1 (+https://developers.facebook.com/docs/sharing/webmasters/crawler)"
66.249.70.141 - - [12/Dec/2025:07:57:06 -0500] "GET /?zhHant/product/surugaya/91995691?campaign_uid=f64d716db5e979ed2f947dbaf4296895b951ae7f HTTP/1.1" 200 18196 "-" "Mozilla/5.0 (Linux; Android 6.0.1; Nexus 5X Build/MMB29P) AppleWebKit/537.36 (KHTML, like Gecko) Chrome/141.0.7390.122 Mobile Safari/537.36 (compatible; Googlebot/2.1; +http://www.google.com/bot.html)"
74.125.151.142 - - [12/Dec/2025:07:58:12 -0500] "GET /?products/20799977/ HTTP/1.1" 200 6833 "-" "Mozilla/5.0 (X11; Linux x86_64) AppleWebKit/537.36 (KHTML, like Gecko) Chrome/141.0.7390.122 Safari/537.36"
74.125.151.141 - - [12/Dec/2025:07:58:13 -0500] "GET /css/custom.css HTTP/1.1" 200 31 "https://www.taxigalle.com/?products/20799977/" "Mozilla/5.0 (X11; Linux x86_64) AppleWebKit/537.36 (KHTML, like Gecko) Chrome/141.0.7390.122 Safari/537.36"
74.125.151.141 - - [12/Dec/2025:07:58:14 -0500] "GET /images/vehicles/KDH%20townAce1.png HTTP/1.1" 200 161499 "https://www.taxigalle.com/?products/20799977/" "Mozilla/5.0 (X11; Linux x86_64) AppleWebKit/537.36 (KHTML, like Gecko) Chrome/141.0.7390.122 Safari/537.36"
74.125.151.141 - - [12/Dec/2025:07:58:15 -0500] "GET /upload/product-type/product/-146267739950_44935400956_1669110085_n.jpg HTTP/1.1" 200 13266 "https://www.taxigalle.com/?products/20799977/" "Mozilla/5.0 (X11; Linux x86_64) AppleWebKit/537.36 (KHTML, like Gecko) Chrome/141.0.7390.122 Safari/537.36"
74.125.151.141 - - [12/Dec/2025:07:58:16 -0500] "GET /images/iconcar-01.png HTTP/1.1" 200 1464 "https://www.taxigalle.com/?products/20799977/" "Mozilla/5.0 (X11; Linux x86_64) AppleWebKit/537.36 (KHTML, like Gecko) Chrome/141.0.7390.122 Safari/537.36"
74.125.151.142 - - [12/Dec/2025:07:58:16 -0500] "GET /upload/product-type/product/-139833547621_51369593285_1601548234_n.jpg HTTP/1.1" 200 13491 "https://www.taxigalle.com/?products/20799977/" "Mozilla/5.0 (X11; Linux x86_64) AppleWebKit/537.36 (KHTML, like Gecko) Chrome/141.0.7390.122 Safari/537.36"
74.125.151.142 - - [12/Dec/2025:07:58:16 -0500] "GET /booking/scripts.js HTTP/1.1" 200 1026 "https://www.taxigalle.com/?products/20799977/" "Mozilla/5.0 (X11; Linux x86_64) AppleWebKit/537.36 (KHTML, like Gecko) Chrome/141.0.7390.122 Safari/537.36"
74.125.151.141 - - [12/Dec/2025:07:58:17 -0500] "GET /upload/service/-66338947648_124864193258_1600936314_n.jpg HTTP/1.1" 200 41348 "https://www.taxigalle.com/?products/20799977/" "Mozilla/5.0 (X11; Linux x86_64) AppleWebKit/537.36 (KHTML, like Gecko) Chrome/141.0.7390.122 Safari/537.36"
74.125.151.141 - - [12/Dec/2025:07:58:15 -0500] "GET /images/iconvan-01.png HTTP/1.1" 200 1533 "https://www.taxigalle.com/?products/20799977/" "Mozilla/5.0 (X11; Linux x86_64) AppleWebKit/537.36 (KHTML, like Gecko) Chrome/141.0.7390.122 Safari/537.36"
74.125.151.142 - - [12/Dec/2025:07:58:15 -0500] "GET /upload/product-type/product/-128663770754_62539370152_1601547897_n.jpg HTTP/1.1" 200 74587 "https://www.taxigalle.com/?products/20799977/" "Mozilla/5.0 (X11; Linux x86_64) AppleWebKit/537.36 (KHTML, like Gecko) Chrome/141.0.7390.122 Safari/537.36"
74.125.151.142 - - [12/Dec/2025:07:58:16 -0500] "GET /images/iconsuv-01.png HTTP/1.1" 200 1382 "https://www.taxigalle.com/?products/20799977/" "Mozilla/5.0 (X11; Linux x86_64) AppleWebKit/537.36 (KHTML, like Gecko) Chrome/141.0.7390.122 Safari/537.36"
74.125.151.128 - - [12/Dec/2025:07:58:16 -0500] "GET /upload/service/-110206705_191092934201_1600335573_n.jpg HTTP/1.1" 200 26301 "https://www.taxigalle.com/?products/20799977/" "Mozilla/5.0 (X11; Linux x86_64) AppleWebKit/537.36 (KHTML, like Gecko) Chrome/141.0.7390.122 Safari/537.36"
74.125.151.128 - - [12/Dec/2025:07:58:16 -0500] "GET /images/fixed-price.png HTTP/1.1" 200 6041 "https://www.taxigalle.com/?products/20799977/" "Mozilla/5.0 (X11; Linux x86_64) AppleWebKit/537.36 (KHTML, like Gecko) Chrome/141.0.7390.122 Safari/537.36"
74.125.151.128 - - [12/Dec/2025:07:58:16 -0500] "GET /upload/tour-type/-435799268_190767341638_1600333053_n.jpg HTTP/1.1" 200 22114 "https://www.taxigalle.com/?products/20799977/" "Mozilla/5.0 (X11; Linux x86_64) AppleWebKit/537.36 (KHTML, like Gecko) Chrome/141.0.7390.122 Safari/537.36"
74.125.151.141 - - [12/Dec/2025:07:58:16 -0500] "GET /upload/tour-type/-477215162_190725925744_1600332917_n.jpg HTTP/1.1" 200 21250 "https://www.taxigalle.com/?products/20799977/" "Mozilla/5.0 (X11; Linux x86_64) AppleWebKit/537.36 (KHTML, like Gecko) Chrome/141.0.7390.122 Safari/537.36"
74.125.151.141 - - [12/Dec/2025:07:58:17 -0500] "GET /contact-form/img/refresh.png HTTP/1.1" 200 438 "https://www.taxigalle.com/?products/20799977/" "Mozilla/5.0 (X11; Linux x86_64) AppleWebKit/537.36 (KHTML, like Gecko) Chrome/141.0.7390.122 Safari/537.36"
74.125.151.142 - - [12/Dec/2025:07:58:17 -0500] "GET /upload/product-type/product/-122263015934_68940124972_1669019526_n.jpg HTTP/1.1" 200 64727 "https://www.taxigalle.com/?products/20799977/" "Mozilla/5.0 (X11; Linux x86_64) AppleWebKit/537.36 (KHTML, like Gecko) Chrome/141.0.7390.122 Safari/537.36"
74.125.151.142 - - [12/Dec/2025:07:58:17 -0500] "GET /upload/service/-10144527978_181058612928_1669012464_n.jpg HTTP/1.1" 200 33980 "https://www.taxigalle.com/?products/20799977/" "Mozilla/5.0 (X11; Linux x86_64) AppleWebKit/537.36 (KHTML, like Gecko) Chrome/141.0.7390.122 Safari/537.36"
74.125.151.142 - - [12/Dec/2025:07:58:17 -0500] "GET /js/custom.js HTTP/1.1" 200 674 "https://www.taxigalle.com/?products/20799977/" "Mozilla/5.0 (X11; Linux x86_64) AppleWebKit/537.36 (KHTML, like Gecko) Chrome/141.0.7390.122 Safari/537.36"
74.125.151.141 - - [12/Dec/2025:07:58:18 -0500] "GET /images/pleasure.png HTTP/1.1" 200 5712 "https://www.taxigalle.com/?products/20799977/" "Mozilla/5.0 (X11; Linux x86_64) AppleWebKit/537.36 (KHTML, like Gecko) Chrome/141.0.7390.122 Safari/537.36"
74.125.151.142 - - [12/Dec/2025:07:58:18 -0500] "GET /upload/service/-149748172078_41454968828_1669011857_n.jpg HTTP/1.1" 200 37230 "https://www.taxigalle.com/?products/20799977/" "Mozilla/5.0 (X11; Linux x86_64) AppleWebKit/537.36 (KHTML, like Gecko) Chrome/141.0.7390.122 Safari/537.36"
74.125.151.141 - - [12/Dec/2025:07:58:18 -0500] "GET /common/fancybox/jquery.fancybox.min.js HTTP/1.1" 200 20983 "https://www.taxigalle.com/?products/20799977/" "Mozilla/5.0 (X11; Linux x86_64) AppleWebKit/537.36 (KHTML, like Gecko) Chrome/141.0.7390.122 Safari/537.36"
74.125.151.141 - - [12/Dec/2025:07:58:19 -0500] "GET /images/iconbus-01-01.png HTTP/1.1" 200 1175 "https://www.taxigalle.com/?products/20799977/" "Mozilla/5.0 (X11; Linux x86_64) AppleWebKit/537.36 (KHTML, like Gecko) Chrome/141.0.7390.122 Safari/537.36"
74.125.151.141 - - [12/Dec/2025:07:58:17 -0500] "GET /upload/service/-379846424_190823294482_1600335554_n.jpg HTTP/1.1" 200 178399 "https://www.taxigalle.com/?products/20799977/" "Mozilla/5.0 (X11; Linux x86_64) AppleWebKit/537.36 (KHTML, like Gecko) Chrome/141.0.7390.122 Safari/537.36"
74.125.151.142 - - [12/Dec/2025:07:58:18 -0500] "GET /upload/product-type/product/-166571169534_24631971372_1601548411_n.jpg HTTP/1.1" 200 73836 "https://www.taxigalle.com/?products/20799977/" "Mozilla/5.0 (X11; Linux x86_64) AppleWebKit/537.36 (KHTML, like Gecko) Chrome/141.0.7390.122 Safari/537.36"
74.125.151.142 - - [12/Dec/2025:07:58:18 -0500] "GET /images/nationwide.png HTTP/1.1" 200 6517 "https://www.taxigalle.com/?products/20799977/" "Mozilla/5.0 (X11; Linux x86_64) AppleWebKit/537.36 (KHTML, like Gecko) Chrome/141.0.7390.122 Safari/537.36"
74.125.151.142 - - [12/Dec/2025:07:58:18 -0500] "GET /images/easy-to-use.png HTTP/1.1" 200 6302 "https://www.taxigalle.com/?products/20799977/" "Mozilla/5.0 (X11; Linux x86_64) AppleWebKit/537.36 (KHTML, like Gecko) Chrome/141.0.7390.122 Safari/537.36"
74.125.151.141 - - [12/Dec/2025:07:58:18 -0500] "GET /upload/service/-61020435315_130182705591_1600936969_n.jpg HTTP/1.1" 200 29515 "https://www.taxigalle.com/?products/20799977/" "Mozilla/5.0 (X11; Linux x86_64) AppleWebKit/537.36 (KHTML, like Gecko) Chrome/141.0.7390.122 Safari/537.36"
74.125.151.142 - - [12/Dec/2025:07:58:18 -0500] "GET /common/bootstrap/js/bootstrap.min.js HTTP/1.1" 200 14242 "https://www.taxigalle.com/?products/20799977/" "Mozilla/5.0 (X11; Linux x86_64) AppleWebKit/537.36 (KHTML, like Gecko) Chrome/141.0.7390.122 Safari/537.36"
74.125.151.141 - - [12/Dec/2025:07:58:19 -0500] "GET /images/bonuse--for-ride.png HTTP/1.1" 200 6342 "https://www.taxigalle.com/?products/20799977/" "Mozilla/5.0 (X11; Linux x86_64) AppleWebKit/537.36 (KHTML, like Gecko) Chrome/141.0.7390.122 Safari/537.36"
74.125.151.141 - - [12/Dec/2025:07:58:19 -0500] "GET /js/all.min.js HTTP/1.1" 200 399481 "https://www.taxigalle.com/?products/20799977/" "Mozilla/5.0 (X11; Linux x86_64) AppleWebKit/537.36 (KHTML, like Gecko) Chrome/141.0.7390.122 Safari/537.36"
74.125.151.142 - - [12/Dec/2025:07:58:19 -0500] "GET /contact-form/Generate_Captcha_Code.php?rand=2127259334 HTTP/1.1" 200 1938 "https://www.taxigalle.com/?products/20799977/" "Mozilla/5.0 (X11; Linux x86_64) AppleWebKit/537.36 (KHTML, like Gecko) Chrome/141.0.7390.122 Safari/537.36"
74.125.151.142 - - [12/Dec/2025:07:58:19 -0500] "GET /js/jquery.min.js HTTP/1.1" 200 30278 "https://www.taxigalle.com/?products/20799977/" "Mozilla/5.0 (X11; Linux x86_64) AppleWebKit/537.36 (KHTML, like Gecko) Chrome/141.0.7390.122 Safari/537.36"
74.125.151.142 - - [12/Dec/2025:07:58:19 -0500] "GET /images/left-shadow.png HTTP/1.1" 200 5711 "https://www.taxigalle.com/css/style.css" "Mozilla/5.0 (X11; Linux x86_64) AppleWebKit/537.36 (KHTML, like Gecko) Chrome/141.0.7390.122 Safari/537.36"
74.125.151.142 - - [12/Dec/2025:07:58:20 -0500] "GET /images/testimonial-qoute.png HTTP/1.1" 200 4119 "https://www.taxigalle.com/css/style.css" "Mozilla/5.0 (X11; Linux x86_64) AppleWebKit/537.36 (KHTML, like Gecko) Chrome/141.0.7390.122 Safari/537.36"
74.125.151.141 - - [12/Dec/2025:07:58:20 -0500] "GET /images/banner/back_dark.jpg HTTP/1.1" 200 631757 "https://www.taxigalle.com/?products/20799977/" "Mozilla/5.0 (X11; Linux x86_64) AppleWebKit/537.36 (KHTML, like Gecko) Chrome/141.0.7390.122 Safari/537.36"
66.249.70.142 - - [12/Dec/2025:07:58:27 -0500] "GET /?products/5809622/ HTTP/1.1" 200 18032 "-" "Mozilla/5.0 (Linux; Android 6.0.1; Nexus 5X Build/MMB29P) AppleWebKit/537.36 (KHTML, like Gecko) Chrome/141.0.7390.122 Mobile Safari/537.36 (compatible; Googlebot/2.1; +http://www.google.com/bot.html)"
74.125.151.141 - - [12/Dec/2025:07:58:19 -0500] "GET /images/whatsapp.png HTTP/1.1" 200 8120 "https://www.taxigalle.com/?products/20799977/" "Mozilla/5.0 (X11; Linux x86_64) AppleWebKit/537.36 (KHTML, like Gecko) Chrome/141.0.7390.122 Safari/537.36"
74.125.151.141 - - [12/Dec/2025:07:58:19 -0500] "GET /images/right-shadow.png HTTP/1.1" 200 5669 "https://www.taxigalle.com/css/style.css" "Mozilla/5.0 (X11; Linux x86_64) AppleWebKit/537.36 (KHTML, like Gecko) Chrome/141.0.7390.122 Safari/537.36"
74.125.151.141 - - [12/Dec/2025:07:58:19 -0500] "GET /images/testimonial-icon.png HTTP/1.1" 200 4019 "https://www.taxigalle.com/css/style.css" "Mozilla/5.0 (X11; Linux x86_64) AppleWebKit/537.36 (KHTML, like Gecko) Chrome/141.0.7390.122 Safari/537.36"
74.125.151.142 - - [12/Dec/2025:07:58:20 -0500] "GET /images/banner/index.png HTTP/1.1" 200 1744907 "https://www.taxigalle.com/css/style.css" "Mozilla/5.0 (X11; Linux x86_64) AppleWebKit/537.36 (KHTML, like Gecko) Chrome/141.0.7390.122 Safari/537.36"
66.249.70.128 - - [12/Dec/2025:08:00:25 -0500] "GET /?zhHant/product/surugaya/28044070?campaign_uid=f64d716db5e979ed2f947dbaf4296895b951ae7f HTTP/1.1" 200 18649 "-" "Mozilla/5.0 (Linux; Android 6.0.1; Nexus 5X Build/MMB29P) AppleWebKit/537.36 (KHTML, like Gecko) Chrome/141.0.7390.122 Mobile Safari/537.36 (compatible; Googlebot/2.1; +http://www.google.com/bot.html)"
114.119.145.239 - - [12/Dec/2025:07:58:33 -0500] "GET /upload/tour-package/date/gallery/-52310271869_138892869037_1600928382_n.jpg HTTP/1.1" 200 185795 "https://www.taxigalle.com/view-tours.php?id=6" "Mozilla/5.0 (Linux; Android 7.0;) AppleWebKit/537.36 (KHTML, like Gecko) Mobile Safari/537.36 (compatible; PetalBot;+https://webmaster.petalsearch.com/site/petalbot)"
66.249.70.141 - - [12/Dec/2025:07:59:08 -0500] "GET /?products/743200/ HTTP/1.1" 200 17834 "-" "Mozilla/5.0 (Linux; Android 6.0.1; Nexus 5X Build/MMB29P) AppleWebKit/537.36 (KHTML, like Gecko) Chrome/141.0.7390.122 Mobile Safari/537.36 (compatible; GoogleOther)"
57.141.2.26 - - [12/Dec/2025:07:59:58 -0500] "GET /contact-form/Generate_Captcha_Code.php?rand=2066863158 HTTP/1.1" 200 2481 "-" "meta-externalagent/1.1 (+https://developers.facebook.com/docs/sharing/webmasters/crawler)"
114.119.141.53 - - [12/Dec/2025:08:00:13 -0500] "GET /index.php HTTP/1.1" 403 0 "https://taxigalle.com/view-tours.php?id=31" "Mozilla/5.0 (Linux; Android 7.0;) AppleWebKit/537.36 (KHTML, like Gecko) Mobile Safari/537.36 (compatible; PetalBot;+https://webmaster.petalsearch.com/site/petalbot)"
66.249.70.142 - - [12/Dec/2025:08:01:37 -0500] "GET /?products/4043133/ HTTP/1.1" 200 17833 "-" "Mozilla/5.0 (Linux; Android 6.0.1; Nexus 5X Build/MMB29P) AppleWebKit/537.36 (KHTML, like Gecko) Chrome/141.0.7390.122 Mobile Safari/537.36 (compatible; Googlebot/2.1; +http://www.google.com/bot.html)"
66.249.70.142 - - [12/Dec/2025:08:01:38 -0500] "GET /?products/15288999/ HTTP/1.1" 200 18733 "-" "Mozilla/5.0 (Linux; Android 6.0.1; Nexus 5X Build/MMB29P) AppleWebKit/537.36 (KHTML, like Gecko) Chrome/141.0.7390.122 Mobile Safari/537.36 (compatible; Googlebot/2.1; +http://www.google.com/bot.html)"
66.249.70.142 - - [12/Dec/2025:08:03:27 -0500] "GET /?zhHant/product/surugaya/35814025?campaign_uid=f64d716db5e979ed2f947dbaf4296895b951ae7f HTTP/1.1" 200 18477 "-" "Mozilla/5.0 (Linux; Android 6.0.1; Nexus 5X Build/MMB29P) AppleWebKit/537.36 (KHTML, like Gecko) Chrome/141.0.7390.122 Mobile Safari/537.36 (compatible; Googlebot/2.1; +http://www.google.com/bot.html)"
57.141.2.26 - - [12/Dec/2025:08:04:19 -0500] "GET /contact-form/Generate_Captcha_Code.php?rand=1757059836 HTTP/1.1" 200 2143 "-" "meta-externalagent/1.1 (+https://developers.facebook.com/docs/sharing/webmasters/crawler)"
57.141.2.57 - - [12/Dec/2025:08:04:20 -0500] "GET /contact-form/Generate_Captcha_Code.php?rand=1757059836 HTTP/1.1" 200 1895 "-" "meta-externalagent/1.1 (+https://developers.facebook.com/docs/sharing/webmasters/crawler)"
66.249.70.141 - - [12/Dec/2025:08:06:36 -0500] "GET /?zhHant/product/surugaya/35930772?campaign_uid=f64d716db5e979ed2f947dbaf4296895b951ae7f HTTP/1.1" 200 18184 "-" "Mozilla/5.0 (Linux; Android 6.0.1; Nexus 5X Build/MMB29P) AppleWebKit/537.36 (KHTML, like Gecko) Chrome/141.0.7390.122 Mobile Safari/537.36 (compatible; Googlebot/2.1; +http://www.google.com/bot.html)"
66.249.70.142 - - [12/Dec/2025:08:03:18 -0500] "GET /?products/10699644/ HTTP/1.1" 200 17833 "-" "Mozilla/5.0 (Linux; Android 6.0.1; Nexus 5X Build/MMB29P) AppleWebKit/537.36 (KHTML, like Gecko) Chrome/141.0.7390.122 Mobile Safari/537.36 (compatible; GoogleOther)"
66.249.70.142 - - [12/Dec/2025:08:04:32 -0500] "GET /?products/16107655/ HTTP/1.1" 200 17487 "-" "Mozilla/5.0 (Linux; Android 6.0.1; Nexus 5X Build/MMB29P) AppleWebKit/537.36 (KHTML, like Gecko) Chrome/141.0.7390.122 Mobile Safari/537.36 (compatible; Googlebot/2.1; +http://www.google.com/bot.html)"
66.249.70.141 - - [12/Dec/2025:08:07:28 -0500] "GET /?products/26630788/ HTTP/1.1" 200 18149 "-" "Mozilla/5.0 (Linux; Android 6.0.1; Nexus 5X Build/MMB29P) AppleWebKit/537.36 (KHTML, like Gecko) Chrome/141.0.7390.122 Mobile Safari/537.36 (compatible; GoogleOther)"
66.249.70.141 - - [12/Dec/2025:08:07:47 -0500] "GET /?products/1338177/ HTTP/1.1" 200 17786 "-" "Mozilla/5.0 (Linux; Android 6.0.1; Nexus 5X Build/MMB29P) AppleWebKit/537.36 (KHTML, like Gecko) Chrome/141.0.7390.122 Mobile Safari/537.36 (compatible; Googlebot/2.1; +http://www.google.com/bot.html)"
66.249.70.141 - - [12/Dec/2025:08:11:38 -0500] "GET /?products/8414433/ HTTP/1.1" 200 18025 "-" "Mozilla/5.0 (Linux; Android 6.0.1; Nexus 5X Build/MMB29P) AppleWebKit/537.36 (KHTML, like Gecko) Chrome/141.0.7390.122 Mobile Safari/537.36 (compatible; GoogleOther)"
66.249.70.142 - - [12/Dec/2025:08:07:47 -0500] "GET /?products/28364399/ HTTP/1.1" 200 17905 "-" "Mozilla/5.0 (Linux; Android 6.0.1; Nexus 5X Build/MMB29P) AppleWebKit/537.36 (KHTML, like Gecko) Chrome/141.0.7390.122 Mobile Safari/537.36 (compatible; Googlebot/2.1; +http://www.google.com/bot.html)"
66.249.70.142 - - [12/Dec/2025:08:09:35 -0500] "GET /?zhHant/product/surugaya/84947265?campaign_uid=f64d716db5e979ed2f947dbaf4296895b951ae7f HTTP/1.1" 200 18124 "-" "Mozilla/5.0 (Linux; Android 6.0.1; Nexus 5X Build/MMB29P) AppleWebKit/537.36 (KHTML, like Gecko) Chrome/141.0.7390.122 Mobile Safari/537.36 (compatible; Googlebot/2.1; +http://www.google.com/bot.html)"
66.249.70.142 - - [12/Dec/2025:08:10:42 -0500] "GET /?products/3485200/ HTTP/1.1" 200 17655 "-" "Mozilla/5.0 (Linux; Android 6.0.1; Nexus 5X Build/MMB29P) AppleWebKit/537.36 (KHTML, like Gecko) Chrome/141.0.7390.122 Mobile Safari/537.36 (compatible; Googlebot/2.1; +http://www.google.com/bot.html)"
66.249.70.141 - - [12/Dec/2025:08:12:45 -0500] "GET /?zhHant/product/surugaya/71071922?campaign_uid=f64d716db5e979ed2f947dbaf4296895b951ae7f HTTP/1.1" 200 18980 "-" "Mozilla/5.0 (Linux; Android 6.0.1; Nexus 5X Build/MMB29P) AppleWebKit/537.36 (KHTML, like Gecko) Chrome/141.0.7390.122 Mobile Safari/537.36 (compatible; Googlebot/2.1; +http://www.google.com/bot.html)"
66.249.70.142 - - [12/Dec/2025:08:13:51 -0500] "GET /?products/25733699/ HTTP/1.1" 200 18466 "-" "Mozilla/5.0 (Linux; Android 6.0.1; Nexus 5X Build/MMB29P) AppleWebKit/537.36 (KHTML, like Gecko) Chrome/141.0.7390.122 Mobile Safari/537.36 (compatible; Googlebot/2.1; +http://www.google.com/bot.html)"
57.141.2.78 - - [12/Dec/2025:08:14:43 -0500] "GET /?products/26958533/ HTTP/1.1" 200 42342 "-" "meta-externalagent/1.1 (+https://developers.facebook.com/docs/sharing/webmasters/crawler)"
66.249.70.128 - - [12/Dec/2025:08:15:46 -0500] "GET /?zhHant/product/surugaya/80114787?campaign_uid=f64d716db5e979ed2f947dbaf4296895b951ae7f HTTP/1.1" 200 18702 "-" "Mozilla/5.0 (Linux; Android 6.0.1; Nexus 5X Build/MMB29P) AppleWebKit/537.36 (KHTML, like Gecko) Chrome/141.0.7390.122 Mobile Safari/537.36 (compatible; Googlebot/2.1; +http://www.google.com/bot.html)"
66.249.70.142 - - [12/Dec/2025:08:16:24 -0500] "GET /?products/1391800/ HTTP/1.1" 200 18294 "-" "Mozilla/5.0 (Linux; Android 6.0.1; Nexus 5X Build/MMB29P) AppleWebKit/537.36 (KHTML, like Gecko) Chrome/141.0.7390.122 Mobile Safari/537.36 (compatible; Googlebot/2.1; +http://www.google.com/bot.html)"
66.249.70.141 - - [12/Dec/2025:08:16:55 -0500] "GET /?products/14238466/ HTTP/1.1" 200 17415 "-" "Mozilla/5.0 (Linux; Android 6.0.1; Nexus 5X Build/MMB29P) AppleWebKit/537.36 (KHTML, like Gecko) Chrome/141.0.7390.122 Mobile Safari/537.36 (compatible; Googlebot/2.1; +http://www.google.com/bot.html)"
66.249.70.141 - - [12/Dec/2025:08:18:57 -0500] "GET /?zhHant/product/surugaya/20862737?campaign_uid=f64d716db5e979ed2f947dbaf4296895b951ae7f HTTP/1.1" 200 17805 "-" "Mozilla/5.0 (Linux; Android 6.0.1; Nexus 5X Build/MMB29P) AppleWebKit/537.36 (KHTML, like Gecko) Chrome/141.0.7390.122 Mobile Safari/537.36 (compatible; Googlebot/2.1; +http://www.google.com/bot.html)"
66.249.70.142 - - [12/Dec/2025:08:19:54 -0500] "GET /?products/4359333/ HTTP/1.1" 200 18756 "-" "Mozilla/5.0 (Linux; Android 6.0.1; Nexus 5X Build/MMB29P) AppleWebKit/537.36 (KHTML, like Gecko) Chrome/141.0.7390.122 Mobile Safari/537.36 (compatible; GoogleOther)"
66.249.70.142 - - [12/Dec/2025:08:19:58 -0500] "GET /?products/26060000/ HTTP/1.1" 200 19188 "-" "Mozilla/5.0 (Linux; Android 6.0.1; Nexus 5X Build/MMB29P) AppleWebKit/537.36 (KHTML, like Gecko) Chrome/141.0.7390.122 Mobile Safari/537.36 (compatible; GoogleOther)"
66.249.70.142 - - [12/Dec/2025:08:22:24 -0500] "GET /?products/5309955/ HTTP/1.1" 200 17674 "-" "Mozilla/5.0 (Linux; Android 6.0.1; Nexus 5X Build/MMB29P) AppleWebKit/537.36 (KHTML, like Gecko) Chrome/141.0.7390.122 Mobile Safari/537.36 (compatible; Googlebot/2.1; +http://www.google.com/bot.html)"
66.249.70.141 - - [12/Dec/2025:08:24:08 -0500] "GET /?products/10473011/ HTTP/1.1" 200 17680 "-" "Mozilla/5.0 (Linux; Android 6.0.1; Nexus 5X Build/MMB29P) AppleWebKit/537.36 (KHTML, like Gecko) Chrome/141.0.7390.122 Mobile Safari/537.36 (compatible; GoogleOther)"
66.249.70.142 - - [12/Dec/2025:08:25:07 -0500] "GET /?zhHant/product/surugaya/55036276?campaign_uid=f64d716db5e979ed2f947dbaf4296895b951ae7f HTTP/1.1" 200 17929 "-" "Mozilla/5.0 (Linux; Android 6.0.1; Nexus 5X Build/MMB29P) AppleWebKit/537.36 (KHTML, like Gecko) Chrome/141.0.7390.122 Mobile Safari/537.36 (compatible; Googlebot/2.1; +http://www.google.com/bot.html)"
66.249.70.142 - - [12/Dec/2025:08:25:34 -0500] "GET /favicon.ico HTTP/1.1" 404 1251 "-" "Googlebot-Image/1.0"
66.249.70.142 - - [12/Dec/2025:08:27:37 -0500] "GET /?products/27116322/ HTTP/1.1" 200 18300 "-" "Mozilla/5.0 (Linux; Android 6.0.1; Nexus 5X Build/MMB29P) AppleWebKit/537.36 (KHTML, like Gecko) Chrome/141.0.7390.122 Mobile Safari/537.36 (compatible; Googlebot/2.1; +http://www.google.com/bot.html)"
66.249.70.141 - - [12/Dec/2025:08:28:18 -0500] "GET /?products/11352899/ HTTP/1.1" 200 18280 "-" "Mozilla/5.0 (Linux; Android 6.0.1; Nexus 5X Build/MMB29P) AppleWebKit/537.36 (KHTML, like Gecko) Chrome/141.0.7390.122 Mobile Safari/537.36 (compatible; GoogleOther)"
66.249.70.142 - - [12/Dec/2025:08:30:27 -0500] "GET /?zhHant/product/surugaya/59759456?campaign_uid=f64d716db5e979ed2f947dbaf4296895b951ae7f HTTP/1.1" 200 18397 "-" "Mozilla/5.0 (Linux; Android 6.0.1; Nexus 5X Build/MMB29P) AppleWebKit/537.36 (KHTML, like Gecko) Chrome/141.0.7390.122 Mobile Safari/537.36 (compatible; Googlebot/2.1; +http://www.google.com/bot.html)"
66.249.70.142 - - [12/Dec/2025:08:15:48 -0500] "GET /?products/10158900/ HTTP/1.1" 200 17854 "-" "Mozilla/5.0 (Linux; Android 6.0.1; Nexus 5X Build/MMB29P) AppleWebKit/537.36 (KHTML, like Gecko) Chrome/141.0.7390.122 Mobile Safari/537.36 (compatible; GoogleOther)"
147.185.132.118 - - [12/Dec/2025:08:17:47 -0500] "GET / HTTP/1.1" 403 0 "-" "Hello from Palo Alto Networks, find out more about our scans in https://docs-cortex.paloaltonetworks.com/r/1/Cortex-Xpanse/Scanning-activity"
66.249.70.142 - - [12/Dec/2025:08:20:00 -0500] "GET /?products/5188077/ HTTP/1.1" 200 18882 "-" "Mozilla/5.0 (Linux; Android 6.0.1; Nexus 5X Build/MMB29P) AppleWebKit/537.36 (KHTML, like Gecko) Chrome/141.0.7390.122 Mobile Safari/537.36 (compatible; Googlebot/2.1; +http://www.google.com/bot.html)"
66.249.70.141 - - [12/Dec/2025:08:21:54 -0500] "GET /?zhHant/product/surugaya/10410472?campaign_uid=f64d716db5e979ed2f947dbaf4296895b951ae7f HTTP/1.1" 200 17907 "-" "Mozilla/5.0 (Linux; Android 6.0.1; Nexus 5X Build/MMB29P) AppleWebKit/537.36 (KHTML, like Gecko) Chrome/141.0.7390.122 Mobile Safari/537.36 (compatible; Googlebot/2.1; +http://www.google.com/bot.html)"
66.249.70.142 - - [12/Dec/2025:08:23:01 -0500] "GET /?products/28319833/ HTTP/1.1" 200 18467 "-" "Mozilla/5.0 (Linux; Android 6.0.1; Nexus 5X Build/MMB29P) AppleWebKit/537.36 (KHTML, like Gecko) Chrome/141.0.7390.122 Mobile Safari/537.36 (compatible; Googlebot/2.1; +http://www.google.com/bot.html)"
57.141.2.34 - - [12/Dec/2025:08:23:39 -0500] "GET /contact-form/Generate_Captcha_Code.php?rand=394148487 HTTP/1.1" 200 2087 "-" "meta-externalagent/1.1 (+https://developers.facebook.com/docs/sharing/webmasters/crawler)"
66.249.70.141 - - [12/Dec/2025:08:26:03 -0500] "GET /?products/8068899/ HTTP/1.1" 200 17715 "-" "Mozilla/5.0 (Linux; Android 6.0.1; Nexus 5X Build/MMB29P) AppleWebKit/537.36 (KHTML, like Gecko) Chrome/141.0.7390.122 Mobile Safari/537.36 (compatible; Googlebot/2.1; +http://www.google.com/bot.html)"
57.141.2.73 - - [12/Dec/2025:08:27:38 -0500] "GET /contact-form/Generate_Captcha_Code.php?rand=394148487 HTTP/1.1" 200 2287 "-" "meta-externalagent/1.1 (+https://developers.facebook.com/docs/sharing/webmasters/crawler)"
66.249.70.142 - - [12/Dec/2025:08:27:55 -0500] "GET /?zhHant/product/surugaya/27800406?campaign_uid=f64d716db5e979ed2f947dbaf4296895b951ae7f HTTP/1.1" 200 18065 "-" "Mozilla/5.0 (Linux; Android 6.0.1; Nexus 5X Build/MMB29P) AppleWebKit/537.36 (KHTML, like Gecko) Chrome/141.0.7390.122 Mobile Safari/537.36 (compatible; Googlebot/2.1; +http://www.google.com/bot.html)"
66.249.70.141 - - [12/Dec/2025:08:29:08 -0500] "GET /?products/3833799/ HTTP/1.1" 200 17868 "-" "Mozilla/5.0 (Linux; Android 6.0.1; Nexus 5X Build/MMB29P) AppleWebKit/537.36 (KHTML, like Gecko) Chrome/141.0.7390.122 Mobile Safari/537.36 (compatible; Googlebot/2.1; +http://www.google.com/bot.html)"
66.249.70.142 - - [12/Dec/2025:08:32:28 -0500] "GET /?products/10457477/ HTTP/1.1" 200 18885 "-" "Mozilla/5.0 (Linux; Android 6.0.1; Nexus 5X Build/MMB29P) AppleWebKit/537.36 (KHTML, like Gecko) Chrome/141.0.7390.122 Mobile Safari/537.36 (compatible; GoogleOther)"
66.249.70.128 - - [12/Dec/2025:08:40:55 -0500] "GET /?products/5695133/ HTTP/1.1" 200 18181 "-" "Mozilla/5.0 (Linux; Android 6.0.1; Nexus 5X Build/MMB29P) AppleWebKit/537.36 (KHTML, like Gecko) Chrome/141.0.7390.122 Mobile Safari/537.36 (compatible; GoogleOther)"
66.249.70.141 - - [12/Dec/2025:08:44:58 -0500] "GET /?products/29043055/ HTTP/1.1" 200 17757 "-" "Mozilla/5.0 (Linux; Android 6.0.1; Nexus 5X Build/MMB29P) AppleWebKit/537.36 (KHTML, like Gecko) Chrome/141.0.7390.122 Mobile Safari/537.36 (compatible; GoogleOther)"
66.249.70.141 - - [12/Dec/2025:08:31:04 -0500] "GET /?products/2156055/ HTTP/1.1" 200 17779 "-" "Mozilla/5.0 (Linux; Android 6.0.1; Nexus 5X Build/MMB29P) AppleWebKit/537.36 (KHTML, like Gecko) Chrome/141.0.7390.122 Mobile Safari/537.36 (compatible; Googlebot/2.1; +http://www.google.com/bot.html)"
57.141.2.75 - - [12/Dec/2025:08:32:49 -0500] "GET /?products/12664444/ HTTP/1.1" 200 42342 "-" "meta-externalagent/1.1 (+https://developers.facebook.com/docs/sharing/webmasters/crawler)"
66.249.70.128 - - [12/Dec/2025:08:34:09 -0500] "GET /?products/4500722/ HTTP/1.1" 200 18219 "-" "Mozilla/5.0 (Linux; Android 6.0.1; Nexus 5X Build/MMB29P) AppleWebKit/537.36 (KHTML, like Gecko) Chrome/141.0.7390.122 Mobile Safari/537.36 (compatible; GoogleOther)"
66.249.70.128 - - [12/Dec/2025:08:36:37 -0500] "GET /?products/21778088/ HTTP/1.1" 200 17519 "-" "Mozilla/5.0 (Linux; Android 6.0.1; Nexus 5X Build/MMB29P) AppleWebKit/537.36 (KHTML, like Gecko) Chrome/141.0.7390.122 Mobile Safari/537.36 (compatible; Googlebot/2.1; +http://www.google.com/bot.html)"
66.249.70.142 - - [12/Dec/2025:08:36:38 -0500] "GET /?products/9475066/ HTTP/1.1" 200 18790 "-" "Mozilla/5.0 (Linux; Android 6.0.1; Nexus 5X Build/MMB29P) AppleWebKit/537.36 (KHTML, like Gecko) Chrome/141.0.7390.122 Mobile Safari/537.36 (compatible; GoogleOther)"
173.252.87.5 - - [12/Dec/2025:08:41:01 -0500] "GET /robots.txt HTTP/1.1" 206 72 "-" "facebookexternalhit/1.1 (+http://www.facebook.com/externalhit_uatext.php)"
66.249.70.128 - - [12/Dec/2025:08:42:24 -0500] "GET /?products/903577/ HTTP/1.1" 200 19005 "-" "Mozilla/5.0 (Linux; Android 6.0.1; Nexus 5X Build/MMB29P) AppleWebKit/537.36 (KHTML, like Gecko) Chrome/141.0.7390.122 Mobile Safari/537.36 (compatible; Googlebot/2.1; +http://www.google.com/bot.html)"
57.141.2.26 - - [12/Dec/2025:08:43:55 -0500] "GET /?products/29544277/ HTTP/1.1" 200 42342 "-" "meta-externalagent/1.1 (+https://developers.facebook.com/docs/sharing/webmasters/crawler)"
66.249.70.128 - - [12/Dec/2025:08:49:08 -0500] "GET /?products/30362599/ HTTP/1.1" 200 17527 "-" "Mozilla/5.0 (Linux; Android 6.0.1; Nexus 5X Build/MMB29P) AppleWebKit/537.36 (KHTML, like Gecko) Chrome/141.0.7390.122 Mobile Safari/537.36 (compatible; GoogleOther)"
66.249.70.142 - - [12/Dec/2025:08:57:24 -0500] "GET /?products/5979811/ HTTP/1.1" 200 17454 "-" "Mozilla/5.0 (Linux; Android 6.0.1; Nexus 5X Build/MMB29P) AppleWebKit/537.36 (KHTML, like Gecko) Chrome/141.0.7390.122 Mobile Safari/537.36 (compatible; GoogleOther)"
57.141.2.16 - - [12/Dec/2025:08:58:53 -0500] "GET /contact-form/Generate_Captcha_Code.php?rand=1798781527 HTTP/1.1" 200 2136 "-" "meta-externalagent/1.1 (+https://developers.facebook.com/docs/sharing/webmasters/crawler)"
94.247.172.129 - - [12/Dec/2025:08:59:30 -0500] "GET / HTTP/1.1" 200 8155 "-" "Mozilla/5.0 (Macintosh; Intel Mac OS X 10_9_2)"
66.249.70.128 - - [12/Dec/2025:09:01:37 -0500] "GET /?products/5905833/ HTTP/1.1" 200 17890 "-" "Mozilla/5.0 (Linux; Android 6.0.1; Nexus 5X Build/MMB29P) AppleWebKit/537.36 (KHTML, like Gecko) Chrome/141.0.7390.122 Mobile Safari/537.36 (compatible; GoogleOther)"
57.141.2.2 - - [12/Dec/2025:09:02:50 -0500] "GET /contact-form/Generate_Captcha_Code.php?rand=1798781527 HTTP/1.1" 200 2253 "-" "meta-externalagent/1.1 (+https://developers.facebook.com/docs/sharing/webmasters/crawler)"
